74.7.241.13 - - [09/Sep/2026:07:06:27 -0500] "GET /?loknya=/sys/class/net/eth0/subsystem/eth0/device/net/eth0/device/subsystem/devices/virtio0/driver/virtio0/subsystem/devices/virtio2/driver/module/notes HTTP/1.1" 200 9398 "https://mail.artesaniascolombianas.net.co/?loknya=/sys/class/net/eth0/subsystem/eth0/device/net/eth0/device/subsystem/devices/virtio0/driver/virtio0/subsystem/devices/virtio2/driver/module" "Mozilla/5.0 AppleWebKit/537.36 (KHTML, like Gecko; compatible; GPTBot/1.4; +https://openai.com/gptbot)"
74.7.242.34 - - [09/Sep/2026:07:06:27 -0500] "GET /?lokasie=/proc/20404/net//icmp&loknya=/proc/20404/net/ HTTP/1.1" 200 4207 "https://artesaniascolombianas.net.co/?loknya=/proc/20404/net/" "Mozilla/5.0 AppleWebKit/537.36 (KHTML, like Gecko; compatible; GPTBot/1.4; +https://openai.com/gptbot)"
74.7.241.42 - - [09/Sep/2026:07:06:27 -0500] "GET /index.php?lokasie=/proc/10637/net/rt_cache&loknya=/proc/10637/net HTTP/1.1" 200 4207 "https://www.artesaniascolombianas.net.co/index.php?loknya=/proc/10637/net" "Mozilla/5.0 AppleWebKit/537.36 (KHTML, like Gecko; compatible; GPTBot/1.4; +https://openai.com/gptbot)"
2a03:2880:f802:e:: - - [09/Sep/2026:07:06:27 -0500] "GET /?v=7945120437 HTTP/1.1" 200 39908 "-" "Mozilla/5.0 (Macintosh; Intel Mac OS X 10_15_7) AppleWebKit/537.36 (KHTML, like Gecko) Chrome/145.0.0.0 Safari/537.36 (compatible; meta-externalagent/1.1 (+https://developers.facebook.com/docs/sharing/webmasters/crawler))"
2a03:2880:f802:38:: - - [09/Sep/2026:07:06:27 -0500] "GET /?b=4765996028 HTTP/1.1" 200 39909 "-" "Mozilla/5.0 (Macintosh; Intel Mac OS X 10_15_7) AppleWebKit/537.36 (KHTML, like Gecko) Chrome/145.0.0.0 Safari/537.36 (compatible; meta-externalagent/1.1 (+https://developers.facebook.com/docs/sharing/webmasters/crawler))"
74.7.241.13 - - [09/Sep/2026:07:06:27 -0500] "GET /?loknya=/sys/class/net/eth0/subsystem/eth0/device/net/eth0/device/subsystem/devices/virtio0/subsystem/devices/virtio2/driver/virtio2/driver/module HTTP/1.1" 200 27259 "https://mail.artesaniascolombianas.net.co/?loknya=/sys/class/net/eth0/subsystem/eth0/device/net/eth0/device/subsystem/devices/virtio0/subsystem/devices/virtio2/driver/virtio2/driver" "Mozilla/5.0 AppleWebKit/537.36 (KHTML, like Gecko; compatible; GPTBot/1.4; +https://openai.com/gptbot)"
2a03:2880:f802:20:: - - [09/Sep/2026:07:06:27 -0500] "GET /?b=47659178456 HTTP/1.1" 200 39909 "-" "Mozilla/5.0 (Windows NT 10.0; Win64; x64) AppleWebKit/537.36 (KHTML, like Gecko) Chrome/145.0.0.0 Safari/537.36 (compatible; meta-externalagent/1.1 (+https://developers.facebook.com/docs/sharing/webmasters/crawler))"
74.7.242.34 - - [09/Sep/2026:07:06:27 -0500] "GET /?lokasie=/proc/24343/net//packet&loknya=/proc/24343/net/ HTTP/1.1" 200 4202 "https://artesaniascolombianas.net.co/?loknya=/proc/24343/net/" "Mozilla/5.0 AppleWebKit/537.36 (KHTML, like Gecko; compatible; GPTBot/1.4; +https://openai.com/gptbot)"
74.7.241.42 - - [09/Sep/2026:07:06:27 -0500] "GET /index.php?lokasie=/proc/30719/net/snmp&loknya=/proc/30719/net HTTP/1.1" 200 5446 "https://www.artesaniascolombianas.net.co/index.php?loknya=/proc/30719/net" "Mozilla/5.0 AppleWebKit/537.36 (KHTML, like Gecko; compatible; GPTBot/1.4; +https://openai.com/gptbot)"
2a03:2880:f802:3f:: - - [09/Sep/2026:07:06:28 -0500] "GET /?x=78855195597 HTTP/1.1" 200 39909 "-" "Mozilla/5.0 (Windows NT 10.0; Win64; x64) AppleWebKit/537.36 (KHTML, like Gecko) Chrome/145.0.0.0 Safari/537.36 (compatible; meta-externalagent/1.1 (+https://developers.facebook.com/docs/sharing/webmasters/crawler))"
74.7.241.13 - - [09/Sep/2026:07:06:28 -0500] "GET /?loknya=/sys/class/net/eth0/subsystem/eth0/device/net/eth0/device/subsystem/devices/virtio3/subsystem/devices/virtio0/subsystem/drivers/virtio_net/module/notes HTTP/1.1" 200 9488 "https://mail.artesaniascolombianas.net.co/?loknya=/sys/class/net/eth0/subsystem/eth0/device/net/eth0/device/subsystem/devices/virtio3/subsystem/devices/virtio0/subsystem/drivers/virtio_net/module" "Mozilla/5.0 AppleWebKit/537.36 (KHTML, like Gecko; compatible; GPTBot/1.4; +https://openai.com/gptbot)"
74.7.242.34 - - [09/Sep/2026:07:06:28 -0500] "GET /?lokasie=/proc/20404/net//packet&loknya=/proc/20404/net/ HTTP/1.1" 200 4202 "https://artesaniascolombianas.net.co/?loknya=/proc/20404/net/" "Mozilla/5.0 AppleWebKit/537.36 (KHTML, like Gecko; compatible; GPTBot/1.4; +https://openai.com/gptbot)"
74.7.241.42 - - [09/Sep/2026:07:06:28 -0500] "GET /index.php?lokasie=/proc/18473/net/unix&loknya=/proc/18473/net HTTP/1.1" 200 22059 "https://www.artesaniascolombianas.net.co/index.php?loknya=/proc/18473/net" "Mozilla/5.0 AppleWebKit/537.36 (KHTML, like Gecko; compatible; GPTBot/1.4; +https://openai.com/gptbot)"
74.7.241.13 - - [09/Sep/2026:07:06:28 -0500] "GET /?loknya=/sys/class/net/eth0/eth0/device/net/eth0/device/virtio_console/driver/module HTTP/1.1" 200 6041 "https://mail.artesaniascolombianas.net.co/?loknya=/sys/class/net/eth0/eth0/device/net/eth0/device/virtio_console/driver/module/" "Mozilla/5.0 AppleWebKit/537.36 (KHTML, like Gecko; compatible; GPTBot/1.4; +https://openai.com/gptbot)"
74.7.242.34 - - [09/Sep/2026:07:06:28 -0500] "GET /?lokasie=/proc/22424/net//psched&loknya=/proc/22424/net/ HTTP/1.1" 200 4114 "https://artesaniascolombianas.net.co/?loknya=/proc/22424/net/" "Mozilla/5.0 AppleWebKit/537.36 (KHTML, like Gecko; compatible; GPTBot/1.4; +https://openai.com/gptbot)"
74.7.241.42 - - [09/Sep/2026:07:06:28 -0500] "GET /index.php?lokasie=/proc/18473/net/rt_cache&loknya=/proc/18473/net HTTP/1.1" 200 4207 "https://www.artesaniascolombianas.net.co/index.php?loknya=/proc/18473/net" "Mozilla/5.0 AppleWebKit/537.36 (KHTML, like Gecko; compatible; GPTBot/1.4; +https://openai.com/gptbot)"
2a03:2880:f802:46:: - - [09/Sep/2026:07:06:29 -0500] "GET /?v=79451178155 HTTP/1.1" 200 39909 "-" "Mozilla/5.0 (Windows NT 10.0; Win64; x64) AppleWebKit/537.36 (KHTML, like Gecko) Chrome/145.0.0.0 Safari/537.36 (compatible; meta-externalagent/1.1 (+https://developers.facebook.com/docs/sharing/webmasters/crawler))"
74.7.241.13 - - [09/Sep/2026:07:06:29 -0500] "GET /?loknya=/sys/class/net/eth0/subsystem/eth0/device/net/eth0/device/subsystem/devices/virtio2/subsystem/devices/virtio1/subsystem/drivers/virtio_net/module/parameters HTTP/1.1" 200 13170 "https://mail.artesaniascolombianas.net.co/?loknya=/sys/class/net/eth0/subsystem/eth0/device/net/eth0/device/subsystem/devices/virtio2/subsystem/devices/virtio1/subsystem/drivers/virtio_net/module" "Mozilla/5.0 AppleWebKit/537.36 (KHTML, like Gecko; compatible; GPTBot/1.4; +https://openai.com/gptbot)"
74.7.241.42 - - [09/Sep/2026:07:06:29 -0500] "GET /index.php?lokasie=/proc/23701/net/raw&loknya=/proc/23701/net HTTP/1.1" 200 4192 "https://www.artesaniascolombianas.net.co/index.php?loknya=/proc/23701/net" "Mozilla/5.0 AppleWebKit/537.36 (KHTML, like Gecko; compatible; GPTBot/1.4; +https://openai.com/gptbot)"
74.7.242.34 - - [09/Sep/2026:07:06:29 -0500] "GET /?lokasie=/proc/20438/net//netlink&loknya=/proc/20438/net/ HTTP/1.1" 200 5858 "https://artesaniascolombianas.net.co/?loknya=/proc/20438/net/" "Mozilla/5.0 AppleWebKit/537.36 (KHTML, like Gecko; compatible; GPTBot/1.4; +https://openai.com/gptbot)"
2a03:2880:f802:4a:: - - [09/Sep/2026:07:06:29 -0500] "GET /?f=6521383883 HTTP/1.1" 200 39909 "-" "Mozilla/5.0 (Windows NT 10.0; Win64; x64) AppleWebKit/537.36 (KHTML, like Gecko) Chrome/145.0.0.0 Safari/537.36 (compatible; meta-externalagent/1.1 (+https://developers.facebook.com/docs/sharing/webmasters/crawler))"
74.7.241.13 - - [09/Sep/2026:07:06:29 -0500] "GET /?loknya=/sys/class/net/eth0/subsystem/eth0/device/net/eth0/device/subsystem/devices/virtio2/subsystem/devices/virtio1/subsystem/drivers/virtio_net/module/notes HTTP/1.1" 200 9488 "https://mail.artesaniascolombianas.net.co/?loknya=/sys/class/net/eth0/subsystem/eth0/device/net/eth0/device/subsystem/devices/virtio2/subsystem/devices/virtio1/subsystem/drivers/virtio_net/module" "Mozilla/5.0 AppleWebKit/537.36 (KHTML, like Gecko; compatible; GPTBot/1.4; +https://openai.com/gptbot)"
74.7.242.34 - - [09/Sep/2026:07:06:29 -0500] "GET /?lokasie=/proc/20438/net//netstat&loknya=/proc/20438/net/ HTTP/1.1" 200 6899 "https://artesaniascolombianas.net.co/?loknya=/proc/20438/net/" "Mozilla/5.0 AppleWebKit/537.36 (KHTML, like Gecko; compatible; GPTBot/1.4; +https://openai.com/gptbot)"
74.7.241.42 - - [09/Sep/2026:07:06:29 -0500] "GET /index.php?lokasie=/proc/30719/net/rt_acct&loknya=/proc/30719/net HTTP/1.1" 200 8174 "https://www.artesaniascolombianas.net.co/index.php?loknya=/proc/30719/net" "Mozilla/5.0 AppleWebKit/537.36 (KHTML, like Gecko; compatible; GPTBot/1.4; +https://openai.com/gptbot)"
103.157.223.56 - - [09/Sep/2026:07:06:29 -0500] "POST /xmlrpc.php HTTP/1.1" 200 39905 "-" "Jetpack/12.0; WordPress/6.1; http://site97327502.com"
2a03:2880:f802:3e:: - - [09/Sep/2026:07:06:29 -0500] "GET /?u=39774249128 HTTP/1.1" 200 39909 "-" "Mozilla/5.0 (Windows NT 10.0; Win64; x64) AppleWebKit/537.36 (KHTML, like Gecko) Chrome/145.0.0.0 Safari/537.36 (compatible; meta-externalagent/1.1 (+https://developers.facebook.com/docs/sharing/webmasters/crawler))"
74.7.241.13 - - [09/Sep/2026:07:06:30 -0500] "GET /?loknya=/sys/class/net/eth0/subsystem/eth0/device/driver/module/virtio:virtio_net/virtio0/net/eth0/device/subsystem/devices/virtio3/driver/module/ HTTP/1.1" 200 7302 "https://mail.artesaniascolombianas.net.co/?loknya=/sys/class/net/eth0/subsystem/eth0/device/driver/module/drivers/virtio:virtio_net/virtio0/net/eth0/device/subsystem/devices/virtio3/driver/module/drivers" "Mozilla/5.0 AppleWebKit/537.36 (KHTML, like Gecko; compatible; GPTBot/1.4; +https://openai.com/gptbot)"
74.7.242.34 - - [09/Sep/2026:07:06:30 -0500] "GET /?lokasie=/proc/24343/net//udplite&loknya=/proc/24343/net/ HTTP/1.1" 200 4210 "https://artesaniascolombianas.net.co/?loknya=/proc/24343/net/" "Mozilla/5.0 AppleWebKit/537.36 (KHTML, like Gecko; compatible; GPTBot/1.4; +https://openai.com/gptbot)"
74.7.241.42 - - [09/Sep/2026:07:06:30 -0500] "GET /index.php?lokasie=/proc/23701/net/icmp&loknya=/proc/23701/net HTTP/1.1" 200 4206 "https://www.artesaniascolombianas.net.co/index.php?loknya=/proc/23701/net" "Mozilla/5.0 AppleWebKit/537.36 (KHTML, like Gecko; compatible; GPTBot/1.4; +https://openai.com/gptbot)"
2a03:2880:f802:2f:: - - [09/Sep/2026:07:06:30 -0500] "GET /?u=39774116894 HTTP/1.1" 200 39909 "-" "Mozilla/5.0 (Windows NT 10.0; Win64; x64) AppleWebKit/537.36 (KHTML, like Gecko) Chrome/145.0.0.0 Safari/537.36 (compatible; meta-externalagent/1.1 (+https://developers.facebook.com/docs/sharing/webmasters/crawler))"
74.7.241.13 - - [09/Sep/2026:07:06:30 -0500] "GET /?loknya=/sys/class/net/eth0/subsystem/eth0/device/driver/virtio0/net/eth0/device/subsystem/devices/virtio3/subsystem/devices/virtio2/driver/ HTTP/1.1" 200 15273 "https://mail.artesaniascolombianas.net.co/?loknya=/sys/class/net/eth0/subsystem/eth0/device/driver/virtio0/net/eth0/device/subsystem/devices/virtio3/subsystem/devices/virtio2/driver/module" "Mozilla/5.0 AppleWebKit/537.36 (KHTML, like Gecko; compatible; GPTBot/1.4; +https://openai.com/gptbot)"
74.7.241.42 - - [09/Sep/2026:07:06:30 -0500] "GET /index.php?lokasie=/proc/24096/net/unix&loknya=/proc/24096/net HTTP/1.1" 200 23636 "https://www.artesaniascolombianas.net.co/index.php?loknya=/proc/24096/net" "Mozilla/5.0 AppleWebKit/537.36 (KHTML, like Gecko; compatible; GPTBot/1.4; +https://openai.com/gptbot)"
2a03:2880:f802:d:: - - [09/Sep/2026:07:06:30 -0500] "GET /?x=78855250465 HTTP/1.1" 200 39908 "-" "Mozilla/5.0 (Windows NT 10.0; Win64; x64) AppleWebKit/537.36 (KHTML, like Gecko) Chrome/145.0.0.0 Safari/537.36 (compatible; meta-externalagent/1.1 (+https://developers.facebook.com/docs/sharing/webmasters/crawler))"
2a03:2880:f802:d:: - - [09/Sep/2026:07:06:30 -0500] "GET /?v=79451226667 HTTP/1.1" 200 39908 "-" "Mozilla/5.0 (Windows NT 10.0; Win64; x64) AppleWebKit/537.36 (KHTML, like Gecko) Chrome/145.0.0.0 Safari/537.36 (compatible; meta-externalagent/1.1 (+https://developers.facebook.com/docs/sharing/webmasters/crawler))"
74.7.242.34 - - [09/Sep/2026:07:06:30 -0500] "GET /?lokasie=/proc/20404/net//udplite&loknya=/proc/20404/net/ HTTP/1.1" 200 4210 "https://artesaniascolombianas.net.co/?loknya=/proc/20404/net/" "Mozilla/5.0 AppleWebKit/537.36 (KHTML, like Gecko; compatible; GPTBot/1.4; +https://openai.com/gptbot)"
74.7.241.13 - - [09/Sep/2026:07:06:31 -0500] "GET /?loknya=/sys/class/net/eth0/subsystem/eth0/device/net/eth0/device/subsystem/devices/virtio0/driver/virtio0/subsystem/devices/virtio1/driver/module HTTP/1.1" 200 27252 "https://mail.artesaniascolombianas.net.co/?loknya=/sys/class/net/eth0/subsystem/eth0/device/net/eth0/device/subsystem/devices/virtio0/driver/virtio0/subsystem/devices/virtio1/driver" "Mozilla/5.0 AppleWebKit/537.36 (KHTML, like Gecko; compatible; GPTBot/1.4; +https://openai.com/gptbot)"
74.7.241.42 - - [09/Sep/2026:07:06:31 -0500] "GET /index.php?lokasie=/proc/30719/net/unix&loknya=/proc/30719/net HTTP/1.1" 200 23408 "https://www.artesaniascolombianas.net.co/index.php?loknya=/proc/30719/net" "Mozilla/5.0 AppleWebKit/537.36 (KHTML, like Gecko; compatible; GPTBot/1.4; +https://openai.com/gptbot)"
74.7.242.34 - - [09/Sep/2026:07:06:31 -0500] "GET /?lokasie=/proc/22424/net//rt_acct&loknya=/proc/22424/net/ HTTP/1.1" 200 8175 "https://artesaniascolombianas.net.co/?loknya=/proc/22424/net/" "Mozilla/5.0 AppleWebKit/537.36 (KHTML, like Gecko; compatible; GPTBot/1.4; +https://openai.com/gptbot)"
2a03:2880:f802:3e:: - - [09/Sep/2026:07:06:31 -0500] "GET /?l=70939221647 HTTP/1.1" 200 39909 "-" "Mozilla/5.0 (Macintosh; Intel Mac OS X 10_15_7) AppleWebKit/537.36 (KHTML, like Gecko) Chrome/145.0.0.0 Safari/537.36 (compatible; meta-externalagent/1.1 (+https://developers.facebook.com/docs/sharing/webmasters/crawler))"
2a03:2880:f802:a:: - - [09/Sep/2026:07:06:31 -0500] "GET /?v=7945116725 HTTP/1.1" 200 39908 "-" "Mozilla/5.0 (Macintosh; Intel Mac OS X 10_15_7) AppleWebKit/537.36 (KHTML, like Gecko) Chrome/145.0.0.0 Safari/537.36 (compatible; meta-externalagent/1.1 (+https://developers.facebook.com/docs/sharing/webmasters/crawler))"
74.7.241.13 - - [09/Sep/2026:07:06:31 -0500] "GET /?loknya=/sys/class/net/eth0/subsystem/eth0/device/net/eth0/device/subsystem/devices/virtio3/subsystem/devices/virtio2/driver/virtio2/virtio-ports HTTP/1.1" 200 8602 "https://mail.artesaniascolombianas.net.co/?loknya=/sys/class/net/eth0/subsystem/eth0/device/net/eth0/device/subsystem/devices/virtio3/subsystem/devices/virtio2/driver/virtio2" "Mozilla/5.0 AppleWebKit/537.36 (KHTML, like Gecko; compatible; GPTBot/1.4; +https://openai.com/gptbot)"
74.7.242.34 - - [09/Sep/2026:07:06:31 -0500] "GET /?lokasie=/proc/20438/net//psched&loknya=/proc/20438/net/ HTTP/1.1" 200 4114 "https://artesaniascolombianas.net.co/?loknya=/proc/20438/net/" "Mozilla/5.0 AppleWebKit/537.36 (KHTML, like Gecko; compatible; GPTBot/1.4; +https://openai.com/gptbot)"
74.7.241.42 - - [09/Sep/2026:07:06:31 -0500] "GET /index.php?lokasie=/proc/24096/net/raw&loknya=/proc/24096/net HTTP/1.1" 200 4192 "https://www.artesaniascolombianas.net.co/index.php?loknya=/proc/24096/net" "Mozilla/5.0 AppleWebKit/537.36 (KHTML, like Gecko; compatible; GPTBot/1.4; +https://openai.com/gptbot)"
2a03:2880:f802:2a:: - - [09/Sep/2026:07:06:32 -0500] "GET /?y=2594630892 HTTP/1.1" 200 39909 "-" "Mozilla/5.0 (Windows NT 10.0; Win64; x64) AppleWebKit/537.36 (KHTML, like Gecko) Chrome/145.0.0.0 Safari/537.36 (compatible; meta-externalagent/1.1 (+https://developers.facebook.com/docs/sharing/webmasters/crawler))"
2a03:2880:f802:c:: - - [09/Sep/2026:07:06:32 -0500] "GET /?l=7093939849 HTTP/1.1" 200 39908 "-" "Mozilla/5.0 (Macintosh; Intel Mac OS X 10_15_7) AppleWebKit/537.36 (KHTML, like Gecko) Chrome/145.0.0.0 Safari/537.36 (compatible; meta-externalagent/1.1 (+https://developers.facebook.com/docs/sharing/webmasters/crawler))"
74.7.241.13 - - [09/Sep/2026:07:06:32 -0500] "GET /?loknya=/sys/class/net/eth0/subsystem/eth0/device/net/eth0/device/subsystem/devices/virtio0/driver/virtio0/subsystem/devices/virtio3/driver/ HTTP/1.1" 200 15267 "https://mail.artesaniascolombianas.net.co/?loknya=/sys/class/net/eth0/subsystem/eth0/device/net/eth0/device/subsystem/devices/virtio0/driver/virtio0/subsystem/devices/virtio3/driver/module" "Mozilla/5.0 AppleWebKit/537.36 (KHTML, like Gecko; compatible; GPTBot/1.4; +https://openai.com/gptbot)"
74.7.241.42 - - [09/Sep/2026:07:06:32 -0500] "GET /index.php?lokasie=/proc/18473/net/route&loknya=/proc/18473/net HTTP/1.1" 200 4588 "https://www.artesaniascolombianas.net.co/index.php?loknya=/proc/18473/net" "Mozilla/5.0 AppleWebKit/537.36 (KHTML, like Gecko; compatible; GPTBot/1.4; +https://openai.com/gptbot)"
74.7.242.34 - - [09/Sep/2026:07:06:32 -0500] "GET /?lokasie=/proc/20404/net//rt_acct&loknya=/proc/20404/net/ HTTP/1.1" 200 8175 "https://artesaniascolombianas.net.co/?loknya=/proc/20404/net/" "Mozilla/5.0 AppleWebKit/537.36 (KHTML, like Gecko; compatible; GPTBot/1.4; +https://openai.com/gptbot)"
74.7.241.13 - - [09/Sep/2026:07:06:32 -0500] "GET /?loknya=/sys/class/net/eth0/subsystem/eth0/device/net/eth0/device/subsystem/devices/virtio0/driver/virtio0/subsystem/devices/virtio3/driver/module/drivers HTTP/1.1" 200 9039 "https://mail.artesaniascolombianas.net.co/?loknya=/sys/class/net/eth0/subsystem/eth0/device/net/eth0/device/subsystem/devices/virtio0/driver/virtio0/subsystem/devices/virtio3/driver/module" "Mozilla/5.0 AppleWebKit/537.36 (KHTML, like Gecko; compatible; GPTBot/1.4; +https://openai.com/gptbot)"
74.7.242.34 - - [09/Sep/2026:07:06:32 -0500] "GET /?lokasie=/proc/24343/net//rt_acct&loknya=/proc/24343/net/ HTTP/1.1" 200 8175 "https://artesaniascolombianas.net.co/?loknya=/proc/24343/net/" "Mozilla/5.0 AppleWebKit/537.36 (KHTML, like Gecko; compatible; GPTBot/1.4; +https://openai.com/gptbot)"
74.7.241.42 - - [09/Sep/2026:07:06:32 -0500] "GET /index.php?lokasie=/proc/18473/net/tcp&loknya=/proc/18473/net HTTP/1.1" 200 24927 "https://www.artesaniascolombianas.net.co/index.php?loknya=/proc/18473/net" "Mozilla/5.0 AppleWebKit/537.36 (KHTML, like Gecko; compatible; GPTBot/1.4; +https://openai.com/gptbot)"
2a03:2880:f802:e:: - - [09/Sep/2026:07:06:33 -0500] "GET /?l=7093948086 HTTP/1.1" 200 39908 "-" "Mozilla/5.0 (Macintosh; Intel Mac OS X 10_15_7) AppleWebKit/537.36 (KHTML, like Gecko) Chrome/145.0.0.0 Safari/537.36 (compatible; meta-externalagent/1.1 (+https://developers.facebook.com/docs/sharing/webmasters/crawler))"
2a03:2880:f802:33:: - - [09/Sep/2026:07:06:33 -0500] "GET /?y=25946234634 HTTP/1.1" 200 39909 "-" "Mozilla/5.0 (Windows NT 10.0; Win64; x64) AppleWebKit/537.36 (KHTML, like Gecko) Chrome/145.0.0.0 Safari/537.36 (compatible; meta-externalagent/1.1 (+https://developers.facebook.com/docs/sharing/webmasters/crawler))"
74.7.241.13 - - [09/Sep/2026:07:06:33 -0500] "GET /?loknya=/sys/class/net/eth0/subsystem/eth0/device/net/eth0/device/subsystem/devices/virtio0/subsystem/devices/virtio2/driver/virtio2/driver/ HTTP/1.1" 200 15274 "https://mail.artesaniascolombianas.net.co/?loknya=/sys/class/net/eth0/subsystem/eth0/device/net/eth0/device/subsystem/devices/virtio0/subsystem/devices/virtio2/driver/virtio2/driver/module" "Mozilla/5.0 AppleWebKit/537.36 (KHTML, like Gecko; compatible; GPTBot/1.4; +https://openai.com/gptbot)"
74.7.242.34 - - [09/Sep/2026:07:06:33 -0500] "GET /?lokasie=/proc/22424/net//netstat&loknya=/proc/22424/net/ HTTP/1.1" 200 6899 "https://artesaniascolombianas.net.co/?loknya=/proc/22424/net/" "Mozilla/5.0 AppleWebKit/537.36 (KHTML, like Gecko; compatible; GPTBot/1.4; +https://openai.com/gptbot)"
74.7.241.42 - - [09/Sep/2026:07:06:33 -0500] "GET /index.php?lokasie=/proc/10637/net/arp&loknya=/proc/10637/net HTTP/1.1" 200 5000 "https://www.artesaniascolombianas.net.co/index.php?loknya=/proc/10637/net" "Mozilla/5.0 AppleWebKit/537.36 (KHTML, like Gecko; compatible; GPTBot/1.4; +https://openai.com/gptbot)"
74.7.241.13 - - [09/Sep/2026:07:06:33 -0500] "GET /?loknya=/sys/class/net/eth0/subsystem/eth0/device/net/eth0/device/subsystem/devices/virtio0/subsystem/devices/virtio2/driver/virtio2/driver/module/notes HTTP/1.1" 200 9405 "https://mail.artesaniascolombianas.net.co/?loknya=/sys/class/net/eth0/subsystem/eth0/device/net/eth0/device/subsystem/devices/virtio0/subsystem/devices/virtio2/driver/virtio2/driver/module" "Mozilla/5.0 AppleWebKit/537.36 (KHTML, like Gecko; compatible; GPTBot/1.4; +https://openai.com/gptbot)"
74.7.241.42 - - [09/Sep/2026:07:06:33 -0500] "GET /index.php?lokasie=/proc/20438/net/arp&loknya=/proc/20438/net HTTP/1.1" 200 5000 "https://www.artesaniascolombianas.net.co/index.php?loknya=/proc/20438/net" "Mozilla/5.0 AppleWebKit/537.36 (KHTML, like Gecko; compatible; GPTBot/1.4; +https://openai.com/gptbot)"
74.7.242.34 - - [09/Sep/2026:07:06:33 -0500] "GET /?lokasie=/proc/22424/net//netlink&loknya=/proc/22424/net/ HTTP/1.1" 200 5858 "https://artesaniascolombianas.net.co/?loknya=/proc/22424/net/" "Mozilla/5.0 AppleWebKit/537.36 (KHTML, like Gecko; compatible; GPTBot/1.4; +https://openai.com/gptbot)"
74.7.241.13 - - [09/Sep/2026:07:06:34 -0500] "GET /?loknya=/sys/class/net/eth0/subsystem/eth0/device/net/eth0/device/subsystem/devices/virtio0/driver/virtio0/subsystem/devices/virtio3/driver/module/notes HTTP/1.1" 200 9398 "https://mail.artesaniascolombianas.net.co/?loknya=/sys/class/net/eth0/subsystem/eth0/device/net/eth0/device/subsystem/devices/virtio0/driver/virtio0/subsystem/devices/virtio3/driver/module" "Mozilla/5.0 AppleWebKit/537.36 (KHTML, like Gecko; compatible; GPTBot/1.4; +https://openai.com/gptbot)"
74.7.242.34 - - [09/Sep/2026:07:06:34 -0500] "GET /?lokasie=/proc/22424/net//ip6_mr_cache&loknya=/proc/22424/net/ HTTP/1.1" 200 4187 "https://artesaniascolombianas.net.co/?loknya=/proc/22424/net/" "Mozilla/5.0 AppleWebKit/537.36 (KHTML, like Gecko; compatible; GPTBot/1.4; +https://openai.com/gptbot)"
74.7.241.42 - - [09/Sep/2026:07:06:34 -0500] "GET /index.php?lokasie=/proc/18473/net/raw&loknya=/proc/18473/net HTTP/1.1" 200 4192 "https://www.artesaniascolombianas.net.co/index.php?loknya=/proc/18473/net" "Mozilla/5.0 AppleWebKit/537.36 (KHTML, like Gecko; compatible; GPTBot/1.4; +https://openai.com/gptbot)"
2a03:2880:f802:e:: - - [09/Sep/2026:07:06:34 -0500] "GET /?v=79451140954 HTTP/1.1" 200 39908 "-" "Mozilla/5.0 (Macintosh; Intel Mac OS X 10_15_7) AppleWebKit/537.36 (KHTML, like Gecko) Chrome/145.0.0.0 Safari/537.36 (compatible; meta-externalagent/1.1 (+https://developers.facebook.com/docs/sharing/webmasters/crawler))"
2a03:2880:f802:16:: - - [09/Sep/2026:07:06:34 -0500] "GET /?v=79451259118 HTTP/1.1" 200 39909 "-" "Mozilla/5.0 (Macintosh; Intel Mac OS X 10_15_7) AppleWebKit/537.36 (KHTML, like Gecko) Chrome/145.0.0.0 Safari/537.36 (compatible; meta-externalagent/1.1 (+https://developers.facebook.com/docs/sharing/webmasters/crawler))"
74.7.241.13 - - [09/Sep/2026:07:06:34 -0500] "GET /?loknya=/sys/class/net/eth0/subsystem/eth0/device/net/eth0/device/subsystem/devices/virtio2/subsystem/devices/virtio1/subsystem/drivers/virtio_net/module/ HTTP/1.1" 200 29096 "https://mail.artesaniascolombianas.net.co/?loknya=/sys/class/net/eth0/subsystem/eth0/device/net/eth0/device/subsystem/devices/virtio2/subsystem/devices/virtio1/subsystem/drivers/virtio_net/module/parameters" "Mozilla/5.0 AppleWebKit/537.36 (KHTML, like Gecko; compatible; GPTBot/1.4; +https://openai.com/gptbot)"
74.7.242.34 - - [09/Sep/2026:07:06:34 -0500] "GET /?lokasie=/proc/20404/net//if_inet6&loknya=/proc/20404/net/ HTTP/1.1" 200 4188 "https://artesaniascolombianas.net.co/?loknya=/proc/20404/net/" "Mozilla/5.0 AppleWebKit/537.36 (KHTML, like Gecko; compatible; GPTBot/1.4; +https://openai.com/gptbot)"
74.7.241.42 - - [09/Sep/2026:07:06:34 -0500] "GET /index.php?lokasie=/proc/24096/net/if_inet6&loknya=/proc/24096/net HTTP/1.1" 200 4187 "https://www.artesaniascolombianas.net.co/index.php?loknya=/proc/24096/net" "Mozilla/5.0 AppleWebKit/537.36 (KHTML, like Gecko; compatible; GPTBot/1.4; +https://openai.com/gptbot)"
2a03:2880:f802:1f:: - - [09/Sep/2026:07:06:35 -0500] "GET /?u=39774103773 HTTP/1.1" 200 39909 "-" "Mozilla/5.0 (Macintosh; Intel Mac OS X 10_15_7) AppleWebKit/537.36 (KHTML, like Gecko) Chrome/145.0.0.0 Safari/537.36 (compatible; meta-externalagent/1.1 (+https://developers.facebook.com/docs/sharing/webmasters/crawler))"
74.7.241.13 - - [09/Sep/2026:07:06:35 -0500] "GET /?loknya=/sys/class/net/eth0/subsystem/eth0/device/net/eth0/device/subsystem/devices/virtio0/subsystem/devices/virtio1/driver/module/drivers/virtio:virtio_scsi HTTP/1.1" 200 15821 "https://mail.artesaniascolombianas.net.co/?loknya=/sys/class/net/eth0/subsystem/eth0/device/net/eth0/device/subsystem/devices/virtio0/subsystem/devices/virtio1/driver/module/drivers" "Mozilla/5.0 AppleWebKit/537.36 (KHTML, like Gecko; compatible; GPTBot/1.4; +https://openai.com/gptbot)"
74.7.242.34 - - [09/Sep/2026:07:06:35 -0500] "GET /?lokasie=/proc/24343/net//if_inet6&loknya=/proc/24343/net/ HTTP/1.1" 200 4188 "https://artesaniascolombianas.net.co/?loknya=/proc/24343/net/" "Mozilla/5.0 AppleWebKit/537.36 (KHTML, like Gecko; compatible; GPTBot/1.4; +https://openai.com/gptbot)"
74.7.241.42 - - [09/Sep/2026:07:06:35 -0500] "GET /index.php?lokasie=/proc/10637/net/if_inet6&loknya=/proc/10637/net HTTP/1.1" 200 4187 "https://www.artesaniascolombianas.net.co/index.php?loknya=/proc/10637/net" "Mozilla/5.0 AppleWebKit/537.36 (KHTML, like Gecko; compatible; GPTBot/1.4; +https://openai.com/gptbot)"
74.7.241.13 - - [09/Sep/2026:07:06:35 -0500] "GET /?loknya=/sys/class/net/eth0/subsystem/eth0/device/driver/virtio:virtio_net/virtio0/net/eth0/device/subsystem/devices/virtio3/driver/ HTTP/1.1" 200 6945 "https://mail.artesaniascolombianas.net.co/?loknya=/sys/class/net/eth0/subsystem/eth0/device/driver/module/virtio:virtio_net/virtio0/net/eth0/device/subsystem/devices/virtio3/driver/module/" "Mozilla/5.0 AppleWebKit/537.36 (KHTML, like Gecko; compatible; GPTBot/1.4; +https://openai.com/gptbot)"
2a03:2880:f802:1:: - - [09/Sep/2026:07:06:35 -0500] "GET /?u=39774206671 HTTP/1.1" 200 39908 "-" "Mozilla/5.0 (Windows NT 10.0; Win64; x64) AppleWebKit/537.36 (KHTML, like Gecko) Chrome/145.0.0.0 Safari/537.36 (compatible; meta-externalagent/1.1 (+https://developers.facebook.com/docs/sharing/webmasters/crawler))"
74.7.241.42 - - [09/Sep/2026:07:06:35 -0500] "GET /index.php?loknya=/proc/24096/net/xt_recent HTTP/1.1" 200 6608 "https://www.artesaniascolombianas.net.co/index.php?loknya=/proc/24096/net" "Mozilla/5.0 AppleWebKit/537.36 (KHTML, like Gecko; compatible; GPTBot/1.4; +https://openai.com/gptbot)"
74.7.242.34 - - [09/Sep/2026:07:06:35 -0500] "GET /?lokasie=/proc/20404/net//netlink&loknya=/proc/20404/net/ HTTP/1.1" 200 5858 "https://artesaniascolombianas.net.co/?loknya=/proc/20404/net/" "Mozilla/5.0 AppleWebKit/537.36 (KHTML, like Gecko; compatible; GPTBot/1.4; +https://openai.com/gptbot)"
2a03:2880:f802:a:: - - [09/Sep/2026:07:06:36 -0500] "GET /?v=7945181627 HTTP/1.1" 200 39908 "-" "Mozilla/5.0 (X11; Linux x86_64) AppleWebKit/537.36 (KHTML, like Gecko) Chrome/145.0.0.0 Safari/537.36 (compatible; meta-externalagent/1.1 (+https://developers.facebook.com/docs/sharing/webmasters/crawler))"
74.7.241.13 - - [09/Sep/2026:07:06:36 -0500] "GET /?loknya=/sys/class/net/eth0/subsystem/eth0/device/driver/module/virtio:virtio_net/virtio0/net/eth0/device/subsystem/devices/virtio3/driver/module HTTP/1.1" 200 7300 "https://mail.artesaniascolombianas.net.co/?loknya=/sys/class/net/eth0/subsystem/eth0/device/driver/module/virtio:virtio_net/virtio0/net/eth0/device/subsystem/devices/virtio3/driver/module/" "Mozilla/5.0 AppleWebKit/537.36 (KHTML, like Gecko; compatible; GPTBot/1.4; +https://openai.com/gptbot)"
74.7.241.42 - - [09/Sep/2026:07:06:36 -0500] "GET /index.php?loknya=/proc/24130/net/xt_recent HTTP/1.1" 200 6596 "https://www.artesaniascolombianas.net.co/index.php?loknya=/proc/24130/net" "Mozilla/5.0 AppleWebKit/537.36 (KHTML, like Gecko; compatible; GPTBot/1.4; +https://openai.com/gptbot)"
74.7.242.34 - - [09/Sep/2026:07:06:36 -0500] "GET /?lokasie=/proc/20404/net//netstat&loknya=/proc/20404/net/ HTTP/1.1" 200 6899 "https://artesaniascolombianas.net.co/?loknya=/proc/20404/net/" "Mozilla/5.0 AppleWebKit/537.36 (KHTML, like Gecko; compatible; GPTBot/1.4; +https://openai.com/gptbot)"
2a03:2880:f802:17:: - - [09/Sep/2026:07:06:36 -0500] "GET /?v=79451274927 HTTP/1.1" 200 39909 "-" "Mozilla/5.0 (Windows NT 10.0; Win64; x64) AppleWebKit/537.36 (KHTML, like Gecko) Chrome/145.0.0.0 Safari/537.36 (compatible; meta-externalagent/1.1 (+https://developers.facebook.com/docs/sharing/webmasters/crawler))"
74.7.241.13 - - [09/Sep/2026:07:06:36 -0500] "GET /?loknya=/sys/class/net/eth0/subsystem/eth0/device/net/eth0/device/subsystem/devices/virtio0/driver/virtio0/subsystem/devices/virtio1/driver/ HTTP/1.1" 200 15267 "https://mail.artesaniascolombianas.net.co/?loknya=/sys/class/net/eth0/subsystem/eth0/device/net/eth0/device/subsystem/devices/virtio0/driver/virtio0/subsystem/devices/virtio1/driver/module" "Mozilla/5.0 AppleWebKit/537.36 (KHTML, like Gecko; compatible; GPTBot/1.4; +https://openai.com/gptbot)"
74.7.242.34 - - [09/Sep/2026:07:06:36 -0500] "GET /?lokasie=/proc/22424/net//udplite&loknya=/proc/22424/net/ HTTP/1.1" 200 4210 "https://artesaniascolombianas.net.co/?loknya=/proc/22424/net/" "Mozilla/5.0 AppleWebKit/537.36 (KHTML, like Gecko; compatible; GPTBot/1.4; +https://openai.com/gptbot)"
74.7.241.42 - - [09/Sep/2026:07:06:36 -0500] "GET /index.php?loknya=/proc/10637/net/xt_recent HTTP/1.1" 200 6580 "https://www.artesaniascolombianas.net.co/index.php?loknya=/proc/10637/net" "Mozilla/5.0 AppleWebKit/537.36 (KHTML, like Gecko; compatible; GPTBot/1.4; +https://openai.com/gptbot)"
74.7.241.13 - - [09/Sep/2026:07:06:37 -0500] "GET /?loknya=/sys/class/net/eth0/subsystem/eth0/device/net/eth0/device/subsystem/devices/virtio0/driver/virtio0/subsystem/devices/virtio1/driver/module/drivers HTTP/1.1" 200 9027 "https://mail.artesaniascolombianas.net.co/?loknya=/sys/class/net/eth0/subsystem/eth0/device/net/eth0/device/subsystem/devices/virtio0/driver/virtio0/subsystem/devices/virtio1/driver/module" "Mozilla/5.0 AppleWebKit/537.36 (KHTML, like Gecko; compatible; GPTBot/1.4; +https://openai.com/gptbot)"
74.7.242.34 - - [09/Sep/2026:07:06:37 -0500] "GET /?lokasie=/proc/24343/net//netlink&loknya=/proc/24343/net/ HTTP/1.1" 200 5858 "https://artesaniascolombianas.net.co/?loknya=/proc/24343/net/" "Mozilla/5.0 AppleWebKit/537.36 (KHTML, like Gecko; compatible; GPTBot/1.4; +https://openai.com/gptbot)"
74.7.241.42 - - [09/Sep/2026:07:06:37 -0500] "GET /index.php?loknya=/proc/30719/net/xt_recent HTTP/1.1" 200 6578 "https://www.artesaniascolombianas.net.co/index.php?loknya=/proc/30719/net" "Mozilla/5.0 AppleWebKit/537.36 (KHTML, like Gecko; compatible; GPTBot/1.4; +https://openai.com/gptbot)"
2a03:2880:f802:32:: - - [09/Sep/2026:07:06:37 -0500] "GET /?f=6521370872 HTTP/1.1" 200 39909 "-" "Mozilla/5.0 (Windows NT 10.0; Win64; x64) AppleWebKit/537.36 (KHTML, like Gecko) Chrome/145.0.0.0 Safari/537.36 (compatible; meta-externalagent/1.1 (+https://developers.facebook.com/docs/sharing/webmasters/crawler))"
2a03:2880:f802:23:: - - [09/Sep/2026:07:06:37 -0500] "GET /?b=47659261475 HTTP/1.1" 200 39909 "-" "Mozilla/5.0 (Windows NT 10.0; Win64; x64; rv:147.0) Gecko/20100101 Firefox/147.0 (compatible; meta-externalagent/1.1 (+https://developers.facebook.com/docs/sharing/webmasters/crawler))"
2a03:2880:f802:9:: - - [09/Sep/2026:07:06:37 -0500] "GET /?l=7093959283 HTTP/1.1" 200 39908 "-" "Mozilla/5.0 (X11; Linux x86_64) AppleWebKit/537.36 (KHTML, like Gecko) Chrome/145.0.0.0 Safari/537.36 (compatible; meta-externalagent/1.1 (+https://developers.facebook.com/docs/sharing/webmasters/crawler))"
74.7.241.13 - - [09/Sep/2026:07:06:37 -0500] "GET /?loknya=/sys/class/net/eth0/subsystem/eth0/device/net/eth0/device/subsystem/devices/virtio3/driver/virtio3/driver/virtio3/subsystem/drivers/virtio_net HTTP/1.1" 200 15632 "https://mail.artesaniascolombianas.net.co/?loknya=/sys/class/net/eth0/subsystem/eth0/device/net/eth0/device/subsystem/devices/virtio3/driver/virtio3/driver/virtio3/subsystem/drivers" "Mozilla/5.0 AppleWebKit/537.36 (KHTML, like Gecko; compatible; GPTBot/1.4; +https://openai.com/gptbot)"
74.7.241.42 - - [09/Sep/2026:07:06:37 -0500] "GET /index.php?loknya=/proc/20438/net/xt_recent HTTP/1.1" 200 6586 "https://www.artesaniascolombianas.net.co/index.php?loknya=/proc/20438/net" "Mozilla/5.0 AppleWebKit/537.36 (KHTML, like Gecko; compatible; GPTBot/1.4; +https://openai.com/gptbot)"
74.7.242.34 - - [09/Sep/2026:07:06:37 -0500] "GET /?lokasie=/proc/24343/net//netstat&loknya=/proc/24343/net/ HTTP/1.1" 200 6899 "https://artesaniascolombianas.net.co/?loknya=/proc/24343/net/" "Mozilla/5.0 AppleWebKit/537.36 (KHTML, like Gecko; compatible; GPTBot/1.4; +https://openai.com/gptbot)"
74.7.241.13 - - [09/Sep/2026:07:06:38 -0500] "GET /?loknya=/sys/class/net/eth0/subsystem/eth0/device/net/eth0/device/subsystem/devices/virtio1/subsystem/devices/virtio0/driver/module/drivers/virtio:virtio_net HTTP/1.1" 200 15799 "https://mail.artesaniascolombianas.net.co/?loknya=/sys/class/net/eth0/subsystem/eth0/device/net/eth0/device/subsystem/devices/virtio1/subsystem/devices/virtio0/driver/module/drivers" "Mozilla/5.0 AppleWebKit/537.36 (KHTML, like Gecko; compatible; GPTBot/1.4; +https://openai.com/gptbot)"
74.7.242.34 - - [09/Sep/2026:07:06:38 -0500] "GET /?lokasie=/proc/20438/net//igmp6&loknya=/proc/20438/net/ HTTP/1.1" 200 4503 "https://artesaniascolombianas.net.co/?loknya=/proc/20438/net/" "Mozilla/5.0 AppleWebKit/537.36 (KHTML, like Gecko; compatible; GPTBot/1.4; +https://openai.com/gptbot)"
74.7.241.42 - - [09/Sep/2026:07:06:38 -0500] "GET /index.php?loknya=/proc/18473/net/xt_recent HTTP/1.1" 200 6580 "https://www.artesaniascolombianas.net.co/index.php?loknya=/proc/18473/net" "Mozilla/5.0 AppleWebKit/537.36 (KHTML, like Gecko; compatible; GPTBot/1.4; +https://openai.com/gptbot)"
2a03:2880:f802:27:: - - [09/Sep/2026:07:06:38 -0500] "GET /?v=85873257890 HTTP/1.1" 200 39909 "-" "Mozilla/5.0 (Windows NT 10.0; Win64; x64) AppleWebKit/537.36 (KHTML, like Gecko) Chrome/145.0.0.0 Safari/537.36 (compatible; meta-externalagent/1.1 (+https://developers.facebook.com/docs/sharing/webmasters/crawler))"
2a03:2880:f802:e:: - - [09/Sep/2026:07:06:38 -0500] "GET /?x=78855241272 HTTP/1.1" 200 39908 "-" "Mozilla/5.0 (Macintosh; Intel Mac OS X 10_15_7) AppleWebKit/537.36 (KHTML, like Gecko) Chrome/145.0.0.0 Safari/537.36 (compatible; meta-externalagent/1.1 (+https://developers.facebook.com/docs/sharing/webmasters/crawler))"
2a03:2880:f802:e:: - - [09/Sep/2026:07:06:38 -0500] "GET /?b=47659168115 HTTP/1.1" 200 39908 "-" "Mozilla/5.0 (Windows NT 10.0; Win64; x64) AppleWebKit/537.36 (KHTML, like Gecko) Chrome/145.0.0.0 Safari/537.36 (compatible; meta-externalagent/1.1 (+https://developers.facebook.com/docs/sharing/webmasters/crawler))"
74.7.241.13 - - [09/Sep/2026:07:06:38 -0500] "GET /?loknya=/sys/class/net/eth0/subsystem/eth0/device/driver/module/drivers/virtio:virtio_net/virtio0/net/eth0/device/subsystem/devices/virtio2/driver/module/drivers HTTP/1.1" 200 10734 "https://mail.artesaniascolombianas.net.co/?loknya=/sys/class/net/eth0/subsystem/eth0/device/driver/module/drivers/virtio:virtio_net/virtio0/net/eth0/device/subsystem/devices/virtio2/driver/module" "Mozilla/5.0 AppleWebKit/537.36 (KHTML, like Gecko; compatible; GPTBot/1.4; +https://openai.com/gptbot)"
2a03:2880:f802:e:: - - [09/Sep/2026:07:06:38 -0500] "GET /?v=7945188358 HTTP/1.1" 200 39908 "-" "Mozilla/5.0 (Macintosh; Intel Mac OS X 10_15_7) AppleWebKit/537.36 (KHTML, like Gecko) Chrome/145.0.0.0 Safari/537.36 (compatible; meta-externalagent/1.1 (+https://developers.facebook.com/docs/sharing/webmasters/crawler))"
74.7.242.34 - - [09/Sep/2026:07:06:38 -0500] "GET /?lokasie=/proc/22424/net//ip_mr_vif&loknya=/proc/22424/net/ HTTP/1.1" 200 4152 "https://artesaniascolombianas.net.co/?loknya=/proc/22424/net/" "Mozilla/5.0 AppleWebKit/537.36 (KHTML, like Gecko; compatible; GPTBot/1.4; +https://openai.com/gptbot)"
74.7.241.42 - - [09/Sep/2026:07:06:38 -0500] "GET /index.php?loknya=/proc/23701/net/xt_recent HTTP/1.1" 200 6580 "https://www.artesaniascolombianas.net.co/index.php?loknya=/proc/23701/net" "Mozilla/5.0 AppleWebKit/537.36 (KHTML, like Gecko; compatible; GPTBot/1.4; +https://openai.com/gptbot)"
2a03:2880:f802:14:: - - [09/Sep/2026:07:06:38 -0500] "GET /?x=78855205377 HTTP/1.1" 200 39909 "-" "Mozilla/5.0 (Macintosh; Intel Mac OS X 10_15_7) AppleWebKit/537.36 (KHTML, like Gecko) Chrome/145.0.0.0 Safari/537.36 (compatible; meta-externalagent/1.1 (+https://developers.facebook.com/docs/sharing/webmasters/crawler))"
74.7.241.13 - - [09/Sep/2026:07:06:39 -0500] "GET /?loknya=/sys/class/net/eth0/subsystem/eth0/device/driver/virtio0/net/eth0/subsystem/lo/subsystem/lo/subsystem/eth0/device/subsystem/drivers/virtio_console HTTP/1.1" 200 15841 "https://mail.artesaniascolombianas.net.co/?loknya=/sys/class/net/eth0/subsystem/eth0/device/driver/virtio0/net/eth0/subsystem/lo/subsystem/lo/subsystem/eth0/device/subsystem/drivers" "Mozilla/5.0 AppleWebKit/537.36 (KHTML, like Gecko; compatible; GPTBot/1.4; +https://openai.com/gptbot)"
74.7.242.34 - - [09/Sep/2026:07:06:39 -0500] "GET /?lokasie=/proc/20438/net//if_inet6&loknya=/proc/20438/net/ HTTP/1.1" 200 4188 "https://artesaniascolombianas.net.co/?loknya=/proc/20438/net/" "Mozilla/5.0 AppleWebKit/537.36 (KHTML, like Gecko; compatible; GPTBot/1.4; +https://openai.com/gptbot)"
74.7.241.42 - - [09/Sep/2026:07:06:39 -0500] "GET /index.php?loknya=/proc/10637/net/ipt_hashlimit HTTP/1.1" 200 6612 "https://www.artesaniascolombianas.net.co/index.php?loknya=/proc/10637/net" "Mozilla/5.0 AppleWebKit/537.36 (KHTML, like Gecko; compatible; GPTBot/1.4; +https://openai.com/gptbot)"
2a03:2880:f802:3f:: - - [09/Sep/2026:07:06:39 -0500] "GET /?y=25946121178 HTTP/1.1" 200 39909 "-" "Mozilla/5.0 (Windows NT 10.0; Win64; x64) AppleWebKit/537.36 (KHTML, like Gecko) Chrome/145.0.0.0 Safari/537.36 Edg/145.0.0.0 (compatible; meta-externalagent/1.1 (+https://developers.facebook.com/docs/sharing/webmasters/crawler))"
74.7.241.13 - - [09/Sep/2026:07:06:39 -0500] "GET /?loknya=/sys/class/net/eth0/subsystem/eth0/device/subsystem/drivers/virtio_net/virtio0/net/eth0/device/subsystem/devices/virtio0/driver/virtio0/power HTTP/1.1" 200 23849 "https://mail.artesaniascolombianas.net.co/?loknya=/sys/class/net/eth0/subsystem/eth0/device/subsystem/drivers/virtio_net/virtio0/net/eth0/device/subsystem/devices/virtio0/driver/virtio0" "Mozilla/5.0 AppleWebKit/537.36 (KHTML, like Gecko; compatible; GPTBot/1.4; +https://openai.com/gptbot)"
74.7.242.34 - - [09/Sep/2026:07:06:39 -0500] "GET /?lokasie=/proc/20404/net//ipv6_route&loknya=/proc/20404/net/ HTTP/1.1" 200 6332 "https://artesaniascolombianas.net.co/?loknya=/proc/20404/net/" "Mozilla/5.0 AppleWebKit/537.36 (KHTML, like Gecko; compatible; GPTBot/1.4; +https://openai.com/gptbot)"
74.7.241.42 - - [09/Sep/2026:07:06:39 -0500] "GET /index.php?loknya=/proc/30719/net/ipt_hashlimit HTTP/1.1" 200 6610 "https://www.artesaniascolombianas.net.co/index.php?loknya=/proc/30719/net" "Mozilla/5.0 AppleWebKit/537.36 (KHTML, like Gecko; compatible; GPTBot/1.4; +https://openai.com/gptbot)"
74.7.241.13 - - [09/Sep/2026:07:06:40 -0500] "GET /?loknya=/sys/class/net/eth0/subsystem/eth0/device/net/eth0/device/subsystem/devices/virtio2/subsystem/devices/virtio1/driver/module/drivers/virtio:virtio_scsi/virtio1 HTTP/1.1" 200 24635 "https://mail.artesaniascolombianas.net.co/?loknya=/sys/class/net/eth0/subsystem/eth0/device/net/eth0/device/subsystem/devices/virtio2/subsystem/devices/virtio1/driver/module/drivers/virtio:virtio_scsi" "Mozilla/5.0 AppleWebKit/537.36 (KHTML, like Gecko; compatible; GPTBot/1.4; +https://openai.com/gptbot)"
74.7.242.34 - - [09/Sep/2026:07:06:40 -0500] "GET /?lokasie=/proc/24343/net//ipv6_route&loknya=/proc/24343/net/ HTTP/1.1" 200 6332 "https://artesaniascolombianas.net.co/?loknya=/proc/24343/net/" "Mozilla/5.0 AppleWebKit/537.36 (KHTML, like Gecko; compatible; GPTBot/1.4; +https://openai.com/gptbot)"
74.7.241.42 - - [09/Sep/2026:07:06:40 -0500] "GET /index.php?loknya=/proc/24130/net/ipt_hashlimit HTTP/1.1" 200 6628 "https://www.artesaniascolombianas.net.co/index.php?loknya=/proc/24130/net" "Mozilla/5.0 AppleWebKit/537.36 (KHTML, like Gecko; compatible; GPTBot/1.4; +https://openai.com/gptbot)"
103.157.223.56 - - [09/Sep/2026:07:06:40 -0500] "POST /xmlrpc.php HTTP/1.1" 200 39905 "-" "WordPress.com; https://wordpress.com"
2a03:2880:f802:2a:: - - [09/Sep/2026:07:06:40 -0500] "GET /?b=476591644 HTTP/1.1" 200 39909 "-" "Mozilla/5.0 (Windows NT 10.0; Win64; x64) AppleWebKit/537.36 (KHTML, like Gecko) Chrome/145.0.0.0 Safari/537.36 (compatible; meta-externalagent/1.1 (+https://developers.facebook.com/docs/sharing/webmasters/crawler))"
74.7.241.13 - - [09/Sep/2026:07:06:40 -0500] "GET /?loknya=/sys/class/net/eth0/subsystem/eth0/device/net/eth0/device/subsystem/devices/virtio0/subsystem/devices/virtio1/driver/module/drivers/ HTTP/1.1" 200 8602 "https://mail.artesaniascolombianas.net.co/?loknya=/sys/class/net/eth0/subsystem/eth0/device/net/eth0/device/subsystem/devices/virtio0/subsystem/devices/virtio1/driver/module/drivers/virtio:virtio_scsi" "Mozilla/5.0 AppleWebKit/537.36 (KHTML, like Gecko; compatible; GPTBot/1.4; +https://openai.com/gptbot)"
74.7.242.34 - - [09/Sep/2026:07:06:40 -0500] "GET /?lokasie=/proc/24343/net//igmp6&loknya=/proc/24343/net/ HTTP/1.1" 200 4503 "https://artesaniascolombianas.net.co/?loknya=/proc/24343/net/" "Mozilla/5.0 AppleWebKit/537.36 (KHTML, like Gecko; compatible; GPTBot/1.4; +https://openai.com/gptbot)"
74.7.241.42 - - [09/Sep/2026:07:06:40 -0500] "GET /index.php?loknya=/proc/23701/net/ipt_hashlimit HTTP/1.1" 200 6612 "https://www.artesaniascolombianas.net.co/index.php?loknya=/proc/23701/net" "Mozilla/5.0 AppleWebKit/537.36 (KHTML, like Gecko; compatible; GPTBot/1.4; +https://openai.com/gptbot)"
74.7.241.13 - - [09/Sep/2026:07:06:41 -0500] "GET /?loknya=/sys/class/net/eth0/subsystem/eth0/device/virtio:virtio_net/virtio0/net/eth0/device/subsystem/devices/virtio3/ HTTP/1.1" 200 6622 "https://mail.artesaniascolombianas.net.co/?loknya=/sys/class/net/eth0/subsystem/eth0/device/driver/virtio:virtio_net/virtio0/net/eth0/device/subsystem/devices/virtio3/driver/" "Mozilla/5.0 AppleWebKit/537.36 (KHTML, like Gecko; compatible; GPTBot/1.4; +https://openai.com/gptbot)"
74.7.242.34 - - [09/Sep/2026:07:06:41 -0500] "GET /?lokasie=/proc/20404/net//igmp6&loknya=/proc/20404/net/ HTTP/1.1" 200 4503 "https://artesaniascolombianas.net.co/?loknya=/proc/20404/net/" "Mozilla/5.0 AppleWebKit/537.36 (KHTML, like Gecko; compatible; GPTBot/1.4; +https://openai.com/gptbot)"
74.7.241.42 - - [09/Sep/2026:07:06:41 -0500] "GET /index.php?loknya=/proc/24096/net/ HTTP/1.1" 200 81451 "https://www.artesaniascolombianas.net.co/index.php?loknya=/proc/24096/net/xt_recent" "Mozilla/5.0 AppleWebKit/537.36 (KHTML, like Gecko; compatible; GPTBot/1.4; +https://openai.com/gptbot)"
2a03:2880:f802:c:: - - [09/Sep/2026:07:06:41 -0500] "GET /?x=78855104993 HTTP/1.1" 200 39908 "-" "Mozilla/5.0 (Windows NT 10.0; Win64; x64) AppleWebKit/537.36 (KHTML, like Gecko) Chrome/145.0.0.0 Safari/537.36 (compatible; meta-externalagent/1.1 (+https://developers.facebook.com/docs/sharing/webmasters/crawler))"
2a03:2880:f802:7:: - - [09/Sep/2026:07:06:41 -0500] "GET /?x=78855223475 HTTP/1.1" 200 39908 "-" "Mozilla/5.0 (Macintosh; Intel Mac OS X 10_15_7) AppleWebKit/537.36 (KHTML, like Gecko) Chrome/145.0.0.0 Safari/537.36 (compatible; meta-externalagent/1.1 (+https://developers.facebook.com/docs/sharing/webmasters/crawler))"
74.7.241.42 - - [09/Sep/2026:07:06:41 -0500] "GET /index.php?loknya=/proc/24130/net/ HTTP/1.1" 200 81439 "https://www.artesaniascolombianas.net.co/index.php?loknya=/proc/24130/net/xt_recent" "Mozilla/5.0 AppleWebKit/537.36 (KHTML, like Gecko; compatible; GPTBot/1.4; +https://openai.com/gptbot)"
74.7.242.34 - - [09/Sep/2026:07:06:41 -0500] "GET /?lokasie=/proc/24343/net//snmp6&loknya=/proc/24343/net/ HTTP/1.1" 200 7058 "https://artesaniascolombianas.net.co/?loknya=/proc/24343/net/" "Mozilla/5.0 AppleWebKit/537.36 (KHTML, like Gecko; compatible; GPTBot/1.4; +https://openai.com/gptbot)"
74.7.241.13 - - [09/Sep/2026:07:06:41 -0500] "GET /?loknya=/sys/class/net/eth0/subsystem/eth0/device/driver/virtio:virtio_net/virtio0/net/eth0/device/subsystem/devices/virtio3 HTTP/1.1" 200 6775 "https://mail.artesaniascolombianas.net.co/?loknya=/sys/class/net/eth0/subsystem/eth0/device/driver/virtio:virtio_net/virtio0/net/eth0/device/subsystem/devices/virtio3/driver/" "Mozilla/5.0 AppleWebKit/537.36 (KHTML, like Gecko; compatible; GPTBot/1.4; +https://openai.com/gptbot)"
74.7.241.13 - - [09/Sep/2026:07:06:42 -0500] "GET /?loknya=/sys/class/net/eth0/subsystem/eth0/device/driver/virtio:virtio_net/virtio0/net/eth0/device/subsystem/devices/virtio3/driver HTTP/1.1" 200 6943 "https://mail.artesaniascolombianas.net.co/?loknya=/sys/class/net/eth0/subsystem/eth0/device/driver/virtio:virtio_net/virtio0/net/eth0/device/subsystem/devices/virtio3/driver/" "Mozilla/5.0 AppleWebKit/537.36 (KHTML, like Gecko; compatible; GPTBot/1.4; +https://openai.com/gptbot)"
74.7.242.34 - - [09/Sep/2026:07:06:42 -0500] "GET /?lokasie=/proc/20404/net//snmp6&loknya=/proc/20404/net/ HTTP/1.1" 200 7058 "https://artesaniascolombianas.net.co/?loknya=/proc/20404/net/" "Mozilla/5.0 AppleWebKit/537.36 (KHTML, like Gecko; compatible; GPTBot/1.4; +https://openai.com/gptbot)"
74.7.241.42 - - [09/Sep/2026:07:06:42 -0500] "GET /index.php?loknya=/proc/10637/net/ HTTP/1.1" 200 81423 "https://www.artesaniascolombianas.net.co/index.php?loknya=/proc/10637/net/xt_recent" "Mozilla/5.0 AppleWebKit/537.36 (KHTML, like Gecko; compatible; GPTBot/1.4; +https://openai.com/gptbot)"
2a03:2880:f802:49:: - - [09/Sep/2026:07:06:42 -0500] "GET /?i=36798116931 HTTP/1.1" 200 39909 "-" "Mozilla/5.0 (Windows NT 10.0; Win64; x64) AppleWebKit/537.36 (KHTML, like Gecko) Chrome/145.0.0.0 Safari/537.36 (compatible; meta-externalagent/1.1 (+https://developers.facebook.com/docs/sharing/webmasters/crawler))"
74.7.241.13 - - [09/Sep/2026:07:06:42 -0500] "GET /?loknya=/sys/class/net/eth0/subsystem/eth0/device/net/eth0/device/subsystem/devices/virtio0/driver/virtio0/subsystem/devices/virtio1/driver/module/ HTTP/1.1" 200 27294 "https://mail.artesaniascolombianas.net.co/?loknya=/sys/class/net/eth0/subsystem/eth0/device/net/eth0/device/subsystem/devices/virtio0/driver/virtio0/subsystem/devices/virtio1/driver/module/drivers" "Mozilla/5.0 AppleWebKit/537.36 (KHTML, like Gecko; compatible; GPTBot/1.4; +https://openai.com/gptbot)"
2a03:2880:f802:b:: - - [09/Sep/2026:07:06:42 -0500] "GET /?y=25946265915 HTTP/1.1" 200 39908 "-" "Mozilla/5.0 (X11; Linux x86_64) AppleWebKit/537.36 (KHTML, like Gecko) Chrome/145.0.0.0 Safari/537.36 (compatible; meta-externalagent/1.1 (+https://developers.facebook.com/docs/sharing/webmasters/crawler))"
74.7.242.34 - - [09/Sep/2026:07:06:42 -0500] "GET /?lokasie=/proc/20438/net/netfilter/nf_log&loknya=/proc/20438/net/netfilter HTTP/1.1" 200 4306 "https://artesaniascolombianas.net.co/?loknya=/proc/20438/net/netfilter" "Mozilla/5.0 AppleWebKit/537.36 (KHTML, like Gecko; compatible; GPTBot/1.4; +https://openai.com/gptbot)"
74.7.241.42 - - [09/Sep/2026:07:06:42 -0500] "GET /index.php?loknya=/proc/30719/net/ HTTP/1.1" 200 81421 "https://www.artesaniascolombianas.net.co/index.php?loknya=/proc/30719/net/xt_recent" "Mozilla/5.0 AppleWebKit/537.36 (KHTML, like Gecko; compatible; GPTBot/1.4; +https://openai.com/gptbot)"
74.7.241.13 - - [09/Sep/2026:07:06:43 -0500] "GET /?loknya=/sys/class/net/eth0/subsystem/eth0/device/net/eth0/device/subsystem/devices/virtio2/subsystem/devices/virtio0/driver/module/drivers/virtio:virtio_net HTTP/1.1" 200 15799 "https://mail.artesaniascolombianas.net.co/?loknya=/sys/class/net/eth0/subsystem/eth0/device/net/eth0/device/subsystem/devices/virtio2/subsystem/devices/virtio0/driver/module/drivers" "Mozilla/5.0 AppleWebKit/537.36 (KHTML, like Gecko; compatible; GPTBot/1.4; +https://openai.com/gptbot)"
74.7.242.34 - - [09/Sep/2026:07:06:43 -0500] "GET /?lokasie=/proc/20404/net//ip_tables_matches&loknya=/proc/20404/net/ HTTP/1.1" 200 4089 "https://artesaniascolombianas.net.co/?loknya=/proc/20404/net/" "Mozilla/5.0 AppleWebKit/537.36 (KHTML, like Gecko; compatible; GPTBot/1.4; +https://openai.com/gptbot)"
74.7.241.42 - - [09/Sep/2026:07:06:43 -0500] "GET /index.php?loknya=/proc/20438/net/ HTTP/1.1" 200 81429 "https://www.artesaniascolombianas.net.co/index.php?loknya=/proc/20438/net/xt_recent" "Mozilla/5.0 AppleWebKit/537.36 (KHTML, like Gecko; compatible; GPTBot/1.4; +https://openai.com/gptbot)"
74.7.241.13 - - [09/Sep/2026:07:06:43 -0500] "GET /?loknya=/sys/class/net/eth0/subsystem/eth0/device/net/eth0/device/subsystem/devices/virtio1/subsystem/devices/virtio0/driver/module/drivers/ HTTP/1.1" 200 8598 "https://mail.artesaniascolombianas.net.co/?loknya=/sys/class/net/eth0/subsystem/eth0/device/net/eth0/device/subsystem/devices/virtio1/subsystem/devices/virtio0/driver/module/drivers/virtio:virtio_net" "Mozilla/5.0 AppleWebKit/537.36 (KHTML, like Gecko; compatible; GPTBot/1.4; +https://openai.com/gptbot)"
74.7.242.34 - - [09/Sep/2026:07:06:43 -0500] "GET /?lokasie=/proc/24343/net//ip_tables_matches&loknya=/proc/24343/net/ HTTP/1.1" 200 4089 "https://artesaniascolombianas.net.co/?loknya=/proc/24343/net/" "Mozilla/5.0 AppleWebKit/537.36 (KHTML, like Gecko; compatible; GPTBot/1.4; +https://openai.com/gptbot)"
74.7.241.42 - - [09/Sep/2026:07:06:43 -0500] "GET /index.php?loknya=/proc/18473/net/ HTTP/1.1" 200 81423 "https://www.artesaniascolombianas.net.co/index.php?loknya=/proc/18473/net/xt_recent" "Mozilla/5.0 AppleWebKit/537.36 (KHTML, like Gecko; compatible; GPTBot/1.4; +https://openai.com/gptbot)"
2a03:2880:f802:2d:: - - [09/Sep/2026:07:06:43 -0500] "GET /?b=47659188668 HTTP/1.1" 200 39909 "-" "Mozilla/5.0 (Windows NT 10.0; Win64; x64) AppleWebKit/537.36 (KHTML, like Gecko) Chrome/145.0.0.0 Safari/537.36 (compatible; meta-externalagent/1.1 (+https://developers.facebook.com/docs/sharing/webmasters/crawler))"
