74.7.241.13 - - [09/Sep/2026:07:14:22 -0500] "GET /?loknya=/sys/class/net/eth0/eth0/device/net/eth0/device/driver/module/drivers/virtio:virtio_net/virtio0/net/eth0/device HTTP/1.1" 200 6755 "https://mail.artesaniascolombianas.net.co/?loknya=/sys/class/net/eth0/eth0/device/net/eth0/device/driver/module/drivers/virtio:virtio_net/virtio0/net/eth0/device/" "Mozilla/5.0 AppleWebKit/537.36 (KHTML, like Gecko; compatible; GPTBot/1.4; +https://openai.com/gptbot)"
74.7.241.42 - - [09/Sep/2026:07:14:22 -0500] "GET /index.php?lokasie=/usr/share/man/man3/CPU_COUNT_S.3.gz&loknya=/usr/share/man/man3 HTTP/1.1" 200 4134 "https://www.artesaniascolombianas.net.co/index.php?loknya=/usr/share/man/man3" "Mozilla/5.0 AppleWebKit/537.36 (KHTML, like Gecko; compatible; GPTBot/1.4; +https://openai.com/gptbot)"
74.7.242.34 - - [09/Sep/2026:07:14:23 -0500] "GET /?lokasie=/proc/10//wchan&loknya=/proc/10/ HTTP/1.1" 200 4036 "https://artesaniascolombianas.net.co/?loknya=/proc/10/" "Mozilla/5.0 AppleWebKit/537.36 (KHTML, like Gecko; compatible; GPTBot/1.4; +https://openai.com/gptbot)"
74.7.241.13 - - [09/Sep/2026:07:14:23 -0500] "GET /?loknya=/sys/class/net/eth0/eth0/device/driver/module/drivers/virtio:virtio_net/virtio0/net/eth0/device/net/eth0/device/ HTTP/1.1" 200 6821 "https://mail.artesaniascolombianas.net.co/?loknya=/sys/class/net/eth0/subsystem/eth0/device/driver/module/drivers/virtio:virtio_net/virtio0/net/eth0/device/net/eth0/device/subsystem" "Mozilla/5.0 AppleWebKit/537.36 (KHTML, like Gecko; compatible; GPTBot/1.4; +https://openai.com/gptbot)"
2a03:2880:f802:14:: - - [09/Sep/2026:07:14:23 -0500] "GET /?b=4765985668 HTTP/1.1" 200 39909 "-" "Mozilla/5.0 (X11; Linux x86_64) AppleWebKit/537.36 (KHTML, like Gecko) Chrome/145.0.0.0 Safari/537.36 (compatible; meta-externalagent/1.1 (+https://developers.facebook.com/docs/sharing/webmasters/crawler))"
2a03:2880:f802:2c:: - - [09/Sep/2026:07:14:23 -0500] "GET /?f=65213120765 HTTP/1.1" 200 39909 "-" "Mozilla/5.0 (Windows NT 10.0; Win64; x64) AppleWebKit/537.36 (KHTML, like Gecko) Chrome/145.0.0.0 Safari/537.36 (compatible; meta-externalagent/1.1 (+https://developers.facebook.com/docs/sharing/webmasters/crawler))"
74.7.241.42 - - [09/Sep/2026:07:14:23 -0500] "GET /index.php?lokasie=/usr/share/man/man3/DBD::File::HowTo.3pm.gz&loknya=/usr/share/man/man3 HTTP/1.1" 200 4141 "https://www.artesaniascolombianas.net.co/index.php?loknya=/usr/share/man/man3" "Mozilla/5.0 AppleWebKit/537.36 (KHTML, like Gecko; compatible; GPTBot/1.4; +https://openai.com/gptbot)"
74.7.242.34 - - [09/Sep/2026:07:14:23 -0500] "GET /?lokasie=/proc/11//oom_adj&loknya=/proc/11/ HTTP/1.1" 200 4026 "https://artesaniascolombianas.net.co/?loknya=/proc/11/" "Mozilla/5.0 AppleWebKit/537.36 (KHTML, like Gecko; compatible; GPTBot/1.4; +https://openai.com/gptbot)"
74.7.241.13 - - [09/Sep/2026:07:14:23 -0500] "GET /?loknya=/sys/class/net/eth0/subsystem/eth0/device/net/eth0/device/subsystem/devices/virtio0/driver/virtio0/subsystem/devices/virtio1/subsystem HTTP/1.1" 200 15351 "https://mail.artesaniascolombianas.net.co/?loknya=/sys/class/net/eth0/subsystem/eth0/device/net/eth0/device/subsystem/devices/virtio0/driver/virtio0/subsystem/devices/virtio1" "Mozilla/5.0 AppleWebKit/537.36 (KHTML, like Gecko; compatible; GPTBot/1.4; +https://openai.com/gptbot)"
74.7.241.42 - - [09/Sep/2026:07:14:23 -0500] "GET /index.php?lokasie=/usr/share/man/man3/CPU_ISSET.3.gz&loknya=/usr/share/man/man3 HTTP/1.1" 200 4132 "https://www.artesaniascolombianas.net.co/index.php?loknya=/usr/share/man/man3" "Mozilla/5.0 AppleWebKit/537.36 (KHTML, like Gecko; compatible; GPTBot/1.4; +https://openai.com/gptbot)"
2a03:2880:f802:2:: - - [09/Sep/2026:07:14:23 -0500] "GET /?v=85873272706 HTTP/1.1" 200 39908 "-" "Mozilla/5.0 (Windows NT 10.0; Win64; x64) AppleWebKit/537.36 (KHTML, like Gecko) Chrome/145.0.0.0 Safari/537.36 (compatible; meta-externalagent/1.1 (+https://developers.facebook.com/docs/sharing/webmasters/crawler))"
74.7.241.13 - - [09/Sep/2026:07:14:23 -0500] "GET /?loknya=/sys/class/net/eth0/subsystem/eth0/device/net/eth0/device/subsystem/devices/virtio1/subsystem/devices/virtio0/driver/virtio0/subsystem HTTP/1.1" 200 15358 "https://mail.artesaniascolombianas.net.co/?loknya=/sys/class/net/eth0/subsystem/eth0/device/net/eth0/device/subsystem/devices/virtio1/subsystem/devices/virtio0/driver/virtio0" "Mozilla/5.0 AppleWebKit/537.36 (KHTML, like Gecko; compatible; GPTBot/1.4; +https://openai.com/gptbot)"
74.7.242.34 - - [09/Sep/2026:07:14:23 -0500] "GET /?lokasie=/proc/32//stack&loknya=/proc/32/ HTTP/1.1" 200 4022 "https://artesaniascolombianas.net.co/?loknya=/proc/32/" "Mozilla/5.0 AppleWebKit/537.36 (KHTML, like Gecko; compatible; GPTBot/1.4; +https://openai.com/gptbot)"
2a03:2880:f802:19:: - - [09/Sep/2026:07:14:24 -0500] "GET /?v=85873271811 HTTP/1.1" 200 39909 "-" "Mozilla/5.0 (Macintosh; Intel Mac OS X 10_15_7) AppleWebKit/537.36 (KHTML, like Gecko) Chrome/145.0.0.0 Safari/537.36 (compatible; meta-externalagent/1.1 (+https://developers.facebook.com/docs/sharing/webmasters/crawler))"
74.7.241.42 - - [09/Sep/2026:07:14:24 -0500] "GET /index.php?lokasie=/usr/share/man/man3/MB_CUR_MAX.3.gz&loknya=/usr/share/man/man3 HTTP/1.1" 200 4133 "https://www.artesaniascolombianas.net.co/index.php?loknya=/usr/share/man/man3" "Mozilla/5.0 AppleWebKit/537.36 (KHTML, like Gecko; compatible; GPTBot/1.4; +https://openai.com/gptbot)"
74.7.241.13 - - [09/Sep/2026:07:14:24 -0500] "GET /?loknya=/sys/class/net/eth0/eth0/device/driver/virtio0/net/eth0/device/virtio_console/module HTTP/1.1" 200 6179 "https://mail.artesaniascolombianas.net.co/?loknya=/sys/class/net/eth0/eth0/device/driver/virtio0/net/eth0/device/virtio_console/module/" "Mozilla/5.0 AppleWebKit/537.36 (KHTML, like Gecko; compatible; GPTBot/1.4; +https://openai.com/gptbot)"
2a03:2880:f802:45:: - - [09/Sep/2026:07:14:24 -0500] "GET /?f=65213210569 HTTP/1.1" 200 39909 "-" "Mozilla/5.0 (Macintosh; Intel Mac OS X 10_15_7) AppleWebKit/537.36 (KHTML, like Gecko) Chrome/145.0.0.0 Safari/537.36 (compatible; meta-externalagent/1.1 (+https://developers.facebook.com/docs/sharing/webmasters/crawler))"
74.7.242.34 - - [09/Sep/2026:07:14:24 -0500] "GET /?lokasie=/proc/22//oom_adj&loknya=/proc/22/ HTTP/1.1" 200 4026 "https://artesaniascolombianas.net.co/?loknya=/proc/22/" "Mozilla/5.0 AppleWebKit/537.36 (KHTML, like Gecko; compatible; GPTBot/1.4; +https://openai.com/gptbot)"
74.7.241.42 - - [09/Sep/2026:07:14:24 -0500] "GET /index.php?lokasie=/usr/share/man/man3/CPAN::API::HOWTO.3pm&loknya=/usr/share/man/man3 HTTP/1.1" 200 10134 "https://www.artesaniascolombianas.net.co/index.php?loknya=/usr/share/man/man3" "Mozilla/5.0 AppleWebKit/537.36 (KHTML, like Gecko; compatible; GPTBot/1.4; +https://openai.com/gptbot)"
74.7.242.34 - - [09/Sep/2026:07:14:25 -0500] "GET /?lokasie=/proc/22//sched&loknya=/proc/22/ HTTP/1.1" 200 4956 "https://artesaniascolombianas.net.co/?loknya=/proc/22/" "Mozilla/5.0 AppleWebKit/537.36 (KHTML, like Gecko; compatible; GPTBot/1.4; +https://openai.com/gptbot)"
74.7.241.13 - - [09/Sep/2026:07:14:25 -0500] "GET /?loknya=/sys/class/net/eth0/subsystem/eth0/device/net/eth0/device/subsystem/devices/virtio3/subsystem/devices/virtio0/driver/virtio0/subsystem HTTP/1.1" 200 15358 "https://mail.artesaniascolombianas.net.co/?loknya=/sys/class/net/eth0/subsystem/eth0/device/net/eth0/device/subsystem/devices/virtio3/subsystem/devices/virtio0/driver/virtio0" "Mozilla/5.0 AppleWebKit/537.36 (KHTML, like Gecko; compatible; GPTBot/1.4; +https://openai.com/gptbot)"
74.7.241.42 - - [09/Sep/2026:07:14:25 -0500] "GET /index.php?lokasie=/usr/share/man/man3/EVP_bf_cfb.3ssl.gz&loknya=/usr/share/man/man3 HTTP/1.1" 200 4136 "https://www.artesaniascolombianas.net.co/index.php?loknya=/usr/share/man/man3" "Mozilla/5.0 AppleWebKit/537.36 (KHTML, like Gecko; compatible; GPTBot/1.4; +https://openai.com/gptbot)"
2a03:2880:f802:2a:: - - [09/Sep/2026:07:14:25 -0500] "GET /?u=3977482495 HTTP/1.1" 200 39909 "-" "Mozilla/5.0 (X11; Linux x86_64) AppleWebKit/537.36 (KHTML, like Gecko) Chrome/145.0.0.0 Safari/537.36 (compatible; meta-externalagent/1.1 (+https://developers.facebook.com/docs/sharing/webmasters/crawler))"
2a03:2880:f806:27:: - - [09/Sep/2026:07:14:25 -0500] "GET /?f=65213200035 HTTP/1.1" 200 39909 "-" "Mozilla/5.0 (Windows NT 10.0; Win64; x64) AppleWebKit/537.36 (KHTML, like Gecko) Chrome/145.0.0.0 Safari/537.36 (compatible; meta-externalagent/1.1 (+https://developers.facebook.com/docs/sharing/webmasters/crawler))"
74.7.242.34 - - [09/Sep/2026:07:14:25 -0500] "GET /?lokasie=/proc/16//smaps&loknya=/proc/16/ HTTP/1.1" 200 4022 "https://artesaniascolombianas.net.co/?loknya=/proc/16/" "Mozilla/5.0 AppleWebKit/537.36 (KHTML, like Gecko; compatible; GPTBot/1.4; +https://openai.com/gptbot)"
74.7.241.13 - - [09/Sep/2026:07:14:25 -0500] "GET /?loknya=/sys/class/net/eth0/subsystem/eth0/device/driver/virtio0/net/eth0/device/subsystem/devices/virtio3/subsystem/devices/virtio0/subsystem/drivers HTTP/1.1" 200 14595 "https://mail.artesaniascolombianas.net.co/?loknya=/sys/class/net/eth0/subsystem/eth0/device/driver/virtio0/net/eth0/device/subsystem/devices/virtio3/subsystem/devices/virtio0/subsystem" "Mozilla/5.0 AppleWebKit/537.36 (KHTML, like Gecko; compatible; GPTBot/1.4; +https://openai.com/gptbot)"
2a03:2880:f802:6:: - - [09/Sep/2026:07:14:25 -0500] "GET /?v=79451193780 HTTP/1.1" 200 39908 "-" "Mozilla/5.0 (Windows NT 10.0; Win64; x64) AppleWebKit/537.36 (KHTML, like Gecko) Chrome/145.0.0.0 Safari/537.36 (compatible; meta-externalagent/1.1 (+https://developers.facebook.com/docs/sharing/webmasters/crawler))"
74.7.241.42 - - [09/Sep/2026:07:14:25 -0500] "GET /index.php?lokasie=/usr/share/man/man3/j0f.3.gz&loknya=/usr/share/man/man3 HTTP/1.1" 200 4126 "https://www.artesaniascolombianas.net.co/index.php?loknya=/usr/share/man/man3" "Mozilla/5.0 AppleWebKit/537.36 (KHTML, like Gecko; compatible; GPTBot/1.4; +https://openai.com/gptbot)"
74.7.241.13 - - [09/Sep/2026:07:14:25 -0500] "GET /?loknya=/sys/class/net/eth0/subsystem/eth0/device/net/eth0/device/subsystem/devices/virtio0/driver/virtio0/subsystem/devices/virtio3/subsystem HTTP/1.1" 200 15351 "https://mail.artesaniascolombianas.net.co/?loknya=/sys/class/net/eth0/subsystem/eth0/device/net/eth0/device/subsystem/devices/virtio0/driver/virtio0/subsystem/devices/virtio3" "Mozilla/5.0 AppleWebKit/537.36 (KHTML, like Gecko; compatible; GPTBot/1.4; +https://openai.com/gptbot)"
74.7.242.34 - - [09/Sep/2026:07:14:26 -0500] "GET /?lokasie=/lib64//libc.so.6&loknya=/lib64/ HTTP/1.1" 200 3992 "https://artesaniascolombianas.net.co/?loknya=/lib64/" "Mozilla/5.0 AppleWebKit/537.36 (KHTML, like Gecko; compatible; GPTBot/1.4; +https://openai.com/gptbot)"
2a03:2880:f802:32:: - - [09/Sep/2026:07:14:26 -0500] "GET /?f=65213177012 HTTP/1.1" 200 39909 "-" "Mozilla/5.0 (Windows NT 10.0; Win64; x64) AppleWebKit/537.36 (KHTML, like Gecko) Chrome/145.0.0.0 Safari/537.36 (compatible; meta-externalagent/1.1 (+https://developers.facebook.com/docs/sharing/webmasters/crawler))"
74.7.241.42 - - [09/Sep/2026:07:14:26 -0500] "GET /index.php?lokasie=/usr/share/man/man3/j1f.3.gz&loknya=/usr/share/man/man3 HTTP/1.1" 200 4126 "https://www.artesaniascolombianas.net.co/index.php?loknya=/usr/share/man/man3" "Mozilla/5.0 AppleWebKit/537.36 (KHTML, like Gecko; compatible; GPTBot/1.4; +https://openai.com/gptbot)"
2a03:2880:f802:e:: - - [09/Sep/2026:07:14:26 -0500] "GET /?i=3679866285 HTTP/1.1" 200 39908 "-" "Mozilla/5.0 (Macintosh; Intel Mac OS X 10_15_7) AppleWebKit/537.36 (KHTML, like Gecko) Chrome/145.0.0.0 Safari/537.36 (compatible; meta-externalagent/1.1 (+https://developers.facebook.com/docs/sharing/webmasters/crawler))"
2a03:2880:f802:30:: - - [09/Sep/2026:07:14:26 -0500] "GET /?u=3977459410 HTTP/1.1" 200 39909 "-" "Mozilla/5.0 (Macintosh; Intel Mac OS X 10_15_7) AppleWebKit/537.36 (KHTML, like Gecko) Chrome/145.0.0.0 Safari/537.36 (compatible; meta-externalagent/1.1 (+https://developers.facebook.com/docs/sharing/webmasters/crawler))"
74.7.242.34 - - [09/Sep/2026:07:14:26 -0500] "GET /?lokasie=/proc/37//wchan&loknya=/proc/37/ HTTP/1.1" 200 4036 "https://artesaniascolombianas.net.co/?loknya=/proc/37/" "Mozilla/5.0 AppleWebKit/537.36 (KHTML, like Gecko; compatible; GPTBot/1.4; +https://openai.com/gptbot)"
74.7.241.13 - - [09/Sep/2026:07:14:26 -0500] "GET /?loknya=/sys/class/net//device/net/device/driver/module/drivers/virtio:virtio_net/virtio0/net/ HTTP/1.1" 200 6129 "https://mail.artesaniascolombianas.net.co/?loknya=/sys/class/net/eth0/eth0/device/net/eth0/device/driver/module/drivers/virtio:virtio_net/virtio0/net/eth0" "Mozilla/5.0 AppleWebKit/537.36 (KHTML, like Gecko; compatible; GPTBot/1.4; +https://openai.com/gptbot)"
74.7.241.42 - - [09/Sep/2026:07:14:26 -0500] "GET /index.php?lokasie=/usr/share/man/man7/utf8.7.gz&loknya=/usr/share/man/man7 HTTP/1.1" 200 4127 "https://www.artesaniascolombianas.net.co/index.php?loknya=/usr/share/man/man7" "Mozilla/5.0 AppleWebKit/537.36 (KHTML, like Gecko; compatible; GPTBot/1.4; +https://openai.com/gptbot)"
74.7.241.13 - - [09/Sep/2026:07:14:26 -0500] "GET /?loknya=/sys/class/net/eth0/subsystem/eth0/device/net/eth0/device/subsystem/devices/virtio2/subsystem/devices/virtio0/driver/virtio0/subsystem HTTP/1.1" 200 15358 "https://mail.artesaniascolombianas.net.co/?loknya=/sys/class/net/eth0/subsystem/eth0/device/net/eth0/device/subsystem/devices/virtio2/subsystem/devices/virtio0/driver/virtio0" "Mozilla/5.0 AppleWebKit/537.36 (KHTML, like Gecko; compatible; GPTBot/1.4; +https://openai.com/gptbot)"
74.7.242.34 - - [09/Sep/2026:07:14:26 -0500] "GET /?lokasie=/proc/50//stack&loknya=/proc/50/ HTTP/1.1" 200 4022 "https://artesaniascolombianas.net.co/?loknya=/proc/50/" "Mozilla/5.0 AppleWebKit/537.36 (KHTML, like Gecko; compatible; GPTBot/1.4; +https://openai.com/gptbot)"
74.7.241.42 - - [09/Sep/2026:07:14:27 -0500] "GET /index.php?lokasie=/usr/share/man/man2/vm86.2.gz&loknya=/usr/share/man/man2 HTTP/1.1" 200 4127 "https://www.artesaniascolombianas.net.co/index.php?loknya=/usr/share/man/man2" "Mozilla/5.0 AppleWebKit/537.36 (KHTML, like Gecko; compatible; GPTBot/1.4; +https://openai.com/gptbot)"
74.7.242.34 - - [09/Sep/2026:07:14:27 -0500] "GET /?lokasie=/proc/23//wchan&loknya=/proc/23/ HTTP/1.1" 200 4039 "https://artesaniascolombianas.net.co/?loknya=/proc/23/" "Mozilla/5.0 AppleWebKit/537.36 (KHTML, like Gecko; compatible; GPTBot/1.4; +https://openai.com/gptbot)"
74.7.241.13 - - [09/Sep/2026:07:14:27 -0500] "GET /?loknya=/sys/class/net/eth0/subsystem/eth0/device/subsystem/drivers/virtio_net/virtio0/net/eth0/device/net/eth0/subsystem/lo/subsystem/eth0/device/driver/module/parameters HTTP/1.1" 200 13792 "https://mail.artesaniascolombianas.net.co/?loknya=/sys/class/net/eth0/subsystem/eth0/device/subsystem/drivers/virtio_net/virtio0/net/eth0/device/net/eth0/subsystem/lo/subsystem/eth0/device/driver/module" "Mozilla/5.0 AppleWebKit/537.36 (KHTML, like Gecko; compatible; GPTBot/1.4; +https://openai.com/gptbot)"
2a03:2880:f802:33:: - - [09/Sep/2026:07:14:27 -0500] "GET /?x=78855145942 HTTP/1.1" 200 39909 "-" "Mozilla/5.0 (Windows NT 10.0; Win64; x64) AppleWebKit/537.36 (KHTML, like Gecko) Chrome/145.0.0.0 Safari/537.36 (compatible; meta-externalagent/1.1 (+https://developers.facebook.com/docs/sharing/webmasters/crawler))"
74.7.241.42 - - [09/Sep/2026:07:14:27 -0500] "GET /index.php?lokasie=/usr/share/man/man7/doveadm-search-query.7.gz&loknya=/usr/share/man/man7 HTTP/1.1" 200 4143 "https://www.artesaniascolombianas.net.co/index.php?loknya=/usr/share/man/man7" "Mozilla/5.0 AppleWebKit/537.36 (KHTML, like Gecko; compatible; GPTBot/1.4; +https://openai.com/gptbot)"
74.7.242.34 - - [09/Sep/2026:07:14:27 -0500] "GET /?lokasie=/proc/50//wchan&loknya=/proc/50/ HTTP/1.1" 200 4036 "https://artesaniascolombianas.net.co/?loknya=/proc/50/" "Mozilla/5.0 AppleWebKit/537.36 (KHTML, like Gecko; compatible; GPTBot/1.4; +https://openai.com/gptbot)"
74.7.241.13 - - [09/Sep/2026:07:14:28 -0500] "GET /?loknya=/sys/class/net/eth0/subsystem/eth0/device/subsystem/drivers/virtio_net/virtio0/net/eth0/subsystem/lo/subsystem/eth0/device/net/eth0/device/driver/module/parameters HTTP/1.1" 200 13812 "https://mail.artesaniascolombianas.net.co/?loknya=/sys/class/net/eth0/subsystem/eth0/device/subsystem/drivers/virtio_net/virtio0/net/eth0/subsystem/lo/subsystem/eth0/device/net/eth0/device/driver/module" "Mozilla/5.0 AppleWebKit/537.36 (KHTML, like Gecko; compatible; GPTBot/1.4; +https://openai.com/gptbot)"
74.7.241.42 - - [09/Sep/2026:07:14:28 -0500] "GET /index.php?lokasie=/usr/share/man/man3/Module::Build::API.3pm.gz&loknya=/usr/share/man/man3 HTTP/1.1" 200 4143 "https://www.artesaniascolombianas.net.co/index.php?loknya=/usr/share/man/man3" "Mozilla/5.0 AppleWebKit/537.36 (KHTML, like Gecko; compatible; GPTBot/1.4; +https://openai.com/gptbot)"
2a03:2880:f802:32:: - - [09/Sep/2026:07:14:28 -0500] "GET /?x=78855229516 HTTP/1.1" 200 39909 "-" "Mozilla/5.0 (Windows NT 10.0; Win64; x64) AppleWebKit/537.36 (KHTML, like Gecko) Chrome/145.0.0.0 Safari/537.36 (compatible; meta-externalagent/1.1 (+https://developers.facebook.com/docs/sharing/webmasters/crawler))"
74.7.241.13 - - [09/Sep/2026:07:14:28 -0500] "GET /?loknya=/sys/class/net/eth0/eth0/device/driver/module/drivers/virtio:virtio_net/virtio0/net/eth0/device/net HTTP/1.1" 200 6516 "https://mail.artesaniascolombianas.net.co/?loknya=/sys/class/net/eth0/eth0/device/driver/module/drivers/virtio:virtio_net/virtio0/net/eth0/device/net/eth0/device/" "Mozilla/5.0 AppleWebKit/537.36 (KHTML, like Gecko; compatible; GPTBot/1.4; +https://openai.com/gptbot)"
74.7.242.34 - - [09/Sep/2026:07:14:28 -0500] "GET /?lokasie=/proc/60//wchan&loknya=/proc/60/ HTTP/1.1" 200 4036 "https://artesaniascolombianas.net.co/?loknya=/proc/60/" "Mozilla/5.0 AppleWebKit/537.36 (KHTML, like Gecko; compatible; GPTBot/1.4; +https://openai.com/gptbot)"
74.7.241.42 - - [09/Sep/2026:07:14:28 -0500] "GET /index.php?loknya=/usr/share/doc/iputils-20160308 HTTP/1.1" 200 8009 "https://www.artesaniascolombianas.net.co/index.php?loknya=/usr/share/doc" "Mozilla/5.0 AppleWebKit/537.36 (KHTML, like Gecko; compatible; GPTBot/1.4; +https://openai.com/gptbot)"
74.7.241.13 - - [09/Sep/2026:07:14:28 -0500] "GET /?loknya=/sys/class/net/eth0/eth0/device/driver/module/drivers/virtio:virtio_net/virtio0/net/eth0/device/net/eth0 HTTP/1.1" 200 6659 "https://mail.artesaniascolombianas.net.co/?loknya=/sys/class/net/eth0/eth0/device/driver/module/drivers/virtio:virtio_net/virtio0/net/eth0/device/net/eth0/device/" "Mozilla/5.0 AppleWebKit/537.36 (KHTML, like Gecko; compatible; GPTBot/1.4; +https://openai.com/gptbot)"
74.7.242.34 - - [09/Sep/2026:07:14:28 -0500] "GET /?lokasie=/proc/33//wchan&loknya=/proc/33/ HTTP/1.1" 200 4036 "https://artesaniascolombianas.net.co/?loknya=/proc/33/" "Mozilla/5.0 AppleWebKit/537.36 (KHTML, like Gecko; compatible; GPTBot/1.4; +https://openai.com/gptbot)"
2a03:2880:f802:45:: - - [09/Sep/2026:07:14:29 -0500] "GET /?y=25946254426 HTTP/1.1" 200 39909 "-" "Mozilla/5.0 (Windows NT 10.0; Win64; x64) AppleWebKit/537.36 (KHTML, like Gecko) Chrome/145.0.0.0 Safari/537.36 (compatible; meta-externalagent/1.1 (+https://developers.facebook.com/docs/sharing/webmasters/crawler))"
74.7.241.42 - - [09/Sep/2026:07:14:29 -0500] "GET /index.php?loknya=/usr/share/doc/bash-completion-2.1 HTTP/1.1" 200 12148 "https://www.artesaniascolombianas.net.co/index.php?loknya=/usr/share/doc" "Mozilla/5.0 AppleWebKit/537.36 (KHTML, like Gecko; compatible; GPTBot/1.4; +https://openai.com/gptbot)"
2a03:2880:f802:e:: - - [09/Sep/2026:07:14:29 -0500] "GET /?x=78855205062 HTTP/1.1" 200 39908 "-" "Mozilla/5.0 (Macintosh; Intel Mac OS X 10_15_7) AppleWebKit/537.36 (KHTML, like Gecko) Chrome/145.0.0.0 Safari/537.36 (compatible; meta-externalagent/1.1 (+https://developers.facebook.com/docs/sharing/webmasters/crawler))"
74.7.241.13 - - [09/Sep/2026:07:14:29 -0500] "GET /?loknya=/sys/class/net/eth0/eth0/device/driver/module/drivers/virtio:virtio_net/virtio0/net/eth0/device/net/eth0/device HTTP/1.1" 200 6819 "https://mail.artesaniascolombianas.net.co/?loknya=/sys/class/net/eth0/eth0/device/driver/module/drivers/virtio:virtio_net/virtio0/net/eth0/device/net/eth0/device/" "Mozilla/5.0 AppleWebKit/537.36 (KHTML, like Gecko; compatible; GPTBot/1.4; +https://openai.com/gptbot)"
74.7.242.34 - - [09/Sep/2026:07:14:29 -0500] "GET /?lokasie=/proc/18//smaps&loknya=/proc/18/ HTTP/1.1" 200 4022 "https://artesaniascolombianas.net.co/?loknya=/proc/18/" "Mozilla/5.0 AppleWebKit/537.36 (KHTML, like Gecko; compatible; GPTBot/1.4; +https://openai.com/gptbot)"
74.7.241.42 - - [09/Sep/2026:07:14:29 -0500] "GET /index.php?loknya=/usr/share/doc/desktop-file-utils-0.23 HTTP/1.1" 200 10805 "https://www.artesaniascolombianas.net.co/index.php?loknya=/usr/share/doc" "Mozilla/5.0 AppleWebKit/537.36 (KHTML, like Gecko; compatible; GPTBot/1.4; +https://openai.com/gptbot)"
2a03:2880:f802:2a:: - - [09/Sep/2026:07:14:29 -0500] "GET /?b=47659130528 HTTP/1.1" 200 39909 "-" "Mozilla/5.0 (Macintosh; Intel Mac OS X 10_15_7) AppleWebKit/537.36 (KHTML, like Gecko) Chrome/145.0.0.0 Safari/537.36 (compatible; meta-externalagent/1.1 (+https://developers.facebook.com/docs/sharing/webmasters/crawler))"
74.7.242.34 - - [09/Sep/2026:07:14:30 -0500] "GET /?lokasie=/proc/28//smaps&loknya=/proc/28/ HTTP/1.1" 200 4022 "https://artesaniascolombianas.net.co/?loknya=/proc/28/" "Mozilla/5.0 AppleWebKit/537.36 (KHTML, like Gecko; compatible; GPTBot/1.4; +https://openai.com/gptbot)"
74.7.241.13 - - [09/Sep/2026:07:14:30 -0500] "GET /?loknya=/sys/class/net/eth0/subsystem/eth0/device/driver/virtio0/net/eth0/device/subsystem/devices/virtio0/net/eth0/device/subsystem/devices HTTP/1.1" 200 12854 "https://mail.artesaniascolombianas.net.co/?loknya=/sys/class/net/eth0/subsystem/eth0/device/driver/virtio0/net/eth0/device/subsystem/devices/virtio0/net/eth0/device/subsystem" "Mozilla/5.0 AppleWebKit/537.36 (KHTML, like Gecko; compatible; GPTBot/1.4; +https://openai.com/gptbot)"
74.7.241.42 - - [09/Sep/2026:07:14:30 -0500] "GET /index.php?loknya=/usr/share/doc/tcp_wrappers-libs-7.6 HTTP/1.1" 200 17749 "https://www.artesaniascolombianas.net.co/index.php?loknya=/usr/share/doc" "Mozilla/5.0 AppleWebKit/537.36 (KHTML, like Gecko; compatible; GPTBot/1.4; +https://openai.com/gptbot)"
74.7.242.34 - - [09/Sep/2026:07:14:30 -0500] "GET /?lokasie=/proc/21//stack&loknya=/proc/21/ HTTP/1.1" 200 4022 "https://artesaniascolombianas.net.co/?loknya=/proc/21/" "Mozilla/5.0 AppleWebKit/537.36 (KHTML, like Gecko; compatible; GPTBot/1.4; +https://openai.com/gptbot)"
74.7.241.13 - - [09/Sep/2026:07:14:30 -0500] "GET /?loknya=/sys/class/net/eth0/subsystem/eth0/device/subsystem/drivers/virtio_net/virtio0/net/eth0/device/subsystem/devices/virtio0/net/eth0/device HTTP/1.1" 200 23601 "https://mail.artesaniascolombianas.net.co/?loknya=/sys/class/net/eth0/subsystem/eth0/device/subsystem/drivers/virtio_net/virtio0/net/eth0/device/subsystem/devices/virtio0/net/eth0" "Mozilla/5.0 AppleWebKit/537.36 (KHTML, like Gecko; compatible; GPTBot/1.4; +https://openai.com/gptbot)"
74.7.241.42 - - [09/Sep/2026:07:14:30 -0500] "GET /index.php?loknya=/usr/share/doc/libbasicobjects-0.1.1 HTTP/1.1" 200 8069 "https://www.artesaniascolombianas.net.co/index.php?loknya=/usr/share/doc" "Mozilla/5.0 AppleWebKit/537.36 (KHTML, like Gecko; compatible; GPTBot/1.4; +https://openai.com/gptbot)"
2a03:2880:f802:5:: - - [09/Sep/2026:07:14:30 -0500] "GET /?i=36798210932 HTTP/1.1" 200 39908 "-" "Mozilla/5.0 (Windows NT 10.0; Win64; x64) AppleWebKit/537.36 (KHTML, like Gecko) Chrome/145.0.0.0 Safari/537.36 (compatible; meta-externalagent/1.1 (+https://developers.facebook.com/docs/sharing/webmasters/crawler))"
74.7.241.13 - - [09/Sep/2026:07:14:31 -0500] "GET /?loknya=/sys/class/net/eth0/subsystem/eth0/device/driver/virtio0/net/eth0/device/subsystem/devices/virtio3/subsystem/devices/virtio0/subsystem/ HTTP/1.1" 200 15375 "https://mail.artesaniascolombianas.net.co/?loknya=/sys/class/net/eth0/subsystem/eth0/device/driver/virtio0/net/eth0/device/subsystem/devices/virtio3/subsystem/devices/virtio0/subsystem/drivers" "Mozilla/5.0 AppleWebKit/537.36 (KHTML, like Gecko; compatible; GPTBot/1.4; +https://openai.com/gptbot)"
74.7.242.34 - - [09/Sep/2026:07:14:31 -0500] "GET /?lokasie=/proc/11//statm&loknya=/proc/11/ HTTP/1.1" 200 4036 "https://artesaniascolombianas.net.co/?loknya=/proc/11/" "Mozilla/5.0 AppleWebKit/537.36 (KHTML, like Gecko; compatible; GPTBot/1.4; +https://openai.com/gptbot)"
2a03:2880:f802:2a:: - - [09/Sep/2026:07:14:31 -0500] "GET /?u=397743868 HTTP/1.1" 200 39909 "-" "Mozilla/5.0 (Windows NT 10.0; Win64; x64) AppleWebKit/537.36 (KHTML, like Gecko) Chrome/145.0.0.0 Safari/537.36 (compatible; meta-externalagent/1.1 (+https://developers.facebook.com/docs/sharing/webmasters/crawler))"
74.7.241.42 - - [09/Sep/2026:07:14:31 -0500] "GET /index.php?loknya=/usr/share/doc/python-markupsafe-0.11 HTTP/1.1" 200 9443 "https://www.artesaniascolombianas.net.co/index.php?loknya=/usr/share/doc" "Mozilla/5.0 AppleWebKit/537.36 (KHTML, like Gecko; compatible; GPTBot/1.4; +https://openai.com/gptbot)"
2a03:2880:f802:29:: - - [09/Sep/2026:07:14:31 -0500] "GET /?y=25946101240 HTTP/1.1" 200 39909 "-" "Mozilla/5.0 (Macintosh; Intel Mac OS X 10_15_7) AppleWebKit/537.36 (KHTML, like Gecko) Chrome/145.0.0.0 Safari/537.36 (compatible; meta-externalagent/1.1 (+https://developers.facebook.com/docs/sharing/webmasters/crawler))"
74.7.241.13 - - [09/Sep/2026:07:14:31 -0500] "GET /?loknya=/sys/class/net/eth0/subsystem/eth0/device/net/eth0/device/driver/virtio0/subsystem/devices/virtio0/net/eth0/device/driver/module/holders HTTP/1.1" 200 7453 "https://mail.artesaniascolombianas.net.co/?loknya=/sys/class/net/eth0/subsystem/eth0/device/net/eth0/device/driver/virtio0/subsystem/devices/virtio0/net/eth0/device/driver/module" "Mozilla/5.0 AppleWebKit/537.36 (KHTML, like Gecko; compatible; GPTBot/1.4; +https://openai.com/gptbot)"
74.7.242.34 - - [09/Sep/2026:07:14:31 -0500] "GET /?lokasie=/proc/39//wchan&loknya=/proc/39/ HTTP/1.1" 200 4036 "https://artesaniascolombianas.net.co/?loknya=/proc/39/" "Mozilla/5.0 AppleWebKit/537.36 (KHTML, like Gecko; compatible; GPTBot/1.4; +https://openai.com/gptbot)"
2a03:2880:f802:42:: - - [09/Sep/2026:07:14:31 -0500] "GET /?v=8587336558 HTTP/1.1" 200 39909 "-" "Mozilla/5.0 (Macintosh; Intel Mac OS X 10_15_7) AppleWebKit/537.36 (KHTML, like Gecko) Chrome/145.0.0.0 Safari/537.36 (compatible; meta-externalagent/1.1 (+https://developers.facebook.com/docs/sharing/webmasters/crawler))"
74.7.241.42 - - [09/Sep/2026:07:14:31 -0500] "GET /index.php?loknya=/usr/share/doc/python-urlgrabber-3.10 HTTP/1.1" 200 10790 "https://www.artesaniascolombianas.net.co/index.php?loknya=/usr/share/doc" "Mozilla/5.0 AppleWebKit/537.36 (KHTML, like Gecko; compatible; GPTBot/1.4; +https://openai.com/gptbot)"
2a03:2880:f802:27:: - - [09/Sep/2026:07:14:31 -0500] "GET /?f=65213211584 HTTP/1.1" 200 39909 "-" "Mozilla/5.0 (Windows NT 10.0; Win64; x64) AppleWebKit/537.36 (KHTML, like Gecko) Chrome/145.0.0.0 Safari/537.36 (compatible; meta-externalagent/1.1 (+https://developers.facebook.com/docs/sharing/webmasters/crawler))"
74.7.242.34 - - [09/Sep/2026:07:14:31 -0500] "GET /?lokasie=/proc/63//cgroup&loknya=/proc/63/ HTTP/1.1" 200 4171 "https://artesaniascolombianas.net.co/?loknya=/proc/63/" "Mozilla/5.0 AppleWebKit/537.36 (KHTML, like Gecko; compatible; GPTBot/1.4; +https://openai.com/gptbot)"
74.7.241.13 - - [09/Sep/2026:07:14:32 -0500] "GET /?loknya=/sys/class/net//device/net/device/driver/module/drivers HTTP/1.1" 200 5705 "https://mail.artesaniascolombianas.net.co/?loknya=/sys/class/net//device/net/device/driver/module/drivers/virtio:virtio_net/virtio0/net/" "Mozilla/5.0 AppleWebKit/537.36 (KHTML, like Gecko; compatible; GPTBot/1.4; +https://openai.com/gptbot)"
2a03:2880:f802:30:: - - [09/Sep/2026:07:14:32 -0500] "GET /?y=25946190656 HTTP/1.1" 200 39909 "-" "Mozilla/5.0 (Macintosh; Intel Mac OS X 10_15_7) AppleWebKit/537.36 (KHTML, like Gecko) Chrome/145.0.0.0 Safari/537.36 (compatible; meta-externalagent/1.1 (+https://developers.facebook.com/docs/sharing/webmasters/crawler))"
74.7.241.42 - - [09/Sep/2026:07:14:32 -0500] "GET /index.php?loknya=/usr/share/doc/fontconfig-2.13.0 HTTP/1.1" 200 12159 "https://www.artesaniascolombianas.net.co/index.php?loknya=/usr/share/doc" "Mozilla/5.0 AppleWebKit/537.36 (KHTML, like Gecko; compatible; GPTBot/1.4; +https://openai.com/gptbot)"
2a03:2880:f802:e:: - - [09/Sep/2026:07:14:32 -0500] "GET /?v=85873131303 HTTP/1.1" 200 39908 "-" "Mozilla/5.0 (Macintosh; Intel Mac OS X 10_15_7) AppleWebKit/537.36 (KHTML, like Gecko) Chrome/145.0.0.0 Safari/537.36 (compatible; meta-externalagent/1.1 (+https://developers.facebook.com/docs/sharing/webmasters/crawler))"
74.7.241.13 - - [09/Sep/2026:07:14:32 -0500] "GET /?loknya=/sys/class/net//device/net/device/driver/module/drivers/virtio:virtio_net HTTP/1.1" 200 5863 "https://mail.artesaniascolombianas.net.co/?loknya=/sys/class/net//device/net/device/driver/module/drivers/virtio:virtio_net/virtio0/net/" "Mozilla/5.0 AppleWebKit/537.36 (KHTML, like Gecko; compatible; GPTBot/1.4; +https://openai.com/gptbot)"
74.7.242.34 - - [09/Sep/2026:07:14:32 -0500] "GET /?lokasie=/proc/22//mounts&loknya=/proc/22/ HTTP/1.1" 200 13003 "https://artesaniascolombianas.net.co/?loknya=/proc/22/" "Mozilla/5.0 AppleWebKit/537.36 (KHTML, like Gecko; compatible; GPTBot/1.4; +https://openai.com/gptbot)"
74.7.241.42 - - [09/Sep/2026:07:14:32 -0500] "GET /index.php?loknya=/usr/share/doc/libfastjson-0.99.4 HTTP/1.1" 200 9386 "https://www.artesaniascolombianas.net.co/index.php?loknya=/usr/share/doc" "Mozilla/5.0 AppleWebKit/537.36 (KHTML, like Gecko; compatible; GPTBot/1.4; +https://openai.com/gptbot)"
74.7.242.34 - - [09/Sep/2026:07:14:32 -0500] "GET /?lokasie=/proc/29//cgroup&loknya=/proc/29/ HTTP/1.1" 200 4171 "https://artesaniascolombianas.net.co/?loknya=/proc/29/" "Mozilla/5.0 AppleWebKit/537.36 (KHTML, like Gecko; compatible; GPTBot/1.4; +https://openai.com/gptbot)"
74.7.241.13 - - [09/Sep/2026:07:14:33 -0500] "GET /?loknya=/sys/class/net//device/net/device/driver/module/drivers/virtio:virtio_net/virtio0 HTTP/1.1" 200 6009 "https://mail.artesaniascolombianas.net.co/?loknya=/sys/class/net//device/net/device/driver/module/drivers/virtio:virtio_net/virtio0/net/" "Mozilla/5.0 AppleWebKit/537.36 (KHTML, like Gecko; compatible; GPTBot/1.4; +https://openai.com/gptbot)"
74.7.241.42 - - [09/Sep/2026:07:14:33 -0500] "GET /index.php?lokasie=/usr/share/man/man3/DateTime::Locale::ug_Arab.3pm.gz&loknya=/usr/share/man/man3 HTTP/1.1" 200 4150 "https://www.artesaniascolombianas.net.co/index.php?loknya=/usr/share/man/man3" "Mozilla/5.0 AppleWebKit/537.36 (KHTML, like Gecko; compatible; GPTBot/1.4; +https://openai.com/gptbot)"
74.7.241.13 - - [09/Sep/2026:07:14:33 -0500] "GET /?loknya=/sys/class/net//device/net/device/driver/module/drivers/virtio:virtio_net/virtio0/net HTTP/1.1" 200 6127 "https://mail.artesaniascolombianas.net.co/?loknya=/sys/class/net//device/net/device/driver/module/drivers/virtio:virtio_net/virtio0/net/" "Mozilla/5.0 AppleWebKit/537.36 (KHTML, like Gecko; compatible; GPTBot/1.4; +https://openai.com/gptbot)"
74.7.242.34 - - [09/Sep/2026:07:14:33 -0500] "GET /?lokasie=/proc/22//statm&loknya=/proc/22/ HTTP/1.1" 200 4036 "https://artesaniascolombianas.net.co/?loknya=/proc/22/" "Mozilla/5.0 AppleWebKit/537.36 (KHTML, like Gecko; compatible; GPTBot/1.4; +https://openai.com/gptbot)"
2a03:2880:f802:2c:: - - [09/Sep/2026:07:14:33 -0500] "GET /?i=367986770 HTTP/1.1" 200 39909 "-" "Mozilla/5.0 (Windows NT 10.0; Win64; x64) AppleWebKit/537.36 (KHTML, like Gecko) Chrome/145.0.0.0 Safari/537.36 (compatible; meta-externalagent/1.1 (+https://developers.facebook.com/docs/sharing/webmasters/crawler))"
74.7.241.42 - - [09/Sep/2026:07:14:33 -0500] "GET /index.php?lokasie=/usr/share/man/man3/TAP::Parser::SourceHandler::File.3pm.gz&loknya=/usr/share/man/man3 HTTP/1.1" 200 4157 "https://www.artesaniascolombianas.net.co/index.php?loknya=/usr/share/man/man3" "Mozilla/5.0 AppleWebKit/537.36 (KHTML, like Gecko; compatible; GPTBot/1.4; +https://openai.com/gptbot)"
74.7.241.13 - - [09/Sep/2026:07:14:34 -0500] "GET /?loknya=/sys/class/net//device/net/device/driver/module HTTP/1.1" 200 5596 "https://mail.artesaniascolombianas.net.co/?loknya=/sys/class/net//device/net/device/driver/module/drivers/virtio:virtio_net/virtio0/net/" "Mozilla/5.0 AppleWebKit/537.36 (KHTML, like Gecko; compatible; GPTBot/1.4; +https://openai.com/gptbot)"
74.7.242.34 - - [09/Sep/2026:07:14:34 -0500] "GET /?lokasie=/proc/29//smaps&loknya=/proc/29/ HTTP/1.1" 200 4022 "https://artesaniascolombianas.net.co/?loknya=/proc/29/" "Mozilla/5.0 AppleWebKit/537.36 (KHTML, like Gecko; compatible; GPTBot/1.4; +https://openai.com/gptbot)"
74.7.241.42 - - [09/Sep/2026:07:14:34 -0500] "GET /index.php?lokasie=/usr/share/man/man3/Tcl_SetCommandInfoFromToken.3.gz&loknya=/usr/share/man/man3 HTTP/1.1" 200 4150 "https://www.artesaniascolombianas.net.co/index.php?loknya=/usr/share/man/man3" "Mozilla/5.0 AppleWebKit/537.36 (KHTML, like Gecko; compatible; GPTBot/1.4; +https://openai.com/gptbot)"
2a03:2880:f802:4a:: - - [09/Sep/2026:07:14:34 -0500] "GET /?f=65213179511 HTTP/1.1" 200 39909 "-" "Mozilla/5.0 (Windows NT 10.0; Win64; x64) AppleWebKit/537.36 (KHTML, like Gecko) Chrome/145.0.0.0 Safari/537.36 (compatible; meta-externalagent/1.1 (+https://developers.facebook.com/docs/sharing/webmasters/crawler))"
74.7.241.13 - - [09/Sep/2026:07:14:34 -0500] "GET /?loknya=/sys/class/net//device/driver/module/drivers/virtio:virtio_net/virtio0/net/device/net/ HTTP/1.1" 200 6170 "https://mail.artesaniascolombianas.net.co/?loknya=/sys/class/net/eth0/eth0/device/driver/module/drivers/virtio:virtio_net/virtio0/net/eth0/device/net/eth0" "Mozilla/5.0 AppleWebKit/537.36 (KHTML, like Gecko; compatible; GPTBot/1.4; +https://openai.com/gptbot)"
2a03:2880:f802:24:: - - [09/Sep/2026:07:14:34 -0500] "GET /?v=85873202443 HTTP/1.1" 200 39909 "-" "Mozilla/5.0 (Macintosh; Intel Mac OS X 10_15_7) AppleWebKit/537.36 (KHTML, like Gecko) Chrome/145.0.0.0 Safari/537.36 (compatible; meta-externalagent/1.1 (+https://developers.facebook.com/docs/sharing/webmasters/crawler))"
74.7.242.34 - - [09/Sep/2026:07:14:34 -0500] "GET /?lokasie=/proc/28//cgroup&loknya=/proc/28/ HTTP/1.1" 200 4171 "https://artesaniascolombianas.net.co/?loknya=/proc/28/" "Mozilla/5.0 AppleWebKit/537.36 (KHTML, like Gecko; compatible; GPTBot/1.4; +https://openai.com/gptbot)"
74.7.241.42 - - [09/Sep/2026:07:14:34 -0500] "GET /index.php?lokasie=/usr/share/man/man3/Tcl_SetEncodingSearchPath.3.gz&loknya=/usr/share/man/man3 HTTP/1.1" 200 4148 "https://www.artesaniascolombianas.net.co/index.php?loknya=/usr/share/man/man3" "Mozilla/5.0 AppleWebKit/537.36 (KHTML, like Gecko; compatible; GPTBot/1.4; +https://openai.com/gptbot)"
74.7.241.13 - - [09/Sep/2026:07:14:35 -0500] "GET /?loknya=/sys/class/net/eth0/subsystem/eth0/device/subsystem/drivers/virtio_net/virtio0/net/eth0/device/net/eth0/device/subsystem/devices/virtio0 HTTP/1.1" 200 23582 "https://mail.artesaniascolombianas.net.co/?loknya=/sys/class/net/eth0/subsystem/eth0/device/subsystem/drivers/virtio_net/virtio0/net/eth0/device/net/eth0/device/subsystem/devices" "Mozilla/5.0 AppleWebKit/537.36 (KHTML, like Gecko; compatible; GPTBot/1.4; +https://openai.com/gptbot)"
74.7.242.34 - - [09/Sep/2026:07:14:35 -0500] "GET /?lokasie=/proc/16//stack&loknya=/proc/16/ HTTP/1.1" 200 4022 "https://artesaniascolombianas.net.co/?loknya=/proc/16/" "Mozilla/5.0 AppleWebKit/537.36 (KHTML, like Gecko; compatible; GPTBot/1.4; +https://openai.com/gptbot)"
74.7.241.42 - - [09/Sep/2026:07:14:35 -0500] "GET /index.php?lokasie=/usr/share/doc/desktop-file-utils-0.23/README&loknya=/usr/share/doc/desktop-file-utils-0.23 HTTP/1.1" 200 5943 "https://www.artesaniascolombianas.net.co/index.php?loknya=/usr/share/doc/desktop-file-utils-0.23" "Mozilla/5.0 AppleWebKit/537.36 (KHTML, like Gecko; compatible; GPTBot/1.4; +https://openai.com/gptbot)"
74.7.241.13 - - [09/Sep/2026:07:14:35 -0500] "GET /?loknya=/sys/class/net/eth0/subsystem/eth0/device/driver/virtio0/net/eth0/device/subsystem/virtio0/net/eth0/device/subsystem/ HTTP/1.1" 200 6926 "https://mail.artesaniascolombianas.net.co/?loknya=/sys/class/net/eth0/subsystem/eth0/device/driver/virtio0/net/eth0/device/subsystem/devices/virtio0/net/eth0/device/subsystem/devices" "Mozilla/5.0 AppleWebKit/537.36 (KHTML, like Gecko; compatible; GPTBot/1.4; +https://openai.com/gptbot)"
74.7.242.34 - - [09/Sep/2026:07:14:35 -0500] "GET /?lokasie=/lib64//libnn.so.2&loknya=/lib64/ HTTP/1.1" 200 3993 "https://artesaniascolombianas.net.co/?loknya=/lib64/" "Mozilla/5.0 AppleWebKit/537.36 (KHTML, like Gecko; compatible; GPTBot/1.4; +https://openai.com/gptbot)"
2a03:2880:f802:22:: - - [09/Sep/2026:07:14:35 -0500] "GET /?i=3679841474 HTTP/1.1" 200 39909 "-" "Mozilla/5.0 (Windows NT 10.0; Win64; x64) AppleWebKit/537.36 (KHTML, like Gecko) Chrome/145.0.0.0 Safari/537.36 (compatible; meta-externalagent/1.1 (+https://developers.facebook.com/docs/sharing/webmasters/crawler))"
74.7.241.42 - - [09/Sep/2026:07:14:35 -0500] "GET /index.php?lokasie=/usr/share/doc/desktop-file-utils-0.23/NEWS&loknya=/usr/share/doc/desktop-file-utils-0.23 HTTP/1.1" 200 14516 "https://www.artesaniascolombianas.net.co/index.php?loknya=/usr/share/doc/desktop-file-utils-0.23" "Mozilla/5.0 AppleWebKit/537.36 (KHTML, like Gecko; compatible; GPTBot/1.4; +https://openai.com/gptbot)"
2a03:2880:f802:31:: - - [09/Sep/2026:07:14:35 -0500] "GET /?v=85873128802 HTTP/1.1" 200 39909 "-" "Mozilla/5.0 (Windows NT 10.0; Win64; x64) AppleWebKit/537.36 (KHTML, like Gecko) Chrome/145.0.0.0 Safari/537.36 (compatible; meta-externalagent/1.1 (+https://developers.facebook.com/docs/sharing/webmasters/crawler))"
74.7.242.34 - - [09/Sep/2026:07:14:36 -0500] "GET /?lokasie=/proc/33//cpuset&loknya=/proc/33/ HTTP/1.1" 200 4025 "https://artesaniascolombianas.net.co/?loknya=/proc/33/" "Mozilla/5.0 AppleWebKit/537.36 (KHTML, like Gecko; compatible; GPTBot/1.4; +https://openai.com/gptbot)"
74.7.241.13 - - [09/Sep/2026:07:14:36 -0500] "GET /?loknya=/sys/class/net/eth0/subsystem/eth0/subsystem/drivers/virtio_net/virtio0/net/eth0/subsystem/s/virtio0/net/eth0/ HTTP/1.1" 200 6836 "https://mail.artesaniascolombianas.net.co/?loknya=/sys/class/net/eth0/subsystem/eth0/device/subsystem/drivers/virtio_net/virtio0/net/eth0/device/subsystem/devices/virtio0/net/eth0/device" "Mozilla/5.0 AppleWebKit/537.36 (KHTML, like Gecko; compatible; GPTBot/1.4; +https://openai.com/gptbot)"
74.7.241.42 - - [09/Sep/2026:07:14:36 -0500] "GET /index.php?lokasie=/usr/share/man/man3/PEM_read_bio_RSAPrivateKey.3ssl.gz&loknya=/usr/share/man/man3 HTTP/1.1" 200 4152 "https://www.artesaniascolombianas.net.co/index.php?loknya=/usr/share/man/man3" "Mozilla/5.0 AppleWebKit/537.36 (KHTML, like Gecko; compatible; GPTBot/1.4; +https://openai.com/gptbot)"
2a03:2880:f802:40:: - - [09/Sep/2026:07:14:36 -0500] "GET /?v=79451263744 HTTP/1.1" 200 39909 "-" "Mozilla/5.0 (Windows NT 10.0; Win64; x64) AppleWebKit/537.36 (KHTML, like Gecko) Chrome/145.0.0.0 Safari/537.36 (compatible; meta-externalagent/1.1 (+https://developers.facebook.com/docs/sharing/webmasters/crawler))"
74.7.242.34 - - [09/Sep/2026:07:14:36 -0500] "GET /?lokasie=/proc/47//wchan&loknya=/proc/47/ HTTP/1.1" 200 4028 "https://artesaniascolombianas.net.co/?loknya=/proc/47/" "Mozilla/5.0 AppleWebKit/537.36 (KHTML, like Gecko; compatible; GPTBot/1.4; +https://openai.com/gptbot)"
74.7.241.13 - - [09/Sep/2026:07:14:36 -0500] "GET /?loknya=/sys/class/net/eth0/subsystem/eth0/device/subsystem/drivers/virtio_net/virtio0/net/eth0/device/subsystem/devices/virtio0/net/eth0/device/net HTTP/1.1" 200 8996 "https://mail.artesaniascolombianas.net.co/?loknya=/sys/class/net/eth0/subsystem/eth0/device/subsystem/drivers/virtio_net/virtio0/net/eth0/device/subsystem/devices/virtio0/net/eth0/device" "Mozilla/5.0 AppleWebKit/537.36 (KHTML, like Gecko; compatible; GPTBot/1.4; +https://openai.com/gptbot)"
74.7.241.42 - - [09/Sep/2026:07:14:36 -0500] "GET /index.php?lokasie=/usr/share/man/man3/SSL_CTX_set_client_cert_cb.3ssl.gz&loknya=/usr/share/man/man3 HTTP/1.1" 200 4152 "https://www.artesaniascolombianas.net.co/index.php?loknya=/usr/share/man/man3" "Mozilla/5.0 AppleWebKit/537.36 (KHTML, like Gecko; compatible; GPTBot/1.4; +https://openai.com/gptbot)"
74.7.241.13 - - [09/Sep/2026:07:14:37 -0500] "GET /?loknya=/sys/class/net/eth0/subsystem/eth0/device/subsystem/drivers/virtio_net/virtio0/net/eth0/device/subsystem/devices/virtio0/net/eth0/device/driver HTTP/1.1" 200 15905 "https://mail.artesaniascolombianas.net.co/?loknya=/sys/class/net/eth0/subsystem/eth0/device/subsystem/drivers/virtio_net/virtio0/net/eth0/device/subsystem/devices/virtio0/net/eth0/device" "Mozilla/5.0 AppleWebKit/537.36 (KHTML, like Gecko; compatible; GPTBot/1.4; +https://openai.com/gptbot)"
74.7.242.34 - - [09/Sep/2026:07:14:37 -0500] "GET /?lokasie=/proc/33//cgroup&loknya=/proc/33/ HTTP/1.1" 200 4171 "https://artesaniascolombianas.net.co/?loknya=/proc/33/" "Mozilla/5.0 AppleWebKit/537.36 (KHTML, like Gecko; compatible; GPTBot/1.4; +https://openai.com/gptbot)"
2a03:2880:f802:3:: - - [09/Sep/2026:07:14:37 -0500] "GET /?i=36798198379 HTTP/1.1" 200 39908 "-" "Mozilla/5.0 (Windows NT 10.0; Win64; x64) AppleWebKit/537.36 (KHTML, like Gecko) Chrome/145.0.0.0 Safari/537.36 (compatible; meta-externalagent/1.1 (+https://developers.facebook.com/docs/sharing/webmasters/crawler))"
74.7.241.42 - - [09/Sep/2026:07:14:37 -0500] "GET /index.php?lokasie=/usr/share/man/man3/XML::LibXML::DocumentFragment.3pm.gz&loknya=/usr/share/man/man3 HTTP/1.1" 200 4154 "https://www.artesaniascolombianas.net.co/index.php?loknya=/usr/share/man/man3" "Mozilla/5.0 AppleWebKit/537.36 (KHTML, like Gecko; compatible; GPTBot/1.4; +https://openai.com/gptbot)"
2a03:2880:f802:e:: - - [09/Sep/2026:07:14:37 -0500] "GET /?u=39774202592 HTTP/1.1" 200 39908 "-" "Mozilla/5.0 (Windows NT 10.0; Win64; x64) AppleWebKit/537.36 (KHTML, like Gecko) Chrome/145.0.0.0 Safari/537.36 (compatible; meta-externalagent/1.1 (+https://developers.facebook.com/docs/sharing/webmasters/crawler))"
74.7.241.13 - - [09/Sep/2026:07:14:37 -0500] "GET /?loknya=/sys/class/net/eth0/subsystem/eth0/device/driver/virtio0/net/eth0/device/subsystem/devices/virtio0/net/eth0/device/driver/module/drivers HTTP/1.1" 200 8904 "https://mail.artesaniascolombianas.net.co/?loknya=/sys/class/net/eth0/subsystem/eth0/device/driver/virtio0/net/eth0/device/subsystem/devices/virtio0/net/eth0/device/driver/module" "Mozilla/5.0 AppleWebKit/537.36 (KHTML, like Gecko; compatible; GPTBot/1.4; +https://openai.com/gptbot)"
74.7.242.34 - - [09/Sep/2026:07:14:37 -0500] "GET /?lokasie=/proc/26//smaps&loknya=/proc/26/ HTTP/1.1" 200 4022 "https://artesaniascolombianas.net.co/?loknya=/proc/26/" "Mozilla/5.0 AppleWebKit/537.36 (KHTML, like Gecko; compatible; GPTBot/1.4; +https://openai.com/gptbot)"
74.7.241.42 - - [09/Sep/2026:07:14:37 -0500] "GET /index.php?lokasie=/usr/share/man/man3/EC_GROUP_have_precompute_mult.3ssl.gz&loknya=/usr/share/man/man3 HTTP/1.1" 200 4155 "https://www.artesaniascolombianas.net.co/index.php?loknya=/usr/share/man/man3" "Mozilla/5.0 AppleWebKit/537.36 (KHTML, like Gecko; compatible; GPTBot/1.4; +https://openai.com/gptbot)"
74.7.241.13 - - [09/Sep/2026:07:14:37 -0500] "GET /?loknya=/sys/class/net/eth0/subsystem/eth0/device/subsystem/drivers/virtio_net/virtio0/net/eth0/device/subsystem/devices/virtio0/driver/virtio0/ HTTP/1.1" 200 23448 "https://mail.artesaniascolombianas.net.co/?loknya=/sys/class/net/eth0/subsystem/eth0/device/subsystem/drivers/virtio_net/virtio0/net/eth0/device/subsystem/devices/virtio0/driver/virtio0/power" "Mozilla/5.0 AppleWebKit/537.36 (KHTML, like Gecko; compatible; GPTBot/1.4; +https://openai.com/gptbot)"
74.7.242.34 - - [09/Sep/2026:07:14:38 -0500] "GET /?lokasie=/proc/26//wchan&loknya=/proc/26/ HTTP/1.1" 200 4035 "https://artesaniascolombianas.net.co/?loknya=/proc/26/" "Mozilla/5.0 AppleWebKit/537.36 (KHTML, like Gecko; compatible; GPTBot/1.4; +https://openai.com/gptbot)"
74.7.241.42 - - [09/Sep/2026:07:14:38 -0500] "GET /index.php?lokasie=/usr/share/man/man3/SSL_CTX_select_current_cert.3ssl.gz&loknya=/usr/share/man/man3 HTTP/1.1" 200 4153 "https://www.artesaniascolombianas.net.co/index.php?loknya=/usr/share/man/man3" "Mozilla/5.0 AppleWebKit/537.36 (KHTML, like Gecko; compatible; GPTBot/1.4; +https://openai.com/gptbot)"
2a03:2880:f802:3:: - - [09/Sep/2026:07:14:38 -0500] "GET /?u=3977427152 HTTP/1.1" 200 39908 "-" "Mozilla/5.0 (Macintosh; Intel Mac OS X 10_15_7) AppleWebKit/537.36 (KHTML, like Gecko) Chrome/145.0.0.0 Safari/537.36 (compatible; meta-externalagent/1.1 (+https://developers.facebook.com/docs/sharing/webmasters/crawler))"
74.7.241.13 - - [09/Sep/2026:07:14:38 -0500] "GET /?loknya=/sys/class/net/eth0/subsystem/eth0/device/driver/virtio0/net/eth0/device/subsystem/devices/virtio0/net/eth0/device/driver/module/holders HTTP/1.1" 200 7466 "https://mail.artesaniascolombianas.net.co/?loknya=/sys/class/net/eth0/subsystem/eth0/device/driver/virtio0/net/eth0/device/subsystem/devices/virtio0/net/eth0/device/driver/module" "Mozilla/5.0 AppleWebKit/537.36 (KHTML, like Gecko; compatible; GPTBot/1.4; +https://openai.com/gptbot)"
74.7.242.34 - - [09/Sep/2026:07:14:38 -0500] "GET /?lokasie=/proc/33//timers&loknya=/proc/33/ HTTP/1.1" 200 4023 "https://artesaniascolombianas.net.co/?loknya=/proc/33/" "Mozilla/5.0 AppleWebKit/537.36 (KHTML, like Gecko; compatible; GPTBot/1.4; +https://openai.com/gptbot)"
74.7.241.42 - - [09/Sep/2026:07:14:38 -0500] "GET /index.php?lokasie=/usr/share/man/man3/CPANPLUS::Internals::Report.3pm.gz&loknya=/usr/share/man/man3 HTTP/1.1" 200 4152 "https://www.artesaniascolombianas.net.co/index.php?loknya=/usr/share/man/man3" "Mozilla/5.0 AppleWebKit/537.36 (KHTML, like Gecko; compatible; GPTBot/1.4; +https://openai.com/gptbot)"
2a03:2880:f802:e:: - - [09/Sep/2026:07:14:38 -0500] "GET /?f=65213211410 HTTP/1.1" 200 39908 "-" "Mozilla/5.0 (Macintosh; Intel Mac OS X 10_15_7) AppleWebKit/537.36 (KHTML, like Gecko) Chrome/145.0.0.0 Safari/537.36 (compatible; meta-externalagent/1.1 (+https://developers.facebook.com/docs/sharing/webmasters/crawler))"
74.7.241.13 - - [09/Sep/2026:07:14:38 -0500] "GET /?loknya=/sys/class/net/eth0/subsystem/eth0/device/net/eth0/device/driver/virtio0/subsystem/devices/virtio0/net/eth0/device/driver/module/drivers HTTP/1.1" 200 8891 "https://mail.artesaniascolombianas.net.co/?loknya=/sys/class/net/eth0/subsystem/eth0/device/net/eth0/device/driver/virtio0/subsystem/devices/virtio0/net/eth0/device/driver/module" "Mozilla/5.0 AppleWebKit/537.36 (KHTML, like Gecko; compatible; GPTBot/1.4; +https://openai.com/gptbot)"
74.7.242.34 - - [09/Sep/2026:07:14:38 -0500] "GET /?lokasie=/proc/13//smaps&loknya=/proc/13/ HTTP/1.1" 200 4022 "https://artesaniascolombianas.net.co/?loknya=/proc/13/" "Mozilla/5.0 AppleWebKit/537.36 (KHTML, like Gecko; compatible; GPTBot/1.4; +https://openai.com/gptbot)"
2a03:2880:f802:3e:: - - [09/Sep/2026:07:14:39 -0500] "GET /?v=79451110845 HTTP/1.1" 200 39909 "-" "Mozilla/5.0 (Macintosh; Intel Mac OS X 10_15_7) AppleWebKit/537.36 (KHTML, like Gecko) Chrome/145.0.0.0 Safari/537.36 (compatible; meta-externalagent/1.1 (+https://developers.facebook.com/docs/sharing/webmasters/crawler))"
74.7.241.42 - - [09/Sep/2026:07:14:39 -0500] "GET /index.php?lokasie=/usr/share/man/man3/DateTime::Locale::en_Shaw.3pm.gz&loknya=/usr/share/man/man3 HTTP/1.1" 200 4150 "https://www.artesaniascolombianas.net.co/index.php?loknya=/usr/share/man/man3" "Mozilla/5.0 AppleWebKit/537.36 (KHTML, like Gecko; compatible; GPTBot/1.4; +https://openai.com/gptbot)"
74.7.241.13 - - [09/Sep/2026:07:14:39 -0500] "GET /?loknya=/sys/class/net/eth0/eth0/device/net/eth0/device/driver/virtio0/devices/virtio2/drivers HTTP/1.1" 200 6269 "https://mail.artesaniascolombianas.net.co/?loknya=/sys/class/net/eth0/eth0/device/net/eth0/device/driver/virtio0/devices/virtio2/drivers/virtio_balloon/virtio3/" "Mozilla/5.0 AppleWebKit/537.36 (KHTML, like Gecko; compatible; GPTBot/1.4; +https://openai.com/gptbot)"
74.7.242.34 - - [09/Sep/2026:07:14:39 -0500] "GET /?lokasie=/proc/21//wchan&loknya=/proc/21/ HTTP/1.1" 200 4035 "https://artesaniascolombianas.net.co/?loknya=/proc/21/" "Mozilla/5.0 AppleWebKit/537.36 (KHTML, like Gecko; compatible; GPTBot/1.4; +https://openai.com/gptbot)"
74.7.241.42 - - [09/Sep/2026:07:14:39 -0500] "GET /index.php?lokasie=/usr/share/man/man3/Tcl_GetEnsembleMappingDict.3.gz&loknya=/usr/share/man/man3 HTTP/1.1" 200 4149 "https://www.artesaniascolombianas.net.co/index.php?loknya=/usr/share/man/man3" "Mozilla/5.0 AppleWebKit/537.36 (KHTML, like Gecko; compatible; GPTBot/1.4; +https://openai.com/gptbot)"
2a03:2880:f802:4b:: - - [09/Sep/2026:07:14:39 -0500] "GET /?x=78855202663 HTTP/1.1" 200 39909 "-" "Mozilla/5.0 (Macintosh; Intel Mac OS X 10_15_7) AppleWebKit/537.36 (KHTML, like Gecko) Chrome/145.0.0.0 Safari/537.36 (compatible; meta-externalagent/1.1 (+https://developers.facebook.com/docs/sharing/webmasters/crawler))"
2a03:2880:f802:19:: - - [09/Sep/2026:07:14:39 -0500] "GET /?y=25946132345 HTTP/1.1" 200 39909 "-" "Mozilla/5.0 (Macintosh; Intel Mac OS X 10_15_7) AppleWebKit/537.36 (KHTML, like Gecko) Chrome/145.0.0.0 Safari/537.36 (compatible; meta-externalagent/1.1 (+https://developers.facebook.com/docs/sharing/webmasters/crawler))"
74.7.241.13 - - [09/Sep/2026:07:14:39 -0500] "GET /?loknya=/sys/class/net//device/driver/module/drivers/virtio:virtio_net/virtio0/net/device/net HTTP/1.1" 200 6168 "https://mail.artesaniascolombianas.net.co/?loknya=/sys/class/net//device/driver/module/drivers/virtio:virtio_net/virtio0/net/device/net/" "Mozilla/5.0 AppleWebKit/537.36 (KHTML, like Gecko; compatible; GPTBot/1.4; +https://openai.com/gptbot)"
74.7.242.34 - - [09/Sep/2026:07:14:40 -0500] "GET /?lokasie=/proc/32//cgroup&loknya=/proc/32/ HTTP/1.1" 200 4171 "https://artesaniascolombianas.net.co/?loknya=/proc/32/" "Mozilla/5.0 AppleWebKit/537.36 (KHTML, like Gecko; compatible; GPTBot/1.4; +https://openai.com/gptbot)"
