74.7.241.42 - - [09/Sep/2026:07:08:46 -0500] "GET /index.php?lokasie=/proc/23701/net/anycast6&loknya=/proc/23701/net HTTP/1.1" 200 4079 "https://www.artesaniascolombianas.net.co/index.php?loknya=/proc/23701/net" "Mozilla/5.0 AppleWebKit/537.36 (KHTML, like Gecko; compatible; GPTBot/1.4; +https://openai.com/gptbot)"
74.7.242.34 - - [09/Sep/2026:07:08:46 -0500] "GET /?lokasie=/proc/6890/net//ip_mr_cache&loknya=/proc/6890/net/ HTTP/1.1" 200 4133 "https://artesaniascolombianas.net.co/?loknya=/proc/6890/net/" "Mozilla/5.0 AppleWebKit/537.36 (KHTML, like Gecko; compatible; GPTBot/1.4; +https://openai.com/gptbot)"
74.7.241.13 - - [09/Sep/2026:07:08:46 -0500] "GET /?loknya=/sys/class/net/eth0/eth0/device/net/eth0/device/virtio0/s/virtio:virtio_net HTTP/1.1" 200 6006 "https://mail.artesaniascolombianas.net.co/?loknya=/sys/class/net/eth0/eth0/device/net/eth0/device/virtio0/s/virtio:virtio_net/virtio0/" "Mozilla/5.0 AppleWebKit/537.36 (KHTML, like Gecko; compatible; GPTBot/1.4; +https://openai.com/gptbot)"
74.7.241.42 - - [09/Sep/2026:07:08:46 -0500] "GET /index.php?lokasie=/proc/24096/net/mcfilter6&loknya=/proc/24096/net HTTP/1.1" 200 4171 "https://www.artesaniascolombianas.net.co/index.php?loknya=/proc/24096/net" "Mozilla/5.0 AppleWebKit/537.36 (KHTML, like Gecko; compatible; GPTBot/1.4; +https://openai.com/gptbot)"
74.7.242.34 - - [09/Sep/2026:07:08:47 -0500] "GET /?lokasie=/proc/4635/net//softnet_stat&loknya=/proc/4635/net/ HTTP/1.1" 200 4440 "https://artesaniascolombianas.net.co/?loknya=/proc/4635/net/" "Mozilla/5.0 AppleWebKit/537.36 (KHTML, like Gecko; compatible; GPTBot/1.4; +https://openai.com/gptbot)"
74.7.241.13 - - [09/Sep/2026:07:08:47 -0500] "GET /?loknya=/sys/class/net/eth0/eth0/device/net/eth0/device/virtio0/s/virtio:virtio_net/virtio0 HTTP/1.1" 200 6146 "https://mail.artesaniascolombianas.net.co/?loknya=/sys/class/net/eth0/eth0/device/net/eth0/device/virtio0/s/virtio:virtio_net/virtio0/" "Mozilla/5.0 AppleWebKit/537.36 (KHTML, like Gecko; compatible; GPTBot/1.4; +https://openai.com/gptbot)"
103.157.223.56 - - [09/Sep/2026:07:08:47 -0500] "POST /xmlrpc.php HTTP/1.1" 200 39905 "-" "WordPress.com; https://wordpress.com"
74.7.241.42 - - [09/Sep/2026:07:08:47 -0500] "GET /index.php?lokasie=/proc/23701/net/sockstat6&loknya=/proc/23701/net HTTP/1.1" 200 4165 "https://www.artesaniascolombianas.net.co/index.php?loknya=/proc/23701/net" "Mozilla/5.0 AppleWebKit/537.36 (KHTML, like Gecko; compatible; GPTBot/1.4; +https://openai.com/gptbot)"
2a03:2880:f802:30:: - - [09/Sep/2026:07:08:47 -0500] "GET /?y=25946136397 HTTP/1.1" 200 39909 "-" "Mozilla/5.0 (Windows NT 10.0; Win64; x64) AppleWebKit/537.36 (KHTML, like Gecko) Chrome/145.0.0.0 Safari/537.36 (compatible; meta-externalagent/1.1 (+https://developers.facebook.com/docs/sharing/webmasters/crawler))"
2a03:2880:f802:26:: - - [09/Sep/2026:07:08:47 -0500] "GET /?v=85873200217 HTTP/1.1" 200 39909 "-" "Mozilla/5.0 (Macintosh; Intel Mac OS X 10_15_7) AppleWebKit/537.36 (KHTML, like Gecko) Chrome/145.0.0.0 Safari/537.36 (compatible; meta-externalagent/1.1 (+https://developers.facebook.com/docs/sharing/webmasters/crawler))"
74.7.241.13 - - [09/Sep/2026:07:08:47 -0500] "GET /?loknya=/sys/class/net/eth0/subsystem/eth0/net/eth0/driver/module/drivers/virtio:virtio_net/virtio0/subsystem/s/virtio2/virtio-ports/vport2p1 HTTP/1.1" 200 7083 "https://mail.artesaniascolombianas.net.co/?loknya=/sys/class/net/eth0/subsystem/eth0/net/eth0/driver/module/drivers/virtio:virtio_net/virtio0/subsystem/s/virtio2/virtio-ports/vport2p1/" "Mozilla/5.0 AppleWebKit/537.36 (KHTML, like Gecko; compatible; GPTBot/1.4; +https://openai.com/gptbot)"
74.7.242.34 - - [09/Sep/2026:07:08:47 -0500] "GET /?lokasie=/proc/1451/net//fib_triestat&loknya=/proc/1451/net/ HTTP/1.1" 200 4812 "https://artesaniascolombianas.net.co/?loknya=/proc/1451/net/" "Mozilla/5.0 AppleWebKit/537.36 (KHTML, like Gecko; compatible; GPTBot/1.4; +https://openai.com/gptbot)"
74.7.241.42 - - [09/Sep/2026:07:08:47 -0500] "GET /index.php?lokasie=/proc/20438/net//ip_tables_names&loknya=/proc/20438/net/ HTTP/1.1" 200 4087 "https://www.artesaniascolombianas.net.co/index.php?loknya=/proc/20438/net/" "Mozilla/5.0 AppleWebKit/537.36 (KHTML, like Gecko; compatible; GPTBot/1.4; +https://openai.com/gptbot)"
2a03:2880:f802:1b:: - - [09/Sep/2026:07:08:47 -0500] "GET /?x=78855273184 HTTP/1.1" 200 39909 "-" "Mozilla/5.0 (Macintosh; Intel Mac OS X 10_15_7) AppleWebKit/537.36 (KHTML, like Gecko) Chrome/145.0.0.0 Safari/537.36 (compatible; meta-externalagent/1.1 (+https://developers.facebook.com/docs/sharing/webmasters/crawler))"
2a03:2880:f802:2c:: - - [09/Sep/2026:07:08:47 -0500] "GET /?u=39774246310 HTTP/1.1" 200 39909 "-" "Mozilla/5.0 (Windows NT 10.0; Win64; x64) AppleWebKit/537.36 (KHTML, like Gecko) Chrome/145.0.0.0 Safari/537.36 (compatible; meta-externalagent/1.1 (+https://developers.facebook.com/docs/sharing/webmasters/crawler))"
74.7.241.13 - - [09/Sep/2026:07:08:48 -0500] "GET /?loknya=/sys/class/net/eth0/eth0/device/net/eth0/device/driver/module/drivers/virtio:virtio_net/virtio0/devices/virtio2/virtio-ports/ HTTP/1.1" 200 6841 "https://mail.artesaniascolombianas.net.co/?loknya=/sys/class/net/eth0/eth0/device/net/eth0/device/driver/module/drivers/virtio:virtio_net/virtio0/devices/virtio2/virtio-ports/vport2p1/" "Mozilla/5.0 AppleWebKit/537.36 (KHTML, like Gecko; compatible; GPTBot/1.4; +https://openai.com/gptbot)"
74.7.242.34 - - [09/Sep/2026:07:08:48 -0500] "GET /?lokasie=/proc/4635/net//nf_conntrack&loknya=/proc/4635/net/ HTTP/1.1" 200 4080 "https://artesaniascolombianas.net.co/?loknya=/proc/4635/net/" "Mozilla/5.0 AppleWebKit/537.36 (KHTML, like Gecko; compatible; GPTBot/1.4; +https://openai.com/gptbot)"
74.7.241.42 - - [09/Sep/2026:07:08:48 -0500] "GET /index.php?lokasie=/proc/30719/net//ip_tables_names&loknya=/proc/30719/net/ HTTP/1.1" 200 4087 "https://www.artesaniascolombianas.net.co/index.php?loknya=/proc/30719/net/" "Mozilla/5.0 AppleWebKit/537.36 (KHTML, like Gecko; compatible; GPTBot/1.4; +https://openai.com/gptbot)"
74.7.241.13 - - [09/Sep/2026:07:08:48 -0500] "GET /?loknya=/sys/class/net/eth0/eth0/device/net/eth0/device/driver/module/drivers/virtio:virtio_net/virtio0/devices/virtio2/virtio-ports HTTP/1.1" 200 6839 "https://mail.artesaniascolombianas.net.co/?loknya=/sys/class/net/eth0/eth0/device/net/eth0/device/driver/module/drivers/virtio:virtio_net/virtio0/devices/virtio2/virtio-ports/vport2p1/" "Mozilla/5.0 AppleWebKit/537.36 (KHTML, like Gecko; compatible; GPTBot/1.4; +https://openai.com/gptbot)"
74.7.242.34 - - [09/Sep/2026:07:08:48 -0500] "GET /?lokasie=/proc/6890/net//softnet_stat&loknya=/proc/6890/net/ HTTP/1.1" 200 4440 "https://artesaniascolombianas.net.co/?loknya=/proc/6890/net/" "Mozilla/5.0 AppleWebKit/537.36 (KHTML, like Gecko; compatible; GPTBot/1.4; +https://openai.com/gptbot)"
74.7.241.42 - - [09/Sep/2026:07:08:48 -0500] "GET /index.php?lokasie=/proc/18473/net//ip_tables_names&loknya=/proc/18473/net/ HTTP/1.1" 200 4087 "https://www.artesaniascolombianas.net.co/index.php?loknya=/proc/18473/net/" "Mozilla/5.0 AppleWebKit/537.36 (KHTML, like Gecko; compatible; GPTBot/1.4; +https://openai.com/gptbot)"
74.7.242.34 - - [09/Sep/2026:07:08:48 -0500] "GET /?lokasie=/proc/1451/net//netlink&loknya=/proc/1451/net/ HTTP/1.1" 200 5854 "https://artesaniascolombianas.net.co/?loknya=/proc/1451/net/" "Mozilla/5.0 AppleWebKit/537.36 (KHTML, like Gecko; compatible; GPTBot/1.4; +https://openai.com/gptbot)"
2a03:2880:f802:1:: - - [09/Sep/2026:07:08:49 -0500] "GET /?u=39774186253 HTTP/1.1" 200 39908 "-" "Mozilla/5.0 (Windows NT 10.0; Win64; x64) AppleWebKit/537.36 (KHTML, like Gecko) Chrome/145.0.0.0 Safari/537.36 (compatible; meta-externalagent/1.1 (+https://developers.facebook.com/docs/sharing/webmasters/crawler))"
74.7.241.13 - - [09/Sep/2026:07:08:49 -0500] "GET /?loknya=/sys/class/net/eth0/subsystem/eth0/net/eth0/driver/module/drivers/virtio:virtio_net/virtio0/subsystem/s/virtio2/ HTTP/1.1" 200 6695 "https://mail.artesaniascolombianas.net.co/?loknya=/sys/class/net/eth0/subsystem/eth0/net/eth0/driver/module/drivers/virtio:virtio_net/virtio0/subsystem/s/virtio2/virtio-ports/" "Mozilla/5.0 AppleWebKit/537.36 (KHTML, like Gecko; compatible; GPTBot/1.4; +https://openai.com/gptbot)"
74.7.241.42 - - [09/Sep/2026:07:08:49 -0500] "GET /index.php?lokasie=/proc/23701/net//ip_tables_names&loknya=/proc/23701/net/ HTTP/1.1" 200 4087 "https://www.artesaniascolombianas.net.co/index.php?loknya=/proc/23701/net/" "Mozilla/5.0 AppleWebKit/537.36 (KHTML, like Gecko; compatible; GPTBot/1.4; +https://openai.com/gptbot)"
74.7.242.34 - - [09/Sep/2026:07:08:49 -0500] "GET /?lokasie=/proc/4635/net//netstat&loknya=/proc/4635/net/ HTTP/1.1" 200 6895 "https://artesaniascolombianas.net.co/?loknya=/proc/4635/net/" "Mozilla/5.0 AppleWebKit/537.36 (KHTML, like Gecko; compatible; GPTBot/1.4; +https://openai.com/gptbot)"
2a03:2880:f802:22:: - - [09/Sep/2026:07:08:49 -0500] "GET /?u=39774172851 HTTP/1.1" 200 39909 "-" "Mozilla/5.0 (Windows NT 10.0; Win64; x64) AppleWebKit/537.36 (KHTML, like Gecko) Chrome/145.0.0.0 Safari/537.36 (compatible; meta-externalagent/1.1 (+https://developers.facebook.com/docs/sharing/webmasters/crawler))"
74.7.241.13 - - [09/Sep/2026:07:08:49 -0500] "GET /?loknya=/sys/class/net/eth0/eth0/device/net/eth0/device/driver/module/drivers/virtio:virtio_net/virtio0/devices/virtio2/virtio-ports/vport2p1 HTTP/1.1" 200 7035 "https://mail.artesaniascolombianas.net.co/?loknya=/sys/class/net/eth0/eth0/device/net/eth0/device/driver/module/drivers/virtio:virtio_net/virtio0/devices/virtio2/virtio-ports/vport2p1/" "Mozilla/5.0 AppleWebKit/537.36 (KHTML, like Gecko; compatible; GPTBot/1.4; +https://openai.com/gptbot)"
74.7.241.42 - - [09/Sep/2026:07:08:49 -0500] "GET /index.php?lokasie=/proc/24096/net//ip_tables_names&loknya=/proc/24096/net/ HTTP/1.1" 200 4087 "https://www.artesaniascolombianas.net.co/index.php?loknya=/proc/24096/net/" "Mozilla/5.0 AppleWebKit/537.36 (KHTML, like Gecko; compatible; GPTBot/1.4; +https://openai.com/gptbot)"
2a03:2880:f802:15:: - - [09/Sep/2026:07:08:49 -0500] "GET /?v=7945139097 HTTP/1.1" 200 39909 "-" "Mozilla/5.0 (Windows NT 10.0; Win64; x64) AppleWebKit/537.36 (KHTML, like Gecko) Chrome/145.0.0.0 Safari/537.36 (compatible; meta-externalagent/1.1 (+https://developers.facebook.com/docs/sharing/webmasters/crawler))"
74.7.241.13 - - [09/Sep/2026:07:08:50 -0500] "GET /?loknya=/sys/class/net/eth0/eth0/device/drivers/virtio_net/virtio0/net/eth0/device/net/eth0// HTTP/1.1" 200 6290 "https://mail.artesaniascolombianas.net.co/?loknya=/sys/class/net/eth0/subsystem/eth0/device/subsystem/drivers/virtio_net/virtio0/net/eth0/device/net/eth0/subsystem/subsystem/" "Mozilla/5.0 AppleWebKit/537.36 (KHTML, like Gecko; compatible; GPTBot/1.4; +https://openai.com/gptbot)"
74.7.242.34 - - [09/Sep/2026:07:08:50 -0500] "GET /?lokasie=/proc/6890/net//netstat&loknya=/proc/6890/net/ HTTP/1.1" 200 6895 "https://artesaniascolombianas.net.co/?loknya=/proc/6890/net/" "Mozilla/5.0 AppleWebKit/537.36 (KHTML, like Gecko; compatible; GPTBot/1.4; +https://openai.com/gptbot)"
2a03:2880:f802:46:: - - [09/Sep/2026:07:08:50 -0500] "GET /?u=39774278986 HTTP/1.1" 200 39909 "-" "Mozilla/5.0 (Windows NT 10.0; Win64; x64) AppleWebKit/537.36 (KHTML, like Gecko) Chrome/145.0.0.0 Safari/537.36 (compatible; meta-externalagent/1.1 (+https://developers.facebook.com/docs/sharing/webmasters/crawler))"
74.7.241.42 - - [09/Sep/2026:07:08:50 -0500] "GET /index.php?lokasie=/proc/10637/net//ip_tables_names&loknya=/proc/10637/net/ HTTP/1.1" 200 4087 "https://www.artesaniascolombianas.net.co/index.php?loknya=/proc/10637/net/" "Mozilla/5.0 AppleWebKit/537.36 (KHTML, like Gecko; compatible; GPTBot/1.4; +https://openai.com/gptbot)"
2a03:2880:f802:18:: - - [09/Sep/2026:07:08:50 -0500] "GET /?l=7093923136 HTTP/1.1" 200 39909 "-" "Mozilla/5.0 (Windows NT 10.0; Win64; x64) AppleWebKit/537.36 (KHTML, like Gecko) Chrome/145.0.0.0 Safari/537.36 (compatible; meta-externalagent/1.1 (+https://developers.facebook.com/docs/sharing/webmasters/crawler))"
74.7.242.34 - - [09/Sep/2026:07:08:50 -0500] "GET /?lokasie=/proc/1451/net//netstat&loknya=/proc/1451/net/ HTTP/1.1" 200 6895 "https://artesaniascolombianas.net.co/?loknya=/proc/1451/net/" "Mozilla/5.0 AppleWebKit/537.36 (KHTML, like Gecko; compatible; GPTBot/1.4; +https://openai.com/gptbot)"
74.7.241.13 - - [09/Sep/2026:07:08:50 -0500] "GET /?loknya=/sys/class/net/eth0/eth0/device/net/eth0/device/drivers/virtio_net/virtio0/net/eth0// HTTP/1.1" 200 6257 "https://mail.artesaniascolombianas.net.co/?loknya=/sys/class/net/eth0/subsystem/eth0/device/net/eth0/device/subsystem/drivers/virtio_net/virtio0/net/eth0/subsystem/subsystem/" "Mozilla/5.0 AppleWebKit/537.36 (KHTML, like Gecko; compatible; GPTBot/1.4; +https://openai.com/gptbot)"
74.7.241.42 - - [09/Sep/2026:07:08:50 -0500] "GET /index.php?lokasie=/proc/24130/net//ip_tables_names&loknya=/proc/24130/net/ HTTP/1.1" 200 4087 "https://www.artesaniascolombianas.net.co/index.php?loknya=/proc/24130/net/" "Mozilla/5.0 AppleWebKit/537.36 (KHTML, like Gecko; compatible; GPTBot/1.4; +https://openai.com/gptbot)"
2a03:2880:f802:4:: - - [09/Sep/2026:07:08:50 -0500] "GET /?y=25946145994 HTTP/1.1" 200 39908 "-" "Mozilla/5.0 (Macintosh; Intel Mac OS X 10_15_7) AppleWebKit/537.36 (KHTML, like Gecko) Chrome/145.0.0.0 Safari/537.36 (compatible; meta-externalagent/1.1 (+https://developers.facebook.com/docs/sharing/webmasters/crawler))"
74.7.241.13 - - [09/Sep/2026:07:08:50 -0500] "GET /?loknya=/sys/class/net/eth0/eth0/device/net/eth0/device/s/virtio:virtio_net/virtio0/virtio0/ HTTP/1.1" 200 6153 "https://mail.artesaniascolombianas.net.co/?loknya=/sys/class/net/eth0/subsystem/eth0/device/net/eth0/device/s/virtio:virtio_net/virtio0/virtio0/subsystem" "Mozilla/5.0 AppleWebKit/537.36 (KHTML, like Gecko; compatible; GPTBot/1.4; +https://openai.com/gptbot)"
74.7.242.34 - - [09/Sep/2026:07:08:51 -0500] "GET /?lokasie=/proc/6890/net//netlink&loknya=/proc/6890/net/ HTTP/1.1" 200 5854 "https://artesaniascolombianas.net.co/?loknya=/proc/6890/net/" "Mozilla/5.0 AppleWebKit/537.36 (KHTML, like Gecko; compatible; GPTBot/1.4; +https://openai.com/gptbot)"
2a03:2880:f802:1a:: - - [09/Sep/2026:07:08:51 -0500] "GET /?f=65213201819 HTTP/1.1" 200 39909 "-" "Mozilla/5.0 (Windows NT 10.0; Win64; x64) AppleWebKit/537.36 (KHTML, like Gecko) Chrome/145.0.0.0 Safari/537.36 Edg/145.0.0.0 (compatible; meta-externalagent/1.1 (+https://developers.facebook.com/docs/sharing/webmasters/crawler))"
74.7.241.42 - - [09/Sep/2026:07:08:51 -0500] "GET /index.php?lokasie=/proc/30719/net//ptype&loknya=/proc/30719/net/ HTTP/1.1" 200 4195 "https://www.artesaniascolombianas.net.co/index.php?loknya=/proc/30719/net/" "Mozilla/5.0 AppleWebKit/537.36 (KHTML, like Gecko; compatible; GPTBot/1.4; +https://openai.com/gptbot)"
74.7.242.34 - - [09/Sep/2026:07:08:51 -0500] "GET /?lokasie=/proc/4635/net//netlink&loknya=/proc/4635/net/ HTTP/1.1" 200 5854 "https://artesaniascolombianas.net.co/?loknya=/proc/4635/net/" "Mozilla/5.0 AppleWebKit/537.36 (KHTML, like Gecko; compatible; GPTBot/1.4; +https://openai.com/gptbot)"
74.7.241.13 - - [09/Sep/2026:07:08:51 -0500] "GET /?loknya=/y/cla/net/eth0/ubytem/eth0/device/net/eth0/device/ubytem/device/virtio3/virtio3/ HTTP/1.1" 200 6186 "https://mail.artesaniascolombianas.net.co/?loknya=/y/cla/net/eth0/ubytem/eth0/device/net/eth0/device/ubytem/device/virtio3/virtio3/module/" "Mozilla/5.0 AppleWebKit/537.36 (KHTML, like Gecko; compatible; GPTBot/1.4; +https://openai.com/gptbot)"
74.7.241.42 - - [09/Sep/2026:07:08:51 -0500] "GET /index.php?lokasie=/proc/10637/net//ptype&loknya=/proc/10637/net/ HTTP/1.1" 200 4195 "https://www.artesaniascolombianas.net.co/index.php?loknya=/proc/10637/net/" "Mozilla/5.0 AppleWebKit/537.36 (KHTML, like Gecko; compatible; GPTBot/1.4; +https://openai.com/gptbot)"
74.7.241.13 - - [09/Sep/2026:07:08:51 -0500] "GET /?loknya=/y/cla/net/eth0/ubytem/eth0/device/net/eth0/device/ubytem/device/virtio2/virtio2/ HTTP/1.1" 200 6186 "https://mail.artesaniascolombianas.net.co/?loknya=/y/cla/net/eth0/ubytem/eth0/device/net/eth0/device/ubytem/device/virtio2/virtio2/module/" "Mozilla/5.0 AppleWebKit/537.36 (KHTML, like Gecko; compatible; GPTBot/1.4; +https://openai.com/gptbot)"
74.7.242.34 - - [09/Sep/2026:07:08:52 -0500] "GET /?lokasie=/proc/6890/net//unix&loknya=/proc/6890/net/ HTTP/1.1" 200 22589 "https://artesaniascolombianas.net.co/?loknya=/proc/6890/net/" "Mozilla/5.0 AppleWebKit/537.36 (KHTML, like Gecko; compatible; GPTBot/1.4; +https://openai.com/gptbot)"
74.7.241.42 - - [09/Sep/2026:07:08:52 -0500] "GET /index.php?lokasie=/proc/24096/net//ptype&loknya=/proc/24096/net/ HTTP/1.1" 200 4195 "https://www.artesaniascolombianas.net.co/index.php?loknya=/proc/24096/net/" "Mozilla/5.0 AppleWebKit/537.36 (KHTML, like Gecko; compatible; GPTBot/1.4; +https://openai.com/gptbot)"
2a03:2880:f802:3:: - - [09/Sep/2026:07:08:52 -0500] "GET /?f=6521362973 HTTP/1.1" 200 39908 "-" "Mozilla/5.0 (Windows NT 10.0; Win64; x64) AppleWebKit/537.36 (KHTML, like Gecko) Chrome/145.0.0.0 Safari/537.36 (compatible; meta-externalagent/1.1 (+https://developers.facebook.com/docs/sharing/webmasters/crawler))"
74.7.242.34 - - [09/Sep/2026:07:08:52 -0500] "GET /?lokasie=/proc/6890/net//igmp&loknya=/proc/6890/net/ HTTP/1.1" 200 4254 "https://artesaniascolombianas.net.co/?loknya=/proc/6890/net/" "Mozilla/5.0 AppleWebKit/537.36 (KHTML, like Gecko; compatible; GPTBot/1.4; +https://openai.com/gptbot)"
2a03:2880:f802:13:: - - [09/Sep/2026:07:08:52 -0500] "GET /?i=3679859914 HTTP/1.1" 200 39909 "-" "Mozilla/5.0 (Macintosh; Intel Mac OS X 10_15_7) AppleWebKit/537.36 (KHTML, like Gecko) Chrome/145.0.0.0 Safari/537.36 (compatible; meta-externalagent/1.1 (+https://developers.facebook.com/docs/sharing/webmasters/crawler))"
74.7.241.13 - - [09/Sep/2026:07:08:52 -0500] "GET /?loknya=/sys/class/net/eth0/eth0/device/net/eth0/device/drivers/virtio_net/virtio0/net/eth0/ HTTP/1.1" 200 6254 "https://mail.artesaniascolombianas.net.co/?loknya=/sys/class/net/eth0/subsystem/eth0/device/net/eth0/device/subsystem/drivers/virtio_net/virtio0/net/eth0/subsystem" "Mozilla/5.0 AppleWebKit/537.36 (KHTML, like Gecko; compatible; GPTBot/1.4; +https://openai.com/gptbot)"
74.7.241.42 - - [09/Sep/2026:07:08:52 -0500] "GET /index.php?lokasie=/proc/20438/net//ptype&loknya=/proc/20438/net/ HTTP/1.1" 200 4195 "https://www.artesaniascolombianas.net.co/index.php?loknya=/proc/20438/net/" "Mozilla/5.0 AppleWebKit/537.36 (KHTML, like Gecko; compatible; GPTBot/1.4; +https://openai.com/gptbot)"
2a03:2880:f802:20:: - - [09/Sep/2026:07:08:52 -0500] "GET /?b=47659128052 HTTP/1.1" 200 39909 "-" "Mozilla/5.0 (Macintosh; Intel Mac OS X 10_15_7) AppleWebKit/537.36 (KHTML, like Gecko) Chrome/145.0.0.0 Safari/537.36 (compatible; meta-externalagent/1.1 (+https://developers.facebook.com/docs/sharing/webmasters/crawler))"
74.7.241.13 - - [09/Sep/2026:07:08:52 -0500] "GET /?loknya=/y/cla/net/eth0/ubytem/eth0/device/net/eth0/device/ubytem/device/virtio0/virtio0/ HTTP/1.1" 200 6186 "https://mail.artesaniascolombianas.net.co/?loknya=/y/cla/net/eth0/ubytem/eth0/device/net/eth0/device/ubytem/device/virtio0/virtio0/module/" "Mozilla/5.0 AppleWebKit/537.36 (KHTML, like Gecko; compatible; GPTBot/1.4; +https://openai.com/gptbot)"
74.7.242.34 - - [09/Sep/2026:07:08:52 -0500] "GET /?lokasie=/proc/4635/net//unix&loknya=/proc/4635/net/ HTTP/1.1" 200 22744 "https://artesaniascolombianas.net.co/?loknya=/proc/4635/net/" "Mozilla/5.0 AppleWebKit/537.36 (KHTML, like Gecko; compatible; GPTBot/1.4; +https://openai.com/gptbot)"
74.7.241.42 - - [09/Sep/2026:07:08:53 -0500] "GET /index.php?lokasie=/proc/24130/net//ptype&loknya=/proc/24130/net/ HTTP/1.1" 200 4195 "https://www.artesaniascolombianas.net.co/index.php?loknya=/proc/24130/net/" "Mozilla/5.0 AppleWebKit/537.36 (KHTML, like Gecko; compatible; GPTBot/1.4; +https://openai.com/gptbot)"
2a03:2880:f802:30:: - - [09/Sep/2026:07:08:53 -0500] "GET /?l=70939175904 HTTP/1.1" 200 39909 "-" "Mozilla/5.0 (Macintosh; Intel Mac OS X 10_15_7) AppleWebKit/537.36 (KHTML, like Gecko) Chrome/145.0.0.0 Safari/537.36 (compatible; meta-externalagent/1.1 (+https://developers.facebook.com/docs/sharing/webmasters/crawler))"
74.7.241.13 - - [09/Sep/2026:07:08:53 -0500] "GET /?loknya=/sys/class/net/eth0/subsystem/eth0/net/eth0/virtio0/subsystem/s/virtio0/net/eth0/ HTTP/1.1" 200 6253 "https://mail.artesaniascolombianas.net.co/?loknya=/sys/class/net/eth0/subsystem/eth0/device/net/eth0/device/virtio0/subsystem/devices/virtio0/net/eth0/device/" "Mozilla/5.0 AppleWebKit/537.36 (KHTML, like Gecko; compatible; GPTBot/1.4; +https://openai.com/gptbot)"
74.7.242.34 - - [09/Sep/2026:07:08:53 -0500] "GET /?lokasie=/proc/4635/net//igmp&loknya=/proc/4635/net/ HTTP/1.1" 200 4254 "https://artesaniascolombianas.net.co/?loknya=/proc/4635/net/" "Mozilla/5.0 AppleWebKit/537.36 (KHTML, like Gecko; compatible; GPTBot/1.4; +https://openai.com/gptbot)"
74.7.241.42 - - [09/Sep/2026:07:08:53 -0500] "GET /index.php?lokasie=/proc/18473/net//ptype&loknya=/proc/18473/net/ HTTP/1.1" 200 4195 "https://www.artesaniascolombianas.net.co/index.php?loknya=/proc/18473/net/" "Mozilla/5.0 AppleWebKit/537.36 (KHTML, like Gecko; compatible; GPTBot/1.4; +https://openai.com/gptbot)"
74.7.241.13 - - [09/Sep/2026:07:08:54 -0500] "GET /?loknya=/sys/class/net/eth0/subsystem/eth0/device/net/eth0/device/driver/virtio0/subsystem/drivers/virtio_scsi/virtio1/driver/virtio1/host2/scsi_host HTTP/1.1" 200 8773 "https://mail.artesaniascolombianas.net.co/?loknya=/sys/class/net/eth0/subsystem/eth0/device/net/eth0/device/driver/virtio0/subsystem/drivers/virtio_scsi/virtio1/driver/virtio1/host2" "Mozilla/5.0 AppleWebKit/537.36 (KHTML, like Gecko; compatible; GPTBot/1.4; +https://openai.com/gptbot)"
74.7.242.34 - - [09/Sep/2026:07:08:54 -0500] "GET /?lokasie=/proc/1451/net//wireless&loknya=/proc/1451/net/ HTTP/1.1" 200 4238 "https://artesaniascolombianas.net.co/?loknya=/proc/1451/net/" "Mozilla/5.0 AppleWebKit/537.36 (KHTML, like Gecko; compatible; GPTBot/1.4; +https://openai.com/gptbot)"
74.7.241.42 - - [09/Sep/2026:07:08:54 -0500] "GET /index.php?lokasie=/proc/23701/net//ptype&loknya=/proc/23701/net/ HTTP/1.1" 200 4195 "https://www.artesaniascolombianas.net.co/index.php?loknya=/proc/23701/net/" "Mozilla/5.0 AppleWebKit/537.36 (KHTML, like Gecko; compatible; GPTBot/1.4; +https://openai.com/gptbot)"
2a03:2880:f802:4b:: - - [09/Sep/2026:07:08:54 -0500] "GET /?i=36798262417 HTTP/1.1" 200 39909 "-" "Mozilla/5.0 (Macintosh; Intel Mac OS X 10_15_7) AppleWebKit/537.36 (KHTML, like Gecko) Chrome/145.0.0.0 Safari/537.36 (compatible; meta-externalagent/1.1 (+https://developers.facebook.com/docs/sharing/webmasters/crawler))"
74.7.242.34 - - [09/Sep/2026:07:08:54 -0500] "GET /?lokasie=/proc/1451/net//sockstat&loknya=/proc/1451/net/ HTTP/1.1" 200 4213 "https://artesaniascolombianas.net.co/?loknya=/proc/1451/net/" "Mozilla/5.0 AppleWebKit/537.36 (KHTML, like Gecko; compatible; GPTBot/1.4; +https://openai.com/gptbot)"
74.7.241.13 - - [09/Sep/2026:07:08:54 -0500] "GET /?loknya=/sys/class/net/eth0/subsystem/eth0/device/driver/virtio0/net/eth0/device/subsystem/drivers/virtio_scsi/virtio1/driver/virtio1/host2/scsi_host HTTP/1.1" 200 8786 "https://mail.artesaniascolombianas.net.co/?loknya=/sys/class/net/eth0/subsystem/eth0/device/driver/virtio0/net/eth0/device/subsystem/drivers/virtio_scsi/virtio1/driver/virtio1/host2" "Mozilla/5.0 AppleWebKit/537.36 (KHTML, like Gecko; compatible; GPTBot/1.4; +https://openai.com/gptbot)"
74.7.241.42 - - [09/Sep/2026:07:08:54 -0500] "GET /index.php?lokasie=/proc/30719/net/udp6&loknya=/proc/30719/net HTTP/1.1" 200 4925 "https://www.artesaniascolombianas.net.co/index.php?loknya=/proc/30719/net" "Mozilla/5.0 AppleWebKit/537.36 (KHTML, like Gecko; compatible; GPTBot/1.4; +https://openai.com/gptbot)"
74.7.242.34 - - [09/Sep/2026:07:08:54 -0500] "GET /?lokasie=/proc/22261/net/stat/rt_cache&loknya=/proc/22261/net/stat HTTP/1.1" 200 4961 "https://artesaniascolombianas.net.co/?loknya=/proc/22261/net/stat" "Mozilla/5.0 AppleWebKit/537.36 (KHTML, like Gecko; compatible; GPTBot/1.4; +https://openai.com/gptbot)"
74.7.241.13 - - [09/Sep/2026:07:08:55 -0500] "GET /?loknya=/sys/class/net/subsystem/device/subsystem/s/ HTTP/1.1" 200 5527 "https://mail.artesaniascolombianas.net.co/?loknya=/sys/class/net/subsystem/device/subsystem/s/virtio_net" "Mozilla/5.0 AppleWebKit/537.36 (KHTML, like Gecko; compatible; GPTBot/1.4; +https://openai.com/gptbot)"
2a03:2880:f802:1a:: - - [09/Sep/2026:07:08:55 -0500] "GET /?u=3977480036 HTTP/1.1" 200 39909 "-" "Mozilla/5.0 (Macintosh; Intel Mac OS X 10_15_7) AppleWebKit/537.36 (KHTML, like Gecko) Chrome/145.0.0.0 Safari/537.36 (compatible; meta-externalagent/1.1 (+https://developers.facebook.com/docs/sharing/webmasters/crawler))"
74.7.241.42 - - [09/Sep/2026:07:08:55 -0500] "GET /index.php?lokasie=/proc/18473/net/ip_tables_targets&loknya=/proc/18473/net HTTP/1.1" 200 4088 "https://www.artesaniascolombianas.net.co/index.php?loknya=/proc/18473/net" "Mozilla/5.0 AppleWebKit/537.36 (KHTML, like Gecko; compatible; GPTBot/1.4; +https://openai.com/gptbot)"
2a03:2880:f802:10:: - - [09/Sep/2026:07:08:55 -0500] "GET /?y=2594672163 HTTP/1.1" 200 39909 "-" "Mozilla/5.0 (Macintosh; Intel Mac OS X 10_15_7) AppleWebKit/537.36 (KHTML, like Gecko) Chrome/145.0.0.0 Safari/537.36 (compatible; meta-externalagent/1.1 (+https://developers.facebook.com/docs/sharing/webmasters/crawler))"
2a03:2880:f802:43:: - - [09/Sep/2026:07:08:55 -0500] "GET /?v=79451129943 HTTP/1.1" 200 39909 "-" "Mozilla/5.0 (Windows NT 10.0; Win64; x64) AppleWebKit/537.36 (KHTML, like Gecko) Chrome/145.0.0.0 Safari/537.36 (compatible; meta-externalagent/1.1 (+https://developers.facebook.com/docs/sharing/webmasters/crawler))"
74.7.242.34 - - [09/Sep/2026:07:08:55 -0500] "GET /?lokasie=/proc/11180/net/stat/rt_cache&loknya=/proc/11180/net/stat HTTP/1.1" 200 4961 "https://artesaniascolombianas.net.co/?loknya=/proc/11180/net/stat" "Mozilla/5.0 AppleWebKit/537.36 (KHTML, like Gecko; compatible; GPTBot/1.4; +https://openai.com/gptbot)"
74.7.241.13 - - [09/Sep/2026:07:08:55 -0500] "GET /?loknya=/sys/class/net//device/drivers/virtio_net/virtio0/net/device/net// HTTP/1.1" 200 5859 "https://mail.artesaniascolombianas.net.co/?loknya=/sys/class/net/eth0/eth0/device/drivers/virtio_net/virtio0/net/eth0/device/net/eth0//" "Mozilla/5.0 AppleWebKit/537.36 (KHTML, like Gecko; compatible; GPTBot/1.4; +https://openai.com/gptbot)"
2a03:2880:f802:4b:: - - [09/Sep/2026:07:08:55 -0500] "GET /?y=2594638984 HTTP/1.1" 200 39909 "-" "Mozilla/5.0 (Windows NT 10.0; Win64; x64) AppleWebKit/537.36 (KHTML, like Gecko) Chrome/145.0.0.0 Safari/537.36 (compatible; meta-externalagent/1.1 (+https://developers.facebook.com/docs/sharing/webmasters/crawler))"
74.7.241.42 - - [09/Sep/2026:07:08:55 -0500] "GET /index.php?lokasie=/proc/23701/net/ip_tables_matches&loknya=/proc/23701/net HTTP/1.1" 200 4088 "https://www.artesaniascolombianas.net.co/index.php?loknya=/proc/23701/net" "Mozilla/5.0 AppleWebKit/537.36 (KHTML, like Gecko; compatible; GPTBot/1.4; +https://openai.com/gptbot)"
74.7.242.34 - - [09/Sep/2026:07:08:55 -0500] "GET /?lokasie=/proc/11180/net/stat/arp_cache&loknya=/proc/11180/net/stat HTTP/1.1" 200 4737 "https://artesaniascolombianas.net.co/?loknya=/proc/11180/net/stat" "Mozilla/5.0 AppleWebKit/537.36 (KHTML, like Gecko; compatible; GPTBot/1.4; +https://openai.com/gptbot)"
74.7.241.13 - - [09/Sep/2026:07:08:56 -0500] "GET /?loknya=/sys/class/net//device/net/device/drivers/virtio_net/virtio0/net// HTTP/1.1" 200 5838 "https://mail.artesaniascolombianas.net.co/?loknya=/sys/class/net/eth0/eth0/device/net/eth0/device/drivers/virtio_net/virtio0/net/eth0//" "Mozilla/5.0 AppleWebKit/537.36 (KHTML, like Gecko; compatible; GPTBot/1.4; +https://openai.com/gptbot)"
74.7.241.42 - - [09/Sep/2026:07:08:56 -0500] "GET /index.php?lokasie=/proc/24096/net/ip_tables_targets&loknya=/proc/24096/net HTTP/1.1" 200 4088 "https://www.artesaniascolombianas.net.co/index.php?loknya=/proc/24096/net" "Mozilla/5.0 AppleWebKit/537.36 (KHTML, like Gecko; compatible; GPTBot/1.4; +https://openai.com/gptbot)"
2a03:2880:f802:43:: - - [09/Sep/2026:07:08:56 -0500] "GET /?y=259463790 HTTP/1.1" 200 39909 "-" "Mozilla/5.0 (Macintosh; Intel Mac OS X 10.15; rv:147.0) Gecko/20100101 Firefox/147.0 (compatible; meta-externalagent/1.1 (+https://developers.facebook.com/docs/sharing/webmasters/crawler))"
2a03:2880:f802:18:: - - [09/Sep/2026:07:08:56 -0500] "GET /?b=476594006 HTTP/1.1" 200 39909 "-" "Mozilla/5.0 (Windows NT 10.0; Win64; x64) AppleWebKit/537.36 (KHTML, like Gecko) Chrome/145.0.0.0 Safari/537.36 (compatible; meta-externalagent/1.1 (+https://developers.facebook.com/docs/sharing/webmasters/crawler))"
2a03:2880:f802:21:: - - [09/Sep/2026:07:08:56 -0500] "GET /?y=25946184661 HTTP/1.1" 200 39909 "-" "Mozilla/5.0 (Windows NT 10.0; Win64; x64) AppleWebKit/537.36 (KHTML, like Gecko) Chrome/145.0.0.0 Safari/537.36 (compatible; meta-externalagent/1.1 (+https://developers.facebook.com/docs/sharing/webmasters/crawler))"
74.7.241.13 - - [09/Sep/2026:07:08:56 -0500] "GET /?loknya=/sys/class/net/eth0/eth0/device/net/eth0/device/drivers/virtio_net/virtio0/net HTTP/1.1" 200 6130 "https://mail.artesaniascolombianas.net.co/?loknya=/sys/class/net/eth0/eth0/device/net/eth0/device/drivers/virtio_net/virtio0/net/eth0//" "Mozilla/5.0 AppleWebKit/537.36 (KHTML, like Gecko; compatible; GPTBot/1.4; +https://openai.com/gptbot)"
74.7.242.34 - - [09/Sep/2026:07:08:56 -0500] "GET /?lokasie=/proc/24333/net/stat/rt_cache&loknya=/proc/24333/net/stat HTTP/1.1" 200 4961 "https://artesaniascolombianas.net.co/?loknya=/proc/24333/net/stat" "Mozilla/5.0 AppleWebKit/537.36 (KHTML, like Gecko; compatible; GPTBot/1.4; +https://openai.com/gptbot)"
2a03:2880:f802:33:: - - [09/Sep/2026:07:08:56 -0500] "GET /?u=3977491818 HTTP/1.1" 200 39909 "-" "Mozilla/5.0 (Macintosh; Intel Mac OS X 10_15_7) AppleWebKit/537.36 (KHTML, like Gecko) Chrome/145.0.0.0 Safari/537.36 (compatible; meta-externalagent/1.1 (+https://developers.facebook.com/docs/sharing/webmasters/crawler))"
74.7.241.42 - - [09/Sep/2026:07:08:56 -0500] "GET /index.php?lokasie=/proc/23701/net/ip_tables_targets&loknya=/proc/23701/net HTTP/1.1" 200 4088 "https://www.artesaniascolombianas.net.co/index.php?loknya=/proc/23701/net" "Mozilla/5.0 AppleWebKit/537.36 (KHTML, like Gecko; compatible; GPTBot/1.4; +https://openai.com/gptbot)"
2a03:2880:f802:e:: - - [09/Sep/2026:07:08:56 -0500] "GET /?x=78855174160 HTTP/1.1" 200 39908 "-" "Mozilla/5.0 (Windows NT 10.0; Win64; x64) AppleWebKit/537.36 (KHTML, like Gecko) Chrome/145.0.0.0 Safari/537.36 Edg/145.0.0.0 (compatible; meta-externalagent/1.1 (+https://developers.facebook.com/docs/sharing/webmasters/crawler))"
74.7.242.34 - - [09/Sep/2026:07:08:56 -0500] "GET /?lokasie=/proc/22261/net/stat/arp_cache&loknya=/proc/22261/net/stat HTTP/1.1" 200 4737 "https://artesaniascolombianas.net.co/?loknya=/proc/22261/net/stat" "Mozilla/5.0 AppleWebKit/537.36 (KHTML, like Gecko; compatible; GPTBot/1.4; +https://openai.com/gptbot)"
74.7.241.13 - - [09/Sep/2026:07:08:57 -0500] "GET /?loknya=/sys/class/net/eth0/eth0/device/net/eth0/device/drivers/virtio_net/virtio0/net/eth0 HTTP/1.1" 200 6252 "https://mail.artesaniascolombianas.net.co/?loknya=/sys/class/net/eth0/eth0/device/net/eth0/device/drivers/virtio_net/virtio0/net/eth0//" "Mozilla/5.0 AppleWebKit/537.36 (KHTML, like Gecko; compatible; GPTBot/1.4; +https://openai.com/gptbot)"
74.7.241.42 - - [09/Sep/2026:07:08:57 -0500] "GET /index.php?lokasie=/proc/24130/net/ip_tables_targets&loknya=/proc/24130/net HTTP/1.1" 200 4088 "https://www.artesaniascolombianas.net.co/index.php?loknya=/proc/24130/net" "Mozilla/5.0 AppleWebKit/537.36 (KHTML, like Gecko; compatible; GPTBot/1.4; +https://openai.com/gptbot)"
74.7.242.34 - - [09/Sep/2026:07:08:57 -0500] "GET /?lokasie=/proc/24333/net/stat/arp_cache&loknya=/proc/24333/net/stat HTTP/1.1" 200 4737 "https://artesaniascolombianas.net.co/?loknya=/proc/24333/net/stat" "Mozilla/5.0 AppleWebKit/537.36 (KHTML, like Gecko; compatible; GPTBot/1.4; +https://openai.com/gptbot)"
74.7.241.13 - - [09/Sep/2026:07:08:57 -0500] "GET /?loknya=/sys/class/net/eth0/eth0/device/net/eth0/device/s/virtio:virtio_net/virtio0/virtio0 HTTP/1.1" 200 6150 "https://mail.artesaniascolombianas.net.co/?loknya=/sys/class/net/eth0/eth0/device/net/eth0/device/s/virtio:virtio_net/virtio0/virtio0/" "Mozilla/5.0 AppleWebKit/537.36 (KHTML, like Gecko; compatible; GPTBot/1.4; +https://openai.com/gptbot)"
74.7.241.42 - - [09/Sep/2026:07:08:57 -0500] "GET /index.php?lokasie=/proc/20438/net/ip_tables_matches&loknya=/proc/20438/net HTTP/1.1" 200 4088 "https://www.artesaniascolombianas.net.co/index.php?loknya=/proc/20438/net" "Mozilla/5.0 AppleWebKit/537.36 (KHTML, like Gecko; compatible; GPTBot/1.4; +https://openai.com/gptbot)"
103.157.223.56 - - [09/Sep/2026:07:08:57 -0500] "POST /xmlrpc.php HTTP/1.1" 200 39905 "-" "Jetpack/12.5; WordPress/6.3; http://site89890561.com"
2a03:2880:f802:15:: - - [09/Sep/2026:07:08:57 -0500] "GET /?v=85873159882 HTTP/1.1" 200 39909 "-" "Mozilla/5.0 (Windows NT 10.0; Win64; x64) AppleWebKit/537.36 (KHTML, like Gecko) Chrome/145.0.0.0 Safari/537.36 Edg/145.0.0.0 (compatible; meta-externalagent/1.1 (+https://developers.facebook.com/docs/sharing/webmasters/crawler))"
74.7.241.13 - - [09/Sep/2026:07:08:57 -0500] "GET /?loknya=/sys/class/net//device/net/device/drivers/virtio_net/virtio0/net/ HTTP/1.1" 200 5835 "https://mail.artesaniascolombianas.net.co/?loknya=/sys/class/net/eth0/eth0/device/net/eth0/device/drivers/virtio_net/virtio0/net/eth0/" "Mozilla/5.0 AppleWebKit/537.36 (KHTML, like Gecko; compatible; GPTBot/1.4; +https://openai.com/gptbot)"
74.7.242.34 - - [09/Sep/2026:07:08:57 -0500] "GET /?lokasie=/proc/6890/net//raw&loknya=/proc/6890/net/ HTTP/1.1" 200 4189 "https://artesaniascolombianas.net.co/?loknya=/proc/6890/net/" "Mozilla/5.0 AppleWebKit/537.36 (KHTML, like Gecko; compatible; GPTBot/1.4; +https://openai.com/gptbot)"
74.7.241.42 - - [09/Sep/2026:07:08:58 -0500] "GET /index.php?lokasie=/proc/24096/net/ip_tables_matches&loknya=/proc/24096/net HTTP/1.1" 200 4088 "https://www.artesaniascolombianas.net.co/index.php?loknya=/proc/24096/net" "Mozilla/5.0 AppleWebKit/537.36 (KHTML, like Gecko; compatible; GPTBot/1.4; +https://openai.com/gptbot)"
74.7.241.13 - - [09/Sep/2026:07:08:58 -0500] "GET /?lokasie=/sys/class/net/eth0/subsystem/eth0/device/net/eth0/device/subsystem/drivers/virtio_net/module/notes/.note.gnu.build-id&loknya=/sys/class/net/eth0/subsystem/eth0/device/net/eth0/device/subsystem/drivers/virtio_net/module/notes HTTP/1.1" 200 5227 "https://mail.artesaniascolombianas.net.co/?loknya=/sys/class/net/eth0/subsystem/eth0/device/net/eth0/device/subsystem/drivers/virtio_net/module/notes" "Mozilla/5.0 AppleWebKit/537.36 (KHTML, like Gecko; compatible; GPTBot/1.4; +https://openai.com/gptbot)"
74.7.242.34 - - [09/Sep/2026:07:08:58 -0500] "GET /?lokasie=/proc/4635/net//raw&loknya=/proc/4635/net/ HTTP/1.1" 200 4189 "https://artesaniascolombianas.net.co/?loknya=/proc/4635/net/" "Mozilla/5.0 AppleWebKit/537.36 (KHTML, like Gecko; compatible; GPTBot/1.4; +https://openai.com/gptbot)"
2a03:2880:f802:11:: - - [09/Sep/2026:07:08:58 -0500] "GET /?y=2594685407 HTTP/1.1" 200 39909 "-" "Mozilla/5.0 (Macintosh; Intel Mac OS X 10_15_7) AppleWebKit/537.36 (KHTML, like Gecko) Chrome/145.0.0.0 Safari/537.36 (compatible; meta-externalagent/1.1 (+https://developers.facebook.com/docs/sharing/webmasters/crawler))"
2a03:2880:f802:8:: - - [09/Sep/2026:07:08:58 -0500] "GET /?y=25946232244 HTTP/1.1" 200 39908 "-" "Mozilla/5.0 (Macintosh; Intel Mac OS X 10_15_7) AppleWebKit/537.36 (KHTML, like Gecko) Chrome/145.0.0.0 Safari/537.36 (compatible; meta-externalagent/1.1 (+https://developers.facebook.com/docs/sharing/webmasters/crawler))"
74.7.241.42 - - [09/Sep/2026:07:08:58 -0500] "GET /index.php?lokasie=/proc/24130/net/ip_tables_matches&loknya=/proc/24130/net HTTP/1.1" 200 4088 "https://www.artesaniascolombianas.net.co/index.php?loknya=/proc/24130/net" "Mozilla/5.0 AppleWebKit/537.36 (KHTML, like Gecko; compatible; GPTBot/1.4; +https://openai.com/gptbot)"
74.7.241.13 - - [09/Sep/2026:07:08:58 -0500] "GET /?loknya=/sys/class/net/eth0/subsystem/eth0/net/eth0/virtio0/subsystem/s HTTP/1.1" 200 5896 "https://mail.artesaniascolombianas.net.co/?loknya=/sys/class/net/eth0/subsystem/eth0/net/eth0/virtio0/subsystem/s/virtio0/net/eth0/" "Mozilla/5.0 AppleWebKit/537.36 (KHTML, like Gecko; compatible; GPTBot/1.4; +https://openai.com/gptbot)"
74.7.242.34 - - [09/Sep/2026:07:08:59 -0500] "GET /?lokasie=/proc/1451/net//udp&loknya=/proc/1451/net/ HTTP/1.1" 200 7658 "https://artesaniascolombianas.net.co/?loknya=/proc/1451/net/" "Mozilla/5.0 AppleWebKit/537.36 (KHTML, like Gecko; compatible; GPTBot/1.4; +https://openai.com/gptbot)"
74.7.241.42 - - [09/Sep/2026:07:08:59 -0500] "GET /index.php?lokasie=/proc/30719/net/ip_tables_targets&loknya=/proc/30719/net HTTP/1.1" 200 4088 "https://www.artesaniascolombianas.net.co/index.php?loknya=/proc/30719/net" "Mozilla/5.0 AppleWebKit/537.36 (KHTML, like Gecko; compatible; GPTBot/1.4; +https://openai.com/gptbot)"
74.7.242.34 - - [09/Sep/2026:07:08:59 -0500] "GET /?loknya=/proc/1568/net/ HTTP/1.1" 200 81184 "https://artesaniascolombianas.net.co/?loknya=/proc/1568/net/rpc" "Mozilla/5.0 AppleWebKit/537.36 (KHTML, like Gecko; compatible; GPTBot/1.4; +https://openai.com/gptbot)"
74.7.241.13 - - [09/Sep/2026:07:08:59 -0500] "GET /?loknya=/sys/class/net/subsystem/net/virtio0/subsystem/s/virtio0/net/ HTTP/1.1" 200 5823 "https://mail.artesaniascolombianas.net.co/?loknya=/sys/class/net/eth0/subsystem/eth0/net/eth0/virtio0/subsystem/s/virtio0/net/eth0/" "Mozilla/5.0 AppleWebKit/537.36 (KHTML, like Gecko; compatible; GPTBot/1.4; +https://openai.com/gptbot)"
2a03:2880:f802:e:: - - [09/Sep/2026:07:08:59 -0500] "GET /?u=397742116 HTTP/1.1" 200 39908 "-" "Mozilla/5.0 (Windows NT 10.0; Win64; x64) AppleWebKit/537.36 (KHTML, like Gecko) Chrome/145.0.0.0 Safari/537.36 (compatible; meta-externalagent/1.1 (+https://developers.facebook.com/docs/sharing/webmasters/crawler))"
74.7.241.42 - - [09/Sep/2026:07:08:59 -0500] "GET /index.php?lokasie=/proc/20438/net/ip_tables_targets&loknya=/proc/20438/net HTTP/1.1" 200 4088 "https://www.artesaniascolombianas.net.co/index.php?loknya=/proc/20438/net" "Mozilla/5.0 AppleWebKit/537.36 (KHTML, like Gecko; compatible; GPTBot/1.4; +https://openai.com/gptbot)"
74.7.241.13 - - [09/Sep/2026:07:09:00 -0500] "GET /?loknya=/sys/class/net/eth0/subsystem/eth0/net/eth0/virtio0/subsystem/s/virtio0 HTTP/1.1" 200 6018 "https://mail.artesaniascolombianas.net.co/?loknya=/sys/class/net/eth0/subsystem/eth0/net/eth0/virtio0/subsystem/s/virtio0/net/eth0/" "Mozilla/5.0 AppleWebKit/537.36 (KHTML, like Gecko; compatible; GPTBot/1.4; +https://openai.com/gptbot)"
74.7.242.34 - - [09/Sep/2026:07:09:00 -0500] "GET /?lokasie=/proc/1451/net//nf_conntrack&loknya=/proc/1451/net/ HTTP/1.1" 200 4080 "https://artesaniascolombianas.net.co/?loknya=/proc/1451/net/" "Mozilla/5.0 AppleWebKit/537.36 (KHTML, like Gecko; compatible; GPTBot/1.4; +https://openai.com/gptbot)"
74.7.241.42 - - [09/Sep/2026:07:09:00 -0500] "GET /index.php?lokasie=/proc/10637/net/ip_tables_matches&loknya=/proc/10637/net HTTP/1.1" 200 4088 "https://www.artesaniascolombianas.net.co/index.php?loknya=/proc/10637/net" "Mozilla/5.0 AppleWebKit/537.36 (KHTML, like Gecko; compatible; GPTBot/1.4; +https://openai.com/gptbot)"
2a03:2880:f802:33:: - - [09/Sep/2026:07:09:00 -0500] "GET /?u=39774269384 HTTP/1.1" 200 39909 "-" "Mozilla/5.0 (Windows NT 10.0; Win64; x64) AppleWebKit/537.36 (KHTML, like Gecko) Chrome/145.0.0.0 Safari/537.36 (compatible; meta-externalagent/1.1 (+https://developers.facebook.com/docs/sharing/webmasters/crawler))"
2a03:2880:f802:12:: - - [09/Sep/2026:07:09:00 -0500] "GET /?x=78855130164 HTTP/1.1" 200 39909 "-" "Mozilla/5.0 (Windows NT 10.0; Win64; x64) AppleWebKit/537.36 (KHTML, like Gecko) Chrome/145.0.0.0 Safari/537.36 (compatible; meta-externalagent/1.1 (+https://developers.facebook.com/docs/sharing/webmasters/crawler))"
74.7.242.34 - - [09/Sep/2026:07:09:00 -0500] "GET /?lokasie=/proc/1451/net//softnet_stat&loknya=/proc/1451/net/ HTTP/1.1" 200 4440 "https://artesaniascolombianas.net.co/?loknya=/proc/1451/net/" "Mozilla/5.0 AppleWebKit/537.36 (KHTML, like Gecko; compatible; GPTBot/1.4; +https://openai.com/gptbot)"
74.7.241.13 - - [09/Sep/2026:07:09:00 -0500] "GET /?loknya=/sys/class/net/eth0/subsystem/eth0/device/driver/virtio0/net/eth0/device/subsystem/drivers/virtio_scsi/virtio1/driver/virtio1/host2/ HTTP/1.1" 200 14498 "https://mail.artesaniascolombianas.net.co/?loknya=/sys/class/net/eth0/subsystem/eth0/device/driver/virtio0/net/eth0/device/subsystem/drivers/virtio_scsi/virtio1/driver/virtio1/host2/scsi_host" "Mozilla/5.0 AppleWebKit/537.36 (KHTML, like Gecko; compatible; GPTBot/1.4; +https://openai.com/gptbot)"
2a03:2880:f802:d:: - - [09/Sep/2026:07:09:00 -0500] "GET /?v=7945115343 HTTP/1.1" 200 39908 "-" "Mozilla/5.0 (Windows NT 10.0; Win64; x64) AppleWebKit/537.36 (KHTML, like Gecko) Chrome/145.0.0.0 Safari/537.36 (compatible; meta-externalagent/1.1 (+https://developers.facebook.com/docs/sharing/webmasters/crawler))"
74.7.241.42 - - [09/Sep/2026:07:09:00 -0500] "GET /index.php?lokasie=/proc/30719/net/ip_tables_matches&loknya=/proc/30719/net HTTP/1.1" 200 4088 "https://www.artesaniascolombianas.net.co/index.php?loknya=/proc/30719/net" "Mozilla/5.0 AppleWebKit/537.36 (KHTML, like Gecko; compatible; GPTBot/1.4; +https://openai.com/gptbot)"
74.7.242.34 - - [09/Sep/2026:07:09:00 -0500] "GET /?lokasie=/proc/6890/net//if_inet6&loknya=/proc/6890/net/ HTTP/1.1" 200 4184 "https://artesaniascolombianas.net.co/?loknya=/proc/6890/net/" "Mozilla/5.0 AppleWebKit/537.36 (KHTML, like Gecko; compatible; GPTBot/1.4; +https://openai.com/gptbot)"
74.7.241.13 - - [09/Sep/2026:07:09:01 -0500] "GET /?loknya=/sys/class/net/eth0/subsystem/eth0/device/net/eth0/device/driver/virtio0/subsystem/drivers/virtio_scsi/virtio1/driver/virtio1/host2/ HTTP/1.1" 200 14485 "https://mail.artesaniascolombianas.net.co/?loknya=/sys/class/net/eth0/subsystem/eth0/device/net/eth0/device/driver/virtio0/subsystem/drivers/virtio_scsi/virtio1/driver/virtio1/host2/scsi_host" "Mozilla/5.0 AppleWebKit/537.36 (KHTML, like Gecko; compatible; GPTBot/1.4; +https://openai.com/gptbot)"
2a03:2880:f802:3f:: - - [09/Sep/2026:07:09:01 -0500] "GET /?f=65213273836 HTTP/1.1" 200 39909 "-" "Mozilla/5.0 (Windows NT 10.0; Win64; x64) AppleWebKit/537.36 (KHTML, like Gecko) Chrome/145.0.0.0 Safari/537.36 (compatible; meta-externalagent/1.1 (+https://developers.facebook.com/docs/sharing/webmasters/crawler))"
2a03:2880:f802:e:: - - [09/Sep/2026:07:09:01 -0500] "GET /?u=39774252074 HTTP/1.1" 200 39908 "-" "Mozilla/5.0 (Windows NT 10.0; Win64; x64) AppleWebKit/537.36 (KHTML, like Gecko) Chrome/145.0.0.0 Safari/537.36 (compatible; meta-externalagent/1.1 (+https://developers.facebook.com/docs/sharing/webmasters/crawler))"
74.7.241.42 - - [09/Sep/2026:07:09:01 -0500] "GET /index.php?lokasie=/proc/18473/net/ip_tables_matches&loknya=/proc/18473/net HTTP/1.1" 200 4088 "https://www.artesaniascolombianas.net.co/index.php?loknya=/proc/18473/net" "Mozilla/5.0 AppleWebKit/537.36 (KHTML, like Gecko; compatible; GPTBot/1.4; +https://openai.com/gptbot)"
74.7.242.34 - - [09/Sep/2026:07:09:01 -0500] "GET /?lokasie=/proc/1451/net//if_inet6&loknya=/proc/1451/net/ HTTP/1.1" 200 4184 "https://artesaniascolombianas.net.co/?loknya=/proc/1451/net/" "Mozilla/5.0 AppleWebKit/537.36 (KHTML, like Gecko; compatible; GPTBot/1.4; +https://openai.com/gptbot)"
74.7.241.13 - - [09/Sep/2026:07:09:01 -0500] "GET /?loknya=/sys/class/net//device/net/device/drivers/virtio_net/virtio0/net HTTP/1.1" 200 5833 "https://mail.artesaniascolombianas.net.co/?loknya=/sys/class/net//device/net/device/drivers/virtio_net/virtio0/net//" "Mozilla/5.0 AppleWebKit/537.36 (KHTML, like Gecko; compatible; GPTBot/1.4; +https://openai.com/gptbot)"
74.7.241.42 - - [09/Sep/2026:07:09:01 -0500] "GET /index.php?lokasie=/proc/10637/net/ip_tables_targets&loknya=/proc/10637/net HTTP/1.1" 200 4088 "https://www.artesaniascolombianas.net.co/index.php?loknya=/proc/10637/net" "Mozilla/5.0 AppleWebKit/537.36 (KHTML, like Gecko; compatible; GPTBot/1.4; +https://openai.com/gptbot)"
74.7.242.34 - - [09/Sep/2026:07:09:01 -0500] "GET /?lokasie=/proc/4635/net//if_inet6&loknya=/proc/4635/net/ HTTP/1.1" 200 4184 "https://artesaniascolombianas.net.co/?loknya=/proc/4635/net/" "Mozilla/5.0 AppleWebKit/537.36 (KHTML, like Gecko; compatible; GPTBot/1.4; +https://openai.com/gptbot)"
74.7.241.13 - - [09/Sep/2026:07:09:02 -0500] "GET /?loknya=/sys/class/net//device/net/device/drivers/virtio_net/virtio0 HTTP/1.1" 200 5736 "https://mail.artesaniascolombianas.net.co/?loknya=/sys/class/net//device/net/device/drivers/virtio_net/virtio0/net//" "Mozilla/5.0 AppleWebKit/537.36 (KHTML, like Gecko; compatible; GPTBot/1.4; +https://openai.com/gptbot)"
2a03:2880:f802:e:: - - [09/Sep/2026:07:09:02 -0500] "GET /?i=36798197536 HTTP/1.1" 200 39908 "-" "Mozilla/5.0 (Macintosh; Intel Mac OS X 10_15_7) AppleWebKit/537.36 (KHTML, like Gecko) Chrome/145.0.0.0 Safari/537.36 (compatible; meta-externalagent/1.1 (+https://developers.facebook.com/docs/sharing/webmasters/crawler))"
2a03:2880:f802:8:: - - [09/Sep/2026:07:09:02 -0500] "GET /?i=36798220293 HTTP/1.1" 200 39908 "-" "Mozilla/5.0 (Windows NT 10.0; Win64; x64) AppleWebKit/537.36 (KHTML, like Gecko) Chrome/145.0.0.0 Safari/537.36 (compatible; meta-externalagent/1.1 (+https://developers.facebook.com/docs/sharing/webmasters/crawler))"
74.7.241.42 - - [09/Sep/2026:07:09:02 -0500] "GET /index.php?lokasie=/proc/30719/net//anycast6&loknya=/proc/30719/net/ HTTP/1.1" 200 4080 "https://www.artesaniascolombianas.net.co/index.php?loknya=/proc/30719/net/" "Mozilla/5.0 AppleWebKit/537.36 (KHTML, like Gecko; compatible; GPTBot/1.4; +https://openai.com/gptbot)"
2a03:2880:f802:2e:: - - [09/Sep/2026:07:09:02 -0500] "GET /?l=70939162943 HTTP/1.1" 200 39909 "-" "Mozilla/5.0 (Windows NT 10.0; Win64; x64) AppleWebKit/537.36 (KHTML, like Gecko) Chrome/145.0.0.0 Safari/537.36 (compatible; meta-externalagent/1.1 (+https://developers.facebook.com/docs/sharing/webmasters/crawler))"
74.7.241.13 - - [09/Sep/2026:07:09:02 -0500] "GET /?loknya=/sys/class/net//device/net/device/drivers HTTP/1.1" 200 5502 "https://mail.artesaniascolombianas.net.co/?loknya=/sys/class/net//device/net/device/drivers/virtio_net/virtio0/net//" "Mozilla/5.0 AppleWebKit/537.36 (KHTML, like Gecko; compatible; GPTBot/1.4; +https://openai.com/gptbot)"
74.7.242.34 - - [09/Sep/2026:07:09:02 -0500] "GET /?loknya=/proc/1535/net/ HTTP/1.1" 200 81184 "https://artesaniascolombianas.net.co/?loknya=/proc/1535/net/rpc" "Mozilla/5.0 AppleWebKit/537.36 (KHTML, like Gecko; compatible; GPTBot/1.4; +https://openai.com/gptbot)"
2a03:2880:f802:1:: - - [09/Sep/2026:07:09:02 -0500] "GET /?i=3679873680 HTTP/1.1" 200 39908 "-" "Mozilla/5.0 (X11; Linux x86_64) AppleWebKit/537.36 (KHTML, like Gecko) Chrome/145.0.0.0 Safari/537.36 (compatible; meta-externalagent/1.1 (+https://developers.facebook.com/docs/sharing/webmasters/crawler))"
74.7.241.42 - - [09/Sep/2026:07:09:02 -0500] "GET /index.php?loknya=/proc/23714/net HTTP/1.1" 200 81199 "https://www.artesaniascolombianas.net.co/index.php?loknya=/proc/23714" "Mozilla/5.0 AppleWebKit/537.36 (KHTML, like Gecko; compatible; GPTBot/1.4; +https://openai.com/gptbot)"
2a03:2880:f802:6:: - - [09/Sep/2026:07:09:03 -0500] "GET /?l=70939189515 HTTP/1.1" 200 39908 "-" "Mozilla/5.0 (Windows NT 10.0; Win64; x64) AppleWebKit/537.36 (KHTML, like Gecko) Chrome/145.0.0.0 Safari/537.36 (compatible; meta-externalagent/1.1 (+https://developers.facebook.com/docs/sharing/webmasters/crawler))"
74.7.241.13 - - [09/Sep/2026:07:09:03 -0500] "GET /?loknya=/sys/class/net//device/net/device/drivers/virtio_net HTTP/1.1" 200 5618 "https://mail.artesaniascolombianas.net.co/?loknya=/sys/class/net//device/net/device/drivers/virtio_net/virtio0/net//" "Mozilla/5.0 AppleWebKit/537.36 (KHTML, like Gecko; compatible; GPTBot/1.4; +https://openai.com/gptbot)"
74.7.242.34 - - [09/Sep/2026:07:09:03 -0500] "GET /?lokasie=/proc/1451/net//ip_tables_targets&loknya=/proc/1451/net/ HTTP/1.1" 200 4085 "https://artesaniascolombianas.net.co/?loknya=/proc/1451/net/" "Mozilla/5.0 AppleWebKit/537.36 (KHTML, like Gecko; compatible; GPTBot/1.4; +https://openai.com/gptbot)"
74.7.241.42 - - [09/Sep/2026:07:09:03 -0500] "GET /index.php?loknya=/proc/30847/net HTTP/1.1" 200 81195 "https://www.artesaniascolombianas.net.co/index.php?loknya=/proc/30847" "Mozilla/5.0 AppleWebKit/537.36 (KHTML, like Gecko; compatible; GPTBot/1.4; +https://openai.com/gptbot)"
74.7.241.13 - - [09/Sep/2026:07:09:03 -0500] "GET /?loknya=/sys/class/net/eth0/subsystem/eth0/net/eth0/virtio0/subsystem/s/virtio0/net HTTP/1.1" 200 6136 "https://mail.artesaniascolombianas.net.co/?loknya=/sys/class/net/eth0/subsystem/eth0/net/eth0/virtio0/subsystem/s/virtio0/net/eth0/" "Mozilla/5.0 AppleWebKit/537.36 (KHTML, like Gecko; compatible; GPTBot/1.4; +https://openai.com/gptbot)"
74.7.242.34 - - [09/Sep/2026:07:09:03 -0500] "GET /?lokasie=/proc/6890/net//snmp&loknya=/proc/6890/net/ HTTP/1.1" 200 5443 "https://artesaniascolombianas.net.co/?loknya=/proc/6890/net/" "Mozilla/5.0 AppleWebKit/537.36 (KHTML, like Gecko; compatible; GPTBot/1.4; +https://openai.com/gptbot)"
2a03:2880:f802:a:: - - [09/Sep/2026:07:09:03 -0500] "GET /?v=7945152310 HTTP/1.1" 200 39908 "-" "Mozilla/5.0 (Macintosh; Intel Mac OS X 10_15_7) AppleWebKit/537.36 (KHTML, like Gecko) Chrome/145.0.0.0 Safari/537.36 (compatible; meta-externalagent/1.1 (+https://developers.facebook.com/docs/sharing/webmasters/crawler))"
74.7.241.42 - - [09/Sep/2026:07:09:03 -0500] "GET /index.php?loknya=/proc/30972/net HTTP/1.1" 200 81195 "https://www.artesaniascolombianas.net.co/index.php?loknya=/proc/30972" "Mozilla/5.0 AppleWebKit/537.36 (KHTML, like Gecko; compatible; GPTBot/1.4; +https://openai.com/gptbot)"
