74.7.241.13 - - [09/Sep/2026:07:10:20 -0500] "GET /?loknya=/sys/class/device/driver/module/drivers/virtio:virtio_/virtio0 HTTP/1.1" 200 5702 "https://mail.artesaniascolombianas.net.co/?loknya=/sys/class/device/driver/module/drivers/virtio:virtio_/virtio0/device/" "Mozilla/5.0 AppleWebKit/537.36 (KHTML, like Gecko; compatible; GPTBot/1.4; +https://openai.com/gptbot)"
74.7.242.34 - - [09/Sep/2026:07:10:20 -0500] "GET /?lokasie=/proc/6890/net//ip6_mr_vif&loknya=/proc/6890/net/ HTTP/1.1" 200 4133 "https://artesaniascolombianas.net.co/?loknya=/proc/6890/net/" "Mozilla/5.0 AppleWebKit/537.36 (KHTML, like Gecko; compatible; GPTBot/1.4; +https://openai.com/gptbot)"
2a03:2880:f802:5:: - - [09/Sep/2026:07:10:20 -0500] "GET /?f=6521398996 HTTP/1.1" 200 39908 "-" "Mozilla/5.0 (Windows NT 10.0; Win64; x64) AppleWebKit/537.36 (KHTML, like Gecko) Chrome/145.0.0.0 Safari/537.36 (compatible; meta-externalagent/1.1 (+https://developers.facebook.com/docs/sharing/webmasters/crawler))"
74.7.241.42 - - [09/Sep/2026:07:10:20 -0500] "GET /index.php?lokasie=/proc/23714/net/dev&loknya=/proc/23714/net HTTP/1.1" 200 4547 "https://www.artesaniascolombianas.net.co/index.php?loknya=/proc/23714/net" "Mozilla/5.0 AppleWebKit/537.36 (KHTML, like Gecko; compatible; GPTBot/1.4; +https://openai.com/gptbot)"
74.7.242.34 - - [09/Sep/2026:07:10:20 -0500] "GET /?lokasie=/proc/1535/net//ip6_tables_targets&loknya=/proc/1535/net/ HTTP/1.1" 200 4086 "https://artesaniascolombianas.net.co/?loknya=/proc/1535/net/" "Mozilla/5.0 AppleWebKit/537.36 (KHTML, like Gecko; compatible; GPTBot/1.4; +https://openai.com/gptbot)"
74.7.241.13 - - [09/Sep/2026:07:10:20 -0500] "GET /?lokasie=/sys/class/net/eth0/subsystem/eth0/device/driver/module/drivers/virtio:virtio_net/virtio0/net/eth0/device/net/eth0/device/driver/virtio0/driver/module/sections/__bug_table&loknya=/sys/class/net/eth0/subsystem/eth0/device/driver/module/drivers/virtio:virtio_net/virtio0/net/eth0/device/net/eth0/device/driver/virtio0/driver/module/sections HTTP/1.1" 200 6663 "https://mail.artesaniascolombianas.net.co/?loknya=/sys/class/net/eth0/subsystem/eth0/device/driver/module/drivers/virtio:virtio_net/virtio0/net/eth0/device/net/eth0/device/driver/virtio0/driver/module/sections" "Mozilla/5.0 AppleWebKit/537.36 (KHTML, like Gecko; compatible; GPTBot/1.4; +https://openai.com/gptbot)"
2a03:2880:f802:a:: - - [09/Sep/2026:07:10:20 -0500] "GET /?b=47659159331 HTTP/1.1" 200 39908 "-" "Mozilla/5.0 (Windows NT 10.0; Win64; x64) AppleWebKit/537.36 (KHTML, like Gecko) Chrome/145.0.0.0 Safari/537.36 (compatible; meta-externalagent/1.1 (+https://developers.facebook.com/docs/sharing/webmasters/crawler))"
74.7.241.42 - - [09/Sep/2026:07:10:20 -0500] "GET /index.php?lokasie=/proc/30987/net/dev&loknya=/proc/30987/net HTTP/1.1" 200 4547 "https://www.artesaniascolombianas.net.co/index.php?loknya=/proc/30987/net" "Mozilla/5.0 AppleWebKit/537.36 (KHTML, like Gecko; compatible; GPTBot/1.4; +https://openai.com/gptbot)"
2a03:2880:f802:24:: - - [09/Sep/2026:07:10:20 -0500] "GET /?y=25946214046 HTTP/1.1" 200 39909 "-" "Mozilla/5.0 (Macintosh; Intel Mac OS X 10_15_7) AppleWebKit/537.36 (KHTML, like Gecko) Chrome/145.0.0.0 Safari/537.36 (compatible; meta-externalagent/1.1 (+https://developers.facebook.com/docs/sharing/webmasters/crawler))"
74.7.241.13 - - [09/Sep/2026:07:10:21 -0500] "GET /?loknya=/sys/class/net/eth0/subsystem/eth0/device/driver/module/drivers/virtio:virtio_net/virtio0/net/eth0/device/net/eth0/subsystem/eth0/ HTTP/1.1" 200 61502 "https://mail.artesaniascolombianas.net.co/?loknya=/sys/class/net/eth0/subsystem/eth0/device/driver/module/drivers/virtio:virtio_net/virtio0/net/eth0/device/net/eth0/subsystem/eth0/statistics" "Mozilla/5.0 AppleWebKit/537.36 (KHTML, like Gecko; compatible; GPTBot/1.4; +https://openai.com/gptbot)"
74.7.242.34 - - [09/Sep/2026:07:10:21 -0500] "GET /?lokasie=/proc/1451/net//ip6_tables_targets&loknya=/proc/1451/net/ HTTP/1.1" 200 4086 "https://artesaniascolombianas.net.co/?loknya=/proc/1451/net/" "Mozilla/5.0 AppleWebKit/537.36 (KHTML, like Gecko; compatible; GPTBot/1.4; +https://openai.com/gptbot)"
2a03:2880:f802:27:: - - [09/Sep/2026:07:10:21 -0500] "GET /?v=79451245883 HTTP/1.1" 200 39909 "-" "Mozilla/5.0 (Windows NT 10.0; Win64; x64) AppleWebKit/537.36 (KHTML, like Gecko) Chrome/145.0.0.0 Safari/537.36 (compatible; meta-externalagent/1.1 (+https://developers.facebook.com/docs/sharing/webmasters/crawler))"
74.7.241.42 - - [09/Sep/2026:07:10:21 -0500] "GET /index.php?lokasie=/proc/30972/net/dev&loknya=/proc/30972/net HTTP/1.1" 200 4547 "https://www.artesaniascolombianas.net.co/index.php?loknya=/proc/30972/net" "Mozilla/5.0 AppleWebKit/537.36 (KHTML, like Gecko; compatible; GPTBot/1.4; +https://openai.com/gptbot)"
2a03:2880:f802:38:: - - [09/Sep/2026:07:10:21 -0500] "GET /?l=70939213967 HTTP/1.1" 200 39909 "-" "Mozilla/5.0 (Macintosh; Intel Mac OS X 10_15_7) AppleWebKit/537.36 (KHTML, like Gecko) Chrome/145.0.0.0 Safari/537.36 (compatible; meta-externalagent/1.1 (+https://developers.facebook.com/docs/sharing/webmasters/crawler))"
74.7.241.13 - - [09/Sep/2026:07:10:21 -0500] "GET /?loknya=/sys/class/net/eth0/subsystem/eth0/device/driver/module/drivers/virtio:virtio_net/virtio0/net/eth0/device/net/eth0/subsystem/lo/ HTTP/1.1" 200 59879 "https://mail.artesaniascolombianas.net.co/?loknya=/sys/class/net/eth0/subsystem/eth0/device/driver/module/drivers/virtio:virtio_net/virtio0/net/eth0/device/net/eth0/subsystem/lo/power" "Mozilla/5.0 AppleWebKit/537.36 (KHTML, like Gecko; compatible; GPTBot/1.4; +https://openai.com/gptbot)"
74.7.242.34 - - [09/Sep/2026:07:10:21 -0500] "GET /?lokasie=/proc/1451/net//ip6_tables_names&loknya=/proc/1451/net/ HTTP/1.1" 200 4084 "https://artesaniascolombianas.net.co/?loknya=/proc/1451/net/" "Mozilla/5.0 AppleWebKit/537.36 (KHTML, like Gecko; compatible; GPTBot/1.4; +https://openai.com/gptbot)"
74.7.241.42 - - [09/Sep/2026:07:10:21 -0500] "GET /index.php?lokasie=/proc/23714/net//softnet_stat&loknya=/proc/23714/net/ HTTP/1.1" 200 4444 "https://www.artesaniascolombianas.net.co/index.php?loknya=/proc/23714/net/" "Mozilla/5.0 AppleWebKit/537.36 (KHTML, like Gecko; compatible; GPTBot/1.4; +https://openai.com/gptbot)"
2a03:2880:f802:1f:: - - [09/Sep/2026:07:10:21 -0500] "GET /?v=85873155323 HTTP/1.1" 200 39909 "-" "Mozilla/5.0 (Macintosh; Intel Mac OS X 10_15_7) AppleWebKit/537.36 (KHTML, like Gecko) Chrome/145.0.0.0 Safari/537.36 (compatible; meta-externalagent/1.1 (+https://developers.facebook.com/docs/sharing/webmasters/crawler))"
74.7.242.34 - - [09/Sep/2026:07:10:21 -0500] "GET /?lokasie=/proc/1535/net//ip6_tables_names&loknya=/proc/1535/net/ HTTP/1.1" 200 4084 "https://artesaniascolombianas.net.co/?loknya=/proc/1535/net/" "Mozilla/5.0 AppleWebKit/537.36 (KHTML, like Gecko; compatible; GPTBot/1.4; +https://openai.com/gptbot)"
2a03:2880:f802:30:: - - [09/Sep/2026:07:10:22 -0500] "GET /?v=79451273226 HTTP/1.1" 200 39909 "-" "Mozilla/5.0 (Macintosh; Intel Mac OS X 10_15_7) AppleWebKit/537.36 (KHTML, like Gecko) Chrome/145.0.0.0 Safari/537.36 (compatible; meta-externalagent/1.1 (+https://developers.facebook.com/docs/sharing/webmasters/crawler))"
74.7.241.13 - - [09/Sep/2026:07:10:22 -0500] "GET /?loknya=/sys/class/device/driver/module/drivers HTTP/1.1" 200 5448 "https://mail.artesaniascolombianas.net.co/?loknya=/sys/class/device/driver/module/drivers/virtio:virtio_/virtio0/device/" "Mozilla/5.0 AppleWebKit/537.36 (KHTML, like Gecko; compatible; GPTBot/1.4; +https://openai.com/gptbot)"
74.7.241.42 - - [09/Sep/2026:07:10:22 -0500] "GET /index.php?lokasie=/proc/30987/net//softnet_stat&loknya=/proc/30987/net/ HTTP/1.1" 200 4444 "https://www.artesaniascolombianas.net.co/index.php?loknya=/proc/30987/net/" "Mozilla/5.0 AppleWebKit/537.36 (KHTML, like Gecko; compatible; GPTBot/1.4; +https://openai.com/gptbot)"
103.157.223.56 - - [09/Sep/2026:07:10:22 -0500] "POST /xmlrpc.php HTTP/1.1" 200 39905 "-" "Jetpack by WordPress.com (Jetpack 13.0; WordPress 6.3)"
74.7.242.34 - - [09/Sep/2026:07:10:22 -0500] "GET /?lokasie=/proc/1568/net//rt6_stats&loknya=/proc/1568/net/ HTTP/1.1" 200 4112 "https://artesaniascolombianas.net.co/?loknya=/proc/1568/net/" "Mozilla/5.0 AppleWebKit/537.36 (KHTML, like Gecko; compatible; GPTBot/1.4; +https://openai.com/gptbot)"
74.7.241.13 - - [09/Sep/2026:07:10:22 -0500] "GET /?loknya=/sys/class/net/eth0/subsystem/eth0/device/driver/module/drivers/virtio:virtio_net/virtio0/net/eth0/device/net/eth0/device/driver/virtio0/ HTTP/1.1" 200 23640 "https://mail.artesaniascolombianas.net.co/?loknya=/sys/class/net/eth0/subsystem/eth0/device/driver/module/drivers/virtio:virtio_net/virtio0/net/eth0/device/net/eth0/device/driver/virtio0/power" "Mozilla/5.0 AppleWebKit/537.36 (KHTML, like Gecko; compatible; GPTBot/1.4; +https://openai.com/gptbot)"
74.7.241.42 - - [09/Sep/2026:07:10:22 -0500] "GET /index.php?lokasie=/proc/30972/net//softnet_stat&loknya=/proc/30972/net/ HTTP/1.1" 200 4444 "https://www.artesaniascolombianas.net.co/index.php?loknya=/proc/30972/net/" "Mozilla/5.0 AppleWebKit/537.36 (KHTML, like Gecko; compatible; GPTBot/1.4; +https://openai.com/gptbot)"
2a03:2880:f802:3f:: - - [09/Sep/2026:07:10:22 -0500] "GET /?f=65213167447 HTTP/1.1" 200 39909 "-" "Mozilla/5.0 (Windows NT 10.0; Win64; x64) AppleWebKit/537.36 (KHTML, like Gecko) Chrome/145.0.0.0 Safari/537.36 (compatible; meta-externalagent/1.1 (+https://developers.facebook.com/docs/sharing/webmasters/crawler))"
74.7.241.13 - - [09/Sep/2026:07:10:23 -0500] "GET /?loknya=/sys/class/net/subsystem/driver/module/drivers/virtio:virtio_net/net/net HTTP/1.1" 200 5911 "https://mail.artesaniascolombianas.net.co/?loknya=/sys/class/net/subsystem/driver/module/drivers/virtio:virtio_net/net/net/" "Mozilla/5.0 AppleWebKit/537.36 (KHTML, like Gecko; compatible; GPTBot/1.4; +https://openai.com/gptbot)"
2a03:2880:f802:3f:: - - [09/Sep/2026:07:10:23 -0500] "GET /?u=3977415005 HTTP/1.1" 200 39909 "-" "Mozilla/5.0 (Windows NT 10.0; Win64; x64) AppleWebKit/537.36 (KHTML, like Gecko) Chrome/145.0.0.0 Safari/537.36 (compatible; meta-externalagent/1.1 (+https://developers.facebook.com/docs/sharing/webmasters/crawler))"
74.7.242.34 - - [09/Sep/2026:07:10:23 -0500] "GET /?lokasie=/proc/6890/net//rt6_stats&loknya=/proc/6890/net/ HTTP/1.1" 200 4112 "https://artesaniascolombianas.net.co/?loknya=/proc/6890/net/" "Mozilla/5.0 AppleWebKit/537.36 (KHTML, like Gecko; compatible; GPTBot/1.4; +https://openai.com/gptbot)"
74.7.241.42 - - [09/Sep/2026:07:10:23 -0500] "GET /index.php?lokasie=/proc/30847/net/dev_mcast&loknya=/proc/30847/net HTTP/1.1" 200 4264 "https://www.artesaniascolombianas.net.co/index.php?loknya=/proc/30847/net" "Mozilla/5.0 AppleWebKit/537.36 (KHTML, like Gecko; compatible; GPTBot/1.4; +https://openai.com/gptbot)"
74.7.241.13 - - [09/Sep/2026:07:10:23 -0500] "GET /?loknya=/sys/class/subsystem/device/driver/module/drivers/virtio:virtio_/device HTTP/1.1" 200 5834 "https://mail.artesaniascolombianas.net.co/?loknya=/sys/class/subsystem/device/driver/module/drivers/virtio:virtio_/device/" "Mozilla/5.0 AppleWebKit/537.36 (KHTML, like Gecko; compatible; GPTBot/1.4; +https://openai.com/gptbot)"
74.7.242.34 - - [09/Sep/2026:07:10:23 -0500] "GET /?lokasie=/proc/1451/net//rt6_stats&loknya=/proc/1451/net/ HTTP/1.1" 200 4112 "https://artesaniascolombianas.net.co/?loknya=/proc/1451/net/" "Mozilla/5.0 AppleWebKit/537.36 (KHTML, like Gecko; compatible; GPTBot/1.4; +https://openai.com/gptbot)"
74.7.241.42 - - [09/Sep/2026:07:10:23 -0500] "GET /index.php?lokasie=/proc/30972/net/fib_triestat&loknya=/proc/30972/net HTTP/1.1" 200 4815 "https://www.artesaniascolombianas.net.co/index.php?loknya=/proc/30972/net" "Mozilla/5.0 AppleWebKit/537.36 (KHTML, like Gecko; compatible; GPTBot/1.4; +https://openai.com/gptbot)"
74.7.242.34 - - [09/Sep/2026:07:10:23 -0500] "GET /?lokasie=/proc/1535/net//rt6_stats&loknya=/proc/1535/net/ HTTP/1.1" 200 4112 "https://artesaniascolombianas.net.co/?loknya=/proc/1535/net/" "Mozilla/5.0 AppleWebKit/537.36 (KHTML, like Gecko; compatible; GPTBot/1.4; +https://openai.com/gptbot)"
74.7.241.13 - - [09/Sep/2026:07:10:23 -0500] "GET /?loknya=/sys/class/subsystem/driver/module/drivers/virtio:virtio_// HTTP/1.1" 200 5610 "https://mail.artesaniascolombianas.net.co/?loknya=/sys/class/net/subsystem/driver/module/drivers/virtio:virtio_net/net/net/" "Mozilla/5.0 AppleWebKit/537.36 (KHTML, like Gecko; compatible; GPTBot/1.4; +https://openai.com/gptbot)"
2a03:2880:f802:38:: - - [09/Sep/2026:07:10:24 -0500] "GET /?x=7885542399 HTTP/1.1" 200 39909 "-" "Mozilla/5.0 (Macintosh; Intel Mac OS X 10_15_7) AppleWebKit/537.36 (KHTML, like Gecko) Chrome/145.0.0.0 Safari/537.36 (compatible; meta-externalagent/1.1 (+https://developers.facebook.com/docs/sharing/webmasters/crawler))"
74.7.241.42 - - [09/Sep/2026:07:10:24 -0500] "GET /index.php?lokasie=/proc/24316/net/fib_triestat&loknya=/proc/24316/net HTTP/1.1" 200 4815 "https://www.artesaniascolombianas.net.co/index.php?loknya=/proc/24316/net" "Mozilla/5.0 AppleWebKit/537.36 (KHTML, like Gecko; compatible; GPTBot/1.4; +https://openai.com/gptbot)"
2a03:2880:f802:8:: - - [09/Sep/2026:07:10:24 -0500] "GET /?b=47659152881 HTTP/1.1" 200 39908 "-" "Mozilla/5.0 (X11; Linux x86_64) AppleWebKit/537.36 (KHTML, like Gecko) Chrome/145.0.0.0 Safari/537.36 (compatible; meta-externalagent/1.1 (+https://developers.facebook.com/docs/sharing/webmasters/crawler))"
74.7.242.34 - - [09/Sep/2026:07:10:24 -0500] "GET /?lokasie=/proc/4635/net//rt6_stats&loknya=/proc/4635/net/ HTTP/1.1" 200 4112 "https://artesaniascolombianas.net.co/?loknya=/proc/4635/net/" "Mozilla/5.0 AppleWebKit/537.36 (KHTML, like Gecko; compatible; GPTBot/1.4; +https://openai.com/gptbot)"
74.7.241.13 - - [09/Sep/2026:07:10:24 -0500] "GET /?loknya=/sys/class/net/eth0/subsystem/eth0/device/driver/module/drivers/virtio:virtio_net/virtio0/net/eth0/device/net/eth0/device/driver/virtio0/driver/module/ HTTP/1.1" 200 29734 "https://mail.artesaniascolombianas.net.co/?loknya=/sys/class/net/eth0/subsystem/eth0/device/driver/module/drivers/virtio:virtio_net/virtio0/net/eth0/device/net/eth0/device/driver/virtio0/driver/module/sections" "Mozilla/5.0 AppleWebKit/537.36 (KHTML, like Gecko; compatible; GPTBot/1.4; +https://openai.com/gptbot)"
74.7.241.42 - - [09/Sep/2026:07:10:24 -0500] "GET /index.php?lokasie=/proc/24316/net/dev_mcast&loknya=/proc/24316/net HTTP/1.1" 200 4264 "https://www.artesaniascolombianas.net.co/index.php?loknya=/proc/24316/net" "Mozilla/5.0 AppleWebKit/537.36 (KHTML, like Gecko; compatible; GPTBot/1.4; +https://openai.com/gptbot)"
74.7.242.34 - - [09/Sep/2026:07:10:24 -0500] "GET /?lokasie=/proc/6890/net//sockstat6&loknya=/proc/6890/net/ HTTP/1.1" 200 4162 "https://artesaniascolombianas.net.co/?loknya=/proc/6890/net/" "Mozilla/5.0 AppleWebKit/537.36 (KHTML, like Gecko; compatible; GPTBot/1.4; +https://openai.com/gptbot)"
74.7.241.13 - - [09/Sep/2026:07:10:25 -0500] "GET /?loknya=/sys/class/net/eth0/subsystem/eth0/device/driver/module/drivers/virtio:virtio_net/virtio0/net/eth0/device/net/eth0/device/driver/virtio0/subsystem HTTP/1.1" 200 16020 "https://mail.artesaniascolombianas.net.co/?loknya=/sys/class/net/eth0/subsystem/eth0/device/driver/module/drivers/virtio:virtio_net/virtio0/net/eth0/device/net/eth0/device/driver/virtio0" "Mozilla/5.0 AppleWebKit/537.36 (KHTML, like Gecko; compatible; GPTBot/1.4; +https://openai.com/gptbot)"
2a03:2880:f802:e:: - - [09/Sep/2026:07:10:25 -0500] "GET /?x=78855158068 HTTP/1.1" 200 39908 "-" "Mozilla/5.0 (Windows NT 10.0; Win64; x64) AppleWebKit/537.36 (KHTML, like Gecko) Chrome/145.0.0.0 Safari/537.36 (compatible; meta-externalagent/1.1 (+https://developers.facebook.com/docs/sharing/webmasters/crawler))"
74.7.241.42 - - [09/Sep/2026:07:10:25 -0500] "GET /index.php?lokasie=/proc/24316/net/xfrm_stat&loknya=/proc/24316/net HTTP/1.1" 200 4809 "https://www.artesaniascolombianas.net.co/index.php?loknya=/proc/24316/net" "Mozilla/5.0 AppleWebKit/537.36 (KHTML, like Gecko; compatible; GPTBot/1.4; +https://openai.com/gptbot)"
2a03:2880:f802:26:: - - [09/Sep/2026:07:10:25 -0500] "GET /?v=8587376339 HTTP/1.1" 200 39909 "-" "Mozilla/5.0 (Windows NT 10.0; Win64; x64) AppleWebKit/537.36 (KHTML, like Gecko) Chrome/145.0.0.0 Safari/537.36 (compatible; meta-externalagent/1.1 (+https://developers.facebook.com/docs/sharing/webmasters/crawler))"
74.7.241.13 - - [09/Sep/2026:07:10:25 -0500] "GET /?loknya=/sys/class/net/eth0/subsystem/eth0/device/driver/module/drivers/virtio:virtio_net/virtio0/net/eth0/device/net/eth0/subsystem/eth0/subsystem HTTP/1.1" 200 10203 "https://mail.artesaniascolombianas.net.co/?loknya=/sys/class/net/eth0/subsystem/eth0/device/driver/module/drivers/virtio:virtio_net/virtio0/net/eth0/device/net/eth0/subsystem/eth0" "Mozilla/5.0 AppleWebKit/537.36 (KHTML, like Gecko; compatible; GPTBot/1.4; +https://openai.com/gptbot)"
2a03:2880:f802:11:: - - [09/Sep/2026:07:10:25 -0500] "GET /?v=8587335792 HTTP/1.1" 200 39909 "-" "Mozilla/5.0 (Macintosh; Intel Mac OS X 10_15_7) AppleWebKit/537.36 (KHTML, like Gecko) Chrome/145.0.0.0 Safari/537.36 (compatible; meta-externalagent/1.1 (+https://developers.facebook.com/docs/sharing/webmasters/crawler))"
74.7.242.34 - - [09/Sep/2026:07:10:25 -0500] "GET /?lokasie=/proc/1568/net//sockstat6&loknya=/proc/1568/net/ HTTP/1.1" 200 4162 "https://artesaniascolombianas.net.co/?loknya=/proc/1568/net/" "Mozilla/5.0 AppleWebKit/537.36 (KHTML, like Gecko; compatible; GPTBot/1.4; +https://openai.com/gptbot)"
74.7.241.42 - - [09/Sep/2026:07:10:25 -0500] "GET /index.php?lokasie=/proc/30847/net/ip_mr_vif&loknya=/proc/30847/net HTTP/1.1" 200 4151 "https://www.artesaniascolombianas.net.co/index.php?loknya=/proc/30847/net" "Mozilla/5.0 AppleWebKit/537.36 (KHTML, like Gecko; compatible; GPTBot/1.4; +https://openai.com/gptbot)"
74.7.241.13 - - [09/Sep/2026:07:10:26 -0500] "GET /?loknya=/sys/class/net/eth0/subsystem/eth0/device/driver/module/drivers/virtio:virtio_net/virtio0/net/eth0/device/net/eth0/subsystem/lo/statistics HTTP/1.1" 200 50645 "https://mail.artesaniascolombianas.net.co/?loknya=/sys/class/net/eth0/subsystem/eth0/device/driver/module/drivers/virtio:virtio_net/virtio0/net/eth0/device/net/eth0/subsystem/lo" "Mozilla/5.0 AppleWebKit/537.36 (KHTML, like Gecko; compatible; GPTBot/1.4; +https://openai.com/gptbot)"
74.7.242.34 - - [09/Sep/2026:07:10:26 -0500] "GET /?lokasie=/proc/4635/net//sockstat6&loknya=/proc/4635/net/ HTTP/1.1" 200 4162 "https://artesaniascolombianas.net.co/?loknya=/proc/4635/net/" "Mozilla/5.0 AppleWebKit/537.36 (KHTML, like Gecko; compatible; GPTBot/1.4; +https://openai.com/gptbot)"
74.7.241.42 - - [09/Sep/2026:07:10:26 -0500] "GET /index.php?lokasie=/proc/23714/net/fib_triestat&loknya=/proc/23714/net HTTP/1.1" 200 4815 "https://www.artesaniascolombianas.net.co/index.php?loknya=/proc/23714/net" "Mozilla/5.0 AppleWebKit/537.36 (KHTML, like Gecko; compatible; GPTBot/1.4; +https://openai.com/gptbot)"
74.7.242.34 - - [09/Sep/2026:07:10:26 -0500] "GET /?lokasie=/proc/1568/net//ip6_mr_cache&loknya=/proc/1568/net/ HTTP/1.1" 200 4183 "https://artesaniascolombianas.net.co/?loknya=/proc/1568/net/" "Mozilla/5.0 AppleWebKit/537.36 (KHTML, like Gecko; compatible; GPTBot/1.4; +https://openai.com/gptbot)"
74.7.241.13 - - [09/Sep/2026:07:10:26 -0500] "GET /?loknya=/sys/class/net/eth0/subsystem/eth0/device/driver/module/drivers/virtio:virtio_net/virtio0/net/eth0/device/net/eth0/subsystem/lo/subsystem HTTP/1.1" 200 10179 "https://mail.artesaniascolombianas.net.co/?loknya=/sys/class/net/eth0/subsystem/eth0/device/driver/module/drivers/virtio:virtio_net/virtio0/net/eth0/device/net/eth0/subsystem/lo" "Mozilla/5.0 AppleWebKit/537.36 (KHTML, like Gecko; compatible; GPTBot/1.4; +https://openai.com/gptbot)"
2a03:2880:f802:12:: - - [09/Sep/2026:07:10:26 -0500] "GET /?y=2594652030 HTTP/1.1" 200 39909 "-" "Mozilla/5.0 (Macintosh; Intel Mac OS X 10_15_7) AppleWebKit/537.36 (KHTML, like Gecko) Chrome/145.0.0.0 Safari/537.36 (compatible; meta-externalagent/1.1 (+https://developers.facebook.com/docs/sharing/webmasters/crawler))"
2a03:2880:f802:28:: - - [09/Sep/2026:07:10:26 -0500] "GET /?u=39774136304 HTTP/1.1" 200 39909 "-" "Mozilla/5.0 (Windows NT 10.0; Win64; x64) AppleWebKit/537.36 (KHTML, like Gecko) Chrome/145.0.0.0 Safari/537.36 (compatible; meta-externalagent/1.1 (+https://developers.facebook.com/docs/sharing/webmasters/crawler))"
74.7.241.42 - - [09/Sep/2026:07:10:26 -0500] "GET /index.php?lokasie=/proc/30987/net/fib_triestat&loknya=/proc/30987/net HTTP/1.1" 200 4815 "https://www.artesaniascolombianas.net.co/index.php?loknya=/proc/30987/net" "Mozilla/5.0 AppleWebKit/537.36 (KHTML, like Gecko; compatible; GPTBot/1.4; +https://openai.com/gptbot)"
74.7.242.34 - - [09/Sep/2026:07:10:26 -0500] "GET /?lokasie=/proc/4635/net//ip_mr_cache&loknya=/proc/4635/net/ HTTP/1.1" 200 4133 "https://artesaniascolombianas.net.co/?loknya=/proc/4635/net/" "Mozilla/5.0 AppleWebKit/537.36 (KHTML, like Gecko; compatible; GPTBot/1.4; +https://openai.com/gptbot)"
74.7.241.13 - - [09/Sep/2026:07:10:26 -0500] "GET /?loknya=/sys/class/net/eth0/subsystem/eth0/device/net/eth0/device/subsystem/drivers/virtio_net/virtio0/net/eth0/device/driver/module/notes HTTP/1.1" 200 9093 "https://mail.artesaniascolombianas.net.co/?loknya=/sys/class/net/eth0/subsystem/eth0/device/net/eth0/device/subsystem/drivers/virtio_net/virtio0/net/eth0/device/driver/module" "Mozilla/5.0 AppleWebKit/537.36 (KHTML, like Gecko; compatible; GPTBot/1.4; +https://openai.com/gptbot)"
74.7.241.42 - - [09/Sep/2026:07:10:27 -0500] "GET /index.php?lokasie=/proc/23714/net/dev_mcast&loknya=/proc/23714/net HTTP/1.1" 200 4264 "https://www.artesaniascolombianas.net.co/index.php?loknya=/proc/23714/net" "Mozilla/5.0 AppleWebKit/537.36 (KHTML, like Gecko; compatible; GPTBot/1.4; +https://openai.com/gptbot)"
74.7.242.34 - - [09/Sep/2026:07:10:27 -0500] "GET /?lokasie=/proc/6890/net//mcfilter6&loknya=/proc/6890/net/ HTTP/1.1" 200 4168 "https://artesaniascolombianas.net.co/?loknya=/proc/6890/net/" "Mozilla/5.0 AppleWebKit/537.36 (KHTML, like Gecko; compatible; GPTBot/1.4; +https://openai.com/gptbot)"
74.7.241.13 - - [09/Sep/2026:07:10:27 -0500] "GET /?loknya=/sys/class/net/eth0/subsystem/eth0/device/net/eth0/device/subsystem/drivers/virtio_net/virtio0/net/eth0/device/driver/module/drivers HTTP/1.1" 200 8744 "https://mail.artesaniascolombianas.net.co/?loknya=/sys/class/net/eth0/subsystem/eth0/device/net/eth0/device/subsystem/drivers/virtio_net/virtio0/net/eth0/device/driver/module" "Mozilla/5.0 AppleWebKit/537.36 (KHTML, like Gecko; compatible; GPTBot/1.4; +https://openai.com/gptbot)"
74.7.241.42 - - [09/Sep/2026:07:10:27 -0500] "GET /index.php?lokasie=/proc/24316/net/ip_mr_vif&loknya=/proc/24316/net HTTP/1.1" 200 4151 "https://www.artesaniascolombianas.net.co/index.php?loknya=/proc/24316/net" "Mozilla/5.0 AppleWebKit/537.36 (KHTML, like Gecko; compatible; GPTBot/1.4; +https://openai.com/gptbot)"
74.7.241.13 - - [09/Sep/2026:07:10:28 -0500] "GET /?loknya=/sys/class/net/eth0/subsystem/eth0/device/driver/module/drivers/virtio:virtio_net/virtio0/net/eth0/device/net/eth0/subsystem/lo/queues HTTP/1.1" 200 10157 "https://mail.artesaniascolombianas.net.co/?loknya=/sys/class/net/eth0/subsystem/eth0/device/driver/module/drivers/virtio:virtio_net/virtio0/net/eth0/device/net/eth0/subsystem/lo" "Mozilla/5.0 AppleWebKit/537.36 (KHTML, like Gecko; compatible; GPTBot/1.4; +https://openai.com/gptbot)"
74.7.242.34 - - [09/Sep/2026:07:10:28 -0500] "GET /?lokasie=/proc/1568/net//mcfilter6&loknya=/proc/1568/net/ HTTP/1.1" 200 4168 "https://artesaniascolombianas.net.co/?loknya=/proc/1568/net/" "Mozilla/5.0 AppleWebKit/537.36 (KHTML, like Gecko; compatible; GPTBot/1.4; +https://openai.com/gptbot)"
2a03:2880:f802:19:: - - [09/Sep/2026:07:10:28 -0500] "GET /?v=85873211396 HTTP/1.1" 200 39909 "-" "Mozilla/5.0 (X11; Linux x86_64) AppleWebKit/537.36 (KHTML, like Gecko) Chrome/145.0.0.0 Safari/537.36 (compatible; meta-externalagent/1.1 (+https://developers.facebook.com/docs/sharing/webmasters/crawler))"
74.7.241.42 - - [09/Sep/2026:07:10:28 -0500] "GET /index.php?lokasie=/proc/30847/net/fib_triestat&loknya=/proc/30847/net HTTP/1.1" 200 4815 "https://www.artesaniascolombianas.net.co/index.php?loknya=/proc/30847/net" "Mozilla/5.0 AppleWebKit/537.36 (KHTML, like Gecko; compatible; GPTBot/1.4; +https://openai.com/gptbot)"
74.7.241.13 - - [09/Sep/2026:07:10:28 -0500] "GET /?loknya=/sys/class/net/eth0/subsystem/eth0/device/driver/module/drivers/virtio:virtio_net/virtio0/net/eth0/device/net/eth0/subsystem/eth0/power HTTP/1.1" 200 23592 "https://mail.artesaniascolombianas.net.co/?loknya=/sys/class/net/eth0/subsystem/eth0/device/driver/module/drivers/virtio:virtio_net/virtio0/net/eth0/device/net/eth0/subsystem/eth0" "Mozilla/5.0 AppleWebKit/537.36 (KHTML, like Gecko; compatible; GPTBot/1.4; +https://openai.com/gptbot)"
74.7.242.34 - - [09/Sep/2026:07:10:28 -0500] "GET /?lokasie=/proc/1535/net//mcfilter6&loknya=/proc/1535/net/ HTTP/1.1" 200 4168 "https://artesaniascolombianas.net.co/?loknya=/proc/1535/net/" "Mozilla/5.0 AppleWebKit/537.36 (KHTML, like Gecko; compatible; GPTBot/1.4; +https://openai.com/gptbot)"
2a03:2880:f802:43:: - - [09/Sep/2026:07:10:28 -0500] "GET /?f=6521351324 HTTP/1.1" 200 39909 "-" "Mozilla/5.0 (Windows NT 10.0; Win64; x64) AppleWebKit/537.36 (KHTML, like Gecko) Chrome/145.0.0.0 Safari/537.36 (compatible; meta-externalagent/1.1 (+https://developers.facebook.com/docs/sharing/webmasters/crawler))"
74.7.241.42 - - [09/Sep/2026:07:10:28 -0500] "GET /index.php?loknya=/proc/30972/net/stat HTTP/1.1" 200 10509 "https://www.artesaniascolombianas.net.co/index.php?loknya=/proc/30972/net" "Mozilla/5.0 AppleWebKit/537.36 (KHTML, like Gecko; compatible; GPTBot/1.4; +https://openai.com/gptbot)"
74.7.242.34 - - [09/Sep/2026:07:10:28 -0500] "GET /?lokasie=/proc/1451/net//mcfilter6&loknya=/proc/1451/net/ HTTP/1.1" 200 4168 "https://artesaniascolombianas.net.co/?loknya=/proc/1451/net/" "Mozilla/5.0 AppleWebKit/537.36 (KHTML, like Gecko; compatible; GPTBot/1.4; +https://openai.com/gptbot)"
74.7.241.13 - - [09/Sep/2026:07:10:29 -0500] "GET /?loknya=/sys/class/net/eth0/subsystem/eth0/device/driver/module/drivers/virtio:virtio_net/virtio0/net/eth0/device/net/eth0/subsystem/eth0/queues HTTP/1.1" 200 18497 "https://mail.artesaniascolombianas.net.co/?loknya=/sys/class/net/eth0/subsystem/eth0/device/driver/module/drivers/virtio:virtio_net/virtio0/net/eth0/device/net/eth0/subsystem/eth0" "Mozilla/5.0 AppleWebKit/537.36 (KHTML, like Gecko; compatible; GPTBot/1.4; +https://openai.com/gptbot)"
74.7.241.42 - - [09/Sep/2026:07:10:29 -0500] "GET /index.php?loknya=/proc/30987/net/stat HTTP/1.1" 200 10509 "https://www.artesaniascolombianas.net.co/index.php?loknya=/proc/30987/net" "Mozilla/5.0 AppleWebKit/537.36 (KHTML, like Gecko; compatible; GPTBot/1.4; +https://openai.com/gptbot)"
2a03:2880:f802:14:: - - [09/Sep/2026:07:10:29 -0500] "GET /?l=70939265754 HTTP/1.1" 200 39909 "-" "Mozilla/5.0 (X11; Linux x86_64) AppleWebKit/537.36 (KHTML, like Gecko) Chrome/145.0.0.0 Safari/537.36 (compatible; meta-externalagent/1.1 (+https://developers.facebook.com/docs/sharing/webmasters/crawler))"
74.7.242.34 - - [09/Sep/2026:07:10:29 -0500] "GET /?lokasie=/proc/4635/net//mcfilter6&loknya=/proc/4635/net/ HTTP/1.1" 200 4168 "https://artesaniascolombianas.net.co/?loknya=/proc/4635/net/" "Mozilla/5.0 AppleWebKit/537.36 (KHTML, like Gecko; compatible; GPTBot/1.4; +https://openai.com/gptbot)"
74.7.241.13 - - [09/Sep/2026:07:10:29 -0500] "GET /?loknya=/sys/class/net/eth0/subsystem/eth0/device/driver/module/drivers/virtio:virtio_net/net/eth0/device/net/eth0/device/driver HTTP/1.1" 200 7021 "https://mail.artesaniascolombianas.net.co/?loknya=/sys/class/net/eth0/subsystem/eth0/device/driver/module/drivers/virtio:virtio_net/net/eth0/device/net/eth0/device/driver/" "Mozilla/5.0 AppleWebKit/537.36 (KHTML, like Gecko; compatible; GPTBot/1.4; +https://openai.com/gptbot)"
74.7.241.42 - - [09/Sep/2026:07:10:29 -0500] "GET /index.php?loknya=/proc/24316/net/stat HTTP/1.1" 200 10509 "https://www.artesaniascolombianas.net.co/index.php?loknya=/proc/24316/net" "Mozilla/5.0 AppleWebKit/537.36 (KHTML, like Gecko; compatible; GPTBot/1.4; +https://openai.com/gptbot)"
74.7.242.34 - - [09/Sep/2026:07:10:30 -0500] "GET /?lokasie=/proc/4635/net//ip_mr_vif&loknya=/proc/4635/net/ HTTP/1.1" 200 4148 "https://artesaniascolombianas.net.co/?loknya=/proc/4635/net/" "Mozilla/5.0 AppleWebKit/537.36 (KHTML, like Gecko; compatible; GPTBot/1.4; +https://openai.com/gptbot)"
74.7.241.13 - - [09/Sep/2026:07:10:30 -0500] "GET /?loknya=/sys/class/net/eth0/subsystem/eth0/device/module/s/virtio:virtio_net/virtio0/net/eth0/device/net/eth0/device/virtio0/ HTTP/1.1" 200 6972 "https://mail.artesaniascolombianas.net.co/?loknya=/sys/class/net/eth0/subsystem/eth0/device/driver/module/drivers/virtio:virtio_net/virtio0/net/eth0/device/net/eth0/device/driver/virtio0/driver" "Mozilla/5.0 AppleWebKit/537.36 (KHTML, like Gecko; compatible; GPTBot/1.4; +https://openai.com/gptbot)"
74.7.241.42 - - [09/Sep/2026:07:10:30 -0500] "GET /index.php?loknya=/proc/23714/net/stat HTTP/1.1" 200 10513 "https://www.artesaniascolombianas.net.co/index.php?loknya=/proc/23714/net" "Mozilla/5.0 AppleWebKit/537.36 (KHTML, like Gecko; compatible; GPTBot/1.4; +https://openai.com/gptbot)"
2a03:2880:f802:f:: - - [09/Sep/2026:07:10:30 -0500] "GET /?x=7885558987 HTTP/1.1" 200 39908 "-" "Mozilla/5.0 (Windows NT 10.0; Win64; x64) AppleWebKit/537.36 (KHTML, like Gecko) Chrome/145.0.0.0 Safari/537.36 Edg/145.0.0.0 (compatible; meta-externalagent/1.1 (+https://developers.facebook.com/docs/sharing/webmasters/crawler))"
74.7.241.13 - - [09/Sep/2026:07:10:30 -0500] "GET /?loknya=/sys/class/net/eth0/subsystem/eth0/device/driver/module/drivers/virtio:virtio_net/virtio0/net/eth0/device/net/eth0/device/driver/virtio0/driver/module/parameters HTTP/1.1" 200 13625 "https://mail.artesaniascolombianas.net.co/?loknya=/sys/class/net/eth0/subsystem/eth0/device/driver/module/drivers/virtio:virtio_net/virtio0/net/eth0/device/net/eth0/device/driver/virtio0/driver/module" "Mozilla/5.0 AppleWebKit/537.36 (KHTML, like Gecko; compatible; GPTBot/1.4; +https://openai.com/gptbot)"
74.7.242.34 - - [09/Sep/2026:07:10:30 -0500] "GET /?lokasie=/proc/6890/net//ip_mr_vif&loknya=/proc/6890/net/ HTTP/1.1" 200 4148 "https://artesaniascolombianas.net.co/?loknya=/proc/6890/net/" "Mozilla/5.0 AppleWebKit/537.36 (KHTML, like Gecko; compatible; GPTBot/1.4; +https://openai.com/gptbot)"
74.7.241.42 - - [09/Sep/2026:07:10:30 -0500] "GET /index.php?loknya=/proc/30847/net/stat HTTP/1.1" 200 10509 "https://www.artesaniascolombianas.net.co/index.php?loknya=/proc/30847/net" "Mozilla/5.0 AppleWebKit/537.36 (KHTML, like Gecko; compatible; GPTBot/1.4; +https://openai.com/gptbot)"
74.7.242.34 - - [09/Sep/2026:07:10:31 -0500] "GET /?lokasie=/proc/1568/net//ip_mr_vif&loknya=/proc/1568/net/ HTTP/1.1" 200 4148 "https://artesaniascolombianas.net.co/?loknya=/proc/1568/net/" "Mozilla/5.0 AppleWebKit/537.36 (KHTML, like Gecko; compatible; GPTBot/1.4; +https://openai.com/gptbot)"
2a03:2880:f802:3b:: - - [09/Sep/2026:07:10:31 -0500] "GET /?b=47659262344 HTTP/1.1" 200 39909 "-" "Mozilla/5.0 (Macintosh; Intel Mac OS X 10_15_7) AppleWebKit/537.36 (KHTML, like Gecko) Chrome/145.0.0.0 Safari/537.36 (compatible; meta-externalagent/1.1 (+https://developers.facebook.com/docs/sharing/webmasters/crawler))"
74.7.241.13 - - [09/Sep/2026:07:10:31 -0500] "GET /?loknya=/sys/class/net/eth0/subsystem/eth0/device/driver/module/drivers/virtio:virtio_net/virtio0/net/eth0/device/net/eth0/subsystem/eth0/subsystem/lo HTTP/1.1" 200 61950 "https://mail.artesaniascolombianas.net.co/?loknya=/sys/class/net/eth0/subsystem/eth0/device/driver/module/drivers/virtio:virtio_net/virtio0/net/eth0/device/net/eth0/subsystem/eth0/subsystem" "Mozilla/5.0 AppleWebKit/537.36 (KHTML, like Gecko; compatible; GPTBot/1.4; +https://openai.com/gptbot)"
2a03:2880:f802:5:: - - [09/Sep/2026:07:10:31 -0500] "GET /?f=65213241413 HTTP/1.1" 200 39908 "-" "Mozilla/5.0 (Windows NT 10.0; Win64; x64) AppleWebKit/537.36 (KHTML, like Gecko) Chrome/145.0.0.0 Safari/537.36 (compatible; meta-externalagent/1.1 (+https://developers.facebook.com/docs/sharing/webmasters/crawler))"
74.7.241.42 - - [09/Sep/2026:07:10:31 -0500] "GET /index.php?lokasie=/proc/24316/net/udp6&loknya=/proc/24316/net HTTP/1.1" 200 4925 "https://www.artesaniascolombianas.net.co/index.php?loknya=/proc/24316/net" "Mozilla/5.0 AppleWebKit/537.36 (KHTML, like Gecko; compatible; GPTBot/1.4; +https://openai.com/gptbot)"
74.7.241.13 - - [09/Sep/2026:07:10:31 -0500] "GET /?loknya=/sys/class/net/eth0/subsystem/eth0/device/net/eth0/device/subsystem/virtio1/host2/scsi_host/host2/device/subsystem HTTP/1.1" 200 6786 "https://mail.artesaniascolombianas.net.co/?loknya=/sys/class/net/eth0/subsystem/eth0/device/net/eth0/device/subsystem/virtio1/host2/scsi_host/host2/device/subsystem/" "Mozilla/5.0 AppleWebKit/537.36 (KHTML, like Gecko; compatible; GPTBot/1.4; +https://openai.com/gptbot)"
74.7.242.34 - - [09/Sep/2026:07:10:31 -0500] "GET /?lokasie=/proc/1451/net//ip6_mr_vif&loknya=/proc/1451/net/ HTTP/1.1" 200 4133 "https://artesaniascolombianas.net.co/?loknya=/proc/1451/net/" "Mozilla/5.0 AppleWebKit/537.36 (KHTML, like Gecko; compatible; GPTBot/1.4; +https://openai.com/gptbot)"
74.7.241.42 - - [09/Sep/2026:07:10:31 -0500] "GET /index.php?lokasie=/proc/23714/net/ipv6_route&loknya=/proc/23714/net HTTP/1.1" 200 6331 "https://www.artesaniascolombianas.net.co/index.php?loknya=/proc/23714/net" "Mozilla/5.0 AppleWebKit/537.36 (KHTML, like Gecko; compatible; GPTBot/1.4; +https://openai.com/gptbot)"
2a03:2880:f802:46:: - - [09/Sep/2026:07:10:31 -0500] "GET /?f=65213114429 HTTP/1.1" 200 39909 "-" "Mozilla/5.0 (Macintosh; Intel Mac OS X 10_15_7) AppleWebKit/537.36 (KHTML, like Gecko) Chrome/145.0.0.0 Safari/537.36 (compatible; meta-externalagent/1.1 (+https://developers.facebook.com/docs/sharing/webmasters/crawler))"
74.7.241.13 - - [09/Sep/2026:07:10:31 -0500] "GET /?loknya=/sys/class/net/eth0/subsystem/eth0/device/driver/module/drivers/virtio:virtio_net/virtio0/net/eth0/device/net/eth0/subsystem/lo/subsystem/eth0 HTTP/1.1" 200 63356 "https://mail.artesaniascolombianas.net.co/?loknya=/sys/class/net/eth0/subsystem/eth0/device/driver/module/drivers/virtio:virtio_net/virtio0/net/eth0/device/net/eth0/subsystem/lo/subsystem" "Mozilla/5.0 AppleWebKit/537.36 (KHTML, like Gecko; compatible; GPTBot/1.4; +https://openai.com/gptbot)"
74.7.242.34 - - [09/Sep/2026:07:10:32 -0500] "GET /?lokasie=/proc/1535/net//ip6_mr_vif&loknya=/proc/1535/net/ HTTP/1.1" 200 4133 "https://artesaniascolombianas.net.co/?loknya=/proc/1535/net/" "Mozilla/5.0 AppleWebKit/537.36 (KHTML, like Gecko; compatible; GPTBot/1.4; +https://openai.com/gptbot)"
74.7.241.42 - - [09/Sep/2026:07:10:32 -0500] "GET /index.php?lokasie=/proc/30972/net//igmp6&loknya=/proc/30972/net/ HTTP/1.1" 200 4503 "https://www.artesaniascolombianas.net.co/index.php?loknya=/proc/30972/net/" "Mozilla/5.0 AppleWebKit/537.36 (KHTML, like Gecko; compatible; GPTBot/1.4; +https://openai.com/gptbot)"
74.7.241.13 - - [09/Sep/2026:07:10:32 -0500] "GET /?loknya=/sys/class/net/eth0/subsystem/eth0/device/driver/module/drivers/virtio:virtio_net/virtio0/net/eth0/device/net/eth0/subsystem/lo/subsystem/lo HTTP/1.1" 200 61713 "https://mail.artesaniascolombianas.net.co/?loknya=/sys/class/net/eth0/subsystem/eth0/device/driver/module/drivers/virtio:virtio_net/virtio0/net/eth0/device/net/eth0/subsystem/lo/subsystem" "Mozilla/5.0 AppleWebKit/537.36 (KHTML, like Gecko; compatible; GPTBot/1.4; +https://openai.com/gptbot)"
74.7.242.34 - - [09/Sep/2026:07:10:32 -0500] "GET /?lokasie=/proc/1535/net//sockstat6&loknya=/proc/1535/net/ HTTP/1.1" 200 4162 "https://artesaniascolombianas.net.co/?loknya=/proc/1535/net/" "Mozilla/5.0 AppleWebKit/537.36 (KHTML, like Gecko; compatible; GPTBot/1.4; +https://openai.com/gptbot)"
2a03:2880:f802:b:: - - [09/Sep/2026:07:10:32 -0500] "GET /?u=3977481100 HTTP/1.1" 200 39908 "-" "Mozilla/5.0 (Macintosh; Intel Mac OS X 10_15_7) AppleWebKit/537.36 (KHTML, like Gecko) Chrome/145.0.0.0 Safari/537.36 (compatible; meta-externalagent/1.1 (+https://developers.facebook.com/docs/sharing/webmasters/crawler))"
74.7.241.42 - - [09/Sep/2026:07:10:32 -0500] "GET /index.php?lokasie=/proc/23714/net//igmp6&loknya=/proc/23714/net/ HTTP/1.1" 200 4503 "https://www.artesaniascolombianas.net.co/index.php?loknya=/proc/23714/net/" "Mozilla/5.0 AppleWebKit/537.36 (KHTML, like Gecko; compatible; GPTBot/1.4; +https://openai.com/gptbot)"
2a03:2880:f802:43:: - - [09/Sep/2026:07:10:32 -0500] "GET /?f=6521399741 HTTP/1.1" 200 39909 "-" "Mozilla/5.0 (Windows NT 10.0; Win64; x64) AppleWebKit/537.36 (KHTML, like Gecko) Chrome/145.0.0.0 Safari/537.36 (compatible; meta-externalagent/1.1 (+https://developers.facebook.com/docs/sharing/webmasters/crawler))"
103.157.223.56 - - [09/Sep/2026:07:10:33 -0500] "POST /xmlrpc.php HTTP/1.1" 200 39905 "-" "Jetpack by WordPress.com"
74.7.241.13 - - [09/Sep/2026:07:10:33 -0500] "GET /?loknya=/sys/class/net/eth0/subsystem/eth0/device/net/eth0/device/subsystem/virtio_net/virtio0/net/eth0/device/driver/module/ HTTP/1.1" 200 6956 "https://mail.artesaniascolombianas.net.co/?loknya=/sys/class/net/eth0/subsystem/eth0/device/net/eth0/device/subsystem/drivers/virtio_net/virtio0/net/eth0/device/driver/module/drivers" "Mozilla/5.0 AppleWebKit/537.36 (KHTML, like Gecko; compatible; GPTBot/1.4; +https://openai.com/gptbot)"
74.7.242.34 - - [09/Sep/2026:07:10:32 -0500] "GET /?lokasie=/proc/1451/net//ip_tables_matches&loknya=/proc/1451/net/ HTTP/1.1" 200 4085 "https://artesaniascolombianas.net.co/?loknya=/proc/1451/net/" "Mozilla/5.0 AppleWebKit/537.36 (KHTML, like Gecko; compatible; GPTBot/1.4; +https://openai.com/gptbot)"
2a03:2880:f802:11:: - - [09/Sep/2026:07:10:33 -0500] "GET /?f=6521353447 HTTP/1.1" 200 39909 "-" "Mozilla/5.0 (Macintosh; Intel Mac OS X 10_15_7) AppleWebKit/537.36 (KHTML, like Gecko) Chrome/145.0.0.0 Safari/537.36 (compatible; meta-externalagent/1.1 (+https://developers.facebook.com/docs/sharing/webmasters/crawler))"
2a03:2880:f802:11:: - - [09/Sep/2026:07:10:33 -0500] "GET /?l=709393336 HTTP/1.1" 200 39909 "-" "Mozilla/5.0 (Windows NT 10.0; Win64; x64) AppleWebKit/537.36 (KHTML, like Gecko) Chrome/145.0.0.0 Safari/537.36 (compatible; meta-externalagent/1.1 (+https://developers.facebook.com/docs/sharing/webmasters/crawler))"
74.7.241.42 - - [09/Sep/2026:07:10:33 -0500] "GET /index.php?lokasie=/proc/30847/net//igmp6&loknya=/proc/30847/net/ HTTP/1.1" 200 4503 "https://www.artesaniascolombianas.net.co/index.php?loknya=/proc/30847/net/" "Mozilla/5.0 AppleWebKit/537.36 (KHTML, like Gecko; compatible; GPTBot/1.4; +https://openai.com/gptbot)"
2a03:2880:f802:6:: - - [09/Sep/2026:07:10:33 -0500] "GET /?v=85873209412 HTTP/1.1" 200 39908 "-" "Mozilla/5.0 (Macintosh; Intel Mac OS X 10_15_7) AppleWebKit/537.36 (KHTML, like Gecko) Chrome/145.0.0.0 Safari/537.36 (compatible; meta-externalagent/1.1 (+https://developers.facebook.com/docs/sharing/webmasters/crawler))"
74.7.241.13 - - [09/Sep/2026:07:10:33 -0500] "GET /?loknya=/sys/class/net/eth0/subsystem/eth0/device/driver/module/drivers/virtio:virtio_net/virtio0/net/eth0/device/net/eth0/subsystem/lo/queues/tx-0 HTTP/1.1" 200 16212 "https://mail.artesaniascolombianas.net.co/?loknya=/sys/class/net/eth0/subsystem/eth0/device/driver/module/drivers/virtio:virtio_net/virtio0/net/eth0/device/net/eth0/subsystem/lo/queues" "Mozilla/5.0 AppleWebKit/537.36 (KHTML, like Gecko; compatible; GPTBot/1.4; +https://openai.com/gptbot)"
74.7.242.34 - - [09/Sep/2026:07:10:33 -0500] "GET /?lokasie=/proc/6890/net//ip_tables_targets&loknya=/proc/6890/net/ HTTP/1.1" 200 4085 "https://artesaniascolombianas.net.co/?loknya=/proc/6890/net/" "Mozilla/5.0 AppleWebKit/537.36 (KHTML, like Gecko; compatible; GPTBot/1.4; +https://openai.com/gptbot)"
2a03:2880:f802:e:: - - [09/Sep/2026:07:10:33 -0500] "GET /?b=4765942079 HTTP/1.1" 200 39908 "-" "Mozilla/5.0 (Macintosh; Intel Mac OS X 10_15_7) AppleWebKit/537.36 (KHTML, like Gecko) Chrome/145.0.0.0 Safari/537.36 (compatible; meta-externalagent/1.1 (+https://developers.facebook.com/docs/sharing/webmasters/crawler))"
74.7.241.42 - - [09/Sep/2026:07:10:33 -0500] "GET /index.php?lokasie=/proc/30987/net//igmp6&loknya=/proc/30987/net/ HTTP/1.1" 200 4503 "https://www.artesaniascolombianas.net.co/index.php?loknya=/proc/30987/net/" "Mozilla/5.0 AppleWebKit/537.36 (KHTML, like Gecko; compatible; GPTBot/1.4; +https://openai.com/gptbot)"
2a03:2880:f802:1f:: - - [09/Sep/2026:07:10:34 -0500] "GET /?f=65213255404 HTTP/1.1" 200 39909 "-" "Mozilla/5.0 (Windows NT 10.0; Win64; x64) AppleWebKit/537.36 (KHTML, like Gecko) Chrome/145.0.0.0 Safari/537.36 (compatible; meta-externalagent/1.1 (+https://developers.facebook.com/docs/sharing/webmasters/crawler))"
74.7.241.13 - - [09/Sep/2026:07:10:34 -0500] "GET /?loknya=/sys/class/net/eth0/subsystem/eth0/device/driver/module/drivers/virtio:virtio_net/virtio0/net/eth0/device/net/eth0/subsystem/lo/queues/rx-0 HTTP/1.1" 200 11171 "https://mail.artesaniascolombianas.net.co/?loknya=/sys/class/net/eth0/subsystem/eth0/device/driver/module/drivers/virtio:virtio_net/virtio0/net/eth0/device/net/eth0/subsystem/lo/queues" "Mozilla/5.0 AppleWebKit/537.36 (KHTML, like Gecko; compatible; GPTBot/1.4; +https://openai.com/gptbot)"
74.7.242.34 - - [09/Sep/2026:07:10:34 -0500] "GET /?lokasie=/proc/4635/net//ip_tables_targets&loknya=/proc/4635/net/ HTTP/1.1" 200 4085 "https://artesaniascolombianas.net.co/?loknya=/proc/4635/net/" "Mozilla/5.0 AppleWebKit/537.36 (KHTML, like Gecko; compatible; GPTBot/1.4; +https://openai.com/gptbot)"
74.7.241.42 - - [09/Sep/2026:07:10:34 -0500] "GET /index.php?lokasie=/proc/30972/net/stat/nf_conntrack&loknya=/proc/30972/net/stat HTTP/1.1" 200 4921 "https://www.artesaniascolombianas.net.co/index.php?loknya=/proc/30972/net/stat" "Mozilla/5.0 AppleWebKit/537.36 (KHTML, like Gecko; compatible; GPTBot/1.4; +https://openai.com/gptbot)"
74.7.241.13 - - [09/Sep/2026:07:10:34 -0500] "GET /?loknya=/sys/class/net/eth0/subsystem/eth0/device/net/eth0/device/subsystem/drivers/virtio_net/virtio0/net/eth0/device/driver/module/ HTTP/1.1" 200 27819 "https://mail.artesaniascolombianas.net.co/?loknya=/sys/class/net/eth0/subsystem/eth0/device/net/eth0/device/subsystem/drivers/virtio_net/virtio0/net/eth0/device/driver/module/notes" "Mozilla/5.0 AppleWebKit/537.36 (KHTML, like Gecko; compatible; GPTBot/1.4; +https://openai.com/gptbot)"
74.7.242.34 - - [09/Sep/2026:07:10:34 -0500] "GET /?lokasie=/proc/1568/net//ip_tables_targets&loknya=/proc/1568/net/ HTTP/1.1" 200 4085 "https://artesaniascolombianas.net.co/?loknya=/proc/1568/net/" "Mozilla/5.0 AppleWebKit/537.36 (KHTML, like Gecko; compatible; GPTBot/1.4; +https://openai.com/gptbot)"
74.7.241.42 - - [09/Sep/2026:07:10:34 -0500] "GET /index.php?lokasie=/proc/30987/net/stat/ndisc_cache&loknya=/proc/30987/net/stat HTTP/1.1" 200 4737 "https://www.artesaniascolombianas.net.co/index.php?loknya=/proc/30987/net/stat" "Mozilla/5.0 AppleWebKit/537.36 (KHTML, like Gecko; compatible; GPTBot/1.4; +https://openai.com/gptbot)"
2a03:2880:f802:2c:: - - [09/Sep/2026:07:10:34 -0500] "GET /?y=25946218263 HTTP/1.1" 200 39909 "-" "Mozilla/5.0 (X11; Linux x86_64) AppleWebKit/537.36 (KHTML, like Gecko) Chrome/145.0.0.0 Safari/537.36 (compatible; meta-externalagent/1.1 (+https://developers.facebook.com/docs/sharing/webmasters/crawler))"
74.7.242.34 - - [09/Sep/2026:07:10:35 -0500] "GET /?lokasie=/proc/1535/net//ip_tables_matches&loknya=/proc/1535/net/ HTTP/1.1" 200 4085 "https://artesaniascolombianas.net.co/?loknya=/proc/1535/net/" "Mozilla/5.0 AppleWebKit/537.36 (KHTML, like Gecko; compatible; GPTBot/1.4; +https://openai.com/gptbot)"
74.7.241.13 - - [09/Sep/2026:07:10:35 -0500] "GET /?loknya=/sys/class/net/eth0/eth0/device/net/eth0/device/virtio1/host2/scsi_host/host2/device/ HTTP/1.1" 200 6248 "https://mail.artesaniascolombianas.net.co/?loknya=/sys/class/net/eth0/subsystem/eth0/device/net/eth0/device/subsystem/virtio1/host2/scsi_host/host2/device/subsystem/" "Mozilla/5.0 AppleWebKit/537.36 (KHTML, like Gecko; compatible; GPTBot/1.4; +https://openai.com/gptbot)"
74.7.241.42 - - [09/Sep/2026:07:10:35 -0500] "GET /index.php?lokasie=/proc/30987/net/stat/nf_conntrack&loknya=/proc/30987/net/stat HTTP/1.1" 200 4921 "https://www.artesaniascolombianas.net.co/index.php?loknya=/proc/30987/net/stat" "Mozilla/5.0 AppleWebKit/537.36 (KHTML, like Gecko; compatible; GPTBot/1.4; +https://openai.com/gptbot)"
2a03:2880:f802:45:: - - [09/Sep/2026:07:10:35 -0500] "GET /?f=65213100590 HTTP/1.1" 200 39909 "-" "Mozilla/5.0 (Windows NT 10.0; Win64; x64) AppleWebKit/537.36 (KHTML, like Gecko) Chrome/145.0.0.0 Safari/537.36 (compatible; meta-externalagent/1.1 (+https://developers.facebook.com/docs/sharing/webmasters/crawler))"
74.7.241.13 - - [09/Sep/2026:07:10:35 -0500] "GET /?loknya=/sys/class/net/eth0/subsystem/eth0/device/module/s/virtio:virtio_net/virtio0/net/eth0/device/net HTTP/1.1" 200 6497 "https://mail.artesaniascolombianas.net.co/?loknya=/sys/class/net/eth0/subsystem/eth0/device/module/s/virtio:virtio_net/virtio0/net/eth0/device/net/eth0/device/virtio0/" "Mozilla/5.0 AppleWebKit/537.36 (KHTML, like Gecko; compatible; GPTBot/1.4; +https://openai.com/gptbot)"
74.7.242.34 - - [09/Sep/2026:07:10:35 -0500] "GET /?lokasie=/proc/1568/net//ip_tables_matches&loknya=/proc/1568/net/ HTTP/1.1" 200 4085 "https://artesaniascolombianas.net.co/?loknya=/proc/1568/net/" "Mozilla/5.0 AppleWebKit/537.36 (KHTML, like Gecko; compatible; GPTBot/1.4; +https://openai.com/gptbot)"
74.7.241.42 - - [09/Sep/2026:07:10:35 -0500] "GET /index.php?lokasie=/proc/23714/net/stat/nf_conntrack&loknya=/proc/23714/net/stat HTTP/1.1" 200 4921 "https://www.artesaniascolombianas.net.co/index.php?loknya=/proc/23714/net/stat" "Mozilla/5.0 AppleWebKit/537.36 (KHTML, like Gecko; compatible; GPTBot/1.4; +https://openai.com/gptbot)"
74.7.241.13 - - [09/Sep/2026:07:10:36 -0500] "GET /?loknya=/sys/class/net/eth0/subsystem/eth0/device/module/s/virtio:virtio_net/virtio0/net/eth0/device/net/eth0 HTTP/1.1" 200 6636 "https://mail.artesaniascolombianas.net.co/?loknya=/sys/class/net/eth0/subsystem/eth0/device/module/s/virtio:virtio_net/virtio0/net/eth0/device/net/eth0/device/virtio0/" "Mozilla/5.0 AppleWebKit/537.36 (KHTML, like Gecko; compatible; GPTBot/1.4; +https://openai.com/gptbot)"
74.7.242.34 - - [09/Sep/2026:07:10:35 -0500] "GET /?lokasie=/proc/6890/net//ip_tables_matches&loknya=/proc/6890/net/ HTTP/1.1" 200 4085 "https://artesaniascolombianas.net.co/?loknya=/proc/6890/net/" "Mozilla/5.0 AppleWebKit/537.36 (KHTML, like Gecko; compatible; GPTBot/1.4; +https://openai.com/gptbot)"
74.7.241.42 - - [09/Sep/2026:07:10:36 -0500] "GET /index.php?lokasie=/proc/30847/net/stat/ndisc_cache&loknya=/proc/30847/net/stat HTTP/1.1" 200 4737 "https://www.artesaniascolombianas.net.co/index.php?loknya=/proc/30847/net/stat" "Mozilla/5.0 AppleWebKit/537.36 (KHTML, like Gecko; compatible; GPTBot/1.4; +https://openai.com/gptbot)"
2a03:2880:f802:2a:: - - [09/Sep/2026:07:10:36 -0500] "GET /?v=79451178919 HTTP/1.1" 200 39909 "-" "Mozilla/5.0 (Windows NT 10.0; Win64; x64) AppleWebKit/537.36 (KHTML, like Gecko) Chrome/145.0.0.0 Safari/537.36 (compatible; meta-externalagent/1.1 (+https://developers.facebook.com/docs/sharing/webmasters/crawler))"
74.7.242.34 - - [09/Sep/2026:07:10:36 -0500] "GET /?lokasie=/proc/4635/net//ip_tables_matches&loknya=/proc/4635/net/ HTTP/1.1" 200 4085 "https://artesaniascolombianas.net.co/?loknya=/proc/4635/net/" "Mozilla/5.0 AppleWebKit/537.36 (KHTML, like Gecko; compatible; GPTBot/1.4; +https://openai.com/gptbot)"
74.7.241.13 - - [09/Sep/2026:07:10:36 -0500] "GET /?lokasie=/sys/class/net/eth0/subsystem/eth0/device/driver/module/drivers/virtio:virtio_net/virtio0/net/eth0/device/net/eth0/subsystem/eth0/subsystem/lo/ifindex&loknya=/sys/class/net/eth0/subsystem/eth0/device/driver/module/drivers/virtio:virtio_net/virtio0/net/eth0/device/net/eth0/subsystem/eth0/subsystem/lo HTTP/1.1" 200 6259 "https://mail.artesaniascolombianas.net.co/?loknya=/sys/class/net/eth0/subsystem/eth0/device/driver/module/drivers/virtio:virtio_net/virtio0/net/eth0/device/net/eth0/subsystem/eth0/subsystem/lo" "Mozilla/5.0 AppleWebKit/537.36 (KHTML, like Gecko; compatible; GPTBot/1.4; +https://openai.com/gptbot)"
74.7.241.42 - - [09/Sep/2026:07:10:36 -0500] "GET /index.php?lokasie=/proc/23714/net/stat/ndisc_cache&loknya=/proc/23714/net/stat HTTP/1.1" 200 4737 "https://www.artesaniascolombianas.net.co/index.php?loknya=/proc/23714/net/stat" "Mozilla/5.0 AppleWebKit/537.36 (KHTML, like Gecko; compatible; GPTBot/1.4; +https://openai.com/gptbot)"
2a03:2880:f802:3f:: - - [09/Sep/2026:07:10:36 -0500] "GET /?y=25946201371 HTTP/1.1" 200 39909 "-" "Mozilla/5.0 (Macintosh; Intel Mac OS X 10_15_7) AppleWebKit/537.36 (KHTML, like Gecko) Chrome/145.0.0.0 Safari/537.36 (compatible; meta-externalagent/1.1 (+https://developers.facebook.com/docs/sharing/webmasters/crawler))"
74.7.242.34 - - [09/Sep/2026:07:10:36 -0500] "GET /?lokasie=/proc/6890/net//ip6_mr_cache&loknya=/proc/6890/net/ HTTP/1.1" 200 4183 "https://artesaniascolombianas.net.co/?loknya=/proc/6890/net/" "Mozilla/5.0 AppleWebKit/537.36 (KHTML, like Gecko; compatible; GPTBot/1.4; +https://openai.com/gptbot)"
2a03:2880:f802:1a:: - - [09/Sep/2026:07:10:37 -0500] "GET /?u=3977498740 HTTP/1.1" 200 39909 "-" "Mozilla/5.0 (Windows NT 10.0; Win64; x64) AppleWebKit/537.36 (KHTML, like Gecko) Chrome/145.0.0.0 Safari/537.36 (compatible; meta-externalagent/1.1 (+https://developers.facebook.com/docs/sharing/webmasters/crawler))"
