2a03:2880:f802:24:: - - [09/Sep/2026:07:07:01 -0500] "GET /?y=25946166226 HTTP/1.1" 200 39909 "-" "Mozilla/5.0 (Windows NT 10.0; Win64; x64) AppleWebKit/537.36 (KHTML, like Gecko) Chrome/145.0.0.0 Safari/537.36 (compatible; meta-externalagent/1.1 (+https://developers.facebook.com/docs/sharing/webmasters/crawler))"
74.7.241.13 - - [09/Sep/2026:07:07:01 -0500] "GET /?loknya=/sys/class/net/eth0/subsystem/eth0/device/virtio:virtio_net/virtio0/net/eth0/device/subsystem/devices/virtio2 HTTP/1.1" 200 6620 "https://mail.artesaniascolombianas.net.co/?loknya=/sys/class/net/eth0/subsystem/eth0/device/virtio:virtio_net/virtio0/net/eth0/device/subsystem/devices/virtio2/" "Mozilla/5.0 AppleWebKit/537.36 (KHTML, like Gecko; compatible; GPTBot/1.4; +https://openai.com/gptbot)"
74.7.241.42 - - [09/Sep/2026:07:07:01 -0500] "GET /index.php?lokasie=/proc/10637/net//ip6_tables_matches&loknya=/proc/10637/net/ HTTP/1.1" 200 4090 "https://www.artesaniascolombianas.net.co/index.php?loknya=/proc/10637/net/" "Mozilla/5.0 AppleWebKit/537.36 (KHTML, like Gecko; compatible; GPTBot/1.4; +https://openai.com/gptbot)"
2a03:2880:f802:3d:: - - [09/Sep/2026:07:07:01 -0500] "GET /?l=70939100499 HTTP/1.1" 200 39909 "-" "Mozilla/5.0 (Windows NT 10.0; Win64; x64) AppleWebKit/537.36 (KHTML, like Gecko) Chrome/145.0.0.0 Safari/537.36 (compatible; meta-externalagent/1.1 (+https://developers.facebook.com/docs/sharing/webmasters/crawler))"
2a03:2880:f802:44:: - - [09/Sep/2026:07:07:01 -0500] "GET /?i=36798210665 HTTP/1.1" 200 39909 "-" "Mozilla/5.0 (Windows NT 10.0; Win64; x64) AppleWebKit/537.36 (KHTML, like Gecko) Chrome/145.0.0.0 Safari/537.36 (compatible; meta-externalagent/1.1 (+https://developers.facebook.com/docs/sharing/webmasters/crawler))"
74.7.242.34 - - [09/Sep/2026:07:07:01 -0500] "GET /?lokasie=/proc/22424/net//udplite6&loknya=/proc/22424/net/ HTTP/1.1" 200 4246 "https://artesaniascolombianas.net.co/?loknya=/proc/22424/net/" "Mozilla/5.0 AppleWebKit/537.36 (KHTML, like Gecko; compatible; GPTBot/1.4; +https://openai.com/gptbot)"
74.7.241.13 - - [09/Sep/2026:07:07:02 -0500] "GET /?loknya=/sys/class/net/eth0/subsystem/eth0/device/net/eth0/device/subsystem/devices/virtio3/subsystem/devices/virtio0/driver/virtio0/driver/module/notes HTTP/1.1" 200 9405 "https://mail.artesaniascolombianas.net.co/?loknya=/sys/class/net/eth0/subsystem/eth0/device/net/eth0/device/subsystem/devices/virtio3/subsystem/devices/virtio0/driver/virtio0/driver/module" "Mozilla/5.0 AppleWebKit/537.36 (KHTML, like Gecko; compatible; GPTBot/1.4; +https://openai.com/gptbot)"
74.7.241.42 - - [09/Sep/2026:07:07:02 -0500] "GET /index.php?lokasie=/proc/23701/net//ip6_tables_names&loknya=/proc/23701/net/ HTTP/1.1" 200 4088 "https://www.artesaniascolombianas.net.co/index.php?loknya=/proc/23701/net/" "Mozilla/5.0 AppleWebKit/537.36 (KHTML, like Gecko; compatible; GPTBot/1.4; +https://openai.com/gptbot)"
74.7.242.34 - - [09/Sep/2026:07:07:02 -0500] "GET /?lokasie=/proc/24343/net//anycast6&loknya=/proc/24343/net/ HTTP/1.1" 200 4080 "https://artesaniascolombianas.net.co/?loknya=/proc/24343/net/" "Mozilla/5.0 AppleWebKit/537.36 (KHTML, like Gecko; compatible; GPTBot/1.4; +https://openai.com/gptbot)"
74.7.241.13 - - [09/Sep/2026:07:07:02 -0500] "GET /?loknya=/sys/class/net/eth0/subsystem/eth0/device/net/eth0/device/virtio:virtio_net/virtio0/subsystem/devices/virtio3/ HTTP/1.1" 200 6576 "https://mail.artesaniascolombianas.net.co/?loknya=/sys/class/net/eth0/subsystem/eth0/device/net/eth0/device/driver/virtio:virtio_net/virtio0/subsystem/devices/virtio3/driver/" "Mozilla/5.0 AppleWebKit/537.36 (KHTML, like Gecko; compatible; GPTBot/1.4; +https://openai.com/gptbot)"
74.7.241.42 - - [09/Sep/2026:07:07:02 -0500] "GET /index.php?lokasie=/proc/24130/net//anycast6&loknya=/proc/24130/net/ HTTP/1.1" 200 4080 "https://www.artesaniascolombianas.net.co/index.php?loknya=/proc/24130/net/" "Mozilla/5.0 AppleWebKit/537.36 (KHTML, like Gecko; compatible; GPTBot/1.4; +https://openai.com/gptbot)"
2a03:2880:f802:24:: - - [09/Sep/2026:07:07:02 -0500] "GET /?v=7945174850 HTTP/1.1" 200 39909 "-" "Mozilla/5.0 (Windows NT 10.0; Win64; x64) AppleWebKit/537.36 (KHTML, like Gecko) Chrome/145.0.0.0 Safari/537.36 (compatible; meta-externalagent/1.1 (+https://developers.facebook.com/docs/sharing/webmasters/crawler))"
74.7.242.34 - - [09/Sep/2026:07:07:02 -0500] "GET /?lokasie=/proc/20404/net//sockstat6&loknya=/proc/20404/net/ HTTP/1.1" 200 4166 "https://artesaniascolombianas.net.co/?loknya=/proc/20404/net/" "Mozilla/5.0 AppleWebKit/537.36 (KHTML, like Gecko; compatible; GPTBot/1.4; +https://openai.com/gptbot)"
74.7.241.13 - - [09/Sep/2026:07:07:03 -0500] "GET /?loknya=/sys/class/net/eth0/subsystem/eth0/device/net/eth0/device/driver/virtio:virtio_net/virtio0/subsystem/devices/virtio3 HTTP/1.1" 200 6724 "https://mail.artesaniascolombianas.net.co/?loknya=/sys/class/net/eth0/subsystem/eth0/device/net/eth0/device/driver/virtio:virtio_net/virtio0/subsystem/devices/virtio3/driver/" "Mozilla/5.0 AppleWebKit/537.36 (KHTML, like Gecko; compatible; GPTBot/1.4; +https://openai.com/gptbot)"
74.7.241.42 - - [09/Sep/2026:07:07:03 -0500] "GET /index.php?lokasie=/proc/10637/net//sockstat6&loknya=/proc/10637/net/ HTTP/1.1" 200 4166 "https://www.artesaniascolombianas.net.co/index.php?loknya=/proc/10637/net/" "Mozilla/5.0 AppleWebKit/537.36 (KHTML, like Gecko; compatible; GPTBot/1.4; +https://openai.com/gptbot)"
2a03:2880:f802:e:: - - [09/Sep/2026:07:07:03 -0500] "GET /?y=25946130480 HTTP/1.1" 200 39908 "-" "Mozilla/5.0 (X11; Linux x86_64) AppleWebKit/537.36 (KHTML, like Gecko) Chrome/145.0.0.0 Safari/537.36 (compatible; meta-externalagent/1.1 (+https://developers.facebook.com/docs/sharing/webmasters/crawler))"
74.7.242.34 - - [09/Sep/2026:07:07:03 -0500] "GET /?lokasie=/proc/22424/net//mcfilter6&loknya=/proc/22424/net/ HTTP/1.1" 200 4172 "https://artesaniascolombianas.net.co/?loknya=/proc/22424/net/" "Mozilla/5.0 AppleWebKit/537.36 (KHTML, like Gecko; compatible; GPTBot/1.4; +https://openai.com/gptbot)"
2a03:2880:f802:48:: - - [09/Sep/2026:07:07:03 -0500] "GET /?v=7945144781 HTTP/1.1" 200 39909 "-" "Mozilla/5.0 (Windows NT 10.0; Win64; x64) AppleWebKit/537.36 (KHTML, like Gecko) Chrome/145.0.0.0 Safari/537.36 (compatible; meta-externalagent/1.1 (+https://developers.facebook.com/docs/sharing/webmasters/crawler))"
74.7.241.13 - - [09/Sep/2026:07:07:03 -0500] "GET /?loknya=/sys/class/net/eth0/subsystem/eth0/device/net/eth0/device/driver/virtio:virtio_net/virtio0/subsystem/devices/virtio3/driver HTTP/1.1" 200 6892 "https://mail.artesaniascolombianas.net.co/?loknya=/sys/class/net/eth0/subsystem/eth0/device/net/eth0/device/driver/virtio:virtio_net/virtio0/subsystem/devices/virtio3/driver/" "Mozilla/5.0 AppleWebKit/537.36 (KHTML, like Gecko; compatible; GPTBot/1.4; +https://openai.com/gptbot)"
74.7.241.42 - - [09/Sep/2026:07:07:03 -0500] "GET /index.php?lokasie=/proc/20438/net//udplite6&loknya=/proc/20438/net/ HTTP/1.1" 200 4246 "https://www.artesaniascolombianas.net.co/index.php?loknya=/proc/20438/net/" "Mozilla/5.0 AppleWebKit/537.36 (KHTML, like Gecko; compatible; GPTBot/1.4; +https://openai.com/gptbot)"
74.7.242.34 - - [09/Sep/2026:07:07:03 -0500] "GET /?lokasie=/proc/24343/net//sockstat6&loknya=/proc/24343/net/ HTTP/1.1" 200 4166 "https://artesaniascolombianas.net.co/?loknya=/proc/24343/net/" "Mozilla/5.0 AppleWebKit/537.36 (KHTML, like Gecko; compatible; GPTBot/1.4; +https://openai.com/gptbot)"
2a03:2880:f802:1b:: - - [09/Sep/2026:07:07:03 -0500] "GET /?v=7945128804 HTTP/1.1" 200 39909 "-" "Mozilla/5.0 (Macintosh; Intel Mac OS X 10_15_7) AppleWebKit/537.36 (KHTML, like Gecko) Chrome/145.0.0.0 Safari/537.36 (compatible; meta-externalagent/1.1 (+https://developers.facebook.com/docs/sharing/webmasters/crawler))"
74.7.241.13 - - [09/Sep/2026:07:07:03 -0500] "GET /?loknya=/sys/class/net/eth0/subsystem/eth0/device/net/eth0/device/subsystem/devices/virtio3/subsystem/devices/virtio0/driver/module/drivers/virtio:virtio_net/virtio0 HTTP/1.1" 200 24585 "https://mail.artesaniascolombianas.net.co/?loknya=/sys/class/net/eth0/subsystem/eth0/device/net/eth0/device/subsystem/devices/virtio3/subsystem/devices/virtio0/driver/module/drivers/virtio:virtio_net" "Mozilla/5.0 AppleWebKit/537.36 (KHTML, like Gecko; compatible; GPTBot/1.4; +https://openai.com/gptbot)"
74.7.241.42 - - [09/Sep/2026:07:07:04 -0500] "GET /index.php?lokasie=/proc/24096/net//mcfilter6&loknya=/proc/24096/net/ HTTP/1.1" 200 4172 "https://www.artesaniascolombianas.net.co/index.php?loknya=/proc/24096/net/" "Mozilla/5.0 AppleWebKit/537.36 (KHTML, like Gecko; compatible; GPTBot/1.4; +https://openai.com/gptbot)"
74.7.242.34 - - [09/Sep/2026:07:07:04 -0500] "GET /?lokasie=/proc/20404/net//anycast6&loknya=/proc/20404/net/ HTTP/1.1" 200 4080 "https://artesaniascolombianas.net.co/?loknya=/proc/20404/net/" "Mozilla/5.0 AppleWebKit/537.36 (KHTML, like Gecko; compatible; GPTBot/1.4; +https://openai.com/gptbot)"
2a03:2880:f802:10:: - - [09/Sep/2026:07:07:04 -0500] "GET /?v=79451211539 HTTP/1.1" 200 39909 "-" "Mozilla/5.0 (X11; Linux x86_64) AppleWebKit/537.36 (KHTML, like Gecko) Chrome/145.0.0.0 Safari/537.36 (compatible; meta-externalagent/1.1 (+https://developers.facebook.com/docs/sharing/webmasters/crawler))"
74.7.241.13 - - [09/Sep/2026:07:07:04 -0500] "GET /?loknya=/sys/class/net/eth0/subsystem/eth0/device/net/eth0/device/subsystem/devices/virtio1/subsystem/devices/virtio2/driver/virtio2/driver/ HTTP/1.1" 200 15274 "https://mail.artesaniascolombianas.net.co/?loknya=/sys/class/net/eth0/subsystem/eth0/device/net/eth0/device/subsystem/devices/virtio1/subsystem/devices/virtio2/driver/virtio2/driver/module" "Mozilla/5.0 AppleWebKit/537.36 (KHTML, like Gecko; compatible; GPTBot/1.4; +https://openai.com/gptbot)"
74.7.241.42 - - [09/Sep/2026:07:07:04 -0500] "GET /index.php?lokasie=/proc/24096/net//sockstat6&loknya=/proc/24096/net/ HTTP/1.1" 200 4166 "https://www.artesaniascolombianas.net.co/index.php?loknya=/proc/24096/net/" "Mozilla/5.0 AppleWebKit/537.36 (KHTML, like Gecko; compatible; GPTBot/1.4; +https://openai.com/gptbot)"
74.7.242.34 - - [09/Sep/2026:07:07:04 -0500] "GET /?lokasie=/proc/22424/net//anycast6&loknya=/proc/22424/net/ HTTP/1.1" 200 4080 "https://artesaniascolombianas.net.co/?loknya=/proc/22424/net/" "Mozilla/5.0 AppleWebKit/537.36 (KHTML, like Gecko; compatible; GPTBot/1.4; +https://openai.com/gptbot)"
74.7.241.13 - - [09/Sep/2026:07:07:05 -0500] "GET /?loknya=/sys/class/net/eth0/subsystem/eth0/device/net/eth0/device/subsystem/devices/virtio0/subsystem/devices/virtio2/subsystem/drivers/virtio_net/module/ HTTP/1.1" 200 29096 "https://mail.artesaniascolombianas.net.co/?loknya=/sys/class/net/eth0/subsystem/eth0/device/net/eth0/device/subsystem/devices/virtio0/subsystem/devices/virtio2/subsystem/drivers/virtio_net/module/parameters" "Mozilla/5.0 AppleWebKit/537.36 (KHTML, like Gecko; compatible; GPTBot/1.4; +https://openai.com/gptbot)"
74.7.241.42 - - [09/Sep/2026:07:07:05 -0500] "GET /index.php?lokasie=/proc/23701/net//anycast6&loknya=/proc/23701/net/ HTTP/1.1" 200 4080 "https://www.artesaniascolombianas.net.co/index.php?loknya=/proc/23701/net/" "Mozilla/5.0 AppleWebKit/537.36 (KHTML, like Gecko; compatible; GPTBot/1.4; +https://openai.com/gptbot)"
2a03:2880:f802:3b:: - - [09/Sep/2026:07:07:05 -0500] "GET /?u=397748142 HTTP/1.1" 200 39909 "-" "Mozilla/5.0 (Windows NT 10.0; Win64; x64) AppleWebKit/537.36 (KHTML, like Gecko) Chrome/145.0.0.0 Safari/537.36 (compatible; meta-externalagent/1.1 (+https://developers.facebook.com/docs/sharing/webmasters/crawler))"
74.7.242.34 - - [09/Sep/2026:07:07:05 -0500] "GET /?lokasie=/proc/20404/net//mcfilter6&loknya=/proc/20404/net/ HTTP/1.1" 200 4172 "https://artesaniascolombianas.net.co/?loknya=/proc/20404/net/" "Mozilla/5.0 AppleWebKit/537.36 (KHTML, like Gecko; compatible; GPTBot/1.4; +https://openai.com/gptbot)"
74.7.241.13 - - [09/Sep/2026:07:07:05 -0500] "GET /?loknya=/sys/class/net/eth0/subsystem/eth0/device/net/eth0/device/subsystem/devices/virtio2/driver/virtio2/driver/virtio2/subsystem/drivers/virtio_scsi/module/notes HTTP/1.1" 200 9677 "https://mail.artesaniascolombianas.net.co/?loknya=/sys/class/net/eth0/subsystem/eth0/device/net/eth0/device/subsystem/devices/virtio2/driver/virtio2/driver/virtio2/subsystem/drivers/virtio_scsi/module" "Mozilla/5.0 AppleWebKit/537.36 (KHTML, like Gecko; compatible; GPTBot/1.4; +https://openai.com/gptbot)"
74.7.241.42 - - [09/Sep/2026:07:07:05 -0500] "GET /index.php?lokasie=/proc/24130/net//sockstat6&loknya=/proc/24130/net/ HTTP/1.1" 200 4166 "https://www.artesaniascolombianas.net.co/index.php?loknya=/proc/24130/net/" "Mozilla/5.0 AppleWebKit/537.36 (KHTML, like Gecko; compatible; GPTBot/1.4; +https://openai.com/gptbot)"
2a03:2880:f802:1:: - - [09/Sep/2026:07:07:05 -0500] "GET /?x=7885586569 HTTP/1.1" 200 39908 "-" "Mozilla/5.0 (Windows NT 10.0; Win64; x64) AppleWebKit/537.36 (KHTML, like Gecko) Chrome/145.0.0.0 Safari/537.36 (compatible; meta-externalagent/1.1 (+https://developers.facebook.com/docs/sharing/webmasters/crawler))"
74.7.242.34 - - [09/Sep/2026:07:07:05 -0500] "GET /?lokasie=/proc/20438/net//sockstat6&loknya=/proc/20438/net/ HTTP/1.1" 200 4166 "https://artesaniascolombianas.net.co/?loknya=/proc/20438/net/" "Mozilla/5.0 AppleWebKit/537.36 (KHTML, like Gecko; compatible; GPTBot/1.4; +https://openai.com/gptbot)"
74.7.241.13 - - [09/Sep/2026:07:07:05 -0500] "GET /?loknya=/sys/class/net/eth0/subsystem/eth0/device/net/eth0/device/subsystem/devices/virtio3/driver/virtio3/driver/virtio3/subsystem/drivers/virtio_scsi/module/sections HTTP/1.1" 200 39709 "https://mail.artesaniascolombianas.net.co/?loknya=/sys/class/net/eth0/subsystem/eth0/device/net/eth0/device/subsystem/devices/virtio3/driver/virtio3/driver/virtio3/subsystem/drivers/virtio_scsi/module" "Mozilla/5.0 AppleWebKit/537.36 (KHTML, like Gecko; compatible; GPTBot/1.4; +https://openai.com/gptbot)"
74.7.241.42 - - [09/Sep/2026:07:07:06 -0500] "GET /index.php?lokasie=/proc/24130/net//udplite6&loknya=/proc/24130/net/ HTTP/1.1" 200 4246 "https://www.artesaniascolombianas.net.co/index.php?loknya=/proc/24130/net/" "Mozilla/5.0 AppleWebKit/537.36 (KHTML, like Gecko; compatible; GPTBot/1.4; +https://openai.com/gptbot)"
2a03:2880:f802:e:: - - [09/Sep/2026:07:07:06 -0500] "GET /?i=36798143262 HTTP/1.1" 200 39908 "-" "Mozilla/5.0 (Macintosh; Intel Mac OS X 10_15_7) AppleWebKit/537.36 (KHTML, like Gecko) Chrome/145.0.0.0 Safari/537.36 (compatible; meta-externalagent/1.1 (+https://developers.facebook.com/docs/sharing/webmasters/crawler))"
74.7.242.34 - - [09/Sep/2026:07:07:06 -0500] "GET /?lokasie=/proc/24343/net//udplite6&loknya=/proc/24343/net/ HTTP/1.1" 200 4246 "https://artesaniascolombianas.net.co/?loknya=/proc/24343/net/" "Mozilla/5.0 AppleWebKit/537.36 (KHTML, like Gecko; compatible; GPTBot/1.4; +https://openai.com/gptbot)"
2a03:2880:f802:: - - [09/Sep/2026:07:07:06 -0500] "GET /?u=39774146563 HTTP/1.1" 200 39906 "-" "Mozilla/5.0 (Windows NT 10.0; Win64; x64) AppleWebKit/537.36 (KHTML, like Gecko) Chrome/145.0.0.0 Safari/537.36 (compatible; meta-externalagent/1.1 (+https://developers.facebook.com/docs/sharing/webmasters/crawler))"
74.7.241.13 - - [09/Sep/2026:07:07:06 -0500] "GET /?loknya=/sys/class/net/eth0/subsystem/eth0/device/net/eth0/device/subsystem/devices/virtio3/driver/virtio3/driver/virtio3/subsystem/drivers/virtio_scsi/module/holders HTTP/1.1" 200 7786 "https://mail.artesaniascolombianas.net.co/?loknya=/sys/class/net/eth0/subsystem/eth0/device/net/eth0/device/subsystem/devices/virtio3/driver/virtio3/driver/virtio3/subsystem/drivers/virtio_scsi/module" "Mozilla/5.0 AppleWebKit/537.36 (KHTML, like Gecko; compatible; GPTBot/1.4; +https://openai.com/gptbot)"
74.7.241.42 - - [09/Sep/2026:07:07:06 -0500] "GET /index.php?lokasie=/proc/18473/net//sockstat6&loknya=/proc/18473/net/ HTTP/1.1" 200 4166 "https://www.artesaniascolombianas.net.co/index.php?loknya=/proc/18473/net/" "Mozilla/5.0 AppleWebKit/537.36 (KHTML, like Gecko; compatible; GPTBot/1.4; +https://openai.com/gptbot)"
74.7.242.34 - - [09/Sep/2026:07:07:06 -0500] "GET /?lokasie=/proc/24343/net//mcfilter6&loknya=/proc/24343/net/ HTTP/1.1" 200 4172 "https://artesaniascolombianas.net.co/?loknya=/proc/24343/net/" "Mozilla/5.0 AppleWebKit/537.36 (KHTML, like Gecko; compatible; GPTBot/1.4; +https://openai.com/gptbot)"
2a03:2880:f802:e:: - - [09/Sep/2026:07:07:06 -0500] "GET /?v=79451173493 HTTP/1.1" 200 39908 "-" "Mozilla/5.0 (Windows NT 10.0; Win64; x64) AppleWebKit/537.36 (KHTML, like Gecko) Chrome/145.0.0.0 Safari/537.36 (compatible; meta-externalagent/1.1 (+https://developers.facebook.com/docs/sharing/webmasters/crawler))"
74.7.241.13 - - [09/Sep/2026:07:07:07 -0500] "GET /?loknya=/sys/class/net/eth0/subsystem/eth0/device/net/eth0/device/subsystem/devices/virtio3/driver/virtio3/driver/virtio3/subsystem/drivers/virtio_scsi/module/notes HTTP/1.1" 200 9677 "https://mail.artesaniascolombianas.net.co/?loknya=/sys/class/net/eth0/subsystem/eth0/device/net/eth0/device/subsystem/devices/virtio3/driver/virtio3/driver/virtio3/subsystem/drivers/virtio_scsi/module" "Mozilla/5.0 AppleWebKit/537.36 (KHTML, like Gecko; compatible; GPTBot/1.4; +https://openai.com/gptbot)"
74.7.241.42 - - [09/Sep/2026:07:07:07 -0500] "GET /index.php?lokasie=/proc/20438/net//anycast6&loknya=/proc/20438/net/ HTTP/1.1" 200 4080 "https://www.artesaniascolombianas.net.co/index.php?loknya=/proc/20438/net/" "Mozilla/5.0 AppleWebKit/537.36 (KHTML, like Gecko; compatible; GPTBot/1.4; +https://openai.com/gptbot)"
2a03:2880:f802:26:: - - [09/Sep/2026:07:07:07 -0500] "GET /?u=39774190246 HTTP/1.1" 200 39909 "-" "Mozilla/5.0 (Windows NT 10.0; Win64; x64) AppleWebKit/537.36 (KHTML, like Gecko) Chrome/145.0.0.0 Safari/537.36 (compatible; meta-externalagent/1.1 (+https://developers.facebook.com/docs/sharing/webmasters/crawler))"
74.7.242.34 - - [09/Sep/2026:07:07:07 -0500] "GET /?lokasie=/proc/20404/net//udplite6&loknya=/proc/20404/net/ HTTP/1.1" 200 4246 "https://artesaniascolombianas.net.co/?loknya=/proc/20404/net/" "Mozilla/5.0 AppleWebKit/537.36 (KHTML, like Gecko; compatible; GPTBot/1.4; +https://openai.com/gptbot)"
2a03:2880:f802:1e:: - - [09/Sep/2026:07:07:07 -0500] "GET /?l=70939217984 HTTP/1.1" 200 39909 "-" "Mozilla/5.0 (Windows NT 10.0; Win64; x64) AppleWebKit/537.36 (KHTML, like Gecko) Chrome/145.0.0.0 Safari/537.36 (compatible; meta-externalagent/1.1 (+https://developers.facebook.com/docs/sharing/webmasters/crawler))"
74.7.241.13 - - [09/Sep/2026:07:07:07 -0500] "GET /?loknya=/sys/class/net/eth0/subsystem/eth0/device/net/eth0/device/subsystem/devices/virtio1/subsystem/devices/virtio3/subsystem/drivers/virtio_net/module HTTP/1.1" 200 29052 "https://mail.artesaniascolombianas.net.co/?loknya=/sys/class/net/eth0/subsystem/eth0/device/net/eth0/device/subsystem/devices/virtio1/subsystem/devices/virtio3/subsystem/drivers/virtio_net" "Mozilla/5.0 AppleWebKit/537.36 (KHTML, like Gecko; compatible; GPTBot/1.4; +https://openai.com/gptbot)"
74.7.241.42 - - [09/Sep/2026:07:07:07 -0500] "GET /index.php?lokasie=/proc/18473/net//udplite6&loknya=/proc/18473/net/ HTTP/1.1" 200 4246 "https://www.artesaniascolombianas.net.co/index.php?loknya=/proc/18473/net/" "Mozilla/5.0 AppleWebKit/537.36 (KHTML, like Gecko; compatible; GPTBot/1.4; +https://openai.com/gptbot)"
74.7.242.34 - - [09/Sep/2026:07:07:07 -0500] "GET /?lokasie=/proc/20438/net//mcfilter6&loknya=/proc/20438/net/ HTTP/1.1" 200 4172 "https://artesaniascolombianas.net.co/?loknya=/proc/20438/net/" "Mozilla/5.0 AppleWebKit/537.36 (KHTML, like Gecko; compatible; GPTBot/1.4; +https://openai.com/gptbot)"
74.7.241.13 - - [09/Sep/2026:07:07:08 -0500] "GET /?loknya=/sys/class/net/eth0/subsystem/eth0/device/net/eth0/device/virtio:virtio_net/virtio0/subsystem/devices/virtio3 HTTP/1.1" 200 6574 "https://mail.artesaniascolombianas.net.co/?loknya=/sys/class/net/eth0/subsystem/eth0/device/net/eth0/device/virtio:virtio_net/virtio0/subsystem/devices/virtio3/" "Mozilla/5.0 AppleWebKit/537.36 (KHTML, like Gecko; compatible; GPTBot/1.4; +https://openai.com/gptbot)"
74.7.241.42 - - [09/Sep/2026:07:07:08 -0500] "GET /index.php?lokasie=/proc/24096/net//udplite6&loknya=/proc/24096/net/ HTTP/1.1" 200 4246 "https://www.artesaniascolombianas.net.co/index.php?loknya=/proc/24096/net/" "Mozilla/5.0 AppleWebKit/537.36 (KHTML, like Gecko; compatible; GPTBot/1.4; +https://openai.com/gptbot)"
74.7.242.34 - - [09/Sep/2026:07:07:08 -0500] "GET /?lokasie=/proc/20438/net//anycast6&loknya=/proc/20438/net/ HTTP/1.1" 200 4080 "https://artesaniascolombianas.net.co/?loknya=/proc/20438/net/" "Mozilla/5.0 AppleWebKit/537.36 (KHTML, like Gecko; compatible; GPTBot/1.4; +https://openai.com/gptbot)"
74.7.241.13 - - [09/Sep/2026:07:07:08 -0500] "GET /?loknya=/sys/class/net/eth0/subsystem/eth0/device/net/eth0/device/subsystem/devices/virtio2/driver/virtio2/driver/virtio2/subsystem/drivers/virtio_scsi/module/holders HTTP/1.1" 200 7786 "https://mail.artesaniascolombianas.net.co/?loknya=/sys/class/net/eth0/subsystem/eth0/device/net/eth0/device/subsystem/devices/virtio2/driver/virtio2/driver/virtio2/subsystem/drivers/virtio_scsi/module" "Mozilla/5.0 AppleWebKit/537.36 (KHTML, like Gecko; compatible; GPTBot/1.4; +https://openai.com/gptbot)"
74.7.241.42 - - [09/Sep/2026:07:07:08 -0500] "GET /index.php?lokasie=/proc/18473/net//anycast6&loknya=/proc/18473/net/ HTTP/1.1" 200 4080 "https://www.artesaniascolombianas.net.co/index.php?loknya=/proc/18473/net/" "Mozilla/5.0 AppleWebKit/537.36 (KHTML, like Gecko; compatible; GPTBot/1.4; +https://openai.com/gptbot)"
74.7.242.34 - - [09/Sep/2026:07:07:08 -0500] "GET /?lokasie=/proc/20438/net//udplite6&loknya=/proc/20438/net/ HTTP/1.1" 200 4246 "https://artesaniascolombianas.net.co/?loknya=/proc/20438/net/" "Mozilla/5.0 AppleWebKit/537.36 (KHTML, like Gecko; compatible; GPTBot/1.4; +https://openai.com/gptbot)"
2a03:2880:f802:1d:: - - [09/Sep/2026:07:07:08 -0500] "GET /?x=78855267871 HTTP/1.1" 200 39909 "-" "Mozilla/5.0 (Windows NT 10.0; Win64; x64) AppleWebKit/537.36 (KHTML, like Gecko) Chrome/145.0.0.0 Safari/537.36 (compatible; meta-externalagent/1.1 (+https://developers.facebook.com/docs/sharing/webmasters/crawler))"
74.7.241.13 - - [09/Sep/2026:07:07:09 -0500] "GET /?loknya=/sys/class/net/eth0/subsystem/eth0/device/net/eth0/device/subsystem/devices/virtio1/driver/virtio1/driver/virtio1/subsystem/drivers/virtio_scsi/module HTTP/1.1" 200 27999 "https://mail.artesaniascolombianas.net.co/?loknya=/sys/class/net/eth0/subsystem/eth0/device/net/eth0/device/subsystem/devices/virtio1/driver/virtio1/driver/virtio1/subsystem/drivers/virtio_scsi" "Mozilla/5.0 AppleWebKit/537.36 (KHTML, like Gecko; compatible; GPTBot/1.4; +https://openai.com/gptbot)"
74.7.241.42 - - [09/Sep/2026:07:07:09 -0500] "GET /index.php?lokasie=/proc/30719/net//sockstat6&loknya=/proc/30719/net/ HTTP/1.1" 200 4166 "https://www.artesaniascolombianas.net.co/index.php?loknya=/proc/30719/net/" "Mozilla/5.0 AppleWebKit/537.36 (KHTML, like Gecko; compatible; GPTBot/1.4; +https://openai.com/gptbot)"
74.7.242.34 - - [09/Sep/2026:07:07:09 -0500] "GET /?lokasie=/proc/24897/net/tcp6&loknya=/proc/24897/net HTTP/1.1" 200 4075 "https://artesaniascolombianas.net.co/?loknya=/proc/24897/net" "Mozilla/5.0 AppleWebKit/537.36 (KHTML, like Gecko; compatible; GPTBot/1.4; +https://openai.com/gptbot)"
74.7.241.13 - - [09/Sep/2026:07:07:09 -0500] "GET /?loknya=/sys/class/net/eth0/subsystem/eth0/device/net/eth0/device/subsystem/devices/virtio3/subsystem/devices/virtio0/driver/module/drivers/virtio:virtio_net/virtio0/net HTTP/1.1" 200 9301 "https://mail.artesaniascolombianas.net.co/?loknya=/sys/class/net/eth0/subsystem/eth0/device/net/eth0/device/subsystem/devices/virtio3/subsystem/devices/virtio0/driver/module/drivers/virtio:virtio_net/virtio0" "Mozilla/5.0 AppleWebKit/537.36 (KHTML, like Gecko; compatible; GPTBot/1.4; +https://openai.com/gptbot)"
74.7.241.42 - - [09/Sep/2026:07:07:09 -0500] "GET /index.php?lokasie=/proc/10637/net//udplite6&loknya=/proc/10637/net/ HTTP/1.1" 200 4246 "https://www.artesaniascolombianas.net.co/index.php?loknya=/proc/10637/net/" "Mozilla/5.0 AppleWebKit/537.36 (KHTML, like Gecko; compatible; GPTBot/1.4; +https://openai.com/gptbot)"
74.7.242.34 - - [09/Sep/2026:07:07:09 -0500] "GET /?lokasie=/proc/24343/net/ipv6_route&loknya=/proc/24343/net HTTP/1.1" 200 6331 "https://artesaniascolombianas.net.co/?loknya=/proc/24343/net" "Mozilla/5.0 AppleWebKit/537.36 (KHTML, like Gecko; compatible; GPTBot/1.4; +https://openai.com/gptbot)"
74.7.241.13 - - [09/Sep/2026:07:07:10 -0500] "GET /?loknya=/sys/class/net/eth0/subsystem/eth0/device/net/eth0/device/subsystem/devices/virtio3/subsystem/devices/virtio0/driver/module/drivers/virtio:virtio_net/virtio0/power HTTP/1.1" 200 25034 "https://mail.artesaniascolombianas.net.co/?loknya=/sys/class/net/eth0/subsystem/eth0/device/net/eth0/device/subsystem/devices/virtio3/subsystem/devices/virtio0/driver/module/drivers/virtio:virtio_net/virtio0" "Mozilla/5.0 AppleWebKit/537.36 (KHTML, like Gecko; compatible; GPTBot/1.4; +https://openai.com/gptbot)"
74.7.241.42 - - [09/Sep/2026:07:07:10 -0500] "GET /index.php?lokasie=/proc/10637/net//anycast6&loknya=/proc/10637/net/ HTTP/1.1" 200 4080 "https://www.artesaniascolombianas.net.co/index.php?loknya=/proc/10637/net/" "Mozilla/5.0 AppleWebKit/537.36 (KHTML, like Gecko; compatible; GPTBot/1.4; +https://openai.com/gptbot)"
2a03:2880:f802:4b:: - - [09/Sep/2026:07:07:10 -0500] "GET /?l=70939179194 HTTP/1.1" 200 39909 "-" "Mozilla/5.0 (Macintosh; Intel Mac OS X 10_15_7) AppleWebKit/537.36 (KHTML, like Gecko) Chrome/145.0.0.0 Safari/537.36 (compatible; meta-externalagent/1.1 (+https://developers.facebook.com/docs/sharing/webmasters/crawler))"
74.7.242.34 - - [09/Sep/2026:07:07:10 -0500] "GET /?lokasie=/proc/20404/net/ipv6_route&loknya=/proc/20404/net HTTP/1.1" 200 6331 "https://artesaniascolombianas.net.co/?loknya=/proc/20404/net" "Mozilla/5.0 AppleWebKit/537.36 (KHTML, like Gecko; compatible; GPTBot/1.4; +https://openai.com/gptbot)"
74.7.241.13 - - [09/Sep/2026:07:07:10 -0500] "GET /?loknya=/sys/class/net/eth0/subsystem/eth0/device/net/eth0/device/subsystem/devices/virtio0/subsystem/devices/virtio1/driver/virtio1/driver/module/notes HTTP/1.1" 200 9405 "https://mail.artesaniascolombianas.net.co/?loknya=/sys/class/net/eth0/subsystem/eth0/device/net/eth0/device/subsystem/devices/virtio0/subsystem/devices/virtio1/driver/virtio1/driver/module" "Mozilla/5.0 AppleWebKit/537.36 (KHTML, like Gecko; compatible; GPTBot/1.4; +https://openai.com/gptbot)"
74.7.241.42 - - [09/Sep/2026:07:07:10 -0500] "GET /index.php?lokasie=/proc/23701/net//sockstat6&loknya=/proc/23701/net/ HTTP/1.1" 200 4166 "https://www.artesaniascolombianas.net.co/index.php?loknya=/proc/23701/net/" "Mozilla/5.0 AppleWebKit/537.36 (KHTML, like Gecko; compatible; GPTBot/1.4; +https://openai.com/gptbot)"
2a03:2880:f802:19:: - - [09/Sep/2026:07:07:10 -0500] "GET /?v=8587352119 HTTP/1.1" 200 39909 "-" "Mozilla/5.0 (Macintosh; Intel Mac OS X 10_15_7) AppleWebKit/537.36 (KHTML, like Gecko) Chrome/145.0.0.0 Safari/537.36 (compatible; meta-externalagent/1.1 (+https://developers.facebook.com/docs/sharing/webmasters/crawler))"
74.7.242.34 - - [09/Sep/2026:07:07:10 -0500] "GET /?lokasie=/proc/25103/net/sockstat6&loknya=/proc/25103/net HTTP/1.1" 200 4080 "https://artesaniascolombianas.net.co/?loknya=/proc/25103/net" "Mozilla/5.0 AppleWebKit/537.36 (KHTML, like Gecko; compatible; GPTBot/1.4; +https://openai.com/gptbot)"
2a03:2880:f802:e:: - - [09/Sep/2026:07:07:11 -0500] "GET /?v=794518706 HTTP/1.1" 200 39908 "-" "Mozilla/5.0 (Macintosh; Intel Mac OS X 10_15_7) AppleWebKit/537.36 (KHTML, like Gecko) Chrome/145.0.0.0 Safari/537.36 (compatible; meta-externalagent/1.1 (+https://developers.facebook.com/docs/sharing/webmasters/crawler))"
74.7.241.13 - - [09/Sep/2026:07:07:11 -0500] "GET /?loknya=/sys/class/net/eth0/subsystem/eth0/device/net/eth0/device/subsystem/devices/virtio1/subsystem/devices/virtio3/driver/virtio3/driver/module HTTP/1.1" 200 28675 "https://mail.artesaniascolombianas.net.co/?loknya=/sys/class/net/eth0/subsystem/eth0/device/net/eth0/device/subsystem/devices/virtio1/subsystem/devices/virtio3/driver/virtio3/driver" "Mozilla/5.0 AppleWebKit/537.36 (KHTML, like Gecko; compatible; GPTBot/1.4; +https://openai.com/gptbot)"
74.7.241.42 - - [09/Sep/2026:07:07:11 -0500] "GET /index.php?lokasie=/proc/20438/net//sockstat6&loknya=/proc/20438/net/ HTTP/1.1" 200 4166 "https://www.artesaniascolombianas.net.co/index.php?loknya=/proc/20438/net/" "Mozilla/5.0 AppleWebKit/537.36 (KHTML, like Gecko; compatible; GPTBot/1.4; +https://openai.com/gptbot)"
74.7.242.34 - - [09/Sep/2026:07:07:11 -0500] "GET /?lokasie=/proc/23863/net/mcfilter6&loknya=/proc/23863/net HTTP/1.1" 200 4080 "https://artesaniascolombianas.net.co/?loknya=/proc/23863/net" "Mozilla/5.0 AppleWebKit/537.36 (KHTML, like Gecko; compatible; GPTBot/1.4; +https://openai.com/gptbot)"
74.7.241.13 - - [09/Sep/2026:07:07:11 -0500] "GET /?loknya=/sys/class/net/eth0/subsystem/eth0/device/net/eth0/device/subsystem/devices/virtio0/subsystem/devices/virtio1/subsystem/drivers/virtio_net/module/ HTTP/1.1" 200 29096 "https://mail.artesaniascolombianas.net.co/?loknya=/sys/class/net/eth0/subsystem/eth0/device/net/eth0/device/subsystem/devices/virtio0/subsystem/devices/virtio1/subsystem/drivers/virtio_net/module/parameters" "Mozilla/5.0 AppleWebKit/537.36 (KHTML, like Gecko; compatible; GPTBot/1.4; +https://openai.com/gptbot)"
2a03:2880:f802:22:: - - [09/Sep/2026:07:07:11 -0500] "GET /?f=65213111814 HTTP/1.1" 200 39909 "-" "Mozilla/5.0 (Macintosh; Intel Mac OS X 10_15_7) AppleWebKit/537.36 (KHTML, like Gecko) Chrome/145.0.0.0 Safari/537.36 (compatible; meta-externalagent/1.1 (+https://developers.facebook.com/docs/sharing/webmasters/crawler))"
74.7.241.42 - - [09/Sep/2026:07:07:11 -0500] "GET /index.php?lokasie=/proc/23701/net//udplite6&loknya=/proc/23701/net/ HTTP/1.1" 200 4246 "https://www.artesaniascolombianas.net.co/index.php?loknya=/proc/23701/net/" "Mozilla/5.0 AppleWebKit/537.36 (KHTML, like Gecko; compatible; GPTBot/1.4; +https://openai.com/gptbot)"
2a03:2880:f802:2b:: - - [09/Sep/2026:07:07:11 -0500] "GET /?f=65213139052 HTTP/1.1" 200 39909 "-" "Mozilla/5.0 (Macintosh; Intel Mac OS X 10_15_7) AppleWebKit/537.36 (KHTML, like Gecko) Chrome/145.0.0.0 Safari/537.36 (compatible; meta-externalagent/1.1 (+https://developers.facebook.com/docs/sharing/webmasters/crawler))"
74.7.242.34 - - [09/Sep/2026:07:07:11 -0500] "GET /?lokasie=/proc/22424/net/ip6_mr_vif&loknya=/proc/22424/net HTTP/1.1" 200 4136 "https://artesaniascolombianas.net.co/?loknya=/proc/22424/net" "Mozilla/5.0 AppleWebKit/537.36 (KHTML, like Gecko; compatible; GPTBot/1.4; +https://openai.com/gptbot)"
103.157.223.56 - - [09/Sep/2026:07:07:11 -0500] "POST /xmlrpc.php HTTP/1.1" 200 39905 "-" "WordPress.com; https://wordpress.com"
74.7.241.13 - - [09/Sep/2026:07:07:12 -0500] "GET /?loknya=/sys/class/net/eth0/subsystem/eth0/device/net/eth0/device/subsystem/devices/virtio0/driver/virtio0/driver/virtio0/subsystem/drivers/virtio_rproc_serial/module HTTP/1.1" 200 28399 "https://mail.artesaniascolombianas.net.co/?loknya=/sys/class/net/eth0/subsystem/eth0/device/net/eth0/device/subsystem/devices/virtio0/driver/virtio0/driver/virtio0/subsystem/drivers/virtio_rproc_serial" "Mozilla/5.0 AppleWebKit/537.36 (KHTML, like Gecko; compatible; GPTBot/1.4; +https://openai.com/gptbot)"
74.7.241.42 - - [09/Sep/2026:07:07:12 -0500] "GET /index.php?lokasie=/proc/24096/net//anycast6&loknya=/proc/24096/net/ HTTP/1.1" 200 4080 "https://www.artesaniascolombianas.net.co/index.php?loknya=/proc/24096/net/" "Mozilla/5.0 AppleWebKit/537.36 (KHTML, like Gecko; compatible; GPTBot/1.4; +https://openai.com/gptbot)"
74.7.242.34 - - [09/Sep/2026:07:07:12 -0500] "GET /?lokasie=/proc/24239/net//mcfilter6&loknya=/proc/24239/net/ HTTP/1.1" 200 4081 "https://artesaniascolombianas.net.co/?loknya=/proc/24239/net/" "Mozilla/5.0 AppleWebKit/537.36 (KHTML, like Gecko; compatible; GPTBot/1.4; +https://openai.com/gptbot)"
74.7.241.13 - - [09/Sep/2026:07:07:12 -0500] "GET /?loknya=/sys/class/net/eth0/subsystem/eth0/device/net/eth0/device/subsystem/devices/virtio2/subsystem/devices/virtio0/subsystem/drivers/virtio_net HTTP/1.1" 200 15406 "https://mail.artesaniascolombianas.net.co/?loknya=/sys/class/net/eth0/subsystem/eth0/device/net/eth0/device/subsystem/devices/virtio2/subsystem/devices/virtio0/subsystem/drivers" "Mozilla/5.0 AppleWebKit/537.36 (KHTML, like Gecko; compatible; GPTBot/1.4; +https://openai.com/gptbot)"
74.7.241.42 - - [09/Sep/2026:07:07:12 -0500] "GET /index.php?lokasie=/proc/30719/net//udplite6&loknya=/proc/30719/net/ HTTP/1.1" 200 4246 "https://www.artesaniascolombianas.net.co/index.php?loknya=/proc/30719/net/" "Mozilla/5.0 AppleWebKit/537.36 (KHTML, like Gecko; compatible; GPTBot/1.4; +https://openai.com/gptbot)"
2a03:2880:f802:e:: - - [09/Sep/2026:07:07:12 -0500] "GET /?f=65213187229 HTTP/1.1" 200 39908 "-" "Mozilla/5.0 (Windows NT 10.0; Win64; x64) AppleWebKit/537.36 (KHTML, like Gecko) Chrome/145.0.0.0 Safari/537.36 (compatible; meta-externalagent/1.1 (+https://developers.facebook.com/docs/sharing/webmasters/crawler))"
74.7.242.34 - - [09/Sep/2026:07:07:12 -0500] "GET /?lokasie=/proc/24123/net//mcfilter6&loknya=/proc/24123/net/ HTTP/1.1" 200 4172 "https://artesaniascolombianas.net.co/?loknya=/proc/24123/net/" "Mozilla/5.0 AppleWebKit/537.36 (KHTML, like Gecko; compatible; GPTBot/1.4; +https://openai.com/gptbot)"
74.7.241.13 - - [09/Sep/2026:07:07:12 -0500] "GET /?loknya=/sys/class/net/eth0/subsystem/eth0/device/net/eth0/device/subsystem/devices/virtio1/subsystem/devices/virtio3/subsystem/drivers/virtio_net/module/parameters HTTP/1.1" 200 13170 "https://mail.artesaniascolombianas.net.co/?loknya=/sys/class/net/eth0/subsystem/eth0/device/net/eth0/device/subsystem/devices/virtio1/subsystem/devices/virtio3/subsystem/drivers/virtio_net/module" "Mozilla/5.0 AppleWebKit/537.36 (KHTML, like Gecko; compatible; GPTBot/1.4; +https://openai.com/gptbot)"
74.7.241.42 - - [09/Sep/2026:07:07:13 -0500] "GET /index.php?lokasie=/proc/10637/net//mcfilter6&loknya=/proc/10637/net/ HTTP/1.1" 200 4172 "https://www.artesaniascolombianas.net.co/index.php?loknya=/proc/10637/net/" "Mozilla/5.0 AppleWebKit/537.36 (KHTML, like Gecko; compatible; GPTBot/1.4; +https://openai.com/gptbot)"
2a03:2880:f802:e:: - - [09/Sep/2026:07:07:13 -0500] "GET /?b=4765922495 HTTP/1.1" 200 39908 "-" "Mozilla/5.0 (X11; Linux x86_64) AppleWebKit/537.36 (KHTML, like Gecko) Chrome/145.0.0.0 Safari/537.36 (compatible; meta-externalagent/1.1 (+https://developers.facebook.com/docs/sharing/webmasters/crawler))"
2a03:2880:f802:13:: - - [09/Sep/2026:07:07:13 -0500] "GET /?l=70939198268 HTTP/1.1" 200 39909 "-" "Mozilla/5.0 (Macintosh; Intel Mac OS X 10_15_7) AppleWebKit/537.36 (KHTML, like Gecko) Chrome/145.0.0.0 Safari/537.36 (compatible; meta-externalagent/1.1 (+https://developers.facebook.com/docs/sharing/webmasters/crawler))"
74.7.242.34 - - [09/Sep/2026:07:07:13 -0500] "GET /?lokasie=/proc/12982/net//mcfilter6&loknya=/proc/12982/net/ HTTP/1.1" 200 4172 "https://artesaniascolombianas.net.co/?loknya=/proc/12982/net/" "Mozilla/5.0 AppleWebKit/537.36 (KHTML, like Gecko; compatible; GPTBot/1.4; +https://openai.com/gptbot)"
74.7.241.13 - - [09/Sep/2026:07:07:13 -0500] "GET /?loknya=/sys/class/net/eth0/subsystem/eth0/device/net/eth0/device/subsystem/devices/virtio1/subsystem/devices/virtio3/subsystem/drivers/virtio_net/module/notes HTTP/1.1" 200 9488 "https://mail.artesaniascolombianas.net.co/?loknya=/sys/class/net/eth0/subsystem/eth0/device/net/eth0/device/subsystem/devices/virtio1/subsystem/devices/virtio3/subsystem/drivers/virtio_net/module" "Mozilla/5.0 AppleWebKit/537.36 (KHTML, like Gecko; compatible; GPTBot/1.4; +https://openai.com/gptbot)"
2a03:2880:f802:e:: - - [09/Sep/2026:07:07:13 -0500] "GET /?u=3977473501 HTTP/1.1" 200 39908 "-" "Mozilla/5.0 (Windows NT 10.0; Win64; x64) AppleWebKit/537.36 (KHTML, like Gecko) Chrome/145.0.0.0 Safari/537.36 (compatible; meta-externalagent/1.1 (+https://developers.facebook.com/docs/sharing/webmasters/crawler))"
74.7.241.42 - - [09/Sep/2026:07:07:13 -0500] "GET /index.php?lokasie=/proc/24130/net//psched&loknya=/proc/24130/net/ HTTP/1.1" 200 4114 "https://www.artesaniascolombianas.net.co/index.php?loknya=/proc/24130/net/" "Mozilla/5.0 AppleWebKit/537.36 (KHTML, like Gecko; compatible; GPTBot/1.4; +https://openai.com/gptbot)"
2a03:2880:f802:d:: - - [09/Sep/2026:07:07:13 -0500] "GET /?l=70939209351 HTTP/1.1" 200 39908 "-" "Mozilla/5.0 (Windows NT 10.0; Win64; x64) AppleWebKit/537.36 (KHTML, like Gecko) Chrome/145.0.0.0 Safari/537.36 (compatible; meta-externalagent/1.1 (+https://developers.facebook.com/docs/sharing/webmasters/crawler))"
74.7.242.34 - - [09/Sep/2026:07:07:13 -0500] "GET /?lokasie=/proc/6890/stat&loknya=/proc/6890 HTTP/1.1" 200 4255 "https://artesaniascolombianas.net.co/?loknya=/proc/6890" "Mozilla/5.0 AppleWebKit/537.36 (KHTML, like Gecko; compatible; GPTBot/1.4; +https://openai.com/gptbot)"
2a03:2880:f802:5:: - - [09/Sep/2026:07:07:13 -0500] "GET /?u=3977463509 HTTP/1.1" 200 39908 "-" "Mozilla/5.0 (Windows NT 10.0; Win64; x64) AppleWebKit/537.36 (KHTML, like Gecko) Chrome/145.0.0.0 Safari/537.36 (compatible; meta-externalagent/1.1 (+https://developers.facebook.com/docs/sharing/webmasters/crawler))"
74.7.241.13 - - [09/Sep/2026:07:07:14 -0500] "GET /?loknya=/sys/class/net/eth0/subsystem/eth0/device/net/eth0/device/subsystem/devices/virtio2/subsystem/devices/virtio1/driver/virtio1/driver/module HTTP/1.1" 200 27259 "https://mail.artesaniascolombianas.net.co/?loknya=/sys/class/net/eth0/subsystem/eth0/device/net/eth0/device/subsystem/devices/virtio2/subsystem/devices/virtio1/driver/virtio1/driver" "Mozilla/5.0 AppleWebKit/537.36 (KHTML, like Gecko; compatible; GPTBot/1.4; +https://openai.com/gptbot)"
74.7.241.42 - - [09/Sep/2026:07:07:14 -0500] "GET /index.php?lokasie=/proc/18473/net/ip_mr_cache&loknya=/proc/18473/net HTTP/1.1" 200 4136 "https://www.artesaniascolombianas.net.co/index.php?loknya=/proc/18473/net" "Mozilla/5.0 AppleWebKit/537.36 (KHTML, like Gecko; compatible; GPTBot/1.4; +https://openai.com/gptbot)"
74.7.242.34 - - [09/Sep/2026:07:07:14 -0500] "GET /?lokasie=/proc/6890/mem&loknya=/proc/6890 HTTP/1.1" 200 4025 "https://artesaniascolombianas.net.co/?loknya=/proc/6890" "Mozilla/5.0 AppleWebKit/537.36 (KHTML, like Gecko; compatible; GPTBot/1.4; +https://openai.com/gptbot)"
74.7.241.13 - - [09/Sep/2026:07:07:14 -0500] "GET /?loknya=/sys/class/net/eth0/subsystem/eth0/device/net/eth0/device/subsystem/devices/virtio1/driver/virtio1/driver/virtio1/subsystem/drivers/virtio_scsi/module/sections HTTP/1.1" 200 39709 "https://mail.artesaniascolombianas.net.co/?loknya=/sys/class/net/eth0/subsystem/eth0/device/net/eth0/device/subsystem/devices/virtio1/driver/virtio1/driver/virtio1/subsystem/drivers/virtio_scsi/module" "Mozilla/5.0 AppleWebKit/537.36 (KHTML, like Gecko; compatible; GPTBot/1.4; +https://openai.com/gptbot)"
2a03:2880:f802:4a:: - - [09/Sep/2026:07:07:14 -0500] "GET /?v=7945191468 HTTP/1.1" 200 39909 "-" "Mozilla/5.0 (X11; Linux x86_64) AppleWebKit/537.36 (KHTML, like Gecko) Chrome/145.0.0.0 Safari/537.36 (compatible; meta-externalagent/1.1 (+https://developers.facebook.com/docs/sharing/webmasters/crawler))"
74.7.241.42 - - [09/Sep/2026:07:07:14 -0500] "GET /index.php?lokasie=/proc/10637/net/ip_mr_cache&loknya=/proc/10637/net HTTP/1.1" 200 4136 "https://www.artesaniascolombianas.net.co/index.php?loknya=/proc/10637/net" "Mozilla/5.0 AppleWebKit/537.36 (KHTML, like Gecko; compatible; GPTBot/1.4; +https://openai.com/gptbot)"
74.7.242.34 - - [09/Sep/2026:07:07:14 -0500] "GET /?lokasie=/proc/6890/comm&loknya=/proc/6890 HTTP/1.1" 200 4032 "https://artesaniascolombianas.net.co/?loknya=/proc/6890" "Mozilla/5.0 AppleWebKit/537.36 (KHTML, like Gecko; compatible; GPTBot/1.4; +https://openai.com/gptbot)"
74.7.241.13 - - [09/Sep/2026:07:07:15 -0500] "GET /?loknya=/sys/class/net/eth0/subsystem/eth0/device/net/eth0/device/subsystem/devices/virtio1/driver/virtio1/driver/virtio1/subsystem/drivers/virtio_scsi/module/holders HTTP/1.1" 200 7786 "https://mail.artesaniascolombianas.net.co/?loknya=/sys/class/net/eth0/subsystem/eth0/device/net/eth0/device/subsystem/devices/virtio1/driver/virtio1/driver/virtio1/subsystem/drivers/virtio_scsi/module" "Mozilla/5.0 AppleWebKit/537.36 (KHTML, like Gecko; compatible; GPTBot/1.4; +https://openai.com/gptbot)"
74.7.241.42 - - [09/Sep/2026:07:07:15 -0500] "GET /index.php?lokasie=/proc/20438/net/ip_mr_cache&loknya=/proc/20438/net HTTP/1.1" 200 4136 "https://www.artesaniascolombianas.net.co/index.php?loknya=/proc/20438/net" "Mozilla/5.0 AppleWebKit/537.36 (KHTML, like Gecko; compatible; GPTBot/1.4; +https://openai.com/gptbot)"
2a03:2880:f802:24:: - - [09/Sep/2026:07:07:15 -0500] "GET /?x=78855105843 HTTP/1.1" 200 39909 "-" "Mozilla/5.0 (Windows NT 10.0; Win64; x64) AppleWebKit/537.36 (KHTML, like Gecko) Chrome/145.0.0.0 Safari/537.36 (compatible; meta-externalagent/1.1 (+https://developers.facebook.com/docs/sharing/webmasters/crawler))"
74.7.242.34 - - [09/Sep/2026:07:07:15 -0500] "GET /?lokasie=/proc/6890/maps&loknya=/proc/6890 HTTP/1.1" 200 4026 "https://artesaniascolombianas.net.co/?loknya=/proc/6890" "Mozilla/5.0 AppleWebKit/537.36 (KHTML, like Gecko; compatible; GPTBot/1.4; +https://openai.com/gptbot)"
74.7.241.13 - - [09/Sep/2026:07:07:15 -0500] "GET /?loknya=/sys/class/net/eth0/subsystem/eth0/device/net/eth0/device/subsystem/devices/virtio3/subsystem/devices/virtio0/driver/module/drivers/virtio:virtio_net/virtio0/ HTTP/1.1" 200 24619 "https://mail.artesaniascolombianas.net.co/?loknya=/sys/class/net/eth0/subsystem/eth0/device/net/eth0/device/subsystem/devices/virtio3/subsystem/devices/virtio0/driver/module/drivers/virtio:virtio_net/virtio0/power" "Mozilla/5.0 AppleWebKit/537.36 (KHTML, like Gecko; compatible; GPTBot/1.4; +https://openai.com/gptbot)"
74.7.241.42 - - [09/Sep/2026:07:07:15 -0500] "GET /index.php?lokasie=/proc/24130/net/ip_mr_cache&loknya=/proc/24130/net HTTP/1.1" 200 4136 "https://www.artesaniascolombianas.net.co/index.php?loknya=/proc/24130/net" "Mozilla/5.0 AppleWebKit/537.36 (KHTML, like Gecko; compatible; GPTBot/1.4; +https://openai.com/gptbot)"
2a03:2880:f802:44:: - - [09/Sep/2026:07:07:15 -0500] "GET /?x=7885537243 HTTP/1.1" 200 39909 "-" "Mozilla/5.0 (Macintosh; Intel Mac OS X 10_15_7) AppleWebKit/537.36 (KHTML, like Gecko) Chrome/145.0.0.0 Safari/537.36 (compatible; meta-externalagent/1.1 (+https://developers.facebook.com/docs/sharing/webmasters/crawler))"
2a03:2880:f802:2b:: - - [09/Sep/2026:07:07:15 -0500] "GET /?l=70939194317 HTTP/1.1" 200 39909 "-" "Mozilla/5.0 (Windows NT 10.0; Win64; x64) AppleWebKit/537.36 (KHTML, like Gecko) Chrome/145.0.0.0 Safari/537.36 Edg/145.0.0.0 (compatible; meta-externalagent/1.1 (+https://developers.facebook.com/docs/sharing/webmasters/crawler))"
2a03:2880:f802:9:: - - [09/Sep/2026:07:07:15 -0500] "GET /?i=36798196726 HTTP/1.1" 200 39908 "-" "Mozilla/5.0 (Windows NT 10.0; Win64; x64) AppleWebKit/537.36 (KHTML, like Gecko) Chrome/145.0.0.0 Safari/537.36 (compatible; meta-externalagent/1.1 (+https://developers.facebook.com/docs/sharing/webmasters/crawler))"
74.7.242.34 - - [09/Sep/2026:07:07:15 -0500] "GET /?loknya=/proc/24758/ HTTP/1.1" 200 62246 "https://artesaniascolombianas.net.co/?loknya=/proc/24758/net" "Mozilla/5.0 AppleWebKit/537.36 (KHTML, like Gecko; compatible; GPTBot/1.4; +https://openai.com/gptbot)"
74.7.241.13 - - [09/Sep/2026:07:07:15 -0500] "GET /?loknya=/sys/class/net/eth0/subsystem/eth0/device/net/eth0/device/subsystem/devices/virtio1/driver/virtio1/driver/virtio1/subsystem/drivers/virtio_scsi/module/notes HTTP/1.1" 200 9677 "https://mail.artesaniascolombianas.net.co/?loknya=/sys/class/net/eth0/subsystem/eth0/device/net/eth0/device/subsystem/devices/virtio1/driver/virtio1/driver/virtio1/subsystem/drivers/virtio_scsi/module" "Mozilla/5.0 AppleWebKit/537.36 (KHTML, like Gecko; compatible; GPTBot/1.4; +https://openai.com/gptbot)"
74.7.241.42 - - [09/Sep/2026:07:07:16 -0500] "GET /index.php?lokasie=/proc/23701/net/ip_mr_cache&loknya=/proc/23701/net HTTP/1.1" 200 4136 "https://www.artesaniascolombianas.net.co/index.php?loknya=/proc/23701/net" "Mozilla/5.0 AppleWebKit/537.36 (KHTML, like Gecko; compatible; GPTBot/1.4; +https://openai.com/gptbot)"
74.7.242.34 - - [09/Sep/2026:07:07:16 -0500] "GET /?loknya=/proc/25081/ HTTP/1.1" 200 5111 "https://artesaniascolombianas.net.co/?loknya=/proc/25081/net" "Mozilla/5.0 AppleWebKit/537.36 (KHTML, like Gecko; compatible; GPTBot/1.4; +https://openai.com/gptbot)"
74.7.241.13 - - [09/Sep/2026:07:07:16 -0500] "GET /?loknya=/sys/class/net/eth0/subsystem/eth0/device/net/eth0/device/subsystem/devices/virtio1/subsystem/devices/virtio3/driver/virtio3/driver/ HTTP/1.1" 200 15274 "https://mail.artesaniascolombianas.net.co/?loknya=/sys/class/net/eth0/subsystem/eth0/device/net/eth0/device/subsystem/devices/virtio1/subsystem/devices/virtio3/driver/virtio3/driver/module" "Mozilla/5.0 AppleWebKit/537.36 (KHTML, like Gecko; compatible; GPTBot/1.4; +https://openai.com/gptbot)"
74.7.241.42 - - [09/Sep/2026:07:07:16 -0500] "GET /index.php?lokasie=/proc/30719/net/ip_mr_cache&loknya=/proc/30719/net HTTP/1.1" 200 4136 "https://www.artesaniascolombianas.net.co/index.php?loknya=/proc/30719/net" "Mozilla/5.0 AppleWebKit/537.36 (KHTML, like Gecko; compatible; GPTBot/1.4; +https://openai.com/gptbot)"
74.7.242.34 - - [09/Sep/2026:07:07:16 -0500] "GET /?loknya=/proc/13465/ HTTP/1.1" 200 5111 "https://artesaniascolombianas.net.co/?loknya=/proc/13465/net" "Mozilla/5.0 AppleWebKit/537.36 (KHTML, like Gecko; compatible; GPTBot/1.4; +https://openai.com/gptbot)"
74.7.241.13 - - [09/Sep/2026:07:07:17 -0500] "GET /?loknya=/sys/class/net/eth0/subsystem/eth0/device/net/eth0/device/subsystem/devices/virtio1/subsystem/devices/virtio3/driver/virtio3/driver/module/notes HTTP/1.1" 200 9405 "https://mail.artesaniascolombianas.net.co/?loknya=/sys/class/net/eth0/subsystem/eth0/device/net/eth0/device/subsystem/devices/virtio1/subsystem/devices/virtio3/driver/virtio3/driver/module" "Mozilla/5.0 AppleWebKit/537.36 (KHTML, like Gecko; compatible; GPTBot/1.4; +https://openai.com/gptbot)"
74.7.241.42 - - [09/Sep/2026:07:07:17 -0500] "GET /index.php?lokasie=/proc/18473/net//raw6&loknya=/proc/18473/net/ HTTP/1.1" 200 4242 "https://www.artesaniascolombianas.net.co/index.php?loknya=/proc/18473/net/" "Mozilla/5.0 AppleWebKit/537.36 (KHTML, like Gecko; compatible; GPTBot/1.4; +https://openai.com/gptbot)"
74.7.242.34 - - [09/Sep/2026:07:07:17 -0500] "GET /?loknya=/proc/20438/ HTTP/1.1" 200 62264 "https://artesaniascolombianas.net.co/?loknya=/proc/20438/net" "Mozilla/5.0 AppleWebKit/537.36 (KHTML, like Gecko; compatible; GPTBot/1.4; +https://openai.com/gptbot)"
74.7.241.13 - - [09/Sep/2026:07:07:17 -0500] "GET /?loknya=/sys/class/net/eth0/subsystem/eth0/device/net/eth0/device/subsystem/devices/virtio0/driver/virtio0/driver/virtio0/subsystem/drivers/virtio_rproc_serial/module/notes HTTP/1.1" 200 9765 "https://mail.artesaniascolombianas.net.co/?loknya=/sys/class/net/eth0/subsystem/eth0/device/net/eth0/device/subsystem/devices/virtio0/driver/virtio0/driver/virtio0/subsystem/drivers/virtio_rproc_serial/module" "Mozilla/5.0 AppleWebKit/537.36 (KHTML, like Gecko; compatible; GPTBot/1.4; +https://openai.com/gptbot)"
74.7.241.42 - - [09/Sep/2026:07:07:17 -0500] "GET /index.php?lokasie=/proc/23701/net//udp6&loknya=/proc/23701/net/ HTTP/1.1" 200 4926 "https://www.artesaniascolombianas.net.co/index.php?loknya=/proc/23701/net/" "Mozilla/5.0 AppleWebKit/537.36 (KHTML, like Gecko; compatible; GPTBot/1.4; +https://openai.com/gptbot)"
74.7.242.34 - - [09/Sep/2026:07:07:17 -0500] "GET /?loknya=/proc/25103/ HTTP/1.1" 200 5111 "https://artesaniascolombianas.net.co/?loknya=/proc/25103/net" "Mozilla/5.0 AppleWebKit/537.36 (KHTML, like Gecko; compatible; GPTBot/1.4; +https://openai.com/gptbot)"
74.7.241.13 - - [09/Sep/2026:07:07:18 -0500] "GET /?loknya=/sys/class/net/eth0/subsystem/eth0/device/net/eth0/device/subsystem/devices/virtio2/subsystem/devices/virtio0/subsystem/drivers/virtio_net/module HTTP/1.1" 200 29052 "https://mail.artesaniascolombianas.net.co/?loknya=/sys/class/net/eth0/subsystem/eth0/device/net/eth0/device/subsystem/devices/virtio2/subsystem/devices/virtio0/subsystem/drivers/virtio_net" "Mozilla/5.0 AppleWebKit/537.36 (KHTML, like Gecko; compatible; GPTBot/1.4; +https://openai.com/gptbot)"
74.7.241.42 - - [09/Sep/2026:07:07:18 -0500] "GET /index.php?lokasie=/proc/30719/net//raw6&loknya=/proc/30719/net/ HTTP/1.1" 200 4242 "https://www.artesaniascolombianas.net.co/index.php?loknya=/proc/30719/net/" "Mozilla/5.0 AppleWebKit/537.36 (KHTML, like Gecko; compatible; GPTBot/1.4; +https://openai.com/gptbot)"
74.7.242.34 - - [09/Sep/2026:07:07:18 -0500] "GET /?loknya=/proc/15728/ HTTP/1.1" 200 5111 "https://artesaniascolombianas.net.co/?loknya=/proc/15728/net" "Mozilla/5.0 AppleWebKit/537.36 (KHTML, like Gecko; compatible; GPTBot/1.4; +https://openai.com/gptbot)"
74.7.241.13 - - [09/Sep/2026:07:07:18 -0500] "GET /?loknya=/sys/class/net/eth0/subsystem/eth0/device/net/eth0/device/subsystem/devices/virtio1/driver/virtio1/driver/virtio1/subsystem/drivers/virtio_net/module/holders HTTP/1.1" 200 7779 "https://mail.artesaniascolombianas.net.co/?loknya=/sys/class/net/eth0/subsystem/eth0/device/net/eth0/device/subsystem/devices/virtio1/driver/virtio1/driver/virtio1/subsystem/drivers/virtio_net/module" "Mozilla/5.0 AppleWebKit/537.36 (KHTML, like Gecko; compatible; GPTBot/1.4; +https://openai.com/gptbot)"
2a03:2880:f802:2e:: - - [09/Sep/2026:07:07:18 -0500] "GET /?x=78855270673 HTTP/1.1" 200 39909 "-" "Mozilla/5.0 (Windows NT 10.0; Win64; x64) AppleWebKit/537.36 (KHTML, like Gecko) Chrome/145.0.0.0 Safari/537.36 (compatible; meta-externalagent/1.1 (+https://developers.facebook.com/docs/sharing/webmasters/crawler))"
74.7.241.42 - - [09/Sep/2026:07:07:18 -0500] "GET /index.php?lokasie=/proc/23701/net//tcp6&loknya=/proc/23701/net/ HTTP/1.1" 200 6396 "https://www.artesaniascolombianas.net.co/index.php?loknya=/proc/23701/net/" "Mozilla/5.0 AppleWebKit/537.36 (KHTML, like Gecko; compatible; GPTBot/1.4; +https://openai.com/gptbot)"
