74.7.241.42 - - [09/Sep/2026:07:08:28 -0500] "GET /index.php?lokasie=/proc/20438/net/ipt_hashlimit/PING_IN&loknya=/proc/20438/net/ipt_hashlimit HTTP/1.1" 200 4158 "https://www.artesaniascolombianas.net.co/index.php?loknya=/proc/20438/net/ipt_hashlimit" "Mozilla/5.0 AppleWebKit/537.36 (KHTML, like Gecko; compatible; GPTBot/1.4; +https://openai.com/gptbot)"
2a03:2880:f802:e:: - - [09/Sep/2026:07:08:28 -0500] "GET /?v=7945156728 HTTP/1.1" 200 39908 "-" "Mozilla/5.0 (Windows NT 10.0; Win64; x64) AppleWebKit/537.36 (KHTML, like Gecko) Chrome/145.0.0.0 Safari/537.36 (compatible; meta-externalagent/1.1 (+https://developers.facebook.com/docs/sharing/webmasters/crawler))"
74.7.242.34 - - [09/Sep/2026:07:08:28 -0500] "GET /?lokasie=/proc/4635/net//igmp6&loknya=/proc/4635/net/ HTTP/1.1" 200 4499 "https://artesaniascolombianas.net.co/?loknya=/proc/4635/net/" "Mozilla/5.0 AppleWebKit/537.36 (KHTML, like Gecko; compatible; GPTBot/1.4; +https://openai.com/gptbot)"
74.7.241.13 - - [09/Sep/2026:07:08:28 -0500] "GET /?loknya=/sys/class/net/eth0/subsystem/eth0/device/net/eth0/device/driver/module/virtio:virtio_net/subsystem/devices HTTP/1.1" 200 6535 "https://mail.artesaniascolombianas.net.co/?loknya=/sys/class/net/eth0/subsystem/eth0/device/net/eth0/device/driver/module/virtio:virtio_net/subsystem/devices/" "Mozilla/5.0 AppleWebKit/537.36 (KHTML, like Gecko; compatible; GPTBot/1.4; +https://openai.com/gptbot)"
74.7.241.42 - - [09/Sep/2026:07:08:28 -0500] "GET /index.php?lokasie=/proc/10637/net/ipt_hashlimit/PING_IN&loknya=/proc/10637/net/ipt_hashlimit HTTP/1.1" 200 4158 "https://www.artesaniascolombianas.net.co/index.php?loknya=/proc/10637/net/ipt_hashlimit" "Mozilla/5.0 AppleWebKit/537.36 (KHTML, like Gecko; compatible; GPTBot/1.4; +https://openai.com/gptbot)"
74.7.241.13 - - [09/Sep/2026:07:08:29 -0500] "GET /?loknya=/sys/class/net/eth0/subsystem/eth0/device/driver/module/drivers/virtio:virtio_net/virtio0/net/eth0/device/subsystem/devices/virtio2/virtio-ports/vport2p1/device/virtio-ports HTTP/1.1" 200 9504 "https://mail.artesaniascolombianas.net.co/?loknya=/sys/class/net/eth0/subsystem/eth0/device/driver/module/drivers/virtio:virtio_net/virtio0/net/eth0/device/subsystem/devices/virtio2/virtio-ports/vport2p1/device" "Mozilla/5.0 AppleWebKit/537.36 (KHTML, like Gecko; compatible; GPTBot/1.4; +https://openai.com/gptbot)"
74.7.242.34 - - [09/Sep/2026:07:08:29 -0500] "GET /?lokasie=/proc/4635/net//wireless&loknya=/proc/4635/net/ HTTP/1.1" 200 4238 "https://artesaniascolombianas.net.co/?loknya=/proc/4635/net/" "Mozilla/5.0 AppleWebKit/537.36 (KHTML, like Gecko; compatible; GPTBot/1.4; +https://openai.com/gptbot)"
74.7.241.42 - - [09/Sep/2026:07:08:29 -0500] "GET /index.php?lokasie=/proc/30719/net/ipt_hashlimit/PING_IN&loknya=/proc/30719/net/ipt_hashlimit HTTP/1.1" 200 4158 "https://www.artesaniascolombianas.net.co/index.php?loknya=/proc/30719/net/ipt_hashlimit" "Mozilla/5.0 AppleWebKit/537.36 (KHTML, like Gecko; compatible; GPTBot/1.4; +https://openai.com/gptbot)"
2a03:2880:f802:9:: - - [09/Sep/2026:07:08:29 -0500] "GET /?y=25946108612 HTTP/1.1" 200 39908 "-" "Mozilla/5.0 (Windows NT 10.0; Win64; x64) AppleWebKit/537.36 (KHTML, like Gecko) Chrome/145.0.0.0 Safari/537.36 (compatible; meta-externalagent/1.1 (+https://developers.facebook.com/docs/sharing/webmasters/crawler))"
74.7.241.13 - - [09/Sep/2026:07:08:29 -0500] "GET /?loknya=/sys/class/net/eth0/subsystem/eth0/device/net/eth0/device/module/virtio:virtio_net/virtio0/subsystem/devices/virtio0 HTTP/1.1" 200 6716 "https://mail.artesaniascolombianas.net.co/?loknya=/sys/class/net/eth0/subsystem/eth0/device/net/eth0/device/module/virtio:virtio_net/virtio0/subsystem/devices/virtio0/" "Mozilla/5.0 AppleWebKit/537.36 (KHTML, like Gecko; compatible; GPTBot/1.4; +https://openai.com/gptbot)"
74.7.242.34 - - [09/Sep/2026:07:08:29 -0500] "GET /?lokasie=/proc/4635/net//mcfilter&loknya=/proc/4635/net/ HTTP/1.1" 200 4123 "https://artesaniascolombianas.net.co/?loknya=/proc/4635/net/" "Mozilla/5.0 AppleWebKit/537.36 (KHTML, like Gecko; compatible; GPTBot/1.4; +https://openai.com/gptbot)"
74.7.241.42 - - [09/Sep/2026:07:08:29 -0500] "GET /index.php?lokasie=/proc/24130/net/ipt_hashlimit/PING_IN&loknya=/proc/24130/net/ipt_hashlimit HTTP/1.1" 200 4158 "https://www.artesaniascolombianas.net.co/index.php?loknya=/proc/24130/net/ipt_hashlimit" "Mozilla/5.0 AppleWebKit/537.36 (KHTML, like Gecko; compatible; GPTBot/1.4; +https://openai.com/gptbot)"
2a03:2880:f802:3b:: - - [09/Sep/2026:07:08:29 -0500] "GET /?l=70939157075 HTTP/1.1" 200 39909 "-" "Mozilla/5.0 (Windows NT 10.0; Win64; x64) AppleWebKit/537.36 (KHTML, like Gecko) Chrome/145.0.0.0 Safari/537.36 (compatible; meta-externalagent/1.1 (+https://developers.facebook.com/docs/sharing/webmasters/crawler))"
2a03:2880:f802:41:: - - [09/Sep/2026:07:08:29 -0500] "GET /?l=7093928141 HTTP/1.1" 200 39909 "-" "Mozilla/5.0 (Windows NT 10.0; Win64; x64) AppleWebKit/537.36 (KHTML, like Gecko) Chrome/145.0.0.0 Safari/537.36 (compatible; meta-externalagent/1.1 (+https://developers.facebook.com/docs/sharing/webmasters/crawler))"
2a03:2880:f802:e:: - - [09/Sep/2026:07:08:30 -0500] "GET /?u=39774119615 HTTP/1.1" 200 39908 "-" "Mozilla/5.0 (Windows NT 10.0; Win64; x64) AppleWebKit/537.36 (KHTML, like Gecko) Chrome/145.0.0.0 Safari/537.36 (compatible; meta-externalagent/1.1 (+https://developers.facebook.com/docs/sharing/webmasters/crawler))"
74.7.242.34 - - [09/Sep/2026:07:08:30 -0500] "GET /?lokasie=/proc/6890/net//mcfilter&loknya=/proc/6890/net/ HTTP/1.1" 200 4123 "https://artesaniascolombianas.net.co/?loknya=/proc/6890/net/" "Mozilla/5.0 AppleWebKit/537.36 (KHTML, like Gecko; compatible; GPTBot/1.4; +https://openai.com/gptbot)"
74.7.241.13 - - [09/Sep/2026:07:08:30 -0500] "GET /?loknya=/sys/class/net/eth0/subsystem/eth0/device/net/eth0/device/virtio:virtio_net/virtio0/subsystem/devices/virtio0 HTTP/1.1" 200 6566 "https://mail.artesaniascolombianas.net.co/?loknya=/sys/class/net/eth0/subsystem/eth0/device/net/eth0/device/virtio:virtio_net/virtio0/subsystem/devices/virtio0/" "Mozilla/5.0 AppleWebKit/537.36 (KHTML, like Gecko; compatible; GPTBot/1.4; +https://openai.com/gptbot)"
74.7.241.42 - - [09/Sep/2026:07:08:30 -0500] "GET /index.php?lokasie=/proc/23701/net/ipt_hashlimit/PING_IN&loknya=/proc/23701/net/ipt_hashlimit HTTP/1.1" 200 4158 "https://www.artesaniascolombianas.net.co/index.php?loknya=/proc/23701/net/ipt_hashlimit" "Mozilla/5.0 AppleWebKit/537.36 (KHTML, like Gecko; compatible; GPTBot/1.4; +https://openai.com/gptbot)"
74.7.241.13 - - [09/Sep/2026:07:08:30 -0500] "GET /?loknya=/sys/class/net/eth0/subsystem/eth0/device/net/eth0/device/driver/module/drivers/virtio:virtio_net/virtio0/subsystem/devices/virtio2/virtio-ports/ HTTP/1.1" 200 8679 "https://mail.artesaniascolombianas.net.co/?loknya=/sys/class/net/eth0/subsystem/eth0/device/net/eth0/device/driver/module/drivers/virtio:virtio_net/virtio0/subsystem/devices/virtio2/virtio-ports/vport2p1" "Mozilla/5.0 AppleWebKit/537.36 (KHTML, like Gecko; compatible; GPTBot/1.4; +https://openai.com/gptbot)"
74.7.242.34 - - [09/Sep/2026:07:08:30 -0500] "GET /?lokasie=/proc/6890/net//snmp6&loknya=/proc/6890/net/ HTTP/1.1" 200 7054 "https://artesaniascolombianas.net.co/?loknya=/proc/6890/net/" "Mozilla/5.0 AppleWebKit/537.36 (KHTML, like Gecko; compatible; GPTBot/1.4; +https://openai.com/gptbot)"
74.7.241.42 - - [09/Sep/2026:07:08:30 -0500] "GET /index.php?lokasie=/proc/30719/net/protocols&loknya=/proc/30719/net HTTP/1.1" 200 5732 "https://www.artesaniascolombianas.net.co/index.php?loknya=/proc/30719/net" "Mozilla/5.0 AppleWebKit/537.36 (KHTML, like Gecko; compatible; GPTBot/1.4; +https://openai.com/gptbot)"
2a03:2880:f802:e:: - - [09/Sep/2026:07:08:30 -0500] "GET /?l=7093995082 HTTP/1.1" 200 39908 "-" "Mozilla/5.0 (Windows NT 10.0; Win64; x64) AppleWebKit/537.36 (KHTML, like Gecko) Chrome/145.0.0.0 Safari/537.36 (compatible; meta-externalagent/1.1 (+https://developers.facebook.com/docs/sharing/webmasters/crawler))"
74.7.241.13 - - [09/Sep/2026:07:08:31 -0500] "GET /?loknya=/sys/class/net/eth0/subsystem/eth0/device/net/eth0/device/driver/module/drivers/virtio:virtio_net/virtio0/subsystem/devices/virtio2/virtio-ports/vport2p1/device HTTP/1.1" 200 24768 "https://mail.artesaniascolombianas.net.co/?loknya=/sys/class/net/eth0/subsystem/eth0/device/net/eth0/device/driver/module/drivers/virtio:virtio_net/virtio0/subsystem/devices/virtio2/virtio-ports/vport2p1" "Mozilla/5.0 AppleWebKit/537.36 (KHTML, like Gecko; compatible; GPTBot/1.4; +https://openai.com/gptbot)"
74.7.242.34 - - [09/Sep/2026:07:08:31 -0500] "GET /?lokasie=/proc/4635/net//snmp6&loknya=/proc/4635/net/ HTTP/1.1" 200 7054 "https://artesaniascolombianas.net.co/?loknya=/proc/4635/net/" "Mozilla/5.0 AppleWebKit/537.36 (KHTML, like Gecko; compatible; GPTBot/1.4; +https://openai.com/gptbot)"
74.7.241.42 - - [09/Sep/2026:07:08:31 -0500] "GET /index.php?lokasie=/proc/23701/net/sockstat&loknya=/proc/23701/net HTTP/1.1" 200 4217 "https://www.artesaniascolombianas.net.co/index.php?loknya=/proc/23701/net" "Mozilla/5.0 AppleWebKit/537.36 (KHTML, like Gecko; compatible; GPTBot/1.4; +https://openai.com/gptbot)"
2a03:2880:f802:3b:: - - [09/Sep/2026:07:08:31 -0500] "GET /?y=25946232636 HTTP/1.1" 200 39909 "-" "Mozilla/5.0 (Windows NT 10.0; Win64; x64) AppleWebKit/537.36 (KHTML, like Gecko) Chrome/145.0.0.0 Safari/537.36 (compatible; meta-externalagent/1.1 (+https://developers.facebook.com/docs/sharing/webmasters/crawler))"
74.7.241.13 - - [09/Sep/2026:07:08:31 -0500] "GET /?loknya=/sys/class/net/eth0/subsystem/eth0/device/net/eth0/device/virtio:virtio_net/subsystem HTTP/1.1" 200 6096 "https://mail.artesaniascolombianas.net.co/?loknya=/sys/class/net/eth0/subsystem/eth0/device/net/eth0/device/virtio:virtio_net/subsystem/devices/" "Mozilla/5.0 AppleWebKit/537.36 (KHTML, like Gecko; compatible; GPTBot/1.4; +https://openai.com/gptbot)"
74.7.242.34 - - [09/Sep/2026:07:08:31 -0500] "GET /?lokasie=/proc/6890/net//psched&loknya=/proc/6890/net/ HTTP/1.1" 200 4110 "https://artesaniascolombianas.net.co/?loknya=/proc/6890/net/" "Mozilla/5.0 AppleWebKit/537.36 (KHTML, like Gecko; compatible; GPTBot/1.4; +https://openai.com/gptbot)"
74.7.241.42 - - [09/Sep/2026:07:08:31 -0500] "GET /index.php?lokasie=/proc/23701/net/protocols&loknya=/proc/23701/net HTTP/1.1" 200 5732 "https://www.artesaniascolombianas.net.co/index.php?loknya=/proc/23701/net" "Mozilla/5.0 AppleWebKit/537.36 (KHTML, like Gecko; compatible; GPTBot/1.4; +https://openai.com/gptbot)"
2a03:2880:f802:14:: - - [09/Sep/2026:07:08:31 -0500] "GET /?x=78855118642 HTTP/1.1" 200 39909 "-" "Mozilla/5.0 (Windows NT 10.0; Win64; x64) AppleWebKit/537.36 (KHTML, like Gecko) Chrome/145.0.0.0 Safari/537.36 (compatible; meta-externalagent/1.1 (+https://developers.facebook.com/docs/sharing/webmasters/crawler))"
2a03:2880:f802:44:: - - [09/Sep/2026:07:08:31 -0500] "GET /?u=39774103882 HTTP/1.1" 200 39909 "-" "Mozilla/5.0 (Windows NT 10.0; Win64; x64) AppleWebKit/537.36 (KHTML, like Gecko) Chrome/145.0.0.0 Safari/537.36 (compatible; meta-externalagent/1.1 (+https://developers.facebook.com/docs/sharing/webmasters/crawler))"
74.7.241.13 - - [09/Sep/2026:07:08:31 -0500] "GET /?loknya=/sys/class/net/eth0/subsystem/eth0/device/net/eth0/device/virtio:virtio_net/subsystem/ HTTP/1.1" 200 6098 "https://mail.artesaniascolombianas.net.co/?loknya=/sys/class/net/eth0/subsystem/eth0/device/net/eth0/device/virtio:virtio_net/subsystem/devices/" "Mozilla/5.0 AppleWebKit/537.36 (KHTML, like Gecko; compatible; GPTBot/1.4; +https://openai.com/gptbot)"
74.7.242.34 - - [09/Sep/2026:07:08:32 -0500] "GET /?lokasie=/proc/4635/net//psched&loknya=/proc/4635/net/ HTTP/1.1" 200 4110 "https://artesaniascolombianas.net.co/?loknya=/proc/4635/net/" "Mozilla/5.0 AppleWebKit/537.36 (KHTML, like Gecko; compatible; GPTBot/1.4; +https://openai.com/gptbot)"
74.7.241.42 - - [09/Sep/2026:07:08:32 -0500] "GET /index.php?lokasie=/proc/24130/net/wireless&loknya=/proc/24130/net HTTP/1.1" 200 4241 "https://www.artesaniascolombianas.net.co/index.php?loknya=/proc/24130/net" "Mozilla/5.0 AppleWebKit/537.36 (KHTML, like Gecko; compatible; GPTBot/1.4; +https://openai.com/gptbot)"
74.7.242.34 - - [09/Sep/2026:07:08:32 -0500] "GET /?lokasie=/proc/4635/net//xfrm_stat&loknya=/proc/4635/net/ HTTP/1.1" 200 4806 "https://artesaniascolombianas.net.co/?loknya=/proc/4635/net/" "Mozilla/5.0 AppleWebKit/537.36 (KHTML, like Gecko; compatible; GPTBot/1.4; +https://openai.com/gptbot)"
74.7.241.42 - - [09/Sep/2026:07:08:32 -0500] "GET /index.php?lokasie=/proc/23701/net/wireless&loknya=/proc/23701/net HTTP/1.1" 200 4241 "https://www.artesaniascolombianas.net.co/index.php?loknya=/proc/23701/net" "Mozilla/5.0 AppleWebKit/537.36 (KHTML, like Gecko; compatible; GPTBot/1.4; +https://openai.com/gptbot)"
74.7.241.13 - - [09/Sep/2026:07:08:32 -0500] "GET /?loknya=/sys/class/net/eth0/subsystem/eth0/device/net/eth0/device/driver/virtio:virtio_net/subsystem/ HTTP/1.1" 200 6227 "https://mail.artesaniascolombianas.net.co/?loknya=/sys/class/net/eth0/subsystem/eth0/device/net/eth0/device/driver/virtio:virtio_net/subsystem/devices/" "Mozilla/5.0 AppleWebKit/537.36 (KHTML, like Gecko; compatible; GPTBot/1.4; +https://openai.com/gptbot)"
74.7.242.34 - - [09/Sep/2026:07:08:33 -0500] "GET /?lokasie=/proc/6890/net//xfrm_stat&loknya=/proc/6890/net/ HTTP/1.1" 200 4806 "https://artesaniascolombianas.net.co/?loknya=/proc/6890/net/" "Mozilla/5.0 AppleWebKit/537.36 (KHTML, like Gecko; compatible; GPTBot/1.4; +https://openai.com/gptbot)"
74.7.241.13 - - [09/Sep/2026:07:08:33 -0500] "GET /?loknya=/sys/class/net/eth0/subsystem/eth0/device/net/eth0/device/module/virtio:virtio_net/subsystem HTTP/1.1" 200 6225 "https://mail.artesaniascolombianas.net.co/?loknya=/sys/class/net/eth0/subsystem/eth0/device/net/eth0/device/module/virtio:virtio_net/subsystem/devices/" "Mozilla/5.0 AppleWebKit/537.36 (KHTML, like Gecko; compatible; GPTBot/1.4; +https://openai.com/gptbot)"
74.7.241.42 - - [09/Sep/2026:07:08:33 -0500] "GET /index.php?lokasie=/proc/18473/net/sockstat&loknya=/proc/18473/net HTTP/1.1" 200 4217 "https://www.artesaniascolombianas.net.co/index.php?loknya=/proc/18473/net" "Mozilla/5.0 AppleWebKit/537.36 (KHTML, like Gecko; compatible; GPTBot/1.4; +https://openai.com/gptbot)"
74.7.241.13 - - [09/Sep/2026:07:08:33 -0500] "GET /?loknya=/sys/class/net/eth0/subsystem/eth0/device/net/eth0/device/module/virtio:virtio_net/subsystem/ HTTP/1.1" 200 6227 "https://mail.artesaniascolombianas.net.co/?loknya=/sys/class/net/eth0/subsystem/eth0/device/net/eth0/device/module/virtio:virtio_net/subsystem/devices/" "Mozilla/5.0 AppleWebKit/537.36 (KHTML, like Gecko; compatible; GPTBot/1.4; +https://openai.com/gptbot)"
74.7.242.34 - - [09/Sep/2026:07:08:33 -0500] "GET /?lokasie=/proc/4635/net//dev_mcast&loknya=/proc/4635/net/ HTTP/1.1" 200 4261 "https://artesaniascolombianas.net.co/?loknya=/proc/4635/net/" "Mozilla/5.0 AppleWebKit/537.36 (KHTML, like Gecko; compatible; GPTBot/1.4; +https://openai.com/gptbot)"
74.7.241.42 - - [09/Sep/2026:07:08:33 -0500] "GET /index.php?lokasie=/proc/24130/net/protocols&loknya=/proc/24130/net HTTP/1.1" 200 5732 "https://www.artesaniascolombianas.net.co/index.php?loknya=/proc/24130/net" "Mozilla/5.0 AppleWebKit/537.36 (KHTML, like Gecko; compatible; GPTBot/1.4; +https://openai.com/gptbot)"
74.7.242.34 - - [09/Sep/2026:07:08:33 -0500] "GET /?lokasie=/proc/6890/net//dev_mcast&loknya=/proc/6890/net/ HTTP/1.1" 200 4261 "https://artesaniascolombianas.net.co/?loknya=/proc/6890/net/" "Mozilla/5.0 AppleWebKit/537.36 (KHTML, like Gecko; compatible; GPTBot/1.4; +https://openai.com/gptbot)"
74.7.241.13 - - [09/Sep/2026:07:08:34 -0500] "GET /?loknya=/sys/class/net/eth0/subsystem/eth0/device/net/eth0/device/virtio:virtio_net/subsystem/devices HTTP/1.1" 200 6256 "https://mail.artesaniascolombianas.net.co/?loknya=/sys/class/net/eth0/subsystem/eth0/device/net/eth0/device/virtio:virtio_net/subsystem/devices/" "Mozilla/5.0 AppleWebKit/537.36 (KHTML, like Gecko; compatible; GPTBot/1.4; +https://openai.com/gptbot)"
74.7.241.42 - - [09/Sep/2026:07:08:34 -0500] "GET /index.php?lokasie=/proc/18473/net/protocols&loknya=/proc/18473/net HTTP/1.1" 200 5732 "https://www.artesaniascolombianas.net.co/index.php?loknya=/proc/18473/net" "Mozilla/5.0 AppleWebKit/537.36 (KHTML, like Gecko; compatible; GPTBot/1.4; +https://openai.com/gptbot)"
74.7.242.34 - - [09/Sep/2026:07:08:34 -0500] "GET /?lokasie=/proc/1451/net//psched&loknya=/proc/1451/net/ HTTP/1.1" 200 4110 "https://artesaniascolombianas.net.co/?loknya=/proc/1451/net/" "Mozilla/5.0 AppleWebKit/537.36 (KHTML, like Gecko; compatible; GPTBot/1.4; +https://openai.com/gptbot)"
74.7.241.13 - - [09/Sep/2026:07:08:34 -0500] "GET /?loknya=/sys/class/net/eth0/subsystem/eth0/device/net/eth0/device/driver/virtio:virtio_net/subsystem HTTP/1.1" 200 6225 "https://mail.artesaniascolombianas.net.co/?loknya=/sys/class/net/eth0/subsystem/eth0/device/net/eth0/device/driver/virtio:virtio_net/subsystem/devices/" "Mozilla/5.0 AppleWebKit/537.36 (KHTML, like Gecko; compatible; GPTBot/1.4; +https://openai.com/gptbot)"
2a03:2880:f802:24:: - - [09/Sep/2026:07:08:34 -0500] "GET /?y=25946154195 HTTP/1.1" 200 39909 "-" "Mozilla/5.0 (Windows NT 10.0; Win64; x64) AppleWebKit/537.36 (KHTML, like Gecko) Chrome/145.0.0.0 Safari/537.36 (compatible; meta-externalagent/1.1 (+https://developers.facebook.com/docs/sharing/webmasters/crawler))"
74.7.241.42 - - [09/Sep/2026:07:08:34 -0500] "GET /index.php?lokasie=/proc/10637/net/protocols&loknya=/proc/10637/net HTTP/1.1" 200 5732 "https://www.artesaniascolombianas.net.co/index.php?loknya=/proc/10637/net" "Mozilla/5.0 AppleWebKit/537.36 (KHTML, like Gecko; compatible; GPTBot/1.4; +https://openai.com/gptbot)"
2a03:2880:f802:47:: - - [09/Sep/2026:07:08:34 -0500] "GET /?l=7093960042 HTTP/1.1" 200 39909 "-" "Mozilla/5.0 (Macintosh; Intel Mac OS X 10_15_7) AppleWebKit/537.36 (KHTML, like Gecko) Chrome/145.0.0.0 Safari/537.36 (compatible; meta-externalagent/1.1 (+https://developers.facebook.com/docs/sharing/webmasters/crawler))"
2a03:2880:f802:30:: - - [09/Sep/2026:07:08:35 -0500] "GET /?b=4765949731 HTTP/1.1" 200 39909 "-" "Mozilla/5.0 (X11; Linux x86_64) AppleWebKit/537.36 (KHTML, like Gecko) Chrome/145.0.0.0 Safari/537.36 (compatible; meta-externalagent/1.1 (+https://developers.facebook.com/docs/sharing/webmasters/crawler))"
74.7.242.34 - - [09/Sep/2026:07:08:35 -0500] "GET /?lokasie=/proc/4635/net//route&loknya=/proc/4635/net/ HTTP/1.1" 200 4585 "https://artesaniascolombianas.net.co/?loknya=/proc/4635/net/" "Mozilla/5.0 AppleWebKit/537.36 (KHTML, like Gecko; compatible; GPTBot/1.4; +https://openai.com/gptbot)"
74.7.241.13 - - [09/Sep/2026:07:08:35 -0500] "GET /?loknya=/sys/class/net/eth0/subsystem/eth0/device/net/eth0/device/module/virtio:virtio_net/subsystem/devices HTTP/1.1" 200 6392 "https://mail.artesaniascolombianas.net.co/?loknya=/sys/class/net/eth0/subsystem/eth0/device/net/eth0/device/module/virtio:virtio_net/subsystem/devices/" "Mozilla/5.0 AppleWebKit/537.36 (KHTML, like Gecko; compatible; GPTBot/1.4; +https://openai.com/gptbot)"
74.7.241.42 - - [09/Sep/2026:07:08:35 -0500] "GET /index.php?lokasie=/proc/10637/net/wireless&loknya=/proc/10637/net HTTP/1.1" 200 4241 "https://www.artesaniascolombianas.net.co/index.php?loknya=/proc/10637/net" "Mozilla/5.0 AppleWebKit/537.36 (KHTML, like Gecko; compatible; GPTBot/1.4; +https://openai.com/gptbot)"
74.7.242.34 - - [09/Sep/2026:07:08:35 -0500] "GET /?lokasie=/proc/6890/net//route&loknya=/proc/6890/net/ HTTP/1.1" 200 4585 "https://artesaniascolombianas.net.co/?loknya=/proc/6890/net/" "Mozilla/5.0 AppleWebKit/537.36 (KHTML, like Gecko; compatible; GPTBot/1.4; +https://openai.com/gptbot)"
74.7.241.13 - - [09/Sep/2026:07:08:35 -0500] "GET /?loknya=/sys/class/net/eth0/subsystem/eth0/device/net/eth0/device/driver/virtio:virtio_net/subsystem/devices HTTP/1.1" 200 6392 "https://mail.artesaniascolombianas.net.co/?loknya=/sys/class/net/eth0/subsystem/eth0/device/net/eth0/device/driver/virtio:virtio_net/subsystem/devices/" "Mozilla/5.0 AppleWebKit/537.36 (KHTML, like Gecko; compatible; GPTBot/1.4; +https://openai.com/gptbot)"
74.7.241.42 - - [09/Sep/2026:07:08:35 -0500] "GET /index.php?lokasie=/proc/10637/net/sockstat&loknya=/proc/10637/net HTTP/1.1" 200 4217 "https://www.artesaniascolombianas.net.co/index.php?loknya=/proc/10637/net" "Mozilla/5.0 AppleWebKit/537.36 (KHTML, like Gecko; compatible; GPTBot/1.4; +https://openai.com/gptbot)"
2a03:2880:f802:3f:: - - [09/Sep/2026:07:08:35 -0500] "GET /?x=7885511566 HTTP/1.1" 200 39909 "-" "Mozilla/5.0 (Windows NT 10.0; Win64; x64) AppleWebKit/537.36 (KHTML, like Gecko) Chrome/145.0.0.0 Safari/537.36 (compatible; meta-externalagent/1.1 (+https://developers.facebook.com/docs/sharing/webmasters/crawler))"
74.7.241.13 - - [09/Sep/2026:07:08:36 -0500] "GET /?loknya=/sys/class/net/eth0/subsystem/eth0/device/net/eth0/device/subsystem/drivers/virtio_balloon/virtio3/subsystem/devices/virtio1/host2/scsi_host/host2/ HTTP/1.1" 200 44754 "https://mail.artesaniascolombianas.net.co/?loknya=/sys/class/net/eth0/subsystem/eth0/device/net/eth0/device/subsystem/drivers/virtio_balloon/virtio3/subsystem/devices/virtio1/host2/scsi_host/host2/power" "Mozilla/5.0 AppleWebKit/537.36 (KHTML, like Gecko; compatible; GPTBot/1.4; +https://openai.com/gptbot)"
74.7.242.34 - - [09/Sep/2026:07:08:36 -0500] "GET /?lokasie=/proc/1451/net//route&loknya=/proc/1451/net/ HTTP/1.1" 200 4585 "https://artesaniascolombianas.net.co/?loknya=/proc/1451/net/" "Mozilla/5.0 AppleWebKit/537.36 (KHTML, like Gecko; compatible; GPTBot/1.4; +https://openai.com/gptbot)"
74.7.241.42 - - [09/Sep/2026:07:08:36 -0500] "GET /index.php?lokasie=/proc/24130/net/sockstat&loknya=/proc/24130/net HTTP/1.1" 200 4216 "https://www.artesaniascolombianas.net.co/index.php?loknya=/proc/24130/net" "Mozilla/5.0 AppleWebKit/537.36 (KHTML, like Gecko; compatible; GPTBot/1.4; +https://openai.com/gptbot)"
2a03:2880:f802:41:: - - [09/Sep/2026:07:08:36 -0500] "GET /?b=47659217097 HTTP/1.1" 200 39909 "-" "Mozilla/5.0 (Macintosh; Intel Mac OS X 10_15_7) AppleWebKit/537.36 (KHTML, like Gecko) Chrome/145.0.0.0 Safari/537.36 (compatible; meta-externalagent/1.1 (+https://developers.facebook.com/docs/sharing/webmasters/crawler))"
74.7.241.13 - - [09/Sep/2026:07:08:36 -0500] "GET /?loknya=/sys/class/net/eth0/subsystem/eth0/device/driver/module/drivers/virtio:virtio_net/virtio0/net/eth0/device/subsystem/devices/virtio2/vport2p1/device/ HTTP/1.1" 200 7499 "https://mail.artesaniascolombianas.net.co/?loknya=/sys/class/net/eth0/subsystem/eth0/device/driver/module/drivers/virtio:virtio_net/virtio0/net/eth0/device/subsystem/devices/virtio2/virtio-ports/vport2p1/device/virtio-ports" "Mozilla/5.0 AppleWebKit/537.36 (KHTML, like Gecko; compatible; GPTBot/1.4; +https://openai.com/gptbot)"
74.7.242.34 - - [09/Sep/2026:07:08:36 -0500] "GET /?lokasie=/proc/4635/net//ptype&loknya=/proc/4635/net/ HTTP/1.1" 200 4191 "https://artesaniascolombianas.net.co/?loknya=/proc/4635/net/" "Mozilla/5.0 AppleWebKit/537.36 (KHTML, like Gecko; compatible; GPTBot/1.4; +https://openai.com/gptbot)"
2a03:2880:f802:e:: - - [09/Sep/2026:07:08:36 -0500] "GET /?x=78855249741 HTTP/1.1" 200 39908 "-" "Mozilla/5.0 (Macintosh; Intel Mac OS X 10_15_7) AppleWebKit/537.36 (KHTML, like Gecko) Chrome/145.0.0.0 Safari/537.36 (compatible; meta-externalagent/1.1 (+https://developers.facebook.com/docs/sharing/webmasters/crawler))"
74.7.241.42 - - [09/Sep/2026:07:08:36 -0500] "GET /index.php?lokasie=/proc/18473/net/wireless&loknya=/proc/18473/net HTTP/1.1" 200 4241 "https://www.artesaniascolombianas.net.co/index.php?loknya=/proc/18473/net" "Mozilla/5.0 AppleWebKit/537.36 (KHTML, like Gecko; compatible; GPTBot/1.4; +https://openai.com/gptbot)"
103.157.223.56 - - [09/Sep/2026:07:08:36 -0500] "POST /xmlrpc.php HTTP/1.1" 200 39905 "-" "WordPress.com; https://wordpress.com"
74.7.242.34 - - [09/Sep/2026:07:08:36 -0500] "GET /?lokasie=/proc/4635/net//packet&loknya=/proc/4635/net/ HTTP/1.1" 200 4198 "https://artesaniascolombianas.net.co/?loknya=/proc/4635/net/" "Mozilla/5.0 AppleWebKit/537.36 (KHTML, like Gecko; compatible; GPTBot/1.4; +https://openai.com/gptbot)"
74.7.241.13 - - [09/Sep/2026:07:08:37 -0500] "GET /?loknya=/sys/class/net/eth0/subsystem/eth0/device/net/eth0/device/driver/module/drivers/virtio:virtio_net/virtio0/subsystem/devices/virtio2/virtio-ports/vport2p1/subsystem HTTP/1.1" 200 9173 "https://mail.artesaniascolombianas.net.co/?loknya=/sys/class/net/eth0/subsystem/eth0/device/net/eth0/device/driver/module/drivers/virtio:virtio_net/virtio0/subsystem/devices/virtio2/virtio-ports/vport2p1" "Mozilla/5.0 AppleWebKit/537.36 (KHTML, like Gecko; compatible; GPTBot/1.4; +https://openai.com/gptbot)"
74.7.241.42 - - [09/Sep/2026:07:08:37 -0500] "GET /index.php?lokasie=/proc/30719/net/wireless&loknya=/proc/30719/net HTTP/1.1" 200 4241 "https://www.artesaniascolombianas.net.co/index.php?loknya=/proc/30719/net" "Mozilla/5.0 AppleWebKit/537.36 (KHTML, like Gecko; compatible; GPTBot/1.4; +https://openai.com/gptbot)"
74.7.241.13 - - [09/Sep/2026:07:08:37 -0500] "GET /?loknya=/sys/class/net/eth0/subsystem/eth0/device/net/eth0/device/driver/module/drivers/virtio:virtio_net/virtio0/subsystem/devices/virtio2/virtio-ports/vport2p1/power HTTP/1.1" 200 24725 "https://mail.artesaniascolombianas.net.co/?loknya=/sys/class/net/eth0/subsystem/eth0/device/net/eth0/device/driver/module/drivers/virtio:virtio_net/virtio0/subsystem/devices/virtio2/virtio-ports/vport2p1" "Mozilla/5.0 AppleWebKit/537.36 (KHTML, like Gecko; compatible; GPTBot/1.4; +https://openai.com/gptbot)"
74.7.242.34 - - [09/Sep/2026:07:08:37 -0500] "GET /?lokasie=/proc/1451/net//packet&loknya=/proc/1451/net/ HTTP/1.1" 200 4198 "https://artesaniascolombianas.net.co/?loknya=/proc/1451/net/" "Mozilla/5.0 AppleWebKit/537.36 (KHTML, like Gecko; compatible; GPTBot/1.4; +https://openai.com/gptbot)"
74.7.241.42 - - [09/Sep/2026:07:08:37 -0500] "GET /index.php?lokasie=/proc/30719/net/sockstat&loknya=/proc/30719/net HTTP/1.1" 200 4216 "https://www.artesaniascolombianas.net.co/index.php?loknya=/proc/30719/net" "Mozilla/5.0 AppleWebKit/537.36 (KHTML, like Gecko; compatible; GPTBot/1.4; +https://openai.com/gptbot)"
74.7.241.13 - - [09/Sep/2026:07:08:37 -0500] "GET /?loknya=/sys/class/net/eth0/subsystem/eth0/net/eth0/driver/module/drivers/virtio:virtio_net/virtio0/subsystem/s/virtio2/virtio-ports/vport2p1/ HTTP/1.1" 200 7085 "https://mail.artesaniascolombianas.net.co/?loknya=/sys/class/net/eth0/subsystem/eth0/device/net/eth0/device/driver/module/drivers/virtio:virtio_net/virtio0/subsystem/devices/virtio2/virtio-ports/vport2p1/device" "Mozilla/5.0 AppleWebKit/537.36 (KHTML, like Gecko; compatible; GPTBot/1.4; +https://openai.com/gptbot)"
74.7.242.34 - - [09/Sep/2026:07:08:38 -0500] "GET /?lokasie=/proc/1451/net//ptype&loknya=/proc/1451/net/ HTTP/1.1" 200 4191 "https://artesaniascolombianas.net.co/?loknya=/proc/1451/net/" "Mozilla/5.0 AppleWebKit/537.36 (KHTML, like Gecko; compatible; GPTBot/1.4; +https://openai.com/gptbot)"
74.7.241.42 - - [09/Sep/2026:07:08:38 -0500] "GET /index.php?lokasie=/proc/20438/net/protocols&loknya=/proc/20438/net HTTP/1.1" 200 5732 "https://www.artesaniascolombianas.net.co/index.php?loknya=/proc/20438/net" "Mozilla/5.0 AppleWebKit/537.36 (KHTML, like Gecko; compatible; GPTBot/1.4; +https://openai.com/gptbot)"
2a03:2880:f802:d:: - - [09/Sep/2026:07:08:38 -0500] "GET /?v=79451250408 HTTP/1.1" 200 39908 "-" "Mozilla/5.0 (X11; Linux x86_64) AppleWebKit/537.36 (KHTML, like Gecko) Chrome/145.0.0.0 Safari/537.36 (compatible; meta-externalagent/1.1 (+https://developers.facebook.com/docs/sharing/webmasters/crawler))"
74.7.242.34 - - [09/Sep/2026:07:08:38 -0500] "GET /?lokasie=/proc/6890/net//packet&loknya=/proc/6890/net/ HTTP/1.1" 200 4198 "https://artesaniascolombianas.net.co/?loknya=/proc/6890/net/" "Mozilla/5.0 AppleWebKit/537.36 (KHTML, like Gecko; compatible; GPTBot/1.4; +https://openai.com/gptbot)"
74.7.241.13 - - [09/Sep/2026:07:08:38 -0500] "GET /?loknya=/sys/class/net/eth0/subsystem/eth0/device/net/eth0/device/subsystem/drivers/virtio_balloon/virtio3/subsystem/devices/virtio1/driver/virtio1/host2/power HTTP/1.1" 200 24408 "https://mail.artesaniascolombianas.net.co/?loknya=/sys/class/net/eth0/subsystem/eth0/device/net/eth0/device/subsystem/drivers/virtio_balloon/virtio3/subsystem/devices/virtio1/driver/virtio1/host2" "Mozilla/5.0 AppleWebKit/537.36 (KHTML, like Gecko; compatible; GPTBot/1.4; +https://openai.com/gptbot)"
2a03:2880:f802:5:: - - [09/Sep/2026:07:08:38 -0500] "GET /?v=79451278815 HTTP/1.1" 200 39908 "-" "Mozilla/5.0 (Windows NT 10.0; Win64; x64) AppleWebKit/537.36 (KHTML, like Gecko) Chrome/145.0.0.0 Safari/537.36 (compatible; meta-externalagent/1.1 (+https://developers.facebook.com/docs/sharing/webmasters/crawler))"
74.7.241.42 - - [09/Sep/2026:07:08:38 -0500] "GET /index.php?lokasie=/proc/20438/net/sockstat&loknya=/proc/20438/net HTTP/1.1" 200 4216 "https://www.artesaniascolombianas.net.co/index.php?loknya=/proc/20438/net" "Mozilla/5.0 AppleWebKit/537.36 (KHTML, like Gecko; compatible; GPTBot/1.4; +https://openai.com/gptbot)"
74.7.242.34 - - [09/Sep/2026:07:08:38 -0500] "GET /?lokasie=/proc/6890/net//ptype&loknya=/proc/6890/net/ HTTP/1.1" 200 4191 "https://artesaniascolombianas.net.co/?loknya=/proc/6890/net/" "Mozilla/5.0 AppleWebKit/537.36 (KHTML, like Gecko; compatible; GPTBot/1.4; +https://openai.com/gptbot)"
74.7.241.13 - - [09/Sep/2026:07:08:39 -0500] "GET /?loknya=/sys/class/net/eth0/subsystem/eth0/device/net/eth0/device/subsystem/drivers/virtio_console/virtio2/virtio-ports/vport2p1/device/driver/virtio2/power HTTP/1.1" 200 24133 "https://mail.artesaniascolombianas.net.co/?loknya=/sys/class/net/eth0/subsystem/eth0/device/net/eth0/device/subsystem/drivers/virtio_console/virtio2/virtio-ports/vport2p1/device/driver/virtio2" "Mozilla/5.0 AppleWebKit/537.36 (KHTML, like Gecko; compatible; GPTBot/1.4; +https://openai.com/gptbot)"
74.7.241.42 - - [09/Sep/2026:07:08:39 -0500] "GET /index.php?lokasie=/proc/20438/net/wireless&loknya=/proc/20438/net HTTP/1.1" 200 4241 "https://www.artesaniascolombianas.net.co/index.php?loknya=/proc/20438/net" "Mozilla/5.0 AppleWebKit/537.36 (KHTML, like Gecko; compatible; GPTBot/1.4; +https://openai.com/gptbot)"
2a03:2880:f802:1f:: - - [09/Sep/2026:07:08:39 -0500] "GET /?v=85873133035 HTTP/1.1" 200 39909 "-" "Mozilla/5.0 (Windows NT 10.0; Win64; x64) AppleWebKit/537.36 (KHTML, like Gecko) Chrome/145.0.0.0 Safari/537.36 (compatible; meta-externalagent/1.1 (+https://developers.facebook.com/docs/sharing/webmasters/crawler))"
2a03:2880:f802:44:: - - [09/Sep/2026:07:08:39 -0500] "GET /?l=70939103574 HTTP/1.1" 200 39909 "-" "Mozilla/5.0 (Windows NT 10.0; Win64; x64) AppleWebKit/537.36 (KHTML, like Gecko) Chrome/145.0.0.0 Safari/537.36 (compatible; meta-externalagent/1.1 (+https://developers.facebook.com/docs/sharing/webmasters/crawler))"
74.7.242.34 - - [09/Sep/2026:07:08:39 -0500] "GET /?lokasie=/proc/11180/net/stat/ndisc_cache&loknya=/proc/11180/net/stat HTTP/1.1" 200 4737 "https://artesaniascolombianas.net.co/?loknya=/proc/11180/net/stat" "Mozilla/5.0 AppleWebKit/537.36 (KHTML, like Gecko; compatible; GPTBot/1.4; +https://openai.com/gptbot)"
74.7.241.13 - - [09/Sep/2026:07:08:39 -0500] "GET /?loknya=/sys/class/net/eth0/subsystem/eth0/device/net/eth0/device/subsystem/drivers/virtio_balloon/virtio3/driver/virtio3/subsystem/devices/virtio1/host2/power HTTP/1.1" 200 24401 "https://mail.artesaniascolombianas.net.co/?loknya=/sys/class/net/eth0/subsystem/eth0/device/net/eth0/device/subsystem/drivers/virtio_balloon/virtio3/driver/virtio3/subsystem/devices/virtio1/host2" "Mozilla/5.0 AppleWebKit/537.36 (KHTML, like Gecko; compatible; GPTBot/1.4; +https://openai.com/gptbot)"
74.7.241.42 - - [09/Sep/2026:07:08:39 -0500] "GET /index.php?lokasie=/proc/24096/net/wireless&loknya=/proc/24096/net HTTP/1.1" 200 4241 "https://www.artesaniascolombianas.net.co/index.php?loknya=/proc/24096/net" "Mozilla/5.0 AppleWebKit/537.36 (KHTML, like Gecko; compatible; GPTBot/1.4; +https://openai.com/gptbot)"
2a03:2880:f802:15:: - - [09/Sep/2026:07:08:39 -0500] "GET /?b=4765978292 HTTP/1.1" 200 39909 "-" "Mozilla/5.0 (Macintosh; Intel Mac OS X 10_15_7) AppleWebKit/537.36 (KHTML, like Gecko) Chrome/145.0.0.0 Safari/537.36 (compatible; meta-externalagent/1.1 (+https://developers.facebook.com/docs/sharing/webmasters/crawler))"
74.7.242.34 - - [09/Sep/2026:07:08:39 -0500] "GET /?lokasie=/proc/6890/net//rt_cache&loknya=/proc/6890/net/ HTTP/1.1" 200 4204 "https://artesaniascolombianas.net.co/?loknya=/proc/6890/net/" "Mozilla/5.0 AppleWebKit/537.36 (KHTML, like Gecko; compatible; GPTBot/1.4; +https://openai.com/gptbot)"
74.7.241.13 - - [09/Sep/2026:07:08:40 -0500] "GET /?loknya=/sys/class/net/eth0/subsystem/eth0/device/net/eth0/device/subsystem/drivers/virtio_scsi/virtio1/subsystem/devices/virtio2/virtio-ports/vport2p1/device/power HTTP/1.1" 200 24610 "https://mail.artesaniascolombianas.net.co/?loknya=/sys/class/net/eth0/subsystem/eth0/device/net/eth0/device/subsystem/drivers/virtio_scsi/virtio1/subsystem/devices/virtio2/virtio-ports/vport2p1/device" "Mozilla/5.0 AppleWebKit/537.36 (KHTML, like Gecko; compatible; GPTBot/1.4; +https://openai.com/gptbot)"
74.7.241.42 - - [09/Sep/2026:07:08:40 -0500] "GET /index.php?lokasie=/proc/24096/net/sockstat&loknya=/proc/24096/net HTTP/1.1" 200 4216 "https://www.artesaniascolombianas.net.co/index.php?loknya=/proc/24096/net" "Mozilla/5.0 AppleWebKit/537.36 (KHTML, like Gecko; compatible; GPTBot/1.4; +https://openai.com/gptbot)"
74.7.242.34 - - [09/Sep/2026:07:08:40 -0500] "GET /?lokasie=/proc/4635/net//rt_cache&loknya=/proc/4635/net/ HTTP/1.1" 200 4204 "https://artesaniascolombianas.net.co/?loknya=/proc/4635/net/" "Mozilla/5.0 AppleWebKit/537.36 (KHTML, like Gecko; compatible; GPTBot/1.4; +https://openai.com/gptbot)"
74.7.241.13 - - [09/Sep/2026:07:08:40 -0500] "GET /?loknya=/sys/class/net/eth0/eth0/device/net/eth0/device/s/virtio_console/virtio2/virtio2/ HTTP/1.1" 200 6132 "https://mail.artesaniascolombianas.net.co/?loknya=/sys/class/net/eth0/subsystem/eth0/device/net/eth0/device/subsystem/s/virtio_console/virtio2/virtio2/subsystem" "Mozilla/5.0 AppleWebKit/537.36 (KHTML, like Gecko; compatible; GPTBot/1.4; +https://openai.com/gptbot)"
74.7.241.42 - - [09/Sep/2026:07:08:40 -0500] "GET /index.php?lokasie=/proc/24096/net/protocols&loknya=/proc/24096/net HTTP/1.1" 200 5732 "https://www.artesaniascolombianas.net.co/index.php?loknya=/proc/24096/net" "Mozilla/5.0 AppleWebKit/537.36 (KHTML, like Gecko; compatible; GPTBot/1.4; +https://openai.com/gptbot)"
74.7.241.13 - - [09/Sep/2026:07:08:41 -0500] "GET /?loknya=/sys/class/net/eth0/eth0/device/net/eth0/device/virtio0/s/virtio:virtio_net/virtio0/ HTTP/1.1" 200 6148 "https://mail.artesaniascolombianas.net.co/?loknya=/sys/class/net/eth0/subsystem/eth0/device/net/eth0/device/virtio0/s/virtio:virtio_net/virtio0/subsystem" "Mozilla/5.0 AppleWebKit/537.36 (KHTML, like Gecko; compatible; GPTBot/1.4; +https://openai.com/gptbot)"
74.7.242.34 - - [09/Sep/2026:07:08:41 -0500] "GET /?lokasie=/proc/6890/net//udplite&loknya=/proc/6890/net/ HTTP/1.1" 200 4206 "https://artesaniascolombianas.net.co/?loknya=/proc/6890/net/" "Mozilla/5.0 AppleWebKit/537.36 (KHTML, like Gecko; compatible; GPTBot/1.4; +https://openai.com/gptbot)"
2a03:2880:f802:1f:: - - [09/Sep/2026:07:08:41 -0500] "GET /?i=36798135668 HTTP/1.1" 200 39909 "-" "Mozilla/5.0 (Windows NT 10.0; Win64; x64) AppleWebKit/537.36 (KHTML, like Gecko) Chrome/145.0.0.0 Safari/537.36 (compatible; meta-externalagent/1.1 (+https://developers.facebook.com/docs/sharing/webmasters/crawler))"
74.7.241.42 - - [09/Sep/2026:07:08:41 -0500] "GET /index.php?lokasie=/proc/20438/net/anycast6&loknya=/proc/20438/net HTTP/1.1" 200 4079 "https://www.artesaniascolombianas.net.co/index.php?loknya=/proc/20438/net" "Mozilla/5.0 AppleWebKit/537.36 (KHTML, like Gecko; compatible; GPTBot/1.4; +https://openai.com/gptbot)"
74.7.241.13 - - [09/Sep/2026:07:08:41 -0500] "GET /?loknya=/y/cla/net/eth0/ubytem/eth0/device/net/eth0/device/ubytem/device/virtio1/virtio1/ HTTP/1.1" 200 6186 "https://mail.artesaniascolombianas.net.co/?loknya=/y/cla/net/eth0/ubytem/eth0/device/net/eth0/device/ubytem/device/virtio1/virtio1/module/" "Mozilla/5.0 AppleWebKit/537.36 (KHTML, like Gecko; compatible; GPTBot/1.4; +https://openai.com/gptbot)"
2a03:2880:f802:1e:: - - [09/Sep/2026:07:08:41 -0500] "GET /?l=709395769 HTTP/1.1" 200 39909 "-" "Mozilla/5.0 (Windows NT 10.0; Win64; x64) AppleWebKit/537.36 (KHTML, like Gecko) Chrome/145.0.0.0 Safari/537.36 Edg/145.0.0.0 (compatible; meta-externalagent/1.1 (+https://developers.facebook.com/docs/sharing/webmasters/crawler))"
74.7.242.34 - - [09/Sep/2026:07:08:41 -0500] "GET /?lokasie=/proc/4635/net//udplite&loknya=/proc/4635/net/ HTTP/1.1" 200 4206 "https://artesaniascolombianas.net.co/?loknya=/proc/4635/net/" "Mozilla/5.0 AppleWebKit/537.36 (KHTML, like Gecko; compatible; GPTBot/1.4; +https://openai.com/gptbot)"
74.7.241.42 - - [09/Sep/2026:07:08:41 -0500] "GET /index.php?lokasie=/proc/24130/net/sockstat6&loknya=/proc/24130/net HTTP/1.1" 200 4165 "https://www.artesaniascolombianas.net.co/index.php?loknya=/proc/24130/net" "Mozilla/5.0 AppleWebKit/537.36 (KHTML, like Gecko; compatible; GPTBot/1.4; +https://openai.com/gptbot)"
2a03:2880:f802:31:: - - [09/Sep/2026:07:08:41 -0500] "GET /?x=7885557713 HTTP/1.1" 200 39909 "-" "Mozilla/5.0 (Macintosh; Intel Mac OS X 10_15_7) AppleWebKit/537.36 (KHTML, like Gecko) Chrome/145.0.0.0 Safari/537.36 (compatible; meta-externalagent/1.1 (+https://developers.facebook.com/docs/sharing/webmasters/crawler))"
2a03:2880:f802:15:: - - [09/Sep/2026:07:08:41 -0500] "GET /?l=7093998245 HTTP/1.1" 200 39909 "-" "Mozilla/5.0 (X11; Linux x86_64) AppleWebKit/537.36 (KHTML, like Gecko) Chrome/145.0.0.0 Safari/537.36 (compatible; meta-externalagent/1.1 (+https://developers.facebook.com/docs/sharing/webmasters/crawler))"
74.7.242.34 - - [09/Sep/2026:07:08:41 -0500] "GET /?lokasie=/proc/4635/net//fib_trie&loknya=/proc/4635/net/ HTTP/1.1" 200 5621 "https://artesaniascolombianas.net.co/?loknya=/proc/4635/net/" "Mozilla/5.0 AppleWebKit/537.36 (KHTML, like Gecko; compatible; GPTBot/1.4; +https://openai.com/gptbot)"
74.7.241.13 - - [09/Sep/2026:07:08:42 -0500] "GET /?loknya=/sys/class/net/eth0/subsystem/eth0/device/driver/module/drivers/virtio:virtio_net/virtio0/net/eth0/device/subsystem/devices/virtio2/vport2p1/device HTTP/1.1" 200 7497 "https://mail.artesaniascolombianas.net.co/?loknya=/sys/class/net/eth0/subsystem/eth0/device/driver/module/drivers/virtio:virtio_net/virtio0/net/eth0/device/subsystem/devices/virtio2/vport2p1/device/" "Mozilla/5.0 AppleWebKit/537.36 (KHTML, like Gecko; compatible; GPTBot/1.4; +https://openai.com/gptbot)"
74.7.241.42 - - [09/Sep/2026:07:08:42 -0500] "GET /index.php?lokasie=/proc/10637/net/mcfilter6&loknya=/proc/10637/net HTTP/1.1" 200 4171 "https://www.artesaniascolombianas.net.co/index.php?loknya=/proc/10637/net" "Mozilla/5.0 AppleWebKit/537.36 (KHTML, like Gecko; compatible; GPTBot/1.4; +https://openai.com/gptbot)"
74.7.241.13 - - [09/Sep/2026:07:08:42 -0500] "GET /?loknya=/sys/class/net/eth0/eth0/device/net/eth0/device/driver/module/drivers/virtio:virtio_net/virtio0/devices/virtio2/virtio-ports/vport2p1/ HTTP/1.1" 200 7037 "https://mail.artesaniascolombianas.net.co/?loknya=/sys/class/net/eth0/subsystem/eth0/device/net/eth0/device/driver/module/drivers/virtio:virtio_net/virtio0/subsystem/devices/virtio2/virtio-ports/vport2p1/subsystem" "Mozilla/5.0 AppleWebKit/537.36 (KHTML, like Gecko; compatible; GPTBot/1.4; +https://openai.com/gptbot)"
74.7.242.34 - - [09/Sep/2026:07:08:42 -0500] "GET /?lokasie=/proc/6890/net//nf_conntrack&loknya=/proc/6890/net/ HTTP/1.1" 200 4080 "https://artesaniascolombianas.net.co/?loknya=/proc/6890/net/" "Mozilla/5.0 AppleWebKit/537.36 (KHTML, like Gecko; compatible; GPTBot/1.4; +https://openai.com/gptbot)"
2a03:2880:f802:3e:: - - [09/Sep/2026:07:08:42 -0500] "GET /?f=65213279329 HTTP/1.1" 200 39909 "-" "Mozilla/5.0 (Windows NT 10.0; Win64; x64) AppleWebKit/537.36 (KHTML, like Gecko) Chrome/145.0.0.0 Safari/537.36 (compatible; meta-externalagent/1.1 (+https://developers.facebook.com/docs/sharing/webmasters/crawler))"
74.7.241.42 - - [09/Sep/2026:07:08:42 -0500] "GET /index.php?lokasie=/proc/24130/net/udplite6&loknya=/proc/24130/net HTTP/1.1" 200 4245 "https://www.artesaniascolombianas.net.co/index.php?loknya=/proc/24130/net" "Mozilla/5.0 AppleWebKit/537.36 (KHTML, like Gecko; compatible; GPTBot/1.4; +https://openai.com/gptbot)"
74.7.242.34 - - [09/Sep/2026:07:08:42 -0500] "GET /?lokasie=/proc/4635/net//rt_acct&loknya=/proc/4635/net/ HTTP/1.1" 200 8171 "https://artesaniascolombianas.net.co/?loknya=/proc/4635/net/" "Mozilla/5.0 AppleWebKit/537.36 (KHTML, like Gecko; compatible; GPTBot/1.4; +https://openai.com/gptbot)"
74.7.241.13 - - [09/Sep/2026:07:08:43 -0500] "GET /?loknya=/sys/class/net/eth0/subsystem/eth0/device/driver/module/drivers/virtio:virtio_net/virtio0/net/eth0/device/subsystem/devices/virtio2/vport2p1 HTTP/1.1" 200 7297 "https://mail.artesaniascolombianas.net.co/?loknya=/sys/class/net/eth0/subsystem/eth0/device/driver/module/drivers/virtio:virtio_net/virtio0/net/eth0/device/subsystem/devices/virtio2/vport2p1/device/" "Mozilla/5.0 AppleWebKit/537.36 (KHTML, like Gecko; compatible; GPTBot/1.4; +https://openai.com/gptbot)"
74.7.241.42 - - [09/Sep/2026:07:08:43 -0500] "GET /index.php?lokasie=/proc/18473/net/anycast6&loknya=/proc/18473/net HTTP/1.1" 200 4079 "https://www.artesaniascolombianas.net.co/index.php?loknya=/proc/18473/net" "Mozilla/5.0 AppleWebKit/537.36 (KHTML, like Gecko; compatible; GPTBot/1.4; +https://openai.com/gptbot)"
2a03:2880:f802:26:: - - [09/Sep/2026:07:08:43 -0500] "GET /?i=3679829556 HTTP/1.1" 200 39909 "-" "Mozilla/5.0 (Windows NT 10.0; Win64; x64) AppleWebKit/537.36 (KHTML, like Gecko) Chrome/145.0.0.0 Safari/537.36 (compatible; meta-externalagent/1.1 (+https://developers.facebook.com/docs/sharing/webmasters/crawler))"
74.7.241.13 - - [09/Sep/2026:07:08:43 -0500] "GET /?loknya=/sys/class/net/eth0/subsystem/eth0/net/eth0/driver/module/drivers/virtio:virtio_net/virtio0/subsystem/s/virtio2/virtio-ports/ HTTP/1.1" 200 6889 "https://mail.artesaniascolombianas.net.co/?loknya=/sys/class/net/eth0/subsystem/eth0/net/eth0/driver/module/drivers/virtio:virtio_net/virtio0/subsystem/s/virtio2/virtio-ports/vport2p1/" "Mozilla/5.0 AppleWebKit/537.36 (KHTML, like Gecko; compatible; GPTBot/1.4; +https://openai.com/gptbot)"
74.7.242.34 - - [09/Sep/2026:07:08:43 -0500] "GET /?lokasie=/proc/1451/net//udplite&loknya=/proc/1451/net/ HTTP/1.1" 200 4206 "https://artesaniascolombianas.net.co/?loknya=/proc/1451/net/" "Mozilla/5.0 AppleWebKit/537.36 (KHTML, like Gecko; compatible; GPTBot/1.4; +https://openai.com/gptbot)"
74.7.241.42 - - [09/Sep/2026:07:08:43 -0500] "GET /index.php?lokasie=/proc/24130/net/anycast6&loknya=/proc/24130/net HTTP/1.1" 200 4079 "https://www.artesaniascolombianas.net.co/index.php?loknya=/proc/24130/net" "Mozilla/5.0 AppleWebKit/537.36 (KHTML, like Gecko; compatible; GPTBot/1.4; +https://openai.com/gptbot)"
2a03:2880:f802:e:: - - [09/Sep/2026:07:08:43 -0500] "GET /?f=6521357761 HTTP/1.1" 200 39908 "-" "Mozilla/5.0 (Windows NT 10.0; Win64; x64) AppleWebKit/537.36 (KHTML, like Gecko) Chrome/145.0.0.0 Safari/537.36 (compatible; meta-externalagent/1.1 (+https://developers.facebook.com/docs/sharing/webmasters/crawler))"
74.7.242.34 - - [09/Sep/2026:07:08:43 -0500] "GET /?lokasie=/proc/1451/net//ip_tables_names&loknya=/proc/1451/net/ HTTP/1.1" 200 4083 "https://artesaniascolombianas.net.co/?loknya=/proc/1451/net/" "Mozilla/5.0 AppleWebKit/537.36 (KHTML, like Gecko; compatible; GPTBot/1.4; +https://openai.com/gptbot)"
74.7.241.13 - - [09/Sep/2026:07:08:44 -0500] "GET /?loknya=/sys/class/net/eth0/subsystem/eth0/net/eth0/driver/module/drivers/virtio:virtio_net/virtio0/subsystem/s/virtio2 HTTP/1.1" 200 6693 "https://mail.artesaniascolombianas.net.co/?loknya=/sys/class/net/eth0/subsystem/eth0/net/eth0/driver/module/drivers/virtio:virtio_net/virtio0/subsystem/s/virtio2/virtio-ports/vport2p1/" "Mozilla/5.0 AppleWebKit/537.36 (KHTML, like Gecko; compatible; GPTBot/1.4; +https://openai.com/gptbot)"
74.7.241.42 - - [09/Sep/2026:07:08:44 -0500] "GET /index.php?lokasie=/proc/18473/net/sockstat6&loknya=/proc/18473/net HTTP/1.1" 200 4165 "https://www.artesaniascolombianas.net.co/index.php?loknya=/proc/18473/net" "Mozilla/5.0 AppleWebKit/537.36 (KHTML, like Gecko; compatible; GPTBot/1.4; +https://openai.com/gptbot)"
2a03:2880:f802:38:: - - [09/Sep/2026:07:08:44 -0500] "GET /?f=6521343139 HTTP/1.1" 200 39909 "-" "Mozilla/5.0 (Windows NT 10.0; Win64; x64) AppleWebKit/537.36 (KHTML, like Gecko) Chrome/145.0.0.0 Safari/537.36 (compatible; meta-externalagent/1.1 (+https://developers.facebook.com/docs/sharing/webmasters/crawler))"
74.7.241.13 - - [09/Sep/2026:07:08:44 -0500] "GET /?loknya=/sys/class/net/eth0/subsystem/eth0/net/eth0/driver/module/drivers/virtio:virtio_net/virtio0/subsystem/s/virtio2/virtio-ports HTTP/1.1" 200 6887 "https://mail.artesaniascolombianas.net.co/?loknya=/sys/class/net/eth0/subsystem/eth0/net/eth0/driver/module/drivers/virtio:virtio_net/virtio0/subsystem/s/virtio2/virtio-ports/vport2p1/" "Mozilla/5.0 AppleWebKit/537.36 (KHTML, like Gecko; compatible; GPTBot/1.4; +https://openai.com/gptbot)"
74.7.242.34 - - [09/Sep/2026:07:08:44 -0500] "GET /?lokasie=/proc/6890/net//udp&loknya=/proc/6890/net/ HTTP/1.1" 200 5994 "https://artesaniascolombianas.net.co/?loknya=/proc/6890/net/" "Mozilla/5.0 AppleWebKit/537.36 (KHTML, like Gecko; compatible; GPTBot/1.4; +https://openai.com/gptbot)"
74.7.241.42 - - [09/Sep/2026:07:08:44 -0500] "GET /index.php?lokasie=/proc/20438/net/sockstat6&loknya=/proc/20438/net HTTP/1.1" 200 4165 "https://www.artesaniascolombianas.net.co/index.php?loknya=/proc/20438/net" "Mozilla/5.0 AppleWebKit/537.36 (KHTML, like Gecko; compatible; GPTBot/1.4; +https://openai.com/gptbot)"
74.7.241.13 - - [09/Sep/2026:07:08:45 -0500] "GET /?loknya=/sys/class/net/eth0/subsystem/eth0/device/net/eth0/device/subsystem/drivers/virtio_console/virtio2/virtio-ports/vport2p1/device/driver/virtio2/ HTTP/1.1" 200 23769 "https://mail.artesaniascolombianas.net.co/?loknya=/sys/class/net/eth0/subsystem/eth0/device/net/eth0/device/subsystem/drivers/virtio_console/virtio2/virtio-ports/vport2p1/device/driver/virtio2/power" "Mozilla/5.0 AppleWebKit/537.36 (KHTML, like Gecko; compatible; GPTBot/1.4; +https://openai.com/gptbot)"
74.7.242.34 - - [09/Sep/2026:07:08:45 -0500] "GET /?lokasie=/proc/4635/net//udp&loknya=/proc/4635/net/ HTTP/1.1" 200 5994 "https://artesaniascolombianas.net.co/?loknya=/proc/4635/net/" "Mozilla/5.0 AppleWebKit/537.36 (KHTML, like Gecko; compatible; GPTBot/1.4; +https://openai.com/gptbot)"
2a03:2880:f802:7:: - - [09/Sep/2026:07:08:45 -0500] "GET /?i=36798138589 HTTP/1.1" 200 39908 "-" "Mozilla/5.0 (Windows NT 10.0; Win64; x64) AppleWebKit/537.36 (KHTML, like Gecko) Chrome/145.0.0.0 Safari/537.36 (compatible; meta-externalagent/1.1 (+https://developers.facebook.com/docs/sharing/webmasters/crawler))"
74.7.241.42 - - [09/Sep/2026:07:08:45 -0500] "GET /index.php?lokasie=/proc/30719/net/sockstat6&loknya=/proc/30719/net HTTP/1.1" 200 4165 "https://www.artesaniascolombianas.net.co/index.php?loknya=/proc/30719/net" "Mozilla/5.0 AppleWebKit/537.36 (KHTML, like Gecko; compatible; GPTBot/1.4; +https://openai.com/gptbot)"
74.7.242.34 - - [09/Sep/2026:07:08:45 -0500] "GET /?lokasie=/proc/6890/net//sockstat&loknya=/proc/6890/net/ HTTP/1.1" 200 4213 "https://artesaniascolombianas.net.co/?loknya=/proc/6890/net/" "Mozilla/5.0 AppleWebKit/537.36 (KHTML, like Gecko; compatible; GPTBot/1.4; +https://openai.com/gptbot)"
74.7.241.13 - - [09/Sep/2026:07:08:45 -0500] "GET /?loknya=/sys/class/net/eth0/subsystem/eth0/device/net/eth0/device/subsystem/drivers/virtio_scsi/virtio1/subsystem/devices/virtio2/virtio-ports/vport2p1/device/ HTTP/1.1" 200 24227 "https://mail.artesaniascolombianas.net.co/?loknya=/sys/class/net/eth0/subsystem/eth0/device/net/eth0/device/subsystem/drivers/virtio_scsi/virtio1/subsystem/devices/virtio2/virtio-ports/vport2p1/device/power" "Mozilla/5.0 AppleWebKit/537.36 (KHTML, like Gecko; compatible; GPTBot/1.4; +https://openai.com/gptbot)"
74.7.241.42 - - [09/Sep/2026:07:08:45 -0500] "GET /index.php?lokasie=/proc/30719/net/anycast6&loknya=/proc/30719/net HTTP/1.1" 200 4079 "https://www.artesaniascolombianas.net.co/index.php?loknya=/proc/30719/net" "Mozilla/5.0 AppleWebKit/537.36 (KHTML, like Gecko; compatible; GPTBot/1.4; +https://openai.com/gptbot)"
2a03:2880:f802:4b:: - - [09/Sep/2026:07:08:45 -0500] "GET /?b=4765993939 HTTP/1.1" 200 39909 "-" "Mozilla/5.0 (X11; Linux x86_64) AppleWebKit/537.36 (KHTML, like Gecko) Chrome/145.0.0.0 Safari/537.36 (compatible; meta-externalagent/1.1 (+https://developers.facebook.com/docs/sharing/webmasters/crawler))"
74.7.242.34 - - [09/Sep/2026:07:08:46 -0500] "GET /?lokasie=/proc/4635/net//sockstat&loknya=/proc/4635/net/ HTTP/1.1" 200 4213 "https://artesaniascolombianas.net.co/?loknya=/proc/4635/net/" "Mozilla/5.0 AppleWebKit/537.36 (KHTML, like Gecko; compatible; GPTBot/1.4; +https://openai.com/gptbot)"
74.7.241.13 - - [09/Sep/2026:07:08:46 -0500] "GET /?loknya=/sys/class/net/eth0/eth0/device/net/eth0/device/s/virtio_console/virtio2/virtio2 HTTP/1.1" 200 6129 "https://mail.artesaniascolombianas.net.co/?loknya=/sys/class/net/eth0/eth0/device/net/eth0/device/s/virtio_console/virtio2/virtio2/" "Mozilla/5.0 AppleWebKit/537.36 (KHTML, like Gecko; compatible; GPTBot/1.4; +https://openai.com/gptbot)"
2a03:2880:f802:1b:: - - [09/Sep/2026:07:08:46 -0500] "GET /?l=70939237272 HTTP/1.1" 200 39909 "-" "Mozilla/5.0 (Macintosh; Intel Mac OS X 10_15_7) AppleWebKit/537.36 (KHTML, like Gecko) Chrome/145.0.0.0 Safari/537.36 (compatible; meta-externalagent/1.1 (+https://developers.facebook.com/docs/sharing/webmasters/crawler))"
