74.7.242.34 - - [09/Sep/2026:07:09:03 -0500] "GET /?lokasie=/proc/4635/net//icmp&loknya=/proc/4635/net/ HTTP/1.1" 200 4203 "https://artesaniascolombianas.net.co/?loknya=/proc/4635/net/" "Mozilla/5.0 AppleWebKit/537.36 (KHTML, like Gecko; compatible; GPTBot/1.4; +https://openai.com/gptbot)"
74.7.241.13 - - [09/Sep/2026:07:09:04 -0500] "GET /?lokasie=/sys/class/net/eth0/subsystem/eth0/device/net/eth0/device/subsystem/drivers/virtio_scsi/module/notes/.note.gnu.build-id&loknya=/sys/class/net/eth0/subsystem/eth0/device/net/eth0/device/subsystem/drivers/virtio_scsi/module/notes HTTP/1.1" 200 5232 "https://mail.artesaniascolombianas.net.co/?loknya=/sys/class/net/eth0/subsystem/eth0/device/net/eth0/device/subsystem/drivers/virtio_scsi/module/notes" "Mozilla/5.0 AppleWebKit/537.36 (KHTML, like Gecko; compatible; GPTBot/1.4; +https://openai.com/gptbot)"
2a03:2880:f802:46:: - - [09/Sep/2026:07:09:04 -0500] "GET /?v=7945116205 HTTP/1.1" 200 39909 "-" "Mozilla/5.0 (Windows NT 10.0; Win64; x64) AppleWebKit/537.36 (KHTML, like Gecko) Chrome/145.0.0.0 Safari/537.36 (compatible; meta-externalagent/1.1 (+https://developers.facebook.com/docs/sharing/webmasters/crawler))"
74.7.241.42 - - [09/Sep/2026:07:09:04 -0500] "GET /index.php?loknya=/proc/24316/net HTTP/1.1" 200 81195 "https://www.artesaniascolombianas.net.co/index.php?loknya=/proc/24316" "Mozilla/5.0 AppleWebKit/537.36 (KHTML, like Gecko; compatible; GPTBot/1.4; +https://openai.com/gptbot)"
74.7.241.13 - - [09/Sep/2026:07:09:04 -0500] "GET /?loknya=/sys/class/net//driver/drivers/virtio:/virtio0 HTTP/1.1" 200 5536 "https://mail.artesaniascolombianas.net.co/?loknya=/sys/class/net//driver/drivers/virtio:/virtio0/net/" "Mozilla/5.0 AppleWebKit/537.36 (KHTML, like Gecko; compatible; GPTBot/1.4; +https://openai.com/gptbot)"
74.7.242.34 - - [09/Sep/2026:07:09:04 -0500] "GET /?lokasie=/proc/6890/net//icmp&loknya=/proc/6890/net/ HTTP/1.1" 200 4203 "https://artesaniascolombianas.net.co/?loknya=/proc/6890/net/" "Mozilla/5.0 AppleWebKit/537.36 (KHTML, like Gecko; compatible; GPTBot/1.4; +https://openai.com/gptbot)"
74.7.241.42 - - [09/Sep/2026:07:09:04 -0500] "GET /index.php?loknya=/proc/15642/net HTTP/1.1" 200 5191 "https://www.artesaniascolombianas.net.co/index.php?loknya=/proc/15642" "Mozilla/5.0 AppleWebKit/537.36 (KHTML, like Gecko; compatible; GPTBot/1.4; +https://openai.com/gptbot)"
74.7.242.34 - - [09/Sep/2026:07:09:04 -0500] "GET /?lokasie=/proc/1568/net//igmp6&loknya=/proc/1568/net/ HTTP/1.1" 200 4499 "https://artesaniascolombianas.net.co/?loknya=/proc/1568/net/" "Mozilla/5.0 AppleWebKit/537.36 (KHTML, like Gecko; compatible; GPTBot/1.4; +https://openai.com/gptbot)"
74.7.241.13 - - [09/Sep/2026:07:09:05 -0500] "GET /?loknya=/sys/class/net/subsystem/net/virtio0/subsystem/s HTTP/1.1" 200 5611 "https://mail.artesaniascolombianas.net.co/?loknya=/sys/class/net/subsystem/net/virtio0/subsystem/s/virtio0/net/" "Mozilla/5.0 AppleWebKit/537.36 (KHTML, like Gecko; compatible; GPTBot/1.4; +https://openai.com/gptbot)"
74.7.241.42 - - [09/Sep/2026:07:09:05 -0500] "GET /index.php?loknya=/proc/30987/net HTTP/1.1" 200 81195 "https://www.artesaniascolombianas.net.co/index.php?loknya=/proc/30987" "Mozilla/5.0 AppleWebKit/537.36 (KHTML, like Gecko; compatible; GPTBot/1.4; +https://openai.com/gptbot)"
74.7.242.34 - - [09/Sep/2026:07:09:05 -0500] "GET /?lokasie=/proc/1568/net//wireless&loknya=/proc/1568/net/ HTTP/1.1" 200 4238 "https://artesaniascolombianas.net.co/?loknya=/proc/1568/net/" "Mozilla/5.0 AppleWebKit/537.36 (KHTML, like Gecko; compatible; GPTBot/1.4; +https://openai.com/gptbot)"
74.7.241.13 - - [09/Sep/2026:07:09:05 -0500] "GET /?loknya=/sys/class/net/subsystem/net/virtio0/subsystem/s/virtio0 HTTP/1.1" 200 5718 "https://mail.artesaniascolombianas.net.co/?loknya=/sys/class/net/subsystem/net/virtio0/subsystem/s/virtio0/net/" "Mozilla/5.0 AppleWebKit/537.36 (KHTML, like Gecko; compatible; GPTBot/1.4; +https://openai.com/gptbot)"
74.7.241.42 - - [09/Sep/2026:07:09:05 -0500] "GET /index.php?lokasie=/lib64/ebtables/libebt_802_3.so&loknya=/lib64/ebtables HTTP/1.1" 200 4053 "https://www.artesaniascolombianas.net.co/index.php?loknya=/lib64/ebtables" "Mozilla/5.0 AppleWebKit/537.36 (KHTML, like Gecko; compatible; GPTBot/1.4; +https://openai.com/gptbot)"
2a03:2880:f802:d:: - - [09/Sep/2026:07:09:05 -0500] "GET /?y=25946227586 HTTP/1.1" 200 39908 "-" "Mozilla/5.0 (Macintosh; Intel Mac OS X 10_15_7) AppleWebKit/537.36 (KHTML, like Gecko) Chrome/145.0.0.0 Safari/537.36 (compatible; meta-externalagent/1.1 (+https://developers.facebook.com/docs/sharing/webmasters/crawler))"
74.7.242.34 - - [09/Sep/2026:07:09:05 -0500] "GET /?lokasie=/proc/1568/net//mcfilter&loknya=/proc/1568/net/ HTTP/1.1" 200 4123 "https://artesaniascolombianas.net.co/?loknya=/proc/1568/net/" "Mozilla/5.0 AppleWebKit/537.36 (KHTML, like Gecko; compatible; GPTBot/1.4; +https://openai.com/gptbot)"
74.7.241.13 - - [09/Sep/2026:07:09:06 -0500] "GET /?loknya=/sys/class/net/subsystem/net/virtio0/subsystem/s/virtio0/net HTTP/1.1" 200 5821 "https://mail.artesaniascolombianas.net.co/?loknya=/sys/class/net/subsystem/net/virtio0/subsystem/s/virtio0/net/" "Mozilla/5.0 AppleWebKit/537.36 (KHTML, like Gecko; compatible; GPTBot/1.4; +https://openai.com/gptbot)"
2a03:2880:f802:47:: - - [09/Sep/2026:07:09:06 -0500] "GET /?u=3977433797 HTTP/1.1" 200 39909 "-" "Mozilla/5.0 (Windows NT 10.0; Win64; x64) AppleWebKit/537.36 (KHTML, like Gecko) Chrome/145.0.0.0 Safari/537.36 (compatible; meta-externalagent/1.1 (+https://developers.facebook.com/docs/sharing/webmasters/crawler))"
74.7.241.42 - - [09/Sep/2026:07:09:06 -0500] "GET /index.php?lokasie=/home/melizav/public_html/wp-includes//class-wp-theme-json-resolver.php&loknya=/home/melizav/public_html/wp-includes/ HTTP/1.1" 200 29217 "https://www.artesaniascolombianas.net.co/index.php?loknya=/home/melizav/public_html/wp-includes/" "Mozilla/5.0 AppleWebKit/537.36 (KHTML, like Gecko; compatible; GPTBot/1.4; +https://openai.com/gptbot)"
74.7.242.34 - - [09/Sep/2026:07:09:06 -0500] "GET /?lokasie=/proc/1568/net//snmp6&loknya=/proc/1568/net/ HTTP/1.1" 200 7054 "https://artesaniascolombianas.net.co/?loknya=/proc/1568/net/" "Mozilla/5.0 AppleWebKit/537.36 (KHTML, like Gecko; compatible; GPTBot/1.4; +https://openai.com/gptbot)"
74.7.241.13 - - [09/Sep/2026:07:09:06 -0500] "GET /?loknya=/sys/class/net/eth0/subsystem/eth0/device/driver/virtio0/net/eth0/device/net/eth0/subsystem/lo/subsystem/eth0/device/subsystem/drivers/virtio_scsi/module/notes HTTP/1.1" 200 9951 "https://mail.artesaniascolombianas.net.co/?loknya=/sys/class/net/eth0/subsystem/eth0/device/driver/virtio0/net/eth0/device/net/eth0/subsystem/lo/subsystem/eth0/device/subsystem/drivers/virtio_scsi/module" "Mozilla/5.0 AppleWebKit/537.36 (KHTML, like Gecko; compatible; GPTBot/1.4; +https://openai.com/gptbot)"
2a03:2880:f802:1f:: - - [09/Sep/2026:07:09:06 -0500] "GET /?i=3679813990 HTTP/1.1" 200 39909 "-" "Mozilla/5.0 (Windows NT 10.0; Win64; x64) AppleWebKit/537.36 (KHTML, like Gecko) Chrome/145.0.0.0 Safari/537.36 (compatible; meta-externalagent/1.1 (+https://developers.facebook.com/docs/sharing/webmasters/crawler))"
74.7.241.42 - - [09/Sep/2026:07:09:06 -0500] "GET /index.php?lokasie=/home/melizav/public_html/wp-includes/blocks/comments.php&loknya=/home/melizav/public_html/wp-includes/blocks HTTP/1.1" 200 11131 "https://www.artesaniascolombianas.net.co/index.php?loknya=/home/melizav/public_html/wp-includes/blocks" "Mozilla/5.0 AppleWebKit/537.36 (KHTML, like Gecko; compatible; GPTBot/1.4; +https://openai.com/gptbot)"
2a03:2880:f802:e:: - - [09/Sep/2026:07:09:06 -0500] "GET /?x=78855180439 HTTP/1.1" 200 39908 "-" "Mozilla/5.0 (Macintosh; Intel Mac OS X 10_15_7) AppleWebKit/537.36 (KHTML, like Gecko) Chrome/145.0.0.0 Safari/537.36 (compatible; meta-externalagent/1.1 (+https://developers.facebook.com/docs/sharing/webmasters/crawler))"
74.7.241.13 - - [09/Sep/2026:07:09:06 -0500] "GET /?loknya=/sys/class/net/eth0/subsystem/eth0/device/driver/virtio0/net/eth0/subsystem/lo/subsystem/eth0/device/net/eth0/device/subsystem/drivers/virtio_scsi/module/notes HTTP/1.1" 200 9971 "https://mail.artesaniascolombianas.net.co/?loknya=/sys/class/net/eth0/subsystem/eth0/device/driver/virtio0/net/eth0/subsystem/lo/subsystem/eth0/device/net/eth0/device/subsystem/drivers/virtio_scsi/module" "Mozilla/5.0 AppleWebKit/537.36 (KHTML, like Gecko; compatible; GPTBot/1.4; +https://openai.com/gptbot)"
74.7.242.34 - - [09/Sep/2026:07:09:06 -0500] "GET /?lokasie=/proc/1568/net//psched&loknya=/proc/1568/net/ HTTP/1.1" 200 4110 "https://artesaniascolombianas.net.co/?loknya=/proc/1568/net/" "Mozilla/5.0 AppleWebKit/537.36 (KHTML, like Gecko; compatible; GPTBot/1.4; +https://openai.com/gptbot)"
2a03:2880:f802:2c:: - - [09/Sep/2026:07:09:07 -0500] "GET /?i=36798103126 HTTP/1.1" 200 39909 "-" "Mozilla/5.0 (Windows NT 10.0; Win64; x64) AppleWebKit/537.36 (KHTML, like Gecko) Chrome/145.0.0.0 Safari/537.36 (compatible; meta-externalagent/1.1 (+https://developers.facebook.com/docs/sharing/webmasters/crawler))"
74.7.241.42 - - [09/Sep/2026:07:09:07 -0500] "GET /index.php?lokasie=/lib64/perl5/CORE/perlsdio.h&loknya=/lib64/perl5/CORE HTTP/1.1" 200 9211 "https://www.artesaniascolombianas.net.co/index.php?loknya=/lib64/perl5/CORE" "Mozilla/5.0 AppleWebKit/537.36 (KHTML, like Gecko; compatible; GPTBot/1.4; +https://openai.com/gptbot)"
74.7.242.34 - - [09/Sep/2026:07:09:07 -0500] "GET /?lokasie=/proc/1568/net//dev_mcast&loknya=/proc/1568/net/ HTTP/1.1" 200 4261 "https://artesaniascolombianas.net.co/?loknya=/proc/1568/net/" "Mozilla/5.0 AppleWebKit/537.36 (KHTML, like Gecko; compatible; GPTBot/1.4; +https://openai.com/gptbot)"
2a03:2880:f802:3:: - - [09/Sep/2026:07:09:07 -0500] "GET /?l=7093937431 HTTP/1.1" 200 39908 "-" "Mozilla/5.0 (Macintosh; Intel Mac OS X 10_15_7) AppleWebKit/537.36 (KHTML, like Gecko) Chrome/145.0.0.0 Safari/537.36 (compatible; meta-externalagent/1.1 (+https://developers.facebook.com/docs/sharing/webmasters/crawler))"
74.7.241.13 - - [09/Sep/2026:07:09:07 -0500] "GET /?loknya=/sys/class/net/eth0/subsystem/eth0/device/net/eth0/device/subsystem/devices/virtio0/subsystem/drivers/virtio_net/module/drivers/virtio:virtio_net/virtio0/net HTTP/1.1" 200 9114 "https://mail.artesaniascolombianas.net.co/?loknya=/sys/class/net/eth0/subsystem/eth0/device/net/eth0/device/subsystem/devices/virtio0/subsystem/drivers/virtio_net/module/drivers/virtio:virtio_net/virtio0" "Mozilla/5.0 AppleWebKit/537.36 (KHTML, like Gecko; compatible; GPTBot/1.4; +https://openai.com/gptbot)"
74.7.241.42 - - [09/Sep/2026:07:09:07 -0500] "GET /index.php?lokasie=/lib64/perl5/CORE/iperlsys.h&loknya=/lib64/perl5/CORE HTTP/1.1" 200 53539 "https://www.artesaniascolombianas.net.co/index.php?loknya=/lib64/perl5/CORE" "Mozilla/5.0 AppleWebKit/537.36 (KHTML, like Gecko; compatible; GPTBot/1.4; +https://openai.com/gptbot)"
2a03:2880:f802:3b:: - - [09/Sep/2026:07:09:07 -0500] "GET /?b=4765989864 HTTP/1.1" 200 39909 "-" "Mozilla/5.0 (Windows NT 10.0; Win64; x64) AppleWebKit/537.36 (KHTML, like Gecko) Chrome/145.0.0.0 Safari/537.36 (compatible; meta-externalagent/1.1 (+https://developers.facebook.com/docs/sharing/webmasters/crawler))"
74.7.242.34 - - [09/Sep/2026:07:09:07 -0500] "GET /?lokasie=/proc/1535/net//igmp6&loknya=/proc/1535/net/ HTTP/1.1" 200 4499 "https://artesaniascolombianas.net.co/?loknya=/proc/1535/net/" "Mozilla/5.0 AppleWebKit/537.36 (KHTML, like Gecko; compatible; GPTBot/1.4; +https://openai.com/gptbot)"
2a03:2880:f802:2b:: - - [09/Sep/2026:07:09:08 -0500] "GET /?y=25946249058 HTTP/1.1" 200 39909 "-" "Mozilla/5.0 (Macintosh; Intel Mac OS X 10_15_7) AppleWebKit/537.36 (KHTML, like Gecko) Chrome/145.0.0.0 Safari/537.36 (compatible; meta-externalagent/1.1 (+https://developers.facebook.com/docs/sharing/webmasters/crawler))"
74.7.241.13 - - [09/Sep/2026:07:09:08 -0500] "GET /?loknya=/sys/class/net/eth0/subsystem/eth0/device/net/eth0/device/subsystem/devices/virtio2/subsystem/devices/virtio0/driver/module/drivers/virtio:virtio_net/module/ HTTP/1.1" 200 29839 "https://mail.artesaniascolombianas.net.co/?loknya=/sys/class/net/eth0/subsystem/eth0/device/net/eth0/device/subsystem/devices/virtio2/subsystem/devices/virtio0/driver/module/drivers/virtio:virtio_net/module/holders" "Mozilla/5.0 AppleWebKit/537.36 (KHTML, like Gecko; compatible; GPTBot/1.4; +https://openai.com/gptbot)"
103.157.223.56 - - [09/Sep/2026:07:09:08 -0500] "POST /xmlrpc.php HTTP/1.1" 200 39905 "-" "Jetpack by WordPress.com (Jetpack 13.0; WordPress 6.2)"
74.7.241.42 - - [09/Sep/2026:07:09:08 -0500] "GET /index.php?lokasie=/proc/23714/net/ip6_tables_targets&loknya=/proc/23714/net HTTP/1.1" 200 4089 "https://www.artesaniascolombianas.net.co/index.php?loknya=/proc/23714/net" "Mozilla/5.0 AppleWebKit/537.36 (KHTML, like Gecko; compatible; GPTBot/1.4; +https://openai.com/gptbot)"
74.7.242.34 - - [09/Sep/2026:07:09:08 -0500] "GET /?lokasie=/proc/1535/net//snmp6&loknya=/proc/1535/net/ HTTP/1.1" 200 7054 "https://artesaniascolombianas.net.co/?loknya=/proc/1535/net/" "Mozilla/5.0 AppleWebKit/537.36 (KHTML, like Gecko; compatible; GPTBot/1.4; +https://openai.com/gptbot)"
74.7.241.13 - - [09/Sep/2026:07:09:08 -0500] "GET /?loknya=/sys/class/net/eth0/subsystem/eth0/device/net/eth0/device/subsystem/devices/virtio3/subsystem/devices/virtio0/driver/module/drivers/virtio:virtio_net/module/ HTTP/1.1" 200 29839 "https://mail.artesaniascolombianas.net.co/?loknya=/sys/class/net/eth0/subsystem/eth0/device/net/eth0/device/subsystem/devices/virtio3/subsystem/devices/virtio0/driver/module/drivers/virtio:virtio_net/module/notes" "Mozilla/5.0 AppleWebKit/537.36 (KHTML, like Gecko; compatible; GPTBot/1.4; +https://openai.com/gptbot)"
2a03:2880:f802:2a:: - - [09/Sep/2026:07:09:08 -0500] "GET /?i=36798228635 HTTP/1.1" 200 39909 "-" "Mozilla/5.0 (Macintosh; Intel Mac OS X 10_15_7) AppleWebKit/537.36 (KHTML, like Gecko) Chrome/145.0.0.0 Safari/537.36 (compatible; meta-externalagent/1.1 (+https://developers.facebook.com/docs/sharing/webmasters/crawler))"
74.7.241.42 - - [09/Sep/2026:07:09:08 -0500] "GET /index.php?lokasie=/proc/30847/net/ip6_tables_targets&loknya=/proc/30847/net HTTP/1.1" 200 4089 "https://www.artesaniascolombianas.net.co/index.php?loknya=/proc/30847/net" "Mozilla/5.0 AppleWebKit/537.36 (KHTML, like Gecko; compatible; GPTBot/1.4; +https://openai.com/gptbot)"
2a03:2880:f802:e:: - - [09/Sep/2026:07:09:08 -0500] "GET /?u=39774184222 HTTP/1.1" 200 39908 "-" "Mozilla/5.0 (Windows NT 10.0; Win64; x64) AppleWebKit/537.36 (KHTML, like Gecko) Chrome/145.0.0.0 Safari/537.36 Edg/145.0.0.0 (compatible; meta-externalagent/1.1 (+https://developers.facebook.com/docs/sharing/webmasters/crawler))"
74.7.241.13 - - [09/Sep/2026:07:09:09 -0500] "GET /?loknya=/sys/class/net/eth0/subsystem/eth0/device/net/eth0/device/subsystem/devices/virtio1/subsystem/devices/virtio0/driver/module/drivers/virtio:virtio_net/module/ HTTP/1.1" 200 29839 "https://mail.artesaniascolombianas.net.co/?loknya=/sys/class/net/eth0/subsystem/eth0/device/net/eth0/device/subsystem/devices/virtio1/subsystem/devices/virtio0/driver/module/drivers/virtio:virtio_net/module/holders" "Mozilla/5.0 AppleWebKit/537.36 (KHTML, like Gecko; compatible; GPTBot/1.4; +https://openai.com/gptbot)"
74.7.242.34 - - [09/Sep/2026:07:09:09 -0500] "GET /?lokasie=/proc/1535/net//mcfilter&loknya=/proc/1535/net/ HTTP/1.1" 200 4123 "https://artesaniascolombianas.net.co/?loknya=/proc/1535/net/" "Mozilla/5.0 AppleWebKit/537.36 (KHTML, like Gecko; compatible; GPTBot/1.4; +https://openai.com/gptbot)"
74.7.241.42 - - [09/Sep/2026:07:09:09 -0500] "GET /index.php?lokasie=/proc/30972/net/ip6_tables_matches&loknya=/proc/30972/net HTTP/1.1" 200 4089 "https://www.artesaniascolombianas.net.co/index.php?loknya=/proc/30972/net" "Mozilla/5.0 AppleWebKit/537.36 (KHTML, like Gecko; compatible; GPTBot/1.4; +https://openai.com/gptbot)"
2a03:2880:f802:46:: - - [09/Sep/2026:07:09:09 -0500] "GET /?u=39774185618 HTTP/1.1" 200 39909 "-" "Mozilla/5.0 (Windows NT 10.0; Win64; x64) AppleWebKit/537.36 (KHTML, like Gecko) Chrome/145.0.0.0 Safari/537.36 (compatible; meta-externalagent/1.1 (+https://developers.facebook.com/docs/sharing/webmasters/crawler))"
74.7.241.13 - - [09/Sep/2026:07:09:09 -0500] "GET /?loknya=/sys/class/net/eth0/subsystem/eth0/device/net/eth0/device/driver/virtio0/subsystem/drivers/virtio_console/module/drivers/virtio:virtio_console/module/ HTTP/1.1" 200 27718 "https://mail.artesaniascolombianas.net.co/?loknya=/sys/class/net/eth0/subsystem/eth0/device/net/eth0/device/driver/virtio0/subsystem/drivers/virtio_console/module/drivers/virtio:virtio_console/module/notes" "Mozilla/5.0 AppleWebKit/537.36 (KHTML, like Gecko; compatible; GPTBot/1.4; +https://openai.com/gptbot)"
74.7.242.34 - - [09/Sep/2026:07:09:09 -0500] "GET /?lokasie=/proc/1568/net//xfrm_stat&loknya=/proc/1568/net/ HTTP/1.1" 200 4806 "https://artesaniascolombianas.net.co/?loknya=/proc/1568/net/" "Mozilla/5.0 AppleWebKit/537.36 (KHTML, like Gecko; compatible; GPTBot/1.4; +https://openai.com/gptbot)"
74.7.241.42 - - [09/Sep/2026:07:09:09 -0500] "GET /index.php?lokasie=/proc/30972/net/ip6_tables_targets&loknya=/proc/30972/net HTTP/1.1" 200 4089 "https://www.artesaniascolombianas.net.co/index.php?loknya=/proc/30972/net" "Mozilla/5.0 AppleWebKit/537.36 (KHTML, like Gecko; compatible; GPTBot/1.4; +https://openai.com/gptbot)"
2a03:2880:f802:33:: - - [09/Sep/2026:07:09:09 -0500] "GET /?i=36798191947 HTTP/1.1" 200 39909 "-" "Mozilla/5.0 (Macintosh; Intel Mac OS X 10_15_7) AppleWebKit/537.36 (KHTML, like Gecko) Chrome/145.0.0.0 Safari/537.36 (compatible; meta-externalagent/1.1 (+https://developers.facebook.com/docs/sharing/webmasters/crawler))"
74.7.242.34 - - [09/Sep/2026:07:09:10 -0500] "GET /?lokasie=/proc/1568/net//route&loknya=/proc/1568/net/ HTTP/1.1" 200 4585 "https://artesaniascolombianas.net.co/?loknya=/proc/1568/net/" "Mozilla/5.0 AppleWebKit/537.36 (KHTML, like Gecko; compatible; GPTBot/1.4; +https://openai.com/gptbot)"
74.7.241.13 - - [09/Sep/2026:07:09:10 -0500] "GET /?loknya=/sys/class/net/driver/drivers/virtio:/ HTTP/1.1" 200 5432 "https://mail.artesaniascolombianas.net.co/?loknya=/sys/class/net//driver/drivers/virtio:/virtio0" "Mozilla/5.0 AppleWebKit/537.36 (KHTML, like Gecko; compatible; GPTBot/1.4; +https://openai.com/gptbot)"
74.7.241.42 - - [09/Sep/2026:07:09:10 -0500] "GET /index.php?lokasie=/proc/24316/net/ip6_tables_matches&loknya=/proc/24316/net HTTP/1.1" 200 4089 "https://www.artesaniascolombianas.net.co/index.php?loknya=/proc/24316/net" "Mozilla/5.0 AppleWebKit/537.36 (KHTML, like Gecko; compatible; GPTBot/1.4; +https://openai.com/gptbot)"
74.7.241.13 - - [09/Sep/2026:07:09:10 -0500] "GET /?loknya=/y/cla/net/ubytem/net/virtio0/ubytem/ HTTP/1.1" 200 5451 "https://mail.artesaniascolombianas.net.co/?loknya=/sys/class/net/subsystem/net/virtio0/subsystem/s" "Mozilla/5.0 AppleWebKit/537.36 (KHTML, like Gecko; compatible; GPTBot/1.4; +https://openai.com/gptbot)"
74.7.242.34 - - [09/Sep/2026:07:09:10 -0500] "GET /?lokasie=/proc/1535/net//psched&loknya=/proc/1535/net/ HTTP/1.1" 200 4110 "https://artesaniascolombianas.net.co/?loknya=/proc/1535/net/" "Mozilla/5.0 AppleWebKit/537.36 (KHTML, like Gecko; compatible; GPTBot/1.4; +https://openai.com/gptbot)"
2a03:2880:f802:38:: - - [09/Sep/2026:07:09:10 -0500] "GET /?y=2594645482 HTTP/1.1" 200 39909 "-" "Mozilla/5.0 (Macintosh; Intel Mac OS X 10_15_7) AppleWebKit/537.36 (KHTML, like Gecko) Chrome/145.0.0.0 Safari/537.36 (compatible; meta-externalagent/1.1 (+https://developers.facebook.com/docs/sharing/webmasters/crawler))"
74.7.241.42 - - [09/Sep/2026:07:09:10 -0500] "GET /index.php?lokasie=/proc/30987/net/ip6_tables_targets&loknya=/proc/30987/net HTTP/1.1" 200 4089 "https://www.artesaniascolombianas.net.co/index.php?loknya=/proc/30987/net" "Mozilla/5.0 AppleWebKit/537.36 (KHTML, like Gecko; compatible; GPTBot/1.4; +https://openai.com/gptbot)"
2a03:2880:f802:12:: - - [09/Sep/2026:07:09:10 -0500] "GET /?i=3679867776 HTTP/1.1" 200 39909 "-" "Mozilla/5.0 (Macintosh; Intel Mac OS X 10_15_7) AppleWebKit/537.36 (KHTML, like Gecko) Chrome/145.0.0.0 Safari/537.36 (compatible; meta-externalagent/1.1 (+https://developers.facebook.com/docs/sharing/webmasters/crawler))"
74.7.242.34 - - [09/Sep/2026:07:09:10 -0500] "GET /?lokasie=/proc/1568/net//ptype&loknya=/proc/1568/net/ HTTP/1.1" 200 4191 "https://artesaniascolombianas.net.co/?loknya=/proc/1568/net/" "Mozilla/5.0 AppleWebKit/537.36 (KHTML, like Gecko; compatible; GPTBot/1.4; +https://openai.com/gptbot)"
74.7.241.13 - - [09/Sep/2026:07:09:11 -0500] "GET /?loknya=/sys/class/net/eth0/subsystem/eth0/device/net/eth0/device/driver/virtio0/subsystem/drivers/virtio_balloon/module/drivers/virtio:virtio_balloon/module/ HTTP/1.1" 200 29169 "https://mail.artesaniascolombianas.net.co/?loknya=/sys/class/net/eth0/subsystem/eth0/device/net/eth0/device/driver/virtio0/subsystem/drivers/virtio_balloon/module/drivers/virtio:virtio_balloon/module/sections" "Mozilla/5.0 AppleWebKit/537.36 (KHTML, like Gecko; compatible; GPTBot/1.4; +https://openai.com/gptbot)"
74.7.241.42 - - [09/Sep/2026:07:09:11 -0500] "GET /index.php?lokasie=/proc/24316/net/ip6_tables_targets&loknya=/proc/24316/net HTTP/1.1" 200 4089 "https://www.artesaniascolombianas.net.co/index.php?loknya=/proc/24316/net" "Mozilla/5.0 AppleWebKit/537.36 (KHTML, like Gecko; compatible; GPTBot/1.4; +https://openai.com/gptbot)"
74.7.242.34 - - [09/Sep/2026:07:09:11 -0500] "GET /?lokasie=/proc/1535/net//route&loknya=/proc/1535/net/ HTTP/1.1" 200 4585 "https://artesaniascolombianas.net.co/?loknya=/proc/1535/net/" "Mozilla/5.0 AppleWebKit/537.36 (KHTML, like Gecko; compatible; GPTBot/1.4; +https://openai.com/gptbot)"
74.7.241.13 - - [09/Sep/2026:07:09:11 -0500] "GET /?loknya=/sys/class/net/eth0/subsystem/eth0/device/driver/virtio0/net/eth0/device/subsystem/drivers/virtio_console/module/drivers/virtio:virtio_console/module/ HTTP/1.1" 200 27731 "https://mail.artesaniascolombianas.net.co/?loknya=/sys/class/net/eth0/subsystem/eth0/device/driver/virtio0/net/eth0/device/subsystem/drivers/virtio_console/module/drivers/virtio:virtio_console/module/notes" "Mozilla/5.0 AppleWebKit/537.36 (KHTML, like Gecko; compatible; GPTBot/1.4; +https://openai.com/gptbot)"
74.7.241.42 - - [09/Sep/2026:07:09:11 -0500] "GET /index.php?lokasie=/proc/30987/net/ip6_tables_matches&loknya=/proc/30987/net HTTP/1.1" 200 4089 "https://www.artesaniascolombianas.net.co/index.php?loknya=/proc/30987/net" "Mozilla/5.0 AppleWebKit/537.36 (KHTML, like Gecko; compatible; GPTBot/1.4; +https://openai.com/gptbot)"
2a03:2880:f802:1a:: - - [09/Sep/2026:07:09:11 -0500] "GET /?i=36798193882 HTTP/1.1" 200 39909 "-" "Mozilla/5.0 (Macintosh; Intel Mac OS X 10_15_7) AppleWebKit/537.36 (KHTML, like Gecko) Chrome/145.0.0.0 Safari/537.36 (compatible; meta-externalagent/1.1 (+https://developers.facebook.com/docs/sharing/webmasters/crawler))"
74.7.242.34 - - [09/Sep/2026:07:09:12 -0500] "GET /?lokasie=/proc/1568/net//packet&loknya=/proc/1568/net/ HTTP/1.1" 200 4198 "https://artesaniascolombianas.net.co/?loknya=/proc/1568/net/" "Mozilla/5.0 AppleWebKit/537.36 (KHTML, like Gecko; compatible; GPTBot/1.4; +https://openai.com/gptbot)"
74.7.241.13 - - [09/Sep/2026:07:09:12 -0500] "GET /?loknya=/sys/class/net/eth0/subsystem/eth0/device/driver/virtio0/net/eth0/device/net/eth0/device/subsystem/devices/virtio3/power HTTP/1.1" 200 22710 "https://mail.artesaniascolombianas.net.co/?loknya=/sys/class/net/eth0/subsystem/eth0/device/driver/virtio0/net/eth0/device/net/eth0/device/subsystem/devices/virtio3" "Mozilla/5.0 AppleWebKit/537.36 (KHTML, like Gecko; compatible; GPTBot/1.4; +https://openai.com/gptbot)"
2a03:2880:f802:2d:: - - [09/Sep/2026:07:09:12 -0500] "GET /?f=65213151518 HTTP/1.1" 200 39909 "-" "Mozilla/5.0 (Windows NT 10.0; Win64; x64) AppleWebKit/537.36 (KHTML, like Gecko) Chrome/145.0.0.0 Safari/537.36 (compatible; meta-externalagent/1.1 (+https://developers.facebook.com/docs/sharing/webmasters/crawler))"
74.7.241.42 - - [09/Sep/2026:07:09:12 -0500] "GET /index.php?lokasie=/proc/23714/net/ip6_tables_matches&loknya=/proc/23714/net HTTP/1.1" 200 4089 "https://www.artesaniascolombianas.net.co/index.php?loknya=/proc/23714/net" "Mozilla/5.0 AppleWebKit/537.36 (KHTML, like Gecko; compatible; GPTBot/1.4; +https://openai.com/gptbot)"
74.7.242.34 - - [09/Sep/2026:07:09:12 -0500] "GET /?lokasie=/proc/1535/net//ptype&loknya=/proc/1535/net/ HTTP/1.1" 200 4191 "https://artesaniascolombianas.net.co/?loknya=/proc/1535/net/" "Mozilla/5.0 AppleWebKit/537.36 (KHTML, like Gecko; compatible; GPTBot/1.4; +https://openai.com/gptbot)"
74.7.241.13 - - [09/Sep/2026:07:09:12 -0500] "GET /?loknya=/sys/class/net/eth0/subsystem/eth0/device/net/eth0/device/subsystem/drivers/virtio_scsi/virtio1/host2/subsystem/host2/subsystem/ HTTP/1.1" 200 7004 "https://mail.artesaniascolombianas.net.co/?loknya=/sys/class/net/eth0/subsystem/eth0/device/net/eth0/device/subsystem/drivers/virtio_scsi/virtio1/host2/subsystem/devices/host2/subsystem/devices" "Mozilla/5.0 AppleWebKit/537.36 (KHTML, like Gecko; compatible; GPTBot/1.4; +https://openai.com/gptbot)"
2a03:2880:f802:2:: - - [09/Sep/2026:07:09:12 -0500] "GET /?v=79451202515 HTTP/1.1" 200 39908 "-" "Mozilla/5.0 (Windows NT 10.0; Win64; x64) AppleWebKit/537.36 (KHTML, like Gecko) Chrome/145.0.0.0 Safari/537.36 (compatible; meta-externalagent/1.1 (+https://developers.facebook.com/docs/sharing/webmasters/crawler))"
74.7.241.42 - - [09/Sep/2026:07:09:12 -0500] "GET /index.php?lokasie=/proc/30847/net/ip6_tables_matches&loknya=/proc/30847/net HTTP/1.1" 200 4089 "https://www.artesaniascolombianas.net.co/index.php?loknya=/proc/30847/net" "Mozilla/5.0 AppleWebKit/537.36 (KHTML, like Gecko; compatible; GPTBot/1.4; +https://openai.com/gptbot)"
74.7.241.13 - - [09/Sep/2026:07:09:12 -0500] "GET /?loknya=/sys/class/net/eth0/subsystem/eth0/device/net/eth0/device/subsystem/devices/virtio0/subsystem/drivers/virtio_net/module/drivers/virtio:virtio_net/virtio0/net/eth0 HTTP/1.1" 200 66085 "https://mail.artesaniascolombianas.net.co/?loknya=/sys/class/net/eth0/subsystem/eth0/device/net/eth0/device/subsystem/devices/virtio0/subsystem/drivers/virtio_net/module/drivers/virtio:virtio_net/virtio0/net" "Mozilla/5.0 AppleWebKit/537.36 (KHTML, like Gecko; compatible; GPTBot/1.4; +https://openai.com/gptbot)"
74.7.242.34 - - [09/Sep/2026:07:09:13 -0500] "GET /?lokasie=/proc/1535/net//packet&loknya=/proc/1535/net/ HTTP/1.1" 200 4198 "https://artesaniascolombianas.net.co/?loknya=/proc/1535/net/" "Mozilla/5.0 AppleWebKit/537.36 (KHTML, like Gecko; compatible; GPTBot/1.4; +https://openai.com/gptbot)"
74.7.241.42 - - [09/Sep/2026:07:09:13 -0500] "GET /index.php?lokasie=/proc/30972/net/ip_tables_names&loknya=/proc/30972/net HTTP/1.1" 200 4086 "https://www.artesaniascolombianas.net.co/index.php?loknya=/proc/30972/net" "Mozilla/5.0 AppleWebKit/537.36 (KHTML, like Gecko; compatible; GPTBot/1.4; +https://openai.com/gptbot)"
74.7.242.34 - - [09/Sep/2026:07:09:13 -0500] "GET /?lokasie=/proc/1568/net//rt_cache&loknya=/proc/1568/net/ HTTP/1.1" 200 4204 "https://artesaniascolombianas.net.co/?loknya=/proc/1568/net/" "Mozilla/5.0 AppleWebKit/537.36 (KHTML, like Gecko; compatible; GPTBot/1.4; +https://openai.com/gptbot)"
74.7.241.13 - - [09/Sep/2026:07:09:13 -0500] "GET /?loknya=/sys/class/net/eth0/subsystem/eth0/device/subsystem/drivers/virtio_net/virtio0/net/eth0/device/net/eth0/device/driver/module HTTP/1.1" 200 27822 "https://mail.artesaniascolombianas.net.co/?loknya=/sys/class/net/eth0/subsystem/eth0/device/subsystem/drivers/virtio_net/virtio0/net/eth0/device/net/eth0/device/driver" "Mozilla/5.0 AppleWebKit/537.36 (KHTML, like Gecko; compatible; GPTBot/1.4; +https://openai.com/gptbot)"
2a03:2880:f802:44:: - - [09/Sep/2026:07:09:13 -0500] "GET /?l=7093974474 HTTP/1.1" 200 39909 "-" "Mozilla/5.0 (Windows NT 10.0; Win64; x64) AppleWebKit/537.36 (KHTML, like Gecko) Chrome/145.0.0.0 Safari/537.36 (compatible; meta-externalagent/1.1 (+https://developers.facebook.com/docs/sharing/webmasters/crawler))"
2a03:2880:f802:e:: - - [09/Sep/2026:07:09:13 -0500] "GET /?v=85873231134 HTTP/1.1" 200 39908 "-" "Mozilla/5.0 (Windows NT 10.0; Win64; x64) AppleWebKit/537.36 (KHTML, like Gecko) Chrome/145.0.0.0 Safari/537.36 (compatible; meta-externalagent/1.1 (+https://developers.facebook.com/docs/sharing/webmasters/crawler))"
74.7.241.42 - - [09/Sep/2026:07:09:13 -0500] "GET /index.php?lokasie=/proc/23714/net/ip_tables_names&loknya=/proc/23714/net HTTP/1.1" 200 4086 "https://www.artesaniascolombianas.net.co/index.php?loknya=/proc/23714/net" "Mozilla/5.0 AppleWebKit/537.36 (KHTML, like Gecko; compatible; GPTBot/1.4; +https://openai.com/gptbot)"
74.7.242.34 - - [09/Sep/2026:07:09:14 -0500] "GET /?lokasie=/proc/1568/net//udplite&loknya=/proc/1568/net/ HTTP/1.1" 200 4206 "https://artesaniascolombianas.net.co/?loknya=/proc/1568/net/" "Mozilla/5.0 AppleWebKit/537.36 (KHTML, like Gecko; compatible; GPTBot/1.4; +https://openai.com/gptbot)"
74.7.241.13 - - [09/Sep/2026:07:09:14 -0500] "GET /?loknya=/sys/class/net/eth0/subsystem/eth0/device/net/eth0/device/driver/virtio0/net/eth0/device/subsystem/drivers/virtio_scsi/virtio1 HTTP/1.1" 200 22920 "https://mail.artesaniascolombianas.net.co/?loknya=/sys/class/net/eth0/subsystem/eth0/device/net/eth0/device/driver/virtio0/net/eth0/device/subsystem/drivers/virtio_scsi" "Mozilla/5.0 AppleWebKit/537.36 (KHTML, like Gecko; compatible; GPTBot/1.4; +https://openai.com/gptbot)"
74.7.241.42 - - [09/Sep/2026:07:09:14 -0500] "GET /index.php?lokasie=/proc/30987/net/ip_tables_names&loknya=/proc/30987/net HTTP/1.1" 200 4086 "https://www.artesaniascolombianas.net.co/index.php?loknya=/proc/30987/net" "Mozilla/5.0 AppleWebKit/537.36 (KHTML, like Gecko; compatible; GPTBot/1.4; +https://openai.com/gptbot)"
74.7.242.34 - - [09/Sep/2026:07:09:14 -0500] "GET /?lokasie=/proc/1568/net//fib_trie&loknya=/proc/1568/net/ HTTP/1.1" 200 5621 "https://artesaniascolombianas.net.co/?loknya=/proc/1568/net/" "Mozilla/5.0 AppleWebKit/537.36 (KHTML, like Gecko; compatible; GPTBot/1.4; +https://openai.com/gptbot)"
74.7.241.13 - - [09/Sep/2026:07:09:14 -0500] "GET /?loknya=/sys/class/net/eth0/subsystem/eth0/device/driver/virtio0/net/eth0/device/subsystem/drivers/virtio_net/virtio0/net/eth0/queues HTTP/1.1" 200 17961 "https://mail.artesaniascolombianas.net.co/?loknya=/sys/class/net/eth0/subsystem/eth0/device/driver/virtio0/net/eth0/device/subsystem/drivers/virtio_net/virtio0/net/eth0" "Mozilla/5.0 AppleWebKit/537.36 (KHTML, like Gecko; compatible; GPTBot/1.4; +https://openai.com/gptbot)"
2a03:2880:f802:28:: - - [09/Sep/2026:07:09:14 -0500] "GET /?i=36798231975 HTTP/1.1" 200 39909 "-" "Mozilla/5.0 (Macintosh; Intel Mac OS X 10_15_7) AppleWebKit/537.36 (KHTML, like Gecko) Chrome/145.0.0.0 Safari/537.36 (compatible; meta-externalagent/1.1 (+https://developers.facebook.com/docs/sharing/webmasters/crawler))"
74.7.241.42 - - [09/Sep/2026:07:09:14 -0500] "GET /index.php?lokasie=/proc/30987/net/udp&loknya=/proc/30987/net HTTP/1.1" 200 7021 "https://www.artesaniascolombianas.net.co/index.php?loknya=/proc/30987/net" "Mozilla/5.0 AppleWebKit/537.36 (KHTML, like Gecko; compatible; GPTBot/1.4; +https://openai.com/gptbot)"
74.7.242.34 - - [09/Sep/2026:07:09:14 -0500] "GET /?lokasie=/proc/1568/net//udplite6&loknya=/proc/1568/net/ HTTP/1.1" 200 4242 "https://artesaniascolombianas.net.co/?loknya=/proc/1568/net/" "Mozilla/5.0 AppleWebKit/537.36 (KHTML, like Gecko; compatible; GPTBot/1.4; +https://openai.com/gptbot)"
74.7.241.13 - - [09/Sep/2026:07:09:15 -0500] "GET /?loknya=/sys/class/net/eth0/subsystem/eth0/device/driver/virtio0/net/eth0/device/net/eth0/device/subsystem/drivers/virtio_scsi/virtio1 HTTP/1.1" 200 22933 "https://mail.artesaniascolombianas.net.co/?loknya=/sys/class/net/eth0/subsystem/eth0/device/driver/virtio0/net/eth0/device/net/eth0/device/subsystem/drivers/virtio_scsi" "Mozilla/5.0 AppleWebKit/537.36 (KHTML, like Gecko; compatible; GPTBot/1.4; +https://openai.com/gptbot)"
74.7.241.42 - - [09/Sep/2026:07:09:15 -0500] "GET /index.php?lokasie=/proc/23714/net/icmp&loknya=/proc/23714/net HTTP/1.1" 200 4206 "https://www.artesaniascolombianas.net.co/index.php?loknya=/proc/23714/net" "Mozilla/5.0 AppleWebKit/537.36 (KHTML, like Gecko; compatible; GPTBot/1.4; +https://openai.com/gptbot)"
74.7.242.34 - - [09/Sep/2026:07:09:15 -0500] "GET /?lokasie=/proc/1568/net//softnet_stat&loknya=/proc/1568/net/ HTTP/1.1" 200 4440 "https://artesaniascolombianas.net.co/?loknya=/proc/1568/net/" "Mozilla/5.0 AppleWebKit/537.36 (KHTML, like Gecko; compatible; GPTBot/1.4; +https://openai.com/gptbot)"
74.7.241.13 - - [09/Sep/2026:07:09:15 -0500] "GET /?loknya=/sys/class/net/driver/drivers/virtio: HTTP/1.1" 200 5430 "https://mail.artesaniascolombianas.net.co/?loknya=/sys/class/net/driver/drivers/virtio:/" "Mozilla/5.0 AppleWebKit/537.36 (KHTML, like Gecko; compatible; GPTBot/1.4; +https://openai.com/gptbot)"
2a03:2880:f802:9:: - - [09/Sep/2026:07:09:15 -0500] "GET /?b=47659290725 HTTP/1.1" 200 39908 "-" "Mozilla/5.0 (Windows NT 10.0; Win64; x64) AppleWebKit/537.36 (KHTML, like Gecko) Chrome/145.0.0.0 Safari/537.36 (compatible; meta-externalagent/1.1 (+https://developers.facebook.com/docs/sharing/webmasters/crawler))"
74.7.241.42 - - [09/Sep/2026:07:09:15 -0500] "GET /index.php?lokasie=/proc/23714/net/route&loknya=/proc/23714/net HTTP/1.1" 200 4588 "https://www.artesaniascolombianas.net.co/index.php?loknya=/proc/23714/net" "Mozilla/5.0 AppleWebKit/537.36 (KHTML, like Gecko; compatible; GPTBot/1.4; +https://openai.com/gptbot)"
74.7.242.34 - - [09/Sep/2026:07:09:15 -0500] "GET /?lokasie=/proc/1568/net//nf_conntrack&loknya=/proc/1568/net/ HTTP/1.1" 200 4080 "https://artesaniascolombianas.net.co/?loknya=/proc/1568/net/" "Mozilla/5.0 AppleWebKit/537.36 (KHTML, like Gecko; compatible; GPTBot/1.4; +https://openai.com/gptbot)"
74.7.241.13 - - [09/Sep/2026:07:09:16 -0500] "GET /?loknya=/y/cla/net/ubytem/net/virtio0/ubytem HTTP/1.1" 200 5449 "https://mail.artesaniascolombianas.net.co/?loknya=/y/cla/net/ubytem/net/virtio0/ubytem/" "Mozilla/5.0 AppleWebKit/537.36 (KHTML, like Gecko; compatible; GPTBot/1.4; +https://openai.com/gptbot)"
74.7.241.42 - - [09/Sep/2026:07:09:16 -0500] "GET /index.php?lokasie=/proc/30987/net/route&loknya=/proc/30987/net HTTP/1.1" 200 4588 "https://www.artesaniascolombianas.net.co/index.php?loknya=/proc/30987/net" "Mozilla/5.0 AppleWebKit/537.36 (KHTML, like Gecko; compatible; GPTBot/1.4; +https://openai.com/gptbot)"
74.7.241.13 - - [09/Sep/2026:07:09:16 -0500] "GET /?loknya=/y/cla/net/ubytem/net/virtio0 HTTP/1.1" 200 5368 "https://mail.artesaniascolombianas.net.co/?loknya=/y/cla/net/ubytem/net/virtio0/ubytem/" "Mozilla/5.0 AppleWebKit/537.36 (KHTML, like Gecko; compatible; GPTBot/1.4; +https://openai.com/gptbot)"
74.7.242.34 - - [09/Sep/2026:07:09:16 -0500] "GET /?lokasie=/proc/1568/net//rt_acct&loknya=/proc/1568/net/ HTTP/1.1" 200 8171 "https://artesaniascolombianas.net.co/?loknya=/proc/1568/net/" "Mozilla/5.0 AppleWebKit/537.36 (KHTML, like Gecko; compatible; GPTBot/1.4; +https://openai.com/gptbot)"
2a03:2880:f802:1e:: - - [09/Sep/2026:07:09:16 -0500] "GET /?l=70939269654 HTTP/1.1" 200 39909 "-" "Mozilla/5.0 (Windows NT 10.0; Win64; x64) AppleWebKit/537.36 (KHTML, like Gecko) Chrome/145.0.0.0 Safari/537.36 (compatible; meta-externalagent/1.1 (+https://developers.facebook.com/docs/sharing/webmasters/crawler))"
74.7.241.42 - - [09/Sep/2026:07:09:16 -0500] "GET /index.php?lokasie=/proc/30972/net/snmp&loknya=/proc/30972/net HTTP/1.1" 200 5446 "https://www.artesaniascolombianas.net.co/index.php?loknya=/proc/30972/net" "Mozilla/5.0 AppleWebKit/537.36 (KHTML, like Gecko; compatible; GPTBot/1.4; +https://openai.com/gptbot)"
2a03:2880:f802:2a:: - - [09/Sep/2026:07:09:16 -0500] "GET /?l=70939185084 HTTP/1.1" 200 39909 "-" "Mozilla/5.0 (Windows NT 10.0; Win64; x64) AppleWebKit/537.36 (KHTML, like Gecko) Chrome/145.0.0.0 Safari/537.36 Edg/145.0.0.0 (compatible; meta-externalagent/1.1 (+https://developers.facebook.com/docs/sharing/webmasters/crawler))"
74.7.242.34 - - [09/Sep/2026:07:09:16 -0500] "GET /?lokasie=/proc/1535/net//udplite&loknya=/proc/1535/net/ HTTP/1.1" 200 4206 "https://artesaniascolombianas.net.co/?loknya=/proc/1535/net/" "Mozilla/5.0 AppleWebKit/537.36 (KHTML, like Gecko; compatible; GPTBot/1.4; +https://openai.com/gptbot)"
74.7.241.13 - - [09/Sep/2026:07:09:17 -0500] "GET /?loknya=/y/cla/net/net/virtio0/ HTTP/1.1" 200 5288 "https://mail.artesaniascolombianas.net.co/?loknya=/y/cla/net/ubytem/net/virtio0/ubytem/" "Mozilla/5.0 AppleWebKit/537.36 (KHTML, like Gecko; compatible; GPTBot/1.4; +https://openai.com/gptbot)"
74.7.241.42 - - [09/Sep/2026:07:09:17 -0500] "GET /index.php?lokasie=/proc/30987/net/unix&loknya=/proc/30987/net HTTP/1.1" 200 22167 "https://www.artesaniascolombianas.net.co/index.php?loknya=/proc/30987/net" "Mozilla/5.0 AppleWebKit/537.36 (KHTML, like Gecko; compatible; GPTBot/1.4; +https://openai.com/gptbot)"
2a03:2880:f802:e:: - - [09/Sep/2026:07:09:17 -0500] "GET /?u=39774222319 HTTP/1.1" 200 39908 "-" "Mozilla/5.0 (Windows NT 10.0; Win64; x64) AppleWebKit/537.36 (KHTML, like Gecko) Chrome/145.0.0.0 Safari/537.36 (compatible; meta-externalagent/1.1 (+https://developers.facebook.com/docs/sharing/webmasters/crawler))"
2a03:2880:f802:2c:: - - [09/Sep/2026:07:09:17 -0500] "GET /?l=70939167050 HTTP/1.1" 200 39909 "-" "Mozilla/5.0 (Windows NT 10.0; Win64; x64) AppleWebKit/537.36 (KHTML, like Gecko) Chrome/145.0.0.0 Safari/537.36 (compatible; meta-externalagent/1.1 (+https://developers.facebook.com/docs/sharing/webmasters/crawler))"
74.7.242.34 - - [09/Sep/2026:07:09:17 -0500] "GET /?lokasie=/proc/1535/net//ip_tables_names&loknya=/proc/1535/net/ HTTP/1.1" 200 4083 "https://artesaniascolombianas.net.co/?loknya=/proc/1535/net/" "Mozilla/5.0 AppleWebKit/537.36 (KHTML, like Gecko; compatible; GPTBot/1.4; +https://openai.com/gptbot)"
74.7.241.13 - - [09/Sep/2026:07:09:17 -0500] "GET /?loknya=/sys/class/net/eth0/subsystem/eth0/device/driver/virtio0/net/eth0/device/net/eth0/device/subsystem/devices/virtio3/ HTTP/1.1" 200 21008 "https://mail.artesaniascolombianas.net.co/?loknya=/sys/class/net/eth0/subsystem/eth0/device/driver/virtio0/net/eth0/device/net/eth0/device/subsystem/devices/virtio3/power" "Mozilla/5.0 AppleWebKit/537.36 (KHTML, like Gecko; compatible; GPTBot/1.4; +https://openai.com/gptbot)"
74.7.241.42 - - [09/Sep/2026:07:09:17 -0500] "GET /index.php?lokasie=/proc/30972/net/unix&loknya=/proc/30972/net HTTP/1.1" 200 21420 "https://www.artesaniascolombianas.net.co/index.php?loknya=/proc/30972/net" "Mozilla/5.0 AppleWebKit/537.36 (KHTML, like Gecko; compatible; GPTBot/1.4; +https://openai.com/gptbot)"
2a03:2880:f802:12:: - - [09/Sep/2026:07:09:17 -0500] "GET /?u=39774240111 HTTP/1.1" 200 39909 "-" "Mozilla/5.0 (Windows NT 10.0; Win64; x64) AppleWebKit/537.36 (KHTML, like Gecko) Chrome/145.0.0.0 Safari/537.36 (compatible; meta-externalagent/1.1 (+https://developers.facebook.com/docs/sharing/webmasters/crawler))"
74.7.241.13 - - [09/Sep/2026:07:09:18 -0500] "GET /?loknya=/sys/class/net/eth0/subsystem/eth0/device/net/eth0/device/subsystem/drivers/virtio_scsi/virtio1/host2/subsystem/host2 HTTP/1.1" 200 6820 "https://mail.artesaniascolombianas.net.co/?loknya=/sys/class/net/eth0/subsystem/eth0/device/net/eth0/device/subsystem/drivers/virtio_scsi/virtio1/host2/subsystem/host2/subsystem/" "Mozilla/5.0 AppleWebKit/537.36 (KHTML, like Gecko; compatible; GPTBot/1.4; +https://openai.com/gptbot)"
74.7.242.34 - - [09/Sep/2026:07:09:18 -0500] "GET /?lokasie=/proc/1568/net//sockstat&loknya=/proc/1568/net/ HTTP/1.1" 200 4213 "https://artesaniascolombianas.net.co/?loknya=/proc/1568/net/" "Mozilla/5.0 AppleWebKit/537.36 (KHTML, like Gecko; compatible; GPTBot/1.4; +https://openai.com/gptbot)"
2a03:2880:f802:28:: - - [09/Sep/2026:07:09:18 -0500] "GET /?f=6521354250 HTTP/1.1" 200 39909 "-" "Mozilla/5.0 (Macintosh; Intel Mac OS X 10_15_7) AppleWebKit/537.36 (KHTML, like Gecko) Chrome/145.0.0.0 Safari/537.36 (compatible; meta-externalagent/1.1 (+https://developers.facebook.com/docs/sharing/webmasters/crawler))"
74.7.241.42 - - [09/Sep/2026:07:09:18 -0500] "GET /index.php?lokasie=/proc/24316/net/unix&loknya=/proc/24316/net HTTP/1.1" 200 21420 "https://www.artesaniascolombianas.net.co/index.php?loknya=/proc/24316/net" "Mozilla/5.0 AppleWebKit/537.36 (KHTML, like Gecko; compatible; GPTBot/1.4; +https://openai.com/gptbot)"
74.7.242.34 - - [09/Sep/2026:07:09:18 -0500] "GET /?lokasie=/proc/1568/net//ip_mr_cache&loknya=/proc/1568/net/ HTTP/1.1" 200 4133 "https://artesaniascolombianas.net.co/?loknya=/proc/1568/net/" "Mozilla/5.0 AppleWebKit/537.36 (KHTML, like Gecko; compatible; GPTBot/1.4; +https://openai.com/gptbot)"
74.7.241.13 - - [09/Sep/2026:07:09:18 -0500] "GET /?loknya=/sys/class/net/eth0/subsystem/eth0/device/net/eth0/device/subsystem/drivers/virtio_scsi/virtio1/host2/subsystem/host2/subsystem HTTP/1.1" 200 7002 "https://mail.artesaniascolombianas.net.co/?loknya=/sys/class/net/eth0/subsystem/eth0/device/net/eth0/device/subsystem/drivers/virtio_scsi/virtio1/host2/subsystem/host2/subsystem/" "Mozilla/5.0 AppleWebKit/537.36 (KHTML, like Gecko; compatible; GPTBot/1.4; +https://openai.com/gptbot)"
74.7.241.42 - - [09/Sep/2026:07:09:18 -0500] "GET /index.php?lokasie=/proc/23714/net/rt_acct&loknya=/proc/23714/net HTTP/1.1" 200 8174 "https://www.artesaniascolombianas.net.co/index.php?loknya=/proc/23714/net" "Mozilla/5.0 AppleWebKit/537.36 (KHTML, like Gecko; compatible; GPTBot/1.4; +https://openai.com/gptbot)"
103.157.223.56 - - [09/Sep/2026:07:09:18 -0500] "POST /xmlrpc.php HTTP/1.1" 200 39905 "-" "Jetpack by WordPress.com (Jetpack 12.5; WordPress 6.1)"
74.7.241.13 - - [09/Sep/2026:07:09:19 -0500] "GET /?loknya=/sys/class/net/eth0/subsystem/eth0/device/subsystem/drivers/virtio_net/virtio0/net/eth0/device/net/eth0/device/driver/ HTTP/1.1" 200 14842 "https://mail.artesaniascolombianas.net.co/?loknya=/sys/class/net/eth0/subsystem/eth0/device/subsystem/drivers/virtio_net/virtio0/net/eth0/device/net/eth0/device/driver/module" "Mozilla/5.0 AppleWebKit/537.36 (KHTML, like Gecko; compatible; GPTBot/1.4; +https://openai.com/gptbot)"
74.7.242.34 - - [09/Sep/2026:07:09:19 -0500] "GET /?lokasie=/proc/1535/net//fib_triestat&loknya=/proc/1535/net/ HTTP/1.1" 200 4812 "https://artesaniascolombianas.net.co/?loknya=/proc/1535/net/" "Mozilla/5.0 AppleWebKit/537.36 (KHTML, like Gecko; compatible; GPTBot/1.4; +https://openai.com/gptbot)"
74.7.241.42 - - [09/Sep/2026:07:09:19 -0500] "GET /index.php?lokasie=/proc/30847/net/tcp&loknya=/proc/30847/net HTTP/1.1" 200 34077 "https://www.artesaniascolombianas.net.co/index.php?loknya=/proc/30847/net" "Mozilla/5.0 AppleWebKit/537.36 (KHTML, like Gecko; compatible; GPTBot/1.4; +https://openai.com/gptbot)"
74.7.242.34 - - [09/Sep/2026:07:09:19 -0500] "GET /?lokasie=/proc/1568/net//netstat&loknya=/proc/1568/net/ HTTP/1.1" 200 6895 "https://artesaniascolombianas.net.co/?loknya=/proc/1568/net/" "Mozilla/5.0 AppleWebKit/537.36 (KHTML, like Gecko; compatible; GPTBot/1.4; +https://openai.com/gptbot)"
74.7.241.13 - - [09/Sep/2026:07:09:19 -0500] "GET /?loknya=/sys/class/net/eth0/subsystem/eth0/device/net/eth0/device/driver/virtio0/net/eth0/device/subsystem/drivers/virtio_scsi/ HTTP/1.1" 200 14751 "https://mail.artesaniascolombianas.net.co/?loknya=/sys/class/net/eth0/subsystem/eth0/device/net/eth0/device/driver/virtio0/net/eth0/device/subsystem/drivers/virtio_scsi/virtio1" "Mozilla/5.0 AppleWebKit/537.36 (KHTML, like Gecko; compatible; GPTBot/1.4; +https://openai.com/gptbot)"
74.7.241.42 - - [09/Sep/2026:07:09:19 -0500] "GET /index.php?lokasie=/proc/30847/net/unix&loknya=/proc/30847/net HTTP/1.1" 200 21643 "https://www.artesaniascolombianas.net.co/index.php?loknya=/proc/30847/net" "Mozilla/5.0 AppleWebKit/537.36 (KHTML, like Gecko; compatible; GPTBot/1.4; +https://openai.com/gptbot)"
2a03:2880:f802:26:: - - [09/Sep/2026:07:09:19 -0500] "GET /?b=47659224307 HTTP/1.1" 200 39909 "-" "Mozilla/5.0 (Windows NT 10.0; Win64; x64) AppleWebKit/537.36 (KHTML, like Gecko) Chrome/145.0.0.0 Safari/537.36 (compatible; meta-externalagent/1.1 (+https://developers.facebook.com/docs/sharing/webmasters/crawler))"
74.7.242.34 - - [09/Sep/2026:07:09:19 -0500] "GET /?lokasie=/proc/1535/net//netlink&loknya=/proc/1535/net/ HTTP/1.1" 200 5854 "https://artesaniascolombianas.net.co/?loknya=/proc/1535/net/" "Mozilla/5.0 AppleWebKit/537.36 (KHTML, like Gecko; compatible; GPTBot/1.4; +https://openai.com/gptbot)"
74.7.241.13 - - [09/Sep/2026:07:09:20 -0500] "GET /?loknya=/sys/class/net/eth0/subsystem/eth0/device/subsystem/drivers/virtio_net/virtio0/net/eth0/device/net/eth0/device/driver/module/notes HTTP/1.1" 200 9140 "https://mail.artesaniascolombianas.net.co/?loknya=/sys/class/net/eth0/subsystem/eth0/device/subsystem/drivers/virtio_net/virtio0/net/eth0/device/net/eth0/device/driver/module" "Mozilla/5.0 AppleWebKit/537.36 (KHTML, like Gecko; compatible; GPTBot/1.4; +https://openai.com/gptbot)"
2a03:2880:f802:3c:: - - [09/Sep/2026:07:09:20 -0500] "GET /?v=8587367430 HTTP/1.1" 200 39909 "-" "Mozilla/5.0 (Windows NT 10.0; Win64; x64) AppleWebKit/537.36 (KHTML, like Gecko) Chrome/145.0.0.0 Safari/537.36 (compatible; meta-externalagent/1.1 (+https://developers.facebook.com/docs/sharing/webmasters/crawler))"
2a03:2880:f802:20:: - - [09/Sep/2026:07:09:20 -0500] "GET /?l=7093985975 HTTP/1.1" 200 39909 "-" "Mozilla/5.0 (Windows NT 10.0; Win64; x64) AppleWebKit/537.36 (KHTML, like Gecko) Chrome/145.0.0.0 Safari/537.36 (compatible; meta-externalagent/1.1 (+https://developers.facebook.com/docs/sharing/webmasters/crawler))"
74.7.241.42 - - [09/Sep/2026:07:09:20 -0500] "GET /index.php?lokasie=/proc/30972/net/route&loknya=/proc/30972/net HTTP/1.1" 200 4588 "https://www.artesaniascolombianas.net.co/index.php?loknya=/proc/30972/net" "Mozilla/5.0 AppleWebKit/537.36 (KHTML, like Gecko; compatible; GPTBot/1.4; +https://openai.com/gptbot)"
2a03:2880:f802:e:: - - [09/Sep/2026:07:09:20 -0500] "GET /?x=78855126760 HTTP/1.1" 200 39908 "-" "Mozilla/5.0 (Windows NT 10.0; Win64; x64) AppleWebKit/537.36 (KHTML, like Gecko) Chrome/145.0.0.0 Safari/537.36 (compatible; meta-externalagent/1.1 (+https://developers.facebook.com/docs/sharing/webmasters/crawler))"
74.7.242.34 - - [09/Sep/2026:07:09:20 -0500] "GET /?lokasie=/proc/1535/net//netstat&loknya=/proc/1535/net/ HTTP/1.1" 200 6895 "https://artesaniascolombianas.net.co/?loknya=/proc/1535/net/" "Mozilla/5.0 AppleWebKit/537.36 (KHTML, like Gecko; compatible; GPTBot/1.4; +https://openai.com/gptbot)"
74.7.241.13 - - [09/Sep/2026:07:09:20 -0500] "GET /?loknya=/sys/class/net/eth0/subsystem/eth0/device/driver/virtio0/net/eth0/device/net/eth0/device/subsystem/drivers/virtio_scsi/ HTTP/1.1" 200 14764 "https://mail.artesaniascolombianas.net.co/?loknya=/sys/class/net/eth0/subsystem/eth0/device/driver/virtio0/net/eth0/device/net/eth0/device/subsystem/drivers/virtio_scsi/virtio1" "Mozilla/5.0 AppleWebKit/537.36 (KHTML, like Gecko; compatible; GPTBot/1.4; +https://openai.com/gptbot)"
74.7.241.42 - - [09/Sep/2026:07:09:20 -0500] "GET /index.php?lokasie=/proc/23714/net/snmp&loknya=/proc/23714/net HTTP/1.1" 200 5446 "https://www.artesaniascolombianas.net.co/index.php?loknya=/proc/23714/net" "Mozilla/5.0 AppleWebKit/537.36 (KHTML, like Gecko; compatible; GPTBot/1.4; +https://openai.com/gptbot)"
74.7.241.13 - - [09/Sep/2026:07:09:21 -0500] "GET /?loknya=/sys/class/net/eth0/subsystem/eth0/device/subsystem/drivers/virtio_net/virtio0/net/eth0/device/net/eth0/device/driver/module/drivers HTTP/1.1" 200 8791 "https://mail.artesaniascolombianas.net.co/?loknya=/sys/class/net/eth0/subsystem/eth0/device/subsystem/drivers/virtio_net/virtio0/net/eth0/device/net/eth0/device/driver/module" "Mozilla/5.0 AppleWebKit/537.36 (KHTML, like Gecko; compatible; GPTBot/1.4; +https://openai.com/gptbot)"
74.7.242.34 - - [09/Sep/2026:07:09:20 -0500] "GET /?lokasie=/proc/1568/net//netlink&loknya=/proc/1568/net/ HTTP/1.1" 200 5854 "https://artesaniascolombianas.net.co/?loknya=/proc/1568/net/" "Mozilla/5.0 AppleWebKit/537.36 (KHTML, like Gecko; compatible; GPTBot/1.4; +https://openai.com/gptbot)"
74.7.241.42 - - [09/Sep/2026:07:09:21 -0500] "GET /index.php?lokasie=/proc/30847/net/raw&loknya=/proc/30847/net HTTP/1.1" 200 4192 "https://www.artesaniascolombianas.net.co/index.php?loknya=/proc/30847/net" "Mozilla/5.0 AppleWebKit/537.36 (KHTML, like Gecko; compatible; GPTBot/1.4; +https://openai.com/gptbot)"
74.7.241.13 - - [09/Sep/2026:07:09:21 -0500] "GET /?loknya=/sys/class/net/eth0/subsystem/eth0/device/driver/virtio0/net/eth0/device/net/eth0/device/subsystem/devices/virtio0/power HTTP/1.1" 200 22710 "https://mail.artesaniascolombianas.net.co/?loknya=/sys/class/net/eth0/subsystem/eth0/device/driver/virtio0/net/eth0/device/net/eth0/device/subsystem/devices/virtio0" "Mozilla/5.0 AppleWebKit/537.36 (KHTML, like Gecko; compatible; GPTBot/1.4; +https://openai.com/gptbot)"
74.7.242.34 - - [09/Sep/2026:07:09:21 -0500] "GET /?lokasie=/proc/1568/net//igmp&loknya=/proc/1568/net/ HTTP/1.1" 200 4254 "https://artesaniascolombianas.net.co/?loknya=/proc/1568/net/" "Mozilla/5.0 AppleWebKit/537.36 (KHTML, like Gecko; compatible; GPTBot/1.4; +https://openai.com/gptbot)"
2a03:2880:f802:9:: - - [09/Sep/2026:07:09:21 -0500] "GET /?l=70939184816 HTTP/1.1" 200 39908 "-" "Mozilla/5.0 (Windows NT 10.0; Win64; x64) AppleWebKit/537.36 (KHTML, like Gecko) Chrome/145.0.0.0 Safari/537.36 (compatible; meta-externalagent/1.1 (+https://developers.facebook.com/docs/sharing/webmasters/crawler))"
74.7.241.42 - - [09/Sep/2026:07:09:21 -0500] "GET /index.php?lokasie=/proc/30972/net/icmp&loknya=/proc/30972/net HTTP/1.1" 200 4206 "https://www.artesaniascolombianas.net.co/index.php?loknya=/proc/30972/net" "Mozilla/5.0 AppleWebKit/537.36 (KHTML, like Gecko; compatible; GPTBot/1.4; +https://openai.com/gptbot)"
74.7.242.34 - - [09/Sep/2026:07:09:21 -0500] "GET /?lokasie=/proc/1568/net//unix&loknya=/proc/1568/net/ HTTP/1.1" 200 22083 "https://artesaniascolombianas.net.co/?loknya=/proc/1568/net/" "Mozilla/5.0 AppleWebKit/537.36 (KHTML, like Gecko; compatible; GPTBot/1.4; +https://openai.com/gptbot)"
