74.7.241.13 - - [09/Sep/2026:07:10:55 -0500] "GET /?loknya=/sys/class/net/eth0/eth0/net/eth0/virtio1/host2/ HTTP/1.1" 200 5648 "https://mail.artesaniascolombianas.net.co/?loknya=/sys/class/net/eth0/eth0/net/eth0/virtio1/host2/scsi_host" "Mozilla/5.0 AppleWebKit/537.36 (KHTML, like Gecko; compatible; GPTBot/1.4; +https://openai.com/gptbot)"
2a03:2880:f802:1a:: - - [09/Sep/2026:07:10:55 -0500] "GET /?v=7945124875 HTTP/1.1" 200 39909 "-" "Mozilla/5.0 (Windows NT 10.0; Win64; x64) AppleWebKit/537.36 (KHTML, like Gecko) Chrome/145.0.0.0 Safari/537.36 (compatible; meta-externalagent/1.1 (+https://developers.facebook.com/docs/sharing/webmasters/crawler))"
74.7.241.42 - - [09/Sep/2026:07:10:55 -0500] "GET /index.php?lokasie=/proc/30847/net/psched&loknya=/proc/30847/net HTTP/1.1" 200 4113 "https://www.artesaniascolombianas.net.co/index.php?loknya=/proc/30847/net" "Mozilla/5.0 AppleWebKit/537.36 (KHTML, like Gecko; compatible; GPTBot/1.4; +https://openai.com/gptbot)"
74.7.242.34 - - [09/Sep/2026:07:10:55 -0500] "GET /?lokasie=/proc/29/io&loknya=/proc/29 HTTP/1.1" 200 4018 "https://artesaniascolombianas.net.co/?loknya=/proc/29" "Mozilla/5.0 AppleWebKit/537.36 (KHTML, like Gecko; compatible; GPTBot/1.4; +https://openai.com/gptbot)"
74.7.241.13 - - [09/Sep/2026:07:10:56 -0500] "GET /?loknya=/sys/class/net/eth0/eth0/net/eth0/virtio1/scsi_host HTTP/1.1" 200 5662 "https://mail.artesaniascolombianas.net.co/?loknya=/sys/class/net/eth0/eth0/net/eth0/virtio1/scsi_host/" "Mozilla/5.0 AppleWebKit/537.36 (KHTML, like Gecko; compatible; GPTBot/1.4; +https://openai.com/gptbot)"
2a03:2880:f802:44:: - - [09/Sep/2026:07:10:56 -0500] "GET /?i=36798253243 HTTP/1.1" 200 39909 "-" "Mozilla/5.0 (Macintosh; Intel Mac OS X 10_15_7) AppleWebKit/537.36 (KHTML, like Gecko) Chrome/145.0.0.0 Safari/537.36 (compatible; meta-externalagent/1.1 (+https://developers.facebook.com/docs/sharing/webmasters/crawler))"
74.7.241.42 - - [09/Sep/2026:07:10:56 -0500] "GET /index.php?lokasie=/proc/23714/net/packet&loknya=/proc/23714/net HTTP/1.1" 200 4201 "https://www.artesaniascolombianas.net.co/index.php?loknya=/proc/23714/net" "Mozilla/5.0 AppleWebKit/537.36 (KHTML, like Gecko; compatible; GPTBot/1.4; +https://openai.com/gptbot)"
74.7.241.13 - - [09/Sep/2026:07:10:56 -0500] "GET /?loknya=/sys/class/net/eth0/subsystem/eth0/device/driver/module/drivers/virtio:virtio_net/virtio0/net/eth0/device/net/eth0/subsystem/eth0/subsystem/lo/subsystem HTTP/1.1" 200 10663 "https://mail.artesaniascolombianas.net.co/?loknya=/sys/class/net/eth0/subsystem/eth0/device/driver/module/drivers/virtio:virtio_net/virtio0/net/eth0/device/net/eth0/subsystem/eth0/subsystem/lo" "Mozilla/5.0 AppleWebKit/537.36 (KHTML, like Gecko; compatible; GPTBot/1.4; +https://openai.com/gptbot)"
74.7.242.34 - - [09/Sep/2026:07:10:56 -0500] "GET /?lokasie=/proc/12/io&loknya=/proc/12 HTTP/1.1" 200 4018 "https://artesaniascolombianas.net.co/?loknya=/proc/12" "Mozilla/5.0 AppleWebKit/537.36 (KHTML, like Gecko; compatible; GPTBot/1.4; +https://openai.com/gptbot)"
74.7.241.42 - - [09/Sep/2026:07:10:56 -0500] "GET /index.php?lokasie=/proc/23714/net/xt_recent/DEFAULT&loknya=/proc/23714/net/xt_recent HTTP/1.1" 200 23700 "https://www.artesaniascolombianas.net.co/index.php?loknya=/proc/23714/net/xt_recent" "Mozilla/5.0 AppleWebKit/537.36 (KHTML, like Gecko; compatible; GPTBot/1.4; +https://openai.com/gptbot)"
74.7.241.13 - - [09/Sep/2026:07:10:56 -0500] "GET /?loknya=/sys/class/net/eth0/subsystem/eth0/device/driver/module/drivers/virtio:virtio_net/virtio0/net/eth0/device/net/eth0/subsystem/lo/subsystem/lo/queues/ HTTP/1.1" 200 10629 "https://mail.artesaniascolombianas.net.co/?loknya=/sys/class/net/eth0/subsystem/eth0/device/driver/module/drivers/virtio:virtio_net/virtio0/net/eth0/device/net/eth0/subsystem/lo/subsystem/lo/queues/tx-0" "Mozilla/5.0 AppleWebKit/537.36 (KHTML, like Gecko; compatible; GPTBot/1.4; +https://openai.com/gptbot)"
74.7.242.34 - - [09/Sep/2026:07:10:57 -0500] "GET /?lokasie=/proc/22/mem&loknya=/proc/22 HTTP/1.1" 200 4019 "https://artesaniascolombianas.net.co/?loknya=/proc/22" "Mozilla/5.0 AppleWebKit/537.36 (KHTML, like Gecko; compatible; GPTBot/1.4; +https://openai.com/gptbot)"
74.7.241.42 - - [09/Sep/2026:07:10:57 -0500] "GET /index.php?lokasie=/proc/30987/net/ipt_hashlimit/PING_IN&loknya=/proc/30987/net/ipt_hashlimit HTTP/1.1" 200 4158 "https://www.artesaniascolombianas.net.co/index.php?loknya=/proc/30987/net/ipt_hashlimit" "Mozilla/5.0 AppleWebKit/537.36 (KHTML, like Gecko; compatible; GPTBot/1.4; +https://openai.com/gptbot)"
2a03:2880:f802:1f:: - - [09/Sep/2026:07:10:57 -0500] "GET /?x=7885542485 HTTP/1.1" 200 39909 "-" "Mozilla/5.0 (Windows NT 10.0; Win64; x64) AppleWebKit/537.36 (KHTML, like Gecko) Chrome/145.0.0.0 Safari/537.36 (compatible; meta-externalagent/1.1 (+https://developers.facebook.com/docs/sharing/webmasters/crawler))"
74.7.242.34 - - [09/Sep/2026:07:10:57 -0500] "GET /?lokasie=/proc/33/mem&loknya=/proc/33 HTTP/1.1" 200 4019 "https://artesaniascolombianas.net.co/?loknya=/proc/33" "Mozilla/5.0 AppleWebKit/537.36 (KHTML, like Gecko; compatible; GPTBot/1.4; +https://openai.com/gptbot)"
74.7.241.13 - - [09/Sep/2026:07:10:57 -0500] "GET /?loknya=/sys/class/net/eth0/subsystem/eth0/device/driver/module/drivers/virtio:virtio_net/virtio0/net/eth0/device/net/eth0/subsystem/lo/subsystem/eth0/statistics HTTP/1.1" 200 52485 "https://mail.artesaniascolombianas.net.co/?loknya=/sys/class/net/eth0/subsystem/eth0/device/driver/module/drivers/virtio:virtio_net/virtio0/net/eth0/device/net/eth0/subsystem/lo/subsystem/eth0" "Mozilla/5.0 AppleWebKit/537.36 (KHTML, like Gecko; compatible; GPTBot/1.4; +https://openai.com/gptbot)"
74.7.241.42 - - [09/Sep/2026:07:10:57 -0500] "GET /index.php?lokasie=/proc/30972/net/xt_recent/DEFAULT&loknya=/proc/30972/net/xt_recent HTTP/1.1" 200 23700 "https://www.artesaniascolombianas.net.co/index.php?loknya=/proc/30972/net/xt_recent" "Mozilla/5.0 AppleWebKit/537.36 (KHTML, like Gecko; compatible; GPTBot/1.4; +https://openai.com/gptbot)"
2a03:2880:f802:1e:: - - [09/Sep/2026:07:10:57 -0500] "GET /?x=78855206152 HTTP/1.1" 200 39909 "-" "Mozilla/5.0 (Windows NT 10.0; Win64; x64) AppleWebKit/537.36 (KHTML, like Gecko) Chrome/145.0.0.0 Safari/537.36 (compatible; meta-externalagent/1.1 (+https://developers.facebook.com/docs/sharing/webmasters/crawler))"
74.7.242.34 - - [09/Sep/2026:07:10:57 -0500] "GET /?lokasie=/proc/11/mem&loknya=/proc/11 HTTP/1.1" 200 4019 "https://artesaniascolombianas.net.co/?loknya=/proc/11" "Mozilla/5.0 AppleWebKit/537.36 (KHTML, like Gecko; compatible; GPTBot/1.4; +https://openai.com/gptbot)"
74.7.241.13 - - [09/Sep/2026:07:10:58 -0500] "GET /?loknya=/sys/class/net/eth0/subsystem/eth0/device/driver/module/drivers/virtio:virtio_net/virtio0/net/eth0/device/net/eth0/subsystem/eth0/subsystem/lo/queues HTTP/1.1" 200 10651 "https://mail.artesaniascolombianas.net.co/?loknya=/sys/class/net/eth0/subsystem/eth0/device/driver/module/drivers/virtio:virtio_net/virtio0/net/eth0/device/net/eth0/subsystem/eth0/subsystem/lo" "Mozilla/5.0 AppleWebKit/537.36 (KHTML, like Gecko; compatible; GPTBot/1.4; +https://openai.com/gptbot)"
2a03:2880:f802:2e:: - - [09/Sep/2026:07:10:58 -0500] "GET /?f=65213250033 HTTP/1.1" 200 39909 "-" "Mozilla/5.0 (Windows NT 10.0; Win64; x64) AppleWebKit/537.36 (KHTML, like Gecko) Chrome/145.0.0.0 Safari/537.36 Edg/145.0.0.0 (compatible; meta-externalagent/1.1 (+https://developers.facebook.com/docs/sharing/webmasters/crawler))"
74.7.241.42 - - [09/Sep/2026:07:10:58 -0500] "GET /index.php?lokasie=/proc/30847/net/xt_recent/DEFAULT&loknya=/proc/30847/net/xt_recent HTTP/1.1" 200 23700 "https://www.artesaniascolombianas.net.co/index.php?loknya=/proc/30847/net/xt_recent" "Mozilla/5.0 AppleWebKit/537.36 (KHTML, like Gecko; compatible; GPTBot/1.4; +https://openai.com/gptbot)"
74.7.241.13 - - [09/Sep/2026:07:10:58 -0500] "GET /?loknya=/sys/class/net/eth0/subsystem/eth0/device/driver/module/drivers/virtio:virtio_net/virtio0/net/eth0/device/net/eth0/subsystem/lo/subsystem/eth0/power HTTP/1.1" 200 24448 "https://mail.artesaniascolombianas.net.co/?loknya=/sys/class/net/eth0/subsystem/eth0/device/driver/module/drivers/virtio:virtio_net/virtio0/net/eth0/device/net/eth0/subsystem/lo/subsystem/eth0" "Mozilla/5.0 AppleWebKit/537.36 (KHTML, like Gecko; compatible; GPTBot/1.4; +https://openai.com/gptbot)"
74.7.242.34 - - [09/Sep/2026:07:10:58 -0500] "GET /?lokasie=/proc/540/net/dev&loknya=/proc/540/net HTTP/1.1" 200 4539 "https://artesaniascolombianas.net.co/?loknya=/proc/540/net" "Mozilla/5.0 AppleWebKit/537.36 (KHTML, like Gecko; compatible; GPTBot/1.4; +https://openai.com/gptbot)"
74.7.241.42 - - [09/Sep/2026:07:10:58 -0500] "GET /index.php?lokasie=/proc/24316/net/xt_recent/DEFAULT&loknya=/proc/24316/net/xt_recent HTTP/1.1" 200 23700 "https://www.artesaniascolombianas.net.co/index.php?loknya=/proc/24316/net/xt_recent" "Mozilla/5.0 AppleWebKit/537.36 (KHTML, like Gecko; compatible; GPTBot/1.4; +https://openai.com/gptbot)"
2a03:2880:f802:28:: - - [09/Sep/2026:07:10:58 -0500] "GET /?y=25946119223 HTTP/1.1" 200 39909 "-" "Mozilla/5.0 (Macintosh; Intel Mac OS X 10_15_7) AppleWebKit/537.36 (KHTML, like Gecko) Chrome/145.0.0.0 Safari/537.36 (compatible; meta-externalagent/1.1 (+https://developers.facebook.com/docs/sharing/webmasters/crawler))"
74.7.241.13 - - [09/Sep/2026:07:10:59 -0500] "GET /?loknya=/sys/class/net/eth0/subsystem/eth0/driver/module/drivers/virtio:virtio_net/virtio0/net/eth0/net/eth0/subsystem/lo/subsystem/eth0/ HTTP/1.1" 200 7220 "https://mail.artesaniascolombianas.net.co/?loknya=/sys/class/net/eth0/subsystem/eth0/device/driver/module/drivers/virtio:virtio_net/virtio0/net/eth0/device/net/eth0/subsystem/lo/subsystem/eth0/device" "Mozilla/5.0 AppleWebKit/537.36 (KHTML, like Gecko; compatible; GPTBot/1.4; +https://openai.com/gptbot)"
74.7.242.34 - - [09/Sep/2026:07:10:58 -0500] "GET /?lokasie=/proc/250/net/dev&loknya=/proc/250/net HTTP/1.1" 200 4539 "https://artesaniascolombianas.net.co/?loknya=/proc/250/net" "Mozilla/5.0 AppleWebKit/537.36 (KHTML, like Gecko; compatible; GPTBot/1.4; +https://openai.com/gptbot)"
74.7.241.42 - - [09/Sep/2026:07:10:59 -0500] "GET /index.php?lokasie=/proc/30847/net/ipt_hashlimit/PING_IN&loknya=/proc/30847/net/ipt_hashlimit HTTP/1.1" 200 4158 "https://www.artesaniascolombianas.net.co/index.php?loknya=/proc/30847/net/ipt_hashlimit" "Mozilla/5.0 AppleWebKit/537.36 (KHTML, like Gecko; compatible; GPTBot/1.4; +https://openai.com/gptbot)"
2a03:2880:f802:31:: - - [09/Sep/2026:07:10:59 -0500] "GET /?x=78855269115 HTTP/1.1" 200 39909 "-" "Mozilla/5.0 (Macintosh; Intel Mac OS X 10_15_7) AppleWebKit/537.36 (KHTML, like Gecko) Chrome/145.0.0.0 Safari/537.36 (compatible; meta-externalagent/1.1 (+https://developers.facebook.com/docs/sharing/webmasters/crawler))"
74.7.242.34 - - [09/Sep/2026:07:10:59 -0500] "GET /?lokasie=/proc/120/net/dev&loknya=/proc/120/net HTTP/1.1" 200 4539 "https://artesaniascolombianas.net.co/?loknya=/proc/120/net" "Mozilla/5.0 AppleWebKit/537.36 (KHTML, like Gecko; compatible; GPTBot/1.4; +https://openai.com/gptbot)"
74.7.241.13 - - [09/Sep/2026:07:10:59 -0500] "GET /?loknya=/sys/class/net/eth0/subsystem/eth0/device/driver/module/drivers/virtio:virtio_net/virtio0/net/eth0/device/net/eth0/subsystem/lo/subsystem/eth0/device/net HTTP/1.1" 200 9434 "https://mail.artesaniascolombianas.net.co/?loknya=/sys/class/net/eth0/subsystem/eth0/device/driver/module/drivers/virtio:virtio_net/virtio0/net/eth0/device/net/eth0/subsystem/lo/subsystem/eth0/device" "Mozilla/5.0 AppleWebKit/537.36 (KHTML, like Gecko; compatible; GPTBot/1.4; +https://openai.com/gptbot)"
74.7.241.42 - - [09/Sep/2026:07:10:59 -0500] "GET /index.php?lokasie=/proc/30987/net/xt_recent/DEFAULT&loknya=/proc/30987/net/xt_recent HTTP/1.1" 200 23700 "https://www.artesaniascolombianas.net.co/index.php?loknya=/proc/30987/net/xt_recent" "Mozilla/5.0 AppleWebKit/537.36 (KHTML, like Gecko; compatible; GPTBot/1.4; +https://openai.com/gptbot)"
74.7.242.34 - - [09/Sep/2026:07:11:00 -0500] "GET /?lokasie=/proc/421/net/dev&loknya=/proc/421/net HTTP/1.1" 200 4539 "https://artesaniascolombianas.net.co/?loknya=/proc/421/net" "Mozilla/5.0 AppleWebKit/537.36 (KHTML, like Gecko; compatible; GPTBot/1.4; +https://openai.com/gptbot)"
74.7.241.13 - - [09/Sep/2026:07:11:00 -0500] "GET /?lokasie=/sys/class/net/eth0/subsystem/eth0/device/driver/module/drivers/virtio:virtio_net/virtio0/net/eth0/device/net/eth0/subsystem/lo/subsystem/lo/statistics/tx_packets&loknya=/sys/class/net/eth0/subsystem/eth0/device/driver/module/drivers/virtio:virtio_net/virtio0/net/eth0/device/net/eth0/subsystem/lo/subsystem/lo/statistics HTTP/1.1" 200 6455 "https://mail.artesaniascolombianas.net.co/?loknya=/sys/class/net/eth0/subsystem/eth0/device/driver/module/drivers/virtio:virtio_net/virtio0/net/eth0/device/net/eth0/subsystem/lo/subsystem/lo/statistics" "Mozilla/5.0 AppleWebKit/537.36 (KHTML, like Gecko; compatible; GPTBot/1.4; +https://openai.com/gptbot)"
2a03:2880:f802:e:: - - [09/Sep/2026:07:11:00 -0500] "GET /?v=8587327035 HTTP/1.1" 200 39908 "-" "Mozilla/5.0 (Macintosh; Intel Mac OS X 10_15_7) AppleWebKit/537.36 (KHTML, like Gecko) Chrome/145.0.0.0 Safari/537.36 (compatible; meta-externalagent/1.1 (+https://developers.facebook.com/docs/sharing/webmasters/crawler))"
74.7.241.42 - - [09/Sep/2026:07:11:00 -0500] "GET /index.php?lokasie=/proc/23714/net/ipt_hashlimit/PING_IN&loknya=/proc/23714/net/ipt_hashlimit HTTP/1.1" 200 4158 "https://www.artesaniascolombianas.net.co/index.php?loknya=/proc/23714/net/ipt_hashlimit" "Mozilla/5.0 AppleWebKit/537.36 (KHTML, like Gecko; compatible; GPTBot/1.4; +https://openai.com/gptbot)"
74.7.241.13 - - [09/Sep/2026:07:11:00 -0500] "GET /?loknya=/sys/class/net/eth0/subsystem/eth0/device/driver/module/drivers/virtio:virtio_net/virtio0/net/eth0/device/net/eth0/subsystem/lo/subsystem/eth0/device/power HTTP/1.1" 200 24907 "https://mail.artesaniascolombianas.net.co/?loknya=/sys/class/net/eth0/subsystem/eth0/device/driver/module/drivers/virtio:virtio_net/virtio0/net/eth0/device/net/eth0/subsystem/lo/subsystem/eth0/device" "Mozilla/5.0 AppleWebKit/537.36 (KHTML, like Gecko; compatible; GPTBot/1.4; +https://openai.com/gptbot)"
74.7.242.34 - - [09/Sep/2026:07:11:00 -0500] "GET /?lokasie=/proc/254/net/dev&loknya=/proc/254/net HTTP/1.1" 200 4539 "https://artesaniascolombianas.net.co/?loknya=/proc/254/net" "Mozilla/5.0 AppleWebKit/537.36 (KHTML, like Gecko; compatible; GPTBot/1.4; +https://openai.com/gptbot)"
2a03:2880:f802:16:: - - [09/Sep/2026:07:11:00 -0500] "GET /?i=36798272182 HTTP/1.1" 200 39909 "-" "Mozilla/5.0 (Windows NT 10.0; Win64; x64) AppleWebKit/537.36 (KHTML, like Gecko) Chrome/145.0.0.0 Safari/537.36 (compatible; meta-externalagent/1.1 (+https://developers.facebook.com/docs/sharing/webmasters/crawler))"
74.7.241.42 - - [09/Sep/2026:07:11:00 -0500] "GET /index.php?lokasie=/proc/30972/net/ipt_hashlimit/PING_IN&loknya=/proc/30972/net/ipt_hashlimit HTTP/1.1" 200 4158 "https://www.artesaniascolombianas.net.co/index.php?loknya=/proc/30972/net/ipt_hashlimit" "Mozilla/5.0 AppleWebKit/537.36 (KHTML, like Gecko; compatible; GPTBot/1.4; +https://openai.com/gptbot)"
2a03:2880:f802:12:: - - [09/Sep/2026:07:11:00 -0500] "GET /?u=39774210199 HTTP/1.1" 200 39909 "-" "Mozilla/5.0 (Windows NT 10.0; Win64; x64) AppleWebKit/537.36 (KHTML, like Gecko) Chrome/145.0.0.0 Safari/537.36 (compatible; meta-externalagent/1.1 (+https://developers.facebook.com/docs/sharing/webmasters/crawler))"
74.7.242.34 - - [09/Sep/2026:07:11:00 -0500] "GET /?lokasie=/proc/253/net/dev&loknya=/proc/253/net HTTP/1.1" 200 4539 "https://artesaniascolombianas.net.co/?loknya=/proc/253/net" "Mozilla/5.0 AppleWebKit/537.36 (KHTML, like Gecko; compatible; GPTBot/1.4; +https://openai.com/gptbot)"
74.7.241.13 - - [09/Sep/2026:07:11:01 -0500] "GET /?loknya=/sys/class/net/eth0/subsystem/eth0/device/driver/module/drivers/virtio:virtio_net/virtio0/net/eth0/device/net/eth0/subsystem/eth0/subsystem/lo/power HTTP/1.1" 200 24452 "https://mail.artesaniascolombianas.net.co/?loknya=/sys/class/net/eth0/subsystem/eth0/device/driver/module/drivers/virtio:virtio_net/virtio0/net/eth0/device/net/eth0/subsystem/eth0/subsystem/lo" "Mozilla/5.0 AppleWebKit/537.36 (KHTML, like Gecko; compatible; GPTBot/1.4; +https://openai.com/gptbot)"
2a03:2880:f802:14:: - - [09/Sep/2026:07:11:01 -0500] "GET /?v=79451152082 HTTP/1.1" 200 39909 "-" "Mozilla/5.0 (X11; Linux x86_64) AppleWebKit/537.36 (KHTML, like Gecko) Chrome/145.0.0.0 Safari/537.36 (compatible; meta-externalagent/1.1 (+https://developers.facebook.com/docs/sharing/webmasters/crawler))"
74.7.241.42 - - [09/Sep/2026:07:11:01 -0500] "GET /index.php?lokasie=/proc/24316/net/ipt_hashlimit/PING_IN&loknya=/proc/24316/net/ipt_hashlimit HTTP/1.1" 200 4158 "https://www.artesaniascolombianas.net.co/index.php?loknya=/proc/24316/net/ipt_hashlimit" "Mozilla/5.0 AppleWebKit/537.36 (KHTML, like Gecko; compatible; GPTBot/1.4; +https://openai.com/gptbot)"
74.7.242.34 - - [09/Sep/2026:07:11:01 -0500] "GET /?loknya=/proc/28997/net/stat HTTP/1.1" 200 10515 "https://artesaniascolombianas.net.co/?loknya=/proc/28997/net" "Mozilla/5.0 AppleWebKit/537.36 (KHTML, like Gecko; compatible; GPTBot/1.4; +https://openai.com/gptbot)"
74.7.241.13 - - [09/Sep/2026:07:11:01 -0500] "GET /?loknya=/sys/class/net/eth0/subsystem/eth0/device/driver/module/drivers/virtio:virtio_net/virtio0/net/eth0/device/net/eth0/subsystem/lo/subsystem/lo/subsystem HTTP/1.1" 200 10635 "https://mail.artesaniascolombianas.net.co/?loknya=/sys/class/net/eth0/subsystem/eth0/device/driver/module/drivers/virtio:virtio_net/virtio0/net/eth0/device/net/eth0/subsystem/lo/subsystem/lo" "Mozilla/5.0 AppleWebKit/537.36 (KHTML, like Gecko; compatible; GPTBot/1.4; +https://openai.com/gptbot)"
50.116.47.181 - - [09/Sep/2026:07:11:01 -0500] "GET /?sucurianticache=2094442253 HTTP/1.1" 200 39903 "-" "Sucuri Uptime Monitor"
2a03:2880:f802:4a:: - - [09/Sep/2026:07:11:01 -0500] "GET /?u=39774224498 HTTP/1.1" 200 39909 "-" "Mozilla/5.0 (Windows NT 10.0; Win64; x64) AppleWebKit/537.36 (KHTML, like Gecko) Chrome/145.0.0.0 Safari/537.36 (compatible; meta-externalagent/1.1 (+https://developers.facebook.com/docs/sharing/webmasters/crawler))"
74.7.241.42 - - [09/Sep/2026:07:11:01 -0500] "GET /index.php?lokasie=/proc/30987/net/sockstat&loknya=/proc/30987/net HTTP/1.1" 200 4216 "https://www.artesaniascolombianas.net.co/index.php?loknya=/proc/30987/net" "Mozilla/5.0 AppleWebKit/537.36 (KHTML, like Gecko; compatible; GPTBot/1.4; +https://openai.com/gptbot)"
74.7.242.34 - - [09/Sep/2026:07:11:02 -0500] "GET /?loknya=/proc/20438/net/stat HTTP/1.1" 200 10515 "https://artesaniascolombianas.net.co/?loknya=/proc/20438/net" "Mozilla/5.0 AppleWebKit/537.36 (KHTML, like Gecko; compatible; GPTBot/1.4; +https://openai.com/gptbot)"
74.7.241.13 - - [09/Sep/2026:07:11:02 -0500] "GET /?loknya=/sys/class/net/eth0/subsystem/eth0/device/driver/module/drivers/virtio:virtio_net/virtio0/net/eth0/device/net/eth0/subsystem/eth0/subsystem/lo/subsystem/lo HTTP/1.1" 200 63932 "https://mail.artesaniascolombianas.net.co/?loknya=/sys/class/net/eth0/subsystem/eth0/device/driver/module/drivers/virtio:virtio_net/virtio0/net/eth0/device/net/eth0/subsystem/eth0/subsystem/lo/subsystem" "Mozilla/5.0 AppleWebKit/537.36 (KHTML, like Gecko; compatible; GPTBot/1.4; +https://openai.com/gptbot)"
2a03:2880:f802:3b:: - - [09/Sep/2026:07:11:02 -0500] "GET /?i=36798256832 HTTP/1.1" 200 39909 "-" "Mozilla/5.0 (X11; Linux x86_64) AppleWebKit/537.36 (KHTML, like Gecko) Chrome/145.0.0.0 Safari/537.36 (compatible; meta-externalagent/1.1 (+https://developers.facebook.com/docs/sharing/webmasters/crawler))"
35.84.130.69 - - [09/Sep/2026:07:11:02 -0500] "GET /?sucurianticache=2058478339 HTTP/1.1" 200 39902 "-" "Sucuri Uptime Monitor"
74.7.241.42 - - [09/Sep/2026:07:11:02 -0500] "GET /index.php?lokasie=/proc/30987/net/wireless&loknya=/proc/30987/net HTTP/1.1" 200 4241 "https://www.artesaniascolombianas.net.co/index.php?loknya=/proc/30987/net" "Mozilla/5.0 AppleWebKit/537.36 (KHTML, like Gecko; compatible; GPTBot/1.4; +https://openai.com/gptbot)"
74.7.242.34 - - [09/Sep/2026:07:11:02 -0500] "GET /?loknya=/proc/20404/net/stat HTTP/1.1" 200 10513 "https://artesaniascolombianas.net.co/?loknya=/proc/20404/net" "Mozilla/5.0 AppleWebKit/537.36 (KHTML, like Gecko; compatible; GPTBot/1.4; +https://openai.com/gptbot)"
74.7.241.13 - - [09/Sep/2026:07:11:02 -0500] "GET /?loknya=/sys/class/net/eth0/subsystem/eth0/device/driver/module/drivers/virtio:virtio_net/virtio0/net/eth0/device/net/eth0/subsystem/lo/subsystem/eth0/queues HTTP/1.1" 200 19197 "https://mail.artesaniascolombianas.net.co/?loknya=/sys/class/net/eth0/subsystem/eth0/device/driver/module/drivers/virtio:virtio_net/virtio0/net/eth0/device/net/eth0/subsystem/lo/subsystem/eth0" "Mozilla/5.0 AppleWebKit/537.36 (KHTML, like Gecko; compatible; GPTBot/1.4; +https://openai.com/gptbot)"
2a03:2880:f802:1f:: - - [09/Sep/2026:07:11:02 -0500] "GET /?v=79451103847 HTTP/1.1" 200 39909 "-" "Mozilla/5.0 (Macintosh; Intel Mac OS X 10_15_7) AppleWebKit/537.36 (KHTML, like Gecko) Chrome/145.0.0.0 Safari/537.36 (compatible; meta-externalagent/1.1 (+https://developers.facebook.com/docs/sharing/webmasters/crawler))"
74.7.241.42 - - [09/Sep/2026:07:11:02 -0500] "GET /index.php?lokasie=/proc/23714/net/sockstat&loknya=/proc/23714/net HTTP/1.1" 200 4216 "https://www.artesaniascolombianas.net.co/index.php?loknya=/proc/23714/net" "Mozilla/5.0 AppleWebKit/537.36 (KHTML, like Gecko; compatible; GPTBot/1.4; +https://openai.com/gptbot)"
2a03:2880:f802:e:: - - [09/Sep/2026:07:11:02 -0500] "GET /?b=4765925964 HTTP/1.1" 200 39908 "-" "Mozilla/5.0 (Windows NT 10.0; Win64; x64) AppleWebKit/537.36 (KHTML, like Gecko) Chrome/145.0.0.0 Safari/537.36 (compatible; meta-externalagent/1.1 (+https://developers.facebook.com/docs/sharing/webmasters/crawler))"
74.7.241.13 - - [09/Sep/2026:07:11:03 -0500] "GET /?loknya=/sys/class/net/eth0/subsystem/eth0/device/driver/module/drivers/virtio:virtio_net/virtio0/net/eth0/device/net/eth0/subsystem/lo/subsystem/eth0/ HTTP/1.1" 200 63476 "https://mail.artesaniascolombianas.net.co/?loknya=/sys/class/net/eth0/subsystem/eth0/device/driver/module/drivers/virtio:virtio_net/virtio0/net/eth0/device/net/eth0/subsystem/lo/subsystem/eth0/statistics" "Mozilla/5.0 AppleWebKit/537.36 (KHTML, like Gecko; compatible; GPTBot/1.4; +https://openai.com/gptbot)"
74.7.242.34 - - [09/Sep/2026:07:11:03 -0500] "GET /?loknya=/proc/24096/net/stat HTTP/1.1" 200 10537 "https://artesaniascolombianas.net.co/?loknya=/proc/24096/net" "Mozilla/5.0 AppleWebKit/537.36 (KHTML, like Gecko; compatible; GPTBot/1.4; +https://openai.com/gptbot)"
74.7.241.42 - - [09/Sep/2026:07:11:03 -0500] "GET /index.php?lokasie=/proc/24316/net/protocols&loknya=/proc/24316/net HTTP/1.1" 200 5732 "https://www.artesaniascolombianas.net.co/index.php?loknya=/proc/24316/net" "Mozilla/5.0 AppleWebKit/537.36 (KHTML, like Gecko; compatible; GPTBot/1.4; +https://openai.com/gptbot)"
74.7.242.34 - - [09/Sep/2026:07:11:03 -0500] "GET /?loknya=/proc/22569/net/stat HTTP/1.1" 200 5253 "https://artesaniascolombianas.net.co/?loknya=/proc/22569/net" "Mozilla/5.0 AppleWebKit/537.36 (KHTML, like Gecko; compatible; GPTBot/1.4; +https://openai.com/gptbot)"
74.7.241.13 - - [09/Sep/2026:07:11:03 -0500] "GET /?loknya=/sys/class/net/eth0/subsystem/eth0/device/driver/module/drivers/virtio:virtio_net/virtio0/net/eth0/device/net/eth0/subsystem/lo/subsystem/eth0/subsystem/lo HTTP/1.1" 200 63928 "https://mail.artesaniascolombianas.net.co/?loknya=/sys/class/net/eth0/subsystem/eth0/device/driver/module/drivers/virtio:virtio_net/virtio0/net/eth0/device/net/eth0/subsystem/lo/subsystem/eth0/subsystem" "Mozilla/5.0 AppleWebKit/537.36 (KHTML, like Gecko; compatible; GPTBot/1.4; +https://openai.com/gptbot)"
2a03:2880:f802:1a:: - - [09/Sep/2026:07:11:03 -0500] "GET /?x=78855225962 HTTP/1.1" 200 39909 "-" "Mozilla/5.0 (Windows NT 10.0; Win64; x64) AppleWebKit/537.36 (KHTML, like Gecko) Chrome/145.0.0.0 Safari/537.36 (compatible; meta-externalagent/1.1 (+https://developers.facebook.com/docs/sharing/webmasters/crawler))"
74.7.241.42 - - [09/Sep/2026:07:11:03 -0500] "GET /index.php?lokasie=/proc/24316/net/wireless&loknya=/proc/24316/net HTTP/1.1" 200 4241 "https://www.artesaniascolombianas.net.co/index.php?loknya=/proc/24316/net" "Mozilla/5.0 AppleWebKit/537.36 (KHTML, like Gecko; compatible; GPTBot/1.4; +https://openai.com/gptbot)"
2a03:2880:f802:8:: - - [09/Sep/2026:07:11:03 -0500] "GET /?b=4765941213 HTTP/1.1" 200 39908 "-" "Mozilla/5.0 (X11; Linux x86_64) AppleWebKit/537.36 (KHTML, like Gecko) Chrome/145.0.0.0 Safari/537.36 (compatible; meta-externalagent/1.1 (+https://developers.facebook.com/docs/sharing/webmasters/crawler))"
74.7.241.13 - - [09/Sep/2026:07:11:03 -0500] "GET /?loknya=/sys/class/net/eth0/subsystem/eth0/device/driver/module/drivers/virtio:virtio_net/virtio0/net/eth0/device/net/eth0/subsystem/lo/subsystem/lo/power HTTP/1.1" 200 24364 "https://mail.artesaniascolombianas.net.co/?loknya=/sys/class/net/eth0/subsystem/eth0/device/driver/module/drivers/virtio:virtio_net/virtio0/net/eth0/device/net/eth0/subsystem/lo/subsystem/lo" "Mozilla/5.0 AppleWebKit/537.36 (KHTML, like Gecko; compatible; GPTBot/1.4; +https://openai.com/gptbot)"
74.7.242.34 - - [09/Sep/2026:07:11:04 -0500] "GET /?loknya=/proc/29036/net/stat HTTP/1.1" 200 5253 "https://artesaniascolombianas.net.co/?loknya=/proc/29036/net" "Mozilla/5.0 AppleWebKit/537.36 (KHTML, like Gecko; compatible; GPTBot/1.4; +https://openai.com/gptbot)"
74.7.241.42 - - [09/Sep/2026:07:11:04 -0500] "GET /index.php?lokasie=/proc/24316/net/sockstat&loknya=/proc/24316/net HTTP/1.1" 200 4216 "https://www.artesaniascolombianas.net.co/index.php?loknya=/proc/24316/net" "Mozilla/5.0 AppleWebKit/537.36 (KHTML, like Gecko; compatible; GPTBot/1.4; +https://openai.com/gptbot)"
2a03:2880:f802:43:: - - [09/Sep/2026:07:11:04 -0500] "GET /?x=78855167279 HTTP/1.1" 200 39909 "-" "Mozilla/5.0 (Macintosh; Intel Mac OS X 10_15_7) AppleWebKit/537.36 (KHTML, like Gecko) Chrome/145.0.0.0 Safari/537.36 (compatible; meta-externalagent/1.1 (+https://developers.facebook.com/docs/sharing/webmasters/crawler))"
74.7.242.34 - - [09/Sep/2026:07:11:04 -0500] "GET /?loknya=/proc/25035/net/stat HTTP/1.1" 200 10509 "https://artesaniascolombianas.net.co/?loknya=/proc/25035/net" "Mozilla/5.0 AppleWebKit/537.36 (KHTML, like Gecko; compatible; GPTBot/1.4; +https://openai.com/gptbot)"
74.7.241.13 - - [09/Sep/2026:07:11:04 -0500] "GET /?loknya=/sys/class/net/subsystem/driver/module/drivers/virtio:virtio_net/virtio0/net/net/subsystem/lo/subsystem/ HTTP/1.1" 200 6488 "https://mail.artesaniascolombianas.net.co/?loknya=/sys/class/net/eth0/subsystem/eth0/driver/module/drivers/virtio:virtio_net/virtio0/net/eth0/net/eth0/subsystem/lo/subsystem/eth0/" "Mozilla/5.0 AppleWebKit/537.36 (KHTML, like Gecko; compatible; GPTBot/1.4; +https://openai.com/gptbot)"
74.7.241.42 - - [09/Sep/2026:07:11:04 -0500] "GET /index.php?lokasie=/proc/23714/net/protocols&loknya=/proc/23714/net HTTP/1.1" 200 5732 "https://www.artesaniascolombianas.net.co/index.php?loknya=/proc/23714/net" "Mozilla/5.0 AppleWebKit/537.36 (KHTML, like Gecko; compatible; GPTBot/1.4; +https://openai.com/gptbot)"
103.157.223.56 - - [09/Sep/2026:07:11:04 -0500] "POST /xmlrpc.php HTTP/1.1" 200 39905 "-" "Jetpack/12.1; WordPress/6.2; http://site29559946.com"
74.7.242.34 - - [09/Sep/2026:07:11:04 -0500] "GET /?loknya=/proc/24838/net/stat HTTP/1.1" 200 5253 "https://artesaniascolombianas.net.co/?loknya=/proc/24838/net" "Mozilla/5.0 AppleWebKit/537.36 (KHTML, like Gecko; compatible; GPTBot/1.4; +https://openai.com/gptbot)"
74.7.241.13 - - [09/Sep/2026:07:11:05 -0500] "GET /?loknya=/sys/class/net/eth0/subsystem/eth0/driver/module/drivers/virtio:virtio_net/virtio0/net/eth0/net/eth0/subsystem/lo HTTP/1.1" 200 6883 "https://mail.artesaniascolombianas.net.co/?loknya=/sys/class/net/eth0/subsystem/eth0/driver/module/drivers/virtio:virtio_net/virtio0/net/eth0/net/eth0/subsystem/lo/subsystem/eth0/" "Mozilla/5.0 AppleWebKit/537.36 (KHTML, like Gecko; compatible; GPTBot/1.4; +https://openai.com/gptbot)"
74.7.241.42 - - [09/Sep/2026:07:11:05 -0500] "GET /index.php?lokasie=/proc/30847/net/wireless&loknya=/proc/30847/net HTTP/1.1" 200 4241 "https://www.artesaniascolombianas.net.co/index.php?loknya=/proc/30847/net" "Mozilla/5.0 AppleWebKit/537.36 (KHTML, like Gecko; compatible; GPTBot/1.4; +https://openai.com/gptbot)"
2a03:2880:f802:2b:: - - [09/Sep/2026:07:11:05 -0500] "GET /?l=7093957622 HTTP/1.1" 200 39909 "-" "Mozilla/5.0 (X11; Linux x86_64) AppleWebKit/537.36 (KHTML, like Gecko) Chrome/145.0.0.0 Safari/537.36 (compatible; meta-externalagent/1.1 (+https://developers.facebook.com/docs/sharing/webmasters/crawler))"
74.7.241.13 - - [09/Sep/2026:07:11:05 -0500] "GET /?loknya=/sys/class/net/eth0/subsystem/eth0/driver/module/drivers/virtio:virtio_net/virtio0/net/eth0/net/eth0/subsystem/lo/subsystem HTTP/1.1" 200 7042 "https://mail.artesaniascolombianas.net.co/?loknya=/sys/class/net/eth0/subsystem/eth0/driver/module/drivers/virtio:virtio_net/virtio0/net/eth0/net/eth0/subsystem/lo/subsystem/eth0/" "Mozilla/5.0 AppleWebKit/537.36 (KHTML, like Gecko; compatible; GPTBot/1.4; +https://openai.com/gptbot)"
74.7.242.34 - - [09/Sep/2026:07:11:05 -0500] "GET /?loknya=/proc/24185/net/stat HTTP/1.1" 200 10509 "https://artesaniascolombianas.net.co/?loknya=/proc/24185/net" "Mozilla/5.0 AppleWebKit/537.36 (KHTML, like Gecko; compatible; GPTBot/1.4; +https://openai.com/gptbot)"
74.7.241.42 - - [09/Sep/2026:07:11:05 -0500] "GET /index.php?lokasie=/proc/30987/net/protocols&loknya=/proc/30987/net HTTP/1.1" 200 5732 "https://www.artesaniascolombianas.net.co/index.php?loknya=/proc/30987/net" "Mozilla/5.0 AppleWebKit/537.36 (KHTML, like Gecko; compatible; GPTBot/1.4; +https://openai.com/gptbot)"
74.7.241.13 - - [09/Sep/2026:07:11:05 -0500] "GET /?loknya=/sys/class/net/eth0/subsystem/eth0/driver/module/drivers/virtio:virtio_net/virtio0/net/eth0/net/eth0/subsystem/lo/subsystem/eth0 HTTP/1.1" 200 7218 "https://mail.artesaniascolombianas.net.co/?loknya=/sys/class/net/eth0/subsystem/eth0/driver/module/drivers/virtio:virtio_net/virtio0/net/eth0/net/eth0/subsystem/lo/subsystem/eth0/" "Mozilla/5.0 AppleWebKit/537.36 (KHTML, like Gecko; compatible; GPTBot/1.4; +https://openai.com/gptbot)"
74.7.242.34 - - [09/Sep/2026:07:11:05 -0500] "GET /?loknya=/proc/32728/net/stat HTTP/1.1" 200 5253 "https://artesaniascolombianas.net.co/?loknya=/proc/32728/net" "Mozilla/5.0 AppleWebKit/537.36 (KHTML, like Gecko; compatible; GPTBot/1.4; +https://openai.com/gptbot)"
2a03:2880:f802:2:: - - [09/Sep/2026:07:11:06 -0500] "GET /?l=70939271582 HTTP/1.1" 200 39908 "-" "Mozilla/5.0 (Windows NT 10.0; Win64; x64) AppleWebKit/537.36 (KHTML, like Gecko) Chrome/145.0.0.0 Safari/537.36 (compatible; meta-externalagent/1.1 (+https://developers.facebook.com/docs/sharing/webmasters/crawler))"
74.7.241.42 - - [09/Sep/2026:07:11:06 -0500] "GET /index.php?lokasie=/proc/30972/net/protocols&loknya=/proc/30972/net HTTP/1.1" 200 5732 "https://www.artesaniascolombianas.net.co/index.php?loknya=/proc/30972/net" "Mozilla/5.0 AppleWebKit/537.36 (KHTML, like Gecko; compatible; GPTBot/1.4; +https://openai.com/gptbot)"
74.7.242.34 - - [09/Sep/2026:07:11:06 -0500] "GET /?loknya=/proc/24343/net/stat HTTP/1.1" 200 10533 "https://artesaniascolombianas.net.co/?loknya=/proc/24343/net" "Mozilla/5.0 AppleWebKit/537.36 (KHTML, like Gecko; compatible; GPTBot/1.4; +https://openai.com/gptbot)"
74.7.241.13 - - [09/Sep/2026:07:11:06 -0500] "GET /?loknya=/sys/class/net/eth0/subsystem/eth0/device/driver/module/drivers/virtio:virtio_net/virtio0/net/eth0/device/net/eth0/subsystem/lo/subsystem/eth0/device/ HTTP/1.1" 200 24495 "https://mail.artesaniascolombianas.net.co/?loknya=/sys/class/net/eth0/subsystem/eth0/device/driver/module/drivers/virtio:virtio_net/virtio0/net/eth0/device/net/eth0/subsystem/lo/subsystem/eth0/device/power" "Mozilla/5.0 AppleWebKit/537.36 (KHTML, like Gecko; compatible; GPTBot/1.4; +https://openai.com/gptbot)"
2a03:2880:f802:8:: - - [09/Sep/2026:07:11:06 -0500] "GET /?f=65213270187 HTTP/1.1" 200 39908 "-" "Mozilla/5.0 (Windows NT 10.0; Win64; x64) AppleWebKit/537.36 (KHTML, like Gecko) Chrome/145.0.0.0 Safari/537.36 (compatible; meta-externalagent/1.1 (+https://developers.facebook.com/docs/sharing/webmasters/crawler))"
74.7.241.42 - - [09/Sep/2026:07:11:06 -0500] "GET /index.php?lokasie=/proc/30972/net/sockstat&loknya=/proc/30972/net HTTP/1.1" 200 4216 "https://www.artesaniascolombianas.net.co/index.php?loknya=/proc/30972/net" "Mozilla/5.0 AppleWebKit/537.36 (KHTML, like Gecko; compatible; GPTBot/1.4; +https://openai.com/gptbot)"
2a03:2880:f802:c:: - - [09/Sep/2026:07:11:06 -0500] "GET /?b=4765978612 HTTP/1.1" 200 39908 "-" "Mozilla/5.0 (Macintosh; Intel Mac OS X 10_15_7) AppleWebKit/537.36 (KHTML, like Gecko) Chrome/145.0.0.0 Safari/537.36 (compatible; meta-externalagent/1.1 (+https://developers.facebook.com/docs/sharing/webmasters/crawler))"
74.7.241.13 - - [09/Sep/2026:07:11:07 -0500] "GET /?loknya=/sys/class/net/eth0/subsystem/eth0/device/driver/module/drivers/virtio:virtio_net/virtio0/net/eth0/device/net/eth0/subsystem/lo/subsystem/lo/subsystem/eth0 HTTP/1.1" 200 65356 "https://mail.artesaniascolombianas.net.co/?loknya=/sys/class/net/eth0/subsystem/eth0/device/driver/module/drivers/virtio:virtio_net/virtio0/net/eth0/device/net/eth0/subsystem/lo/subsystem/lo/subsystem" "Mozilla/5.0 AppleWebKit/537.36 (KHTML, like Gecko; compatible; GPTBot/1.4; +https://openai.com/gptbot)"
74.7.242.34 - - [09/Sep/2026:07:11:07 -0500] "GET /?lokasie=/proc/28997/net/stat/nf_conntrack&loknya=/proc/28997/net/stat HTTP/1.1" 200 4921 "https://artesaniascolombianas.net.co/?loknya=/proc/28997/net/stat" "Mozilla/5.0 AppleWebKit/537.36 (KHTML, like Gecko; compatible; GPTBot/1.4; +https://openai.com/gptbot)"
2a03:2880:f802:12:: - - [09/Sep/2026:07:11:07 -0500] "GET /?b=47659203222 HTTP/1.1" 200 39909 "-" "Mozilla/5.0 (Windows NT 10.0; Win64; x64) AppleWebKit/537.36 (KHTML, like Gecko) Chrome/144.0.0.0 Safari/537.36 Edg/144.0.0.0 (compatible; meta-externalagent/1.1 (+https://developers.facebook.com/docs/sharing/webmasters/crawler))"
74.7.241.42 - - [09/Sep/2026:07:11:07 -0500] "GET /index.php?lokasie=/proc/30847/net/protocols&loknya=/proc/30847/net HTTP/1.1" 200 5732 "https://www.artesaniascolombianas.net.co/index.php?loknya=/proc/30847/net" "Mozilla/5.0 AppleWebKit/537.36 (KHTML, like Gecko; compatible; GPTBot/1.4; +https://openai.com/gptbot)"
2a03:2880:f802:38:: - - [09/Sep/2026:07:11:07 -0500] "GET /?u=39774150383 HTTP/1.1" 200 39909 "-" "Mozilla/5.0 (X11; Linux x86_64) AppleWebKit/537.36 (KHTML, like Gecko) Chrome/145.0.0.0 Safari/537.36 (compatible; meta-externalagent/1.1 (+https://developers.facebook.com/docs/sharing/webmasters/crawler))"
74.7.241.13 - - [09/Sep/2026:07:11:07 -0500] "GET /?lokasie=/sys/class/net/eth0/subsystem/eth0/device/driver/module/drivers/virtio:virtio_net/virtio0/net/eth0/device/net/eth0/subsystem/eth0/subsystem/lo/subsystem/lo/operstate&loknya=/sys/class/net/eth0/subsystem/eth0/device/driver/module/drivers/virtio:virtio_net/virtio0/net/eth0/device/net/eth0/subsystem/eth0/subsystem/lo/subsystem/lo HTTP/1.1" 200 6646 "https://mail.artesaniascolombianas.net.co/?loknya=/sys/class/net/eth0/subsystem/eth0/device/driver/module/drivers/virtio:virtio_net/virtio0/net/eth0/device/net/eth0/subsystem/eth0/subsystem/lo/subsystem/lo" "Mozilla/5.0 AppleWebKit/537.36 (KHTML, like Gecko; compatible; GPTBot/1.4; +https://openai.com/gptbot)"
74.7.242.34 - - [09/Sep/2026:07:11:07 -0500] "GET /?lokasie=/proc/20438/net/stat/nf_conntrack&loknya=/proc/20438/net/stat HTTP/1.1" 200 4921 "https://artesaniascolombianas.net.co/?loknya=/proc/20438/net/stat" "Mozilla/5.0 AppleWebKit/537.36 (KHTML, like Gecko; compatible; GPTBot/1.4; +https://openai.com/gptbot)"
74.7.241.42 - - [09/Sep/2026:07:11:07 -0500] "GET /index.php?lokasie=/proc/30972/net/wireless&loknya=/proc/30972/net HTTP/1.1" 200 4241 "https://www.artesaniascolombianas.net.co/index.php?loknya=/proc/30972/net" "Mozilla/5.0 AppleWebKit/537.36 (KHTML, like Gecko; compatible; GPTBot/1.4; +https://openai.com/gptbot)"
74.7.241.13 - - [09/Sep/2026:07:11:07 -0500] "GET /?loknya=/sys/class/net/eth0/subsystem/eth0/device/driver/module/drivers/virtio:virtio_net/virtio0/net/eth0/device/net/eth0/subsystem/eth0/subsystem/subsystem/ HTTP/1.1" 200 7626 "https://mail.artesaniascolombianas.net.co/?loknya=/sys/class/net/eth0/subsystem/eth0/device/driver/module/drivers/virtio:virtio_net/virtio0/net/eth0/device/net/eth0/subsystem/eth0/subsystem/lo/subsystem/lo" "Mozilla/5.0 AppleWebKit/537.36 (KHTML, like Gecko; compatible; GPTBot/1.4; +https://openai.com/gptbot)"
74.7.242.34 - - [09/Sep/2026:07:11:07 -0500] "GET /?lokasie=/proc/20404/net/stat/nf_conntrack&loknya=/proc/20404/net/stat HTTP/1.1" 200 4921 "https://artesaniascolombianas.net.co/?loknya=/proc/20404/net/stat" "Mozilla/5.0 AppleWebKit/537.36 (KHTML, like Gecko; compatible; GPTBot/1.4; +https://openai.com/gptbot)"
74.7.241.42 - - [09/Sep/2026:07:11:08 -0500] "GET /index.php?lokasie=/proc/23714/net/wireless&loknya=/proc/23714/net HTTP/1.1" 200 4241 "https://www.artesaniascolombianas.net.co/index.php?loknya=/proc/23714/net" "Mozilla/5.0 AppleWebKit/537.36 (KHTML, like Gecko; compatible; GPTBot/1.4; +https://openai.com/gptbot)"
2a03:2880:f802:24:: - - [09/Sep/2026:07:11:08 -0500] "GET /?u=39774269720 HTTP/1.1" 200 39909 "-" "Mozilla/5.0 (Windows NT 10.0; Win64; x64) AppleWebKit/537.36 (KHTML, like Gecko) Chrome/145.0.0.0 Safari/537.36 (compatible; meta-externalagent/1.1 (+https://developers.facebook.com/docs/sharing/webmasters/crawler))"
74.7.241.13 - - [09/Sep/2026:07:11:08 -0500] "GET /?loknya=/sys/class/net/eth0/subsystem/eth0/device/net/eth0/device/subsystem/virtio_net/virtio0/net/eth0/device/driver/module HTTP/1.1" 200 6954 "https://mail.artesaniascolombianas.net.co/?loknya=/sys/class/net/eth0/subsystem/eth0/device/net/eth0/device/subsystem/virtio_net/virtio0/net/eth0/device/driver/module/" "Mozilla/5.0 AppleWebKit/537.36 (KHTML, like Gecko; compatible; GPTBot/1.4; +https://openai.com/gptbot)"
74.7.242.34 - - [09/Sep/2026:07:11:08 -0500] "GET /?lokasie=/proc/20404/net/stat/ndisc_cache&loknya=/proc/20404/net/stat HTTP/1.1" 200 4737 "https://artesaniascolombianas.net.co/?loknya=/proc/20404/net/stat" "Mozilla/5.0 AppleWebKit/537.36 (KHTML, like Gecko; compatible; GPTBot/1.4; +https://openai.com/gptbot)"
74.7.241.42 - - [09/Sep/2026:07:11:08 -0500] "GET /index.php?lokasie=/proc/30847/net/sockstat&loknya=/proc/30847/net HTTP/1.1" 200 4216 "https://www.artesaniascolombianas.net.co/index.php?loknya=/proc/30847/net" "Mozilla/5.0 AppleWebKit/537.36 (KHTML, like Gecko; compatible; GPTBot/1.4; +https://openai.com/gptbot)"
2a03:2880:f802:4:: - - [09/Sep/2026:07:11:08 -0500] "GET /?x=7885589770 HTTP/1.1" 200 39908 "-" "Mozilla/5.0 (Windows NT 10.0; Win64; x64) AppleWebKit/537.36 (KHTML, like Gecko) Chrome/145.0.0.0 Safari/537.36 (compatible; meta-externalagent/1.1 (+https://developers.facebook.com/docs/sharing/webmasters/crawler))"
2a03:2880:f802:24:: - - [09/Sep/2026:07:11:08 -0500] "GET /?y=25946148670 HTTP/1.1" 200 39909 "-" "Mozilla/5.0 (Windows NT 10.0; Win64; x64) AppleWebKit/537.36 (KHTML, like Gecko) Chrome/145.0.0.0 Safari/537.36 (compatible; meta-externalagent/1.1 (+https://developers.facebook.com/docs/sharing/webmasters/crawler))"
74.7.242.34 - - [09/Sep/2026:07:11:09 -0500] "GET /?lokasie=/proc/24096/net/stat/nf_conntrack&loknya=/proc/24096/net/stat HTTP/1.1" 200 4921 "https://artesaniascolombianas.net.co/?loknya=/proc/24096/net/stat" "Mozilla/5.0 AppleWebKit/537.36 (KHTML, like Gecko; compatible; GPTBot/1.4; +https://openai.com/gptbot)"
74.7.241.13 - - [09/Sep/2026:07:11:09 -0500] "GET /?lokasie=/sys/class/net/eth0/subsystem/eth0/device/driver/module/drivers/virtio:virtio_net/virtio0/net/eth0/device/net/eth0/subsystem/lo/subsystem/eth0/subsystem/lo/addr_assign_type&loknya=/sys/class/net/eth0/subsystem/eth0/device/driver/module/drivers/virtio:virtio_net/virtio0/net/eth0/device/net/eth0/subsystem/lo/subsystem/eth0/subsystem/lo HTTP/1.1" 200 6643 "https://mail.artesaniascolombianas.net.co/?loknya=/sys/class/net/eth0/subsystem/eth0/device/driver/module/drivers/virtio:virtio_net/virtio0/net/eth0/device/net/eth0/subsystem/lo/subsystem/eth0/subsystem/lo" "Mozilla/5.0 AppleWebKit/537.36 (KHTML, like Gecko; compatible; GPTBot/1.4; +https://openai.com/gptbot)"
2a03:2880:f802:: - - [09/Sep/2026:07:11:09 -0500] "GET /?f=65213198021 HTTP/1.1" 200 39906 "-" "Mozilla/5.0 (Windows NT 10.0; Win64; x64) AppleWebKit/537.36 (KHTML, like Gecko) Chrome/145.0.0.0 Safari/537.36 (compatible; meta-externalagent/1.1 (+https://developers.facebook.com/docs/sharing/webmasters/crawler))"
2a03:2880:f802:41:: - - [09/Sep/2026:07:11:09 -0500] "GET /?l=70939167686 HTTP/1.1" 200 39909 "-" "Mozilla/5.0 (Windows NT 10.0; Win64; x64) AppleWebKit/537.36 (KHTML, like Gecko) Chrome/145.0.0.0 Safari/537.36 (compatible; meta-externalagent/1.1 (+https://developers.facebook.com/docs/sharing/webmasters/crawler))"
74.7.241.42 - - [09/Sep/2026:07:11:09 -0500] "GET /index.php?lokasie=/proc/30972/net/sockstat6&loknya=/proc/30972/net HTTP/1.1" 200 4165 "https://www.artesaniascolombianas.net.co/index.php?loknya=/proc/30972/net" "Mozilla/5.0 AppleWebKit/537.36 (KHTML, like Gecko; compatible; GPTBot/1.4; +https://openai.com/gptbot)"
2a03:2880:f802:13:: - - [09/Sep/2026:07:11:09 -0500] "GET /?b=47659136867 HTTP/1.1" 200 39909 "-" "Mozilla/5.0 (Windows NT 10.0; Win64; x64) AppleWebKit/537.36 (KHTML, like Gecko) Chrome/145.0.0.0 Safari/537.36 (compatible; meta-externalagent/1.1 (+https://developers.facebook.com/docs/sharing/webmasters/crawler))"
74.7.242.34 - - [09/Sep/2026:07:11:09 -0500] "GET /?lokasie=/proc/24096/net/stat/ndisc_cache&loknya=/proc/24096/net/stat HTTP/1.1" 200 4737 "https://artesaniascolombianas.net.co/?loknya=/proc/24096/net/stat" "Mozilla/5.0 AppleWebKit/537.36 (KHTML, like Gecko; compatible; GPTBot/1.4; +https://openai.com/gptbot)"
74.7.241.13 - - [09/Sep/2026:07:11:09 -0500] "GET /?loknya=/sys/class/net/eth0/subsystem/eth0/device/driver/module/drivers/virtio:virtio_net/virtio0/net/eth0/device/net/eth0/subsystem/lo/subsystem/eth0/subsystem/lo/power HTTP/1.1" 200 25334 "https://mail.artesaniascolombianas.net.co/?loknya=/sys/class/net/eth0/subsystem/eth0/device/driver/module/drivers/virtio:virtio_net/virtio0/net/eth0/device/net/eth0/subsystem/lo/subsystem/eth0/subsystem/lo" "Mozilla/5.0 AppleWebKit/537.36 (KHTML, like Gecko; compatible; GPTBot/1.4; +https://openai.com/gptbot)"
74.7.241.42 - - [09/Sep/2026:07:11:09 -0500] "GET /index.php?lokasie=/proc/30987/net/sockstat6&loknya=/proc/30987/net HTTP/1.1" 200 4165 "https://www.artesaniascolombianas.net.co/index.php?loknya=/proc/30987/net" "Mozilla/5.0 AppleWebKit/537.36 (KHTML, like Gecko; compatible; GPTBot/1.4; +https://openai.com/gptbot)"
74.7.241.13 - - [09/Sep/2026:07:11:10 -0500] "GET /?loknya=/sys/class/net/driver/module/drivers/virtio:virtio_net/virtio0/net/net/lo/ HTTP/1.1" 200 6019 "https://mail.artesaniascolombianas.net.co/?loknya=/sys/class/net/subsystem/driver/module/drivers/virtio:virtio_net/virtio0/net/net/subsystem/lo/subsystem/" "Mozilla/5.0 AppleWebKit/537.36 (KHTML, like Gecko; compatible; GPTBot/1.4; +https://openai.com/gptbot)"
74.7.242.34 - - [09/Sep/2026:07:11:10 -0500] "GET /?lokasie=/proc/25035/net/stat/nf_conntrack&loknya=/proc/25035/net/stat HTTP/1.1" 200 4921 "https://artesaniascolombianas.net.co/?loknya=/proc/25035/net/stat" "Mozilla/5.0 AppleWebKit/537.36 (KHTML, like Gecko; compatible; GPTBot/1.4; +https://openai.com/gptbot)"
2a03:2880:f802:20:: - - [09/Sep/2026:07:11:10 -0500] "GET /?l=7093931516 HTTP/1.1" 200 39909 "-" "Mozilla/5.0 (Windows NT 10.0; Win64; x64) AppleWebKit/537.36 (KHTML, like Gecko) Chrome/145.0.0.0 Safari/537.36 (compatible; meta-externalagent/1.1 (+https://developers.facebook.com/docs/sharing/webmasters/crawler))"
74.7.241.42 - - [09/Sep/2026:07:11:10 -0500] "GET /index.php?lokasie=/proc/30972/net/anycast6&loknya=/proc/30972/net HTTP/1.1" 200 4079 "https://www.artesaniascolombianas.net.co/index.php?loknya=/proc/30972/net" "Mozilla/5.0 AppleWebKit/537.36 (KHTML, like Gecko; compatible; GPTBot/1.4; +https://openai.com/gptbot)"
74.7.242.34 - - [09/Sep/2026:07:11:10 -0500] "GET /?lokasie=/proc/20438/net/stat/ndisc_cache&loknya=/proc/20438/net/stat HTTP/1.1" 200 4737 "https://artesaniascolombianas.net.co/?loknya=/proc/20438/net/stat" "Mozilla/5.0 AppleWebKit/537.36 (KHTML, like Gecko; compatible; GPTBot/1.4; +https://openai.com/gptbot)"
2a03:2880:f802:1d:: - - [09/Sep/2026:07:11:10 -0500] "GET /?x=78855106665 HTTP/1.1" 200 39909 "-" "Mozilla/5.0 (Windows NT 10.0; Win64; x64) AppleWebKit/537.36 (KHTML, like Gecko) Chrome/145.0.0.0 Safari/537.36 (compatible; meta-externalagent/1.1 (+https://developers.facebook.com/docs/sharing/webmasters/crawler))"
74.7.241.13 - - [09/Sep/2026:07:11:10 -0500] "GET /?loknya=/sys/class/net/subsystem/driver/module/drivers/virtio:virtio_net/virtio0/net/net/subsystem HTTP/1.1" 200 6202 "https://mail.artesaniascolombianas.net.co/?loknya=/sys/class/net/subsystem/driver/module/drivers/virtio:virtio_net/virtio0/net/net/subsystem/lo/subsystem/" "Mozilla/5.0 AppleWebKit/537.36 (KHTML, like Gecko; compatible; GPTBot/1.4; +https://openai.com/gptbot)"
74.7.241.42 - - [09/Sep/2026:07:11:10 -0500] "GET /index.php?lokasie=/proc/30847/net/anycast6&loknya=/proc/30847/net HTTP/1.1" 200 4079 "https://www.artesaniascolombianas.net.co/index.php?loknya=/proc/30847/net" "Mozilla/5.0 AppleWebKit/537.36 (KHTML, like Gecko; compatible; GPTBot/1.4; +https://openai.com/gptbot)"
2a03:2880:f802:27:: - - [09/Sep/2026:07:11:11 -0500] "GET /?f=65213170303 HTTP/1.1" 200 39909 "-" "Mozilla/5.0 (Windows NT 10.0; Win64; x64) AppleWebKit/537.36 (KHTML, like Gecko) Chrome/145.0.0.0 Safari/537.36 (compatible; meta-externalagent/1.1 (+https://developers.facebook.com/docs/sharing/webmasters/crawler))"
74.7.241.13 - - [09/Sep/2026:07:11:11 -0500] "GET /?loknya=/sys/class/net/subsystem/driver/module/drivers/virtio:virtio_net/virtio0/net/net/subsystem/lo HTTP/1.1" 200 6347 "https://mail.artesaniascolombianas.net.co/?loknya=/sys/class/net/subsystem/driver/module/drivers/virtio:virtio_net/virtio0/net/net/subsystem/lo/subsystem/" "Mozilla/5.0 AppleWebKit/537.36 (KHTML, like Gecko; compatible; GPTBot/1.4; +https://openai.com/gptbot)"
74.7.242.34 - - [09/Sep/2026:07:11:11 -0500] "GET /?lokasie=/proc/24185/net/stat/nf_conntrack&loknya=/proc/24185/net/stat HTTP/1.1" 200 4921 "https://artesaniascolombianas.net.co/?loknya=/proc/24185/net/stat" "Mozilla/5.0 AppleWebKit/537.36 (KHTML, like Gecko; compatible; GPTBot/1.4; +https://openai.com/gptbot)"
74.7.241.42 - - [09/Sep/2026:07:11:11 -0500] "GET /index.php?lokasie=/proc/23714/net/anycast6&loknya=/proc/23714/net HTTP/1.1" 200 4079 "https://www.artesaniascolombianas.net.co/index.php?loknya=/proc/23714/net" "Mozilla/5.0 AppleWebKit/537.36 (KHTML, like Gecko; compatible; GPTBot/1.4; +https://openai.com/gptbot)"
74.7.242.34 - - [09/Sep/2026:07:11:11 -0500] "GET /?lokasie=/proc/24185/net/stat/ndisc_cache&loknya=/proc/24185/net/stat HTTP/1.1" 200 4737 "https://artesaniascolombianas.net.co/?loknya=/proc/24185/net/stat" "Mozilla/5.0 AppleWebKit/537.36 (KHTML, like Gecko; compatible; GPTBot/1.4; +https://openai.com/gptbot)"
74.7.241.13 - - [09/Sep/2026:07:11:11 -0500] "GET /?loknya=/sys/class/net/subsystem/driver/module/drivers/virtio:virtio_net/virtio0/net/net/subsystem/lo/subsystem HTTP/1.1" 200 6486 "https://mail.artesaniascolombianas.net.co/?loknya=/sys/class/net/subsystem/driver/module/drivers/virtio:virtio_net/virtio0/net/net/subsystem/lo/subsystem/" "Mozilla/5.0 AppleWebKit/537.36 (KHTML, like Gecko; compatible; GPTBot/1.4; +https://openai.com/gptbot)"
74.7.241.42 - - [09/Sep/2026:07:11:11 -0500] "GET /index.php?lokasie=/proc/23714/net/sockstat6&loknya=/proc/23714/net HTTP/1.1" 200 4165 "https://www.artesaniascolombianas.net.co/index.php?loknya=/proc/23714/net" "Mozilla/5.0 AppleWebKit/537.36 (KHTML, like Gecko; compatible; GPTBot/1.4; +https://openai.com/gptbot)"
2a03:2880:f802:4:: - - [09/Sep/2026:07:11:11 -0500] "GET /?l=70939281448 HTTP/1.1" 200 39908 "-" "Mozilla/5.0 (Windows NT 10.0; Win64; x64) AppleWebKit/537.36 (KHTML, like Gecko) Chrome/145.0.0.0 Safari/537.36 (compatible; meta-externalagent/1.1 (+https://developers.facebook.com/docs/sharing/webmasters/crawler))"
74.7.241.13 - - [09/Sep/2026:07:11:11 -0500] "GET /?loknya=/sys/class/net/eth0/subsystem/eth0/driver/module/drivers/virtio:virtio_net/virtio0/net/eth0/net/eth0/subsystem/ HTTP/1.1" 200 6720 "https://mail.artesaniascolombianas.net.co/?loknya=/sys/class/net/eth0/subsystem/eth0/driver/module/drivers/virtio:virtio_net/virtio0/net/eth0/net/eth0/subsystem/lo" "Mozilla/5.0 AppleWebKit/537.36 (KHTML, like Gecko; compatible; GPTBot/1.4; +https://openai.com/gptbot)"
74.7.242.34 - - [09/Sep/2026:07:11:11 -0500] "GET /?lokasie=/proc/24343/net/stat/nf_conntrack&loknya=/proc/24343/net/stat HTTP/1.1" 200 4921 "https://artesaniascolombianas.net.co/?loknya=/proc/24343/net/stat" "Mozilla/5.0 AppleWebKit/537.36 (KHTML, like Gecko; compatible; GPTBot/1.4; +https://openai.com/gptbot)"
2a03:2880:f802:1b:: - - [09/Sep/2026:07:11:12 -0500] "GET /?y=25946272151 HTTP/1.1" 200 39909 "-" "Mozilla/5.0 (Macintosh; Intel Mac OS X 10_15_7) AppleWebKit/537.36 (KHTML, like Gecko) Chrome/145.0.0.0 Safari/537.36 (compatible; meta-externalagent/1.1 (+https://developers.facebook.com/docs/sharing/webmasters/crawler))"
74.7.241.42 - - [09/Sep/2026:07:11:12 -0500] "GET /index.php?lokasie=/proc/30847/net/sockstat6&loknya=/proc/30847/net HTTP/1.1" 200 4165 "https://www.artesaniascolombianas.net.co/index.php?loknya=/proc/30847/net" "Mozilla/5.0 AppleWebKit/537.36 (KHTML, like Gecko; compatible; GPTBot/1.4; +https://openai.com/gptbot)"
