74.7.241.13 - - [09/Sep/2026:07:10:37 -0500] "GET /?lokasie=/sys/class/net/eth0/subsystem/eth0/device/driver/module/drivers/virtio:virtio_net/virtio0/net/eth0/device/net/eth0/subsystem/eth0/subsystem/lo/netdev_group&loknya=/sys/class/net/eth0/subsystem/eth0/device/driver/module/drivers/virtio:virtio_net/virtio0/net/eth0/device/net/eth0/subsystem/eth0/subsystem/lo HTTP/1.1" 200 6264 "https://mail.artesaniascolombianas.net.co/?loknya=/sys/class/net/eth0/subsystem/eth0/device/driver/module/drivers/virtio:virtio_net/virtio0/net/eth0/device/net/eth0/subsystem/eth0/subsystem/lo" "Mozilla/5.0 AppleWebKit/537.36 (KHTML, like Gecko; compatible; GPTBot/1.4; +https://openai.com/gptbot)"
74.7.241.42 - - [09/Sep/2026:07:10:37 -0500] "GET /index.php?lokasie=/proc/30847/net/stat/nf_conntrack&loknya=/proc/30847/net/stat HTTP/1.1" 200 4921 "https://www.artesaniascolombianas.net.co/index.php?loknya=/proc/30847/net/stat" "Mozilla/5.0 AppleWebKit/537.36 (KHTML, like Gecko; compatible; GPTBot/1.4; +https://openai.com/gptbot)"
66.249.66.72 - - [09/Sep/2026:07:10:37 -0500] "GET /?r=fof90s3bg4jtat0 HTTP/1.1" 200 39902 "-" "Mozilla/5.0 (Linux; Android 6.0.1; Nexus 5X Build/MMB29P) AppleWebKit/537.36 (KHTML, like Gecko) Chrome/151.0.7922.173 Mobile Safari/537.36 (compatible; Googlebot/2.1; +http://www.google.com/bot.html)"
74.7.242.34 - - [09/Sep/2026:07:10:37 -0500] "GET /?lokasie=/proc/4635/net//ip6_mr_cache&loknya=/proc/4635/net/ HTTP/1.1" 200 4183 "https://artesaniascolombianas.net.co/?loknya=/proc/4635/net/" "Mozilla/5.0 AppleWebKit/537.36 (KHTML, like Gecko; compatible; GPTBot/1.4; +https://openai.com/gptbot)"
74.7.241.13 - - [09/Sep/2026:07:10:37 -0500] "GET /?loknya=/sys/class/net/subsystem/device/driver/module/drivers/virtio:virtio_net/virtio0/net/device/net/subsystem/lo/subsystem/ HTTP/1.1" 200 6809 "https://mail.artesaniascolombianas.net.co/?loknya=/sys/class/net/eth0/subsystem/eth0/device/driver/module/drivers/virtio:virtio_net/virtio0/net/eth0/device/net/eth0/subsystem/lo/subsystem/eth0" "Mozilla/5.0 AppleWebKit/537.36 (KHTML, like Gecko; compatible; GPTBot/1.4; +https://openai.com/gptbot)"
74.7.241.42 - - [09/Sep/2026:07:10:37 -0500] "GET /index.php?lokasie=/proc/24316/net/stat/nf_conntrack&loknya=/proc/24316/net/stat HTTP/1.1" 200 4921 "https://www.artesaniascolombianas.net.co/index.php?loknya=/proc/24316/net/stat" "Mozilla/5.0 AppleWebKit/537.36 (KHTML, like Gecko; compatible; GPTBot/1.4; +https://openai.com/gptbot)"
2a03:2880:f802:2c:: - - [09/Sep/2026:07:10:37 -0500] "GET /?i=36798185590 HTTP/1.1" 200 39909 "-" "Mozilla/5.0 (Macintosh; Intel Mac OS X 10_15_7) AppleWebKit/537.36 (KHTML, like Gecko) Chrome/145.0.0.0 Safari/537.36 (compatible; meta-externalagent/1.1 (+https://developers.facebook.com/docs/sharing/webmasters/crawler))"
2a03:2880:f802:31:: - - [09/Sep/2026:07:10:37 -0500] "GET /?b=47659269345 HTTP/1.1" 200 39909 "-" "Mozilla/5.0 (Windows NT 10.0; Win64; x64) AppleWebKit/537.36 (KHTML, like Gecko) Chrome/145.0.0.0 Safari/537.36 (compatible; meta-externalagent/1.1 (+https://developers.facebook.com/docs/sharing/webmasters/crawler))"
74.7.242.34 - - [09/Sep/2026:07:10:38 -0500] "GET /?lokasie=/proc/1451/net//ip6_mr_cache&loknya=/proc/1451/net/ HTTP/1.1" 200 4183 "https://artesaniascolombianas.net.co/?loknya=/proc/1451/net/" "Mozilla/5.0 AppleWebKit/537.36 (KHTML, like Gecko; compatible; GPTBot/1.4; +https://openai.com/gptbot)"
74.7.241.13 - - [09/Sep/2026:07:10:38 -0500] "GET /?loknya=/sys/class/net/eth0/subsystem/eth0/device/module/s/virtio:virtio_net/virtio0/net/eth0/device/net/eth0/device HTTP/1.1" 200 6794 "https://mail.artesaniascolombianas.net.co/?loknya=/sys/class/net/eth0/subsystem/eth0/device/module/s/virtio:virtio_net/virtio0/net/eth0/device/net/eth0/device/virtio0/" "Mozilla/5.0 AppleWebKit/537.36 (KHTML, like Gecko; compatible; GPTBot/1.4; +https://openai.com/gptbot)"
74.7.241.42 - - [09/Sep/2026:07:10:38 -0500] "GET /index.php?lokasie=/proc/30972/net/stat/ndisc_cache&loknya=/proc/30972/net/stat HTTP/1.1" 200 4737 "https://www.artesaniascolombianas.net.co/index.php?loknya=/proc/30972/net/stat" "Mozilla/5.0 AppleWebKit/537.36 (KHTML, like Gecko; compatible; GPTBot/1.4; +https://openai.com/gptbot)"
2a03:2880:f802:28:: - - [09/Sep/2026:07:10:38 -0500] "GET /?v=858732129 HTTP/1.1" 200 39909 "-" "Mozilla/5.0 (Macintosh; Intel Mac OS X 10_15_7) AppleWebKit/537.36 (KHTML, like Gecko) Chrome/145.0.0.0 Safari/537.36 (compatible; meta-externalagent/1.1 (+https://developers.facebook.com/docs/sharing/webmasters/crawler))"
74.7.241.13 - - [09/Sep/2026:07:10:38 -0500] "GET /?loknya=/sys/class/net/eth0/subsystem/eth0/device/net/eth0/device/subsystem/virtio_net/virtio0/net/eth0/device/driver/ HTTP/1.1" 200 6789 "https://mail.artesaniascolombianas.net.co/?loknya=/sys/class/net/eth0/subsystem/eth0/device/net/eth0/device/subsystem/virtio_net/virtio0/net/eth0/device/driver/module/" "Mozilla/5.0 AppleWebKit/537.36 (KHTML, like Gecko; compatible; GPTBot/1.4; +https://openai.com/gptbot)"
74.7.242.34 - - [09/Sep/2026:07:10:38 -0500] "GET /?lokasie=/proc/1535/net//ip6_mr_cache&loknya=/proc/1535/net/ HTTP/1.1" 200 4183 "https://artesaniascolombianas.net.co/?loknya=/proc/1535/net/" "Mozilla/5.0 AppleWebKit/537.36 (KHTML, like Gecko; compatible; GPTBot/1.4; +https://openai.com/gptbot)"
74.7.241.42 - - [09/Sep/2026:07:10:38 -0500] "GET /index.php?lokasie=/proc/30847/net/ip6_flowlabel&loknya=/proc/30847/net HTTP/1.1" 200 4159 "https://www.artesaniascolombianas.net.co/index.php?loknya=/proc/30847/net" "Mozilla/5.0 AppleWebKit/537.36 (KHTML, like Gecko; compatible; GPTBot/1.4; +https://openai.com/gptbot)"
74.7.242.34 - - [09/Sep/2026:07:10:39 -0500] "GET /?lokasie=/proc/1451/net//ip_mr_vif&loknya=/proc/1451/net/ HTTP/1.1" 200 4148 "https://artesaniascolombianas.net.co/?loknya=/proc/1451/net/" "Mozilla/5.0 AppleWebKit/537.36 (KHTML, like Gecko; compatible; GPTBot/1.4; +https://openai.com/gptbot)"
74.7.241.13 - - [09/Sep/2026:07:10:39 -0500] "GET /?loknya=/sys/class/net/eth0/subsystem/eth0/device/net/eth0/device/subsystem/virtio_net/virtio0/net/eth0/device/driver HTTP/1.1" 200 6787 "https://mail.artesaniascolombianas.net.co/?loknya=/sys/class/net/eth0/subsystem/eth0/device/net/eth0/device/subsystem/virtio_net/virtio0/net/eth0/device/driver/module/" "Mozilla/5.0 AppleWebKit/537.36 (KHTML, like Gecko; compatible; GPTBot/1.4; +https://openai.com/gptbot)"
2a03:2880:f802:16:: - - [09/Sep/2026:07:10:39 -0500] "GET /?i=36798275499 HTTP/1.1" 200 39909 "-" "Mozilla/5.0 (Macintosh; Intel Mac OS X 10_15_7) AppleWebKit/537.36 (KHTML, like Gecko) Chrome/145.0.0.0 Safari/537.36 (compatible; meta-externalagent/1.1 (+https://developers.facebook.com/docs/sharing/webmasters/crawler))"
74.7.241.42 - - [09/Sep/2026:07:10:39 -0500] "GET /index.php?lokasie=/proc/30847/net/softnet_stat&loknya=/proc/30847/net HTTP/1.1" 200 4443 "https://www.artesaniascolombianas.net.co/index.php?loknya=/proc/30847/net" "Mozilla/5.0 AppleWebKit/537.36 (KHTML, like Gecko; compatible; GPTBot/1.4; +https://openai.com/gptbot)"
2a03:2880:f802:42:: - - [09/Sep/2026:07:10:39 -0500] "GET /?b=4765915306 HTTP/1.1" 200 39909 "-" "Mozilla/5.0 (Windows NT 10.0; Win64; x64) AppleWebKit/537.36 (KHTML, like Gecko) Chrome/145.0.0.0 Safari/537.36 Edg/145.0.0.0 (compatible; meta-externalagent/1.1 (+https://developers.facebook.com/docs/sharing/webmasters/crawler))"
74.7.241.13 - - [09/Sep/2026:07:10:39 -0500] "GET /?loknya=/sys/class/net/eth0/subsystem/eth0/device/driver/module/drivers/virtio:virtio_net/virtio0/net/eth0/device/net/eth0/subsystem/lo/queues/ HTTP/1.1" 200 10163 "https://mail.artesaniascolombianas.net.co/?loknya=/sys/class/net/eth0/subsystem/eth0/device/driver/module/drivers/virtio:virtio_net/virtio0/net/eth0/device/net/eth0/subsystem/lo/queues/tx-0" "Mozilla/5.0 AppleWebKit/537.36 (KHTML, like Gecko; compatible; GPTBot/1.4; +https://openai.com/gptbot)"
74.7.242.34 - - [09/Sep/2026:07:10:39 -0500] "GET /?lokasie=/proc/1535/net//ip_mr_vif&loknya=/proc/1535/net/ HTTP/1.1" 200 4148 "https://artesaniascolombianas.net.co/?loknya=/proc/1535/net/" "Mozilla/5.0 AppleWebKit/537.36 (KHTML, like Gecko; compatible; GPTBot/1.4; +https://openai.com/gptbot)"
74.7.241.42 - - [09/Sep/2026:07:10:39 -0500] "GET /index.php?lokasie=/proc/30987/net/softnet_stat&loknya=/proc/30987/net HTTP/1.1" 200 4443 "https://www.artesaniascolombianas.net.co/index.php?loknya=/proc/30987/net" "Mozilla/5.0 AppleWebKit/537.36 (KHTML, like Gecko; compatible; GPTBot/1.4; +https://openai.com/gptbot)"
74.7.242.34 - - [09/Sep/2026:07:10:39 -0500] "GET /?lokasie=/proc/1535/net/rpc/auth.unix.ip/content&loknya=/proc/1535/net/rpc/auth.unix.ip HTTP/1.1" 200 4203 "https://artesaniascolombianas.net.co/?loknya=/proc/1535/net/rpc/auth.unix.ip" "Mozilla/5.0 AppleWebKit/537.36 (KHTML, like Gecko; compatible; GPTBot/1.4; +https://openai.com/gptbot)"
74.7.241.13 - - [09/Sep/2026:07:10:40 -0500] "GET /?loknya=/sys/class/net/eth0/subsystem/eth0/device/driver/module/drivers/virtio:virtio_net/virtio0/net/eth0/device/net/eth0/subsystem/eth0/subsystem/lo/statistics HTTP/1.1" 200 52489 "https://mail.artesaniascolombianas.net.co/?loknya=/sys/class/net/eth0/subsystem/eth0/device/driver/module/drivers/virtio:virtio_net/virtio0/net/eth0/device/net/eth0/subsystem/eth0/subsystem/lo" "Mozilla/5.0 AppleWebKit/537.36 (KHTML, like Gecko; compatible; GPTBot/1.4; +https://openai.com/gptbot)"
2a03:2880:f802:1e:: - - [09/Sep/2026:07:10:40 -0500] "GET /?b=47659204354 HTTP/1.1" 200 39909 "-" "Mozilla/5.0 (Windows NT 10.0; Win64; x64) AppleWebKit/537.36 (KHTML, like Gecko) Chrome/145.0.0.0 Safari/537.36 (compatible; meta-externalagent/1.1 (+https://developers.facebook.com/docs/sharing/webmasters/crawler))"
74.7.241.42 - - [09/Sep/2026:07:10:40 -0500] "GET /index.php?lokasie=/proc/24316/net/psched&loknya=/proc/24316/net HTTP/1.1" 200 4113 "https://www.artesaniascolombianas.net.co/index.php?loknya=/proc/24316/net" "Mozilla/5.0 AppleWebKit/537.36 (KHTML, like Gecko; compatible; GPTBot/1.4; +https://openai.com/gptbot)"
74.7.242.34 - - [09/Sep/2026:07:10:40 -0500] "GET /?lokasie=/proc/1535/net/rpc/auth.unix.ip/channel&loknya=/proc/1535/net/rpc/auth.unix.ip HTTP/1.1" 200 4203 "https://artesaniascolombianas.net.co/?loknya=/proc/1535/net/rpc/auth.unix.ip" "Mozilla/5.0 AppleWebKit/537.36 (KHTML, like Gecko; compatible; GPTBot/1.4; +https://openai.com/gptbot)"
74.7.241.13 - - [09/Sep/2026:07:10:40 -0500] "GET /?loknya=/sys/class/net/eth0/eth0/device/net/eth0/device/virtio1/host2 HTTP/1.1" 200 5868 "https://mail.artesaniascolombianas.net.co/?loknya=/sys/class/net/eth0/eth0/device/net/eth0/device/virtio1/host2/scsi_host/host2/device/" "Mozilla/5.0 AppleWebKit/537.36 (KHTML, like Gecko; compatible; GPTBot/1.4; +https://openai.com/gptbot)"
2a03:2880:f802:4a:: - - [09/Sep/2026:07:10:40 -0500] "GET /?x=7885574275 HTTP/1.1" 200 39909 "-" "Mozilla/5.0 (Windows NT 10.0; Win64; x64) AppleWebKit/537.36 (KHTML, like Gecko) Chrome/145.0.0.0 Safari/537.36 (compatible; meta-externalagent/1.1 (+https://developers.facebook.com/docs/sharing/webmasters/crawler))"
74.7.241.42 - - [09/Sep/2026:07:10:40 -0500] "GET /index.php?lokasie=/proc/30847/net/packet&loknya=/proc/30847/net HTTP/1.1" 200 4201 "https://www.artesaniascolombianas.net.co/index.php?loknya=/proc/30847/net" "Mozilla/5.0 AppleWebKit/537.36 (KHTML, like Gecko; compatible; GPTBot/1.4; +https://openai.com/gptbot)"
74.7.242.34 - - [09/Sep/2026:07:10:40 -0500] "GET /?lokasie=/proc/1535/net/rpc/auth.unix.ip/flush&loknya=/proc/1535/net/rpc/auth.unix.ip HTTP/1.1" 200 4201 "https://artesaniascolombianas.net.co/?loknya=/proc/1535/net/rpc/auth.unix.ip" "Mozilla/5.0 AppleWebKit/537.36 (KHTML, like Gecko; compatible; GPTBot/1.4; +https://openai.com/gptbot)"
74.7.241.13 - - [09/Sep/2026:07:10:41 -0500] "GET /?loknya=/sys/class/net/eth0/eth0/device/net/eth0/device/virtio1/host2/scsi_host/host2 HTTP/1.1" 200 6120 "https://mail.artesaniascolombianas.net.co/?loknya=/sys/class/net/eth0/eth0/device/net/eth0/device/virtio1/host2/scsi_host/host2/device/" "Mozilla/5.0 AppleWebKit/537.36 (KHTML, like Gecko; compatible; GPTBot/1.4; +https://openai.com/gptbot)"
74.7.241.42 - - [09/Sep/2026:07:10:41 -0500] "GET /index.php?lokasie=/proc/30847/net/nf_conntrack&loknya=/proc/30847/net HTTP/1.1" 200 4083 "https://www.artesaniascolombianas.net.co/index.php?loknya=/proc/30847/net" "Mozilla/5.0 AppleWebKit/537.36 (KHTML, like Gecko; compatible; GPTBot/1.4; +https://openai.com/gptbot)"
74.7.242.34 - - [09/Sep/2026:07:10:41 -0500] "GET /?lokasie=/proc/37/io&loknya=/proc/37 HTTP/1.1" 200 4018 "https://artesaniascolombianas.net.co/?loknya=/proc/37" "Mozilla/5.0 AppleWebKit/537.36 (KHTML, like Gecko; compatible; GPTBot/1.4; +https://openai.com/gptbot)"
74.7.241.13 - - [09/Sep/2026:07:10:41 -0500] "GET /?loknya=/sys/class/net/subsystem/device/module/s/virtio:virtio_net/virtio0/net/device/net/ HTTP/1.1" 200 6137 "https://mail.artesaniascolombianas.net.co/?loknya=/sys/class/net/eth0/subsystem/eth0/device/module/s/virtio:virtio_net/virtio0/net/eth0/device/net/eth0" "Mozilla/5.0 AppleWebKit/537.36 (KHTML, like Gecko; compatible; GPTBot/1.4; +https://openai.com/gptbot)"
74.7.241.42 - - [09/Sep/2026:07:10:41 -0500] "GET /index.php?lokasie=/proc/30972/net/psched&loknya=/proc/30972/net HTTP/1.1" 200 4113 "https://www.artesaniascolombianas.net.co/index.php?loknya=/proc/30972/net" "Mozilla/5.0 AppleWebKit/537.36 (KHTML, like Gecko; compatible; GPTBot/1.4; +https://openai.com/gptbot)"
74.7.242.34 - - [09/Sep/2026:07:10:41 -0500] "GET /?lokasie=/proc/35/io&loknya=/proc/35 HTTP/1.1" 200 4018 "https://artesaniascolombianas.net.co/?loknya=/proc/35" "Mozilla/5.0 AppleWebKit/537.36 (KHTML, like Gecko; compatible; GPTBot/1.4; +https://openai.com/gptbot)"
74.7.241.13 - - [09/Sep/2026:07:10:42 -0500] "GET /?loknya=/sys/class/net/eth0/eth0/device/net/eth0/device/virtio1/host2/scsi_host HTTP/1.1" 200 5998 "https://mail.artesaniascolombianas.net.co/?loknya=/sys/class/net/eth0/eth0/device/net/eth0/device/virtio1/host2/scsi_host/host2/device/" "Mozilla/5.0 AppleWebKit/537.36 (KHTML, like Gecko; compatible; GPTBot/1.4; +https://openai.com/gptbot)"
2a03:2880:f802:1d:: - - [09/Sep/2026:07:10:42 -0500] "GET /?b=4765913214 HTTP/1.1" 200 39909 "-" "Mozilla/5.0 (Windows NT 10.0; Win64; x64) AppleWebKit/537.36 (KHTML, like Gecko) Chrome/145.0.0.0 Safari/537.36 (compatible; meta-externalagent/1.1 (+https://developers.facebook.com/docs/sharing/webmasters/crawler))"
74.7.241.42 - - [09/Sep/2026:07:10:42 -0500] "GET /index.php?lokasie=/proc/30987/net/nf_conntrack&loknya=/proc/30987/net HTTP/1.1" 200 4083 "https://www.artesaniascolombianas.net.co/index.php?loknya=/proc/30987/net" "Mozilla/5.0 AppleWebKit/537.36 (KHTML, like Gecko; compatible; GPTBot/1.4; +https://openai.com/gptbot)"
74.7.241.13 - - [09/Sep/2026:07:10:42 -0500] "GET /?loknya=/sys/class/net/eth0/eth0/net/eth0/virtio1/host2/scsi_host/host2/ HTTP/1.1" 200 5872 "https://mail.artesaniascolombianas.net.co/?loknya=/sys/class/net/eth0/eth0/device/net/eth0/device/virtio1/host2/scsi_host/host2/device/" "Mozilla/5.0 AppleWebKit/537.36 (KHTML, like Gecko; compatible; GPTBot/1.4; +https://openai.com/gptbot)"
74.7.242.34 - - [09/Sep/2026:07:10:42 -0500] "GET /?lokasie=/proc/62/io&loknya=/proc/62 HTTP/1.1" 200 4018 "https://artesaniascolombianas.net.co/?loknya=/proc/62" "Mozilla/5.0 AppleWebKit/537.36 (KHTML, like Gecko; compatible; GPTBot/1.4; +https://openai.com/gptbot)"
74.7.241.42 - - [09/Sep/2026:07:10:42 -0500] "GET /index.php?lokasie=/proc/30987/net/netlink&loknya=/proc/30987/net HTTP/1.1" 200 5857 "https://www.artesaniascolombianas.net.co/index.php?loknya=/proc/30987/net" "Mozilla/5.0 AppleWebKit/537.36 (KHTML, like Gecko; compatible; GPTBot/1.4; +https://openai.com/gptbot)"
74.7.241.13 - - [09/Sep/2026:07:10:42 -0500] "GET /?loknya=/sys/class/net/subsystem/device/driver/module/drivers/virtio:virtio_net/virtio0/net/device/net/subsystem/lo HTTP/1.1" 200 6654 "https://mail.artesaniascolombianas.net.co/?loknya=/sys/class/net/subsystem/device/driver/module/drivers/virtio:virtio_net/virtio0/net/device/net/subsystem/lo/subsystem/" "Mozilla/5.0 AppleWebKit/537.36 (KHTML, like Gecko; compatible; GPTBot/1.4; +https://openai.com/gptbot)"
74.7.242.34 - - [09/Sep/2026:07:10:42 -0500] "GET /?lokasie=/proc/47/io&loknya=/proc/47 HTTP/1.1" 200 4018 "https://artesaniascolombianas.net.co/?loknya=/proc/47" "Mozilla/5.0 AppleWebKit/537.36 (KHTML, like Gecko; compatible; GPTBot/1.4; +https://openai.com/gptbot)"
2a03:2880:f802:26:: - - [09/Sep/2026:07:10:43 -0500] "GET /?y=2594617517 HTTP/1.1" 200 39909 "-" "Mozilla/5.0 (Windows NT 10.0; Win64; x64) AppleWebKit/537.36 (KHTML, like Gecko) Chrome/145.0.0.0 Safari/537.36 (compatible; meta-externalagent/1.1 (+https://developers.facebook.com/docs/sharing/webmasters/crawler))"
2a03:2880:f802:e:: - - [09/Sep/2026:07:10:43 -0500] "GET /?b=47659144152 HTTP/1.1" 200 39908 "-" "Mozilla/5.0 (Windows NT 10.0; Win64; x64) AppleWebKit/537.36 (KHTML, like Gecko) Chrome/145.0.0.0 Safari/537.36 (compatible; meta-externalagent/1.1 (+https://developers.facebook.com/docs/sharing/webmasters/crawler))"
74.7.241.42 - - [09/Sep/2026:07:10:43 -0500] "GET /index.php?lokasie=/proc/23714/net/netlink&loknya=/proc/23714/net HTTP/1.1" 200 5857 "https://www.artesaniascolombianas.net.co/index.php?loknya=/proc/23714/net" "Mozilla/5.0 AppleWebKit/537.36 (KHTML, like Gecko; compatible; GPTBot/1.4; +https://openai.com/gptbot)"
74.7.242.34 - - [09/Sep/2026:07:10:43 -0500] "GET /?lokasie=/proc/17/io&loknya=/proc/17 HTTP/1.1" 200 4018 "https://artesaniascolombianas.net.co/?loknya=/proc/17" "Mozilla/5.0 AppleWebKit/537.36 (KHTML, like Gecko; compatible; GPTBot/1.4; +https://openai.com/gptbot)"
74.7.241.13 - - [09/Sep/2026:07:10:43 -0500] "GET /?loknya=/sys/class/net/device/driver/module/drivers/virtio:virtio_net/virtio0/net/device/net/lo/ HTTP/1.1" 200 6292 "https://mail.artesaniascolombianas.net.co/?loknya=/sys/class/net/subsystem/device/driver/module/drivers/virtio:virtio_net/virtio0/net/device/net/subsystem/lo/subsystem/" "Mozilla/5.0 AppleWebKit/537.36 (KHTML, like Gecko; compatible; GPTBot/1.4; +https://openai.com/gptbot)"
103.157.223.56 - - [09/Sep/2026:07:10:43 -0500] "POST /xmlrpc.php HTTP/1.1" 200 39905 "-" "Jetpack by WordPress.com (Jetpack 12.5; WordPress 6.2)"
2a03:2880:f802:3e:: - - [09/Sep/2026:07:10:43 -0500] "GET /?x=78855142904 HTTP/1.1" 200 39909 "-" "Mozilla/5.0 (Windows NT 10.0; Win64; x64) AppleWebKit/537.36 (KHTML, like Gecko) Chrome/145.0.0.0 Safari/537.36 (compatible; meta-externalagent/1.1 (+https://developers.facebook.com/docs/sharing/webmasters/crawler))"
74.7.241.42 - - [09/Sep/2026:07:10:43 -0500] "GET /index.php?lokasie=/proc/24316/net/netstat&loknya=/proc/24316/net HTTP/1.1" 200 6898 "https://www.artesaniascolombianas.net.co/index.php?loknya=/proc/24316/net" "Mozilla/5.0 AppleWebKit/537.36 (KHTML, like Gecko; compatible; GPTBot/1.4; +https://openai.com/gptbot)"
74.7.241.13 - - [09/Sep/2026:07:10:44 -0500] "GET /?loknya=/sys/class/net/subsystem/device/driver/module/drivers/virtio:virtio_net/virtio0/net/device/net/subsystem/lo/subsystem HTTP/1.1" 200 6807 "https://mail.artesaniascolombianas.net.co/?loknya=/sys/class/net/subsystem/device/driver/module/drivers/virtio:virtio_net/virtio0/net/device/net/subsystem/lo/subsystem/" "Mozilla/5.0 AppleWebKit/537.36 (KHTML, like Gecko; compatible; GPTBot/1.4; +https://openai.com/gptbot)"
74.7.242.34 - - [09/Sep/2026:07:10:44 -0500] "GET /?lokasie=/proc/38/io&loknya=/proc/38 HTTP/1.1" 200 4018 "https://artesaniascolombianas.net.co/?loknya=/proc/38" "Mozilla/5.0 AppleWebKit/537.36 (KHTML, like Gecko; compatible; GPTBot/1.4; +https://openai.com/gptbot)"
2a03:2880:f802:26:: - - [09/Sep/2026:07:10:44 -0500] "GET /?i=36798243809 HTTP/1.1" 200 39909 "-" "Mozilla/5.0 (Windows NT 10.0; Win64; x64) AppleWebKit/537.36 (KHTML, like Gecko) Chrome/145.0.0.0 Safari/537.36 (compatible; meta-externalagent/1.1 (+https://developers.facebook.com/docs/sharing/webmasters/crawler))"
74.7.241.42 - - [09/Sep/2026:07:10:44 -0500] "GET /index.php?lokasie=/proc/30987/net/netstat&loknya=/proc/30987/net HTTP/1.1" 200 6898 "https://www.artesaniascolombianas.net.co/index.php?loknya=/proc/30987/net" "Mozilla/5.0 AppleWebKit/537.36 (KHTML, like Gecko; compatible; GPTBot/1.4; +https://openai.com/gptbot)"
74.7.241.13 - - [09/Sep/2026:07:10:44 -0500] "GET /?loknya=/sys/class/net/eth0/eth0/device/net/eth0/device/virtio1/host2/scsi_host/host2/device HTTP/1.1" 200 6246 "https://mail.artesaniascolombianas.net.co/?loknya=/sys/class/net/eth0/eth0/device/net/eth0/device/virtio1/host2/scsi_host/host2/device/" "Mozilla/5.0 AppleWebKit/537.36 (KHTML, like Gecko; compatible; GPTBot/1.4; +https://openai.com/gptbot)"
74.7.242.34 - - [09/Sep/2026:07:10:44 -0500] "GET /?lokasie=/proc/13/io&loknya=/proc/13 HTTP/1.1" 200 4018 "https://artesaniascolombianas.net.co/?loknya=/proc/13" "Mozilla/5.0 AppleWebKit/537.36 (KHTML, like Gecko; compatible; GPTBot/1.4; +https://openai.com/gptbot)"
2a03:2880:f802:f:: - - [09/Sep/2026:07:10:44 -0500] "GET /?v=79451265247 HTTP/1.1" 200 39908 "-" "Mozilla/5.0 (Macintosh; Intel Mac OS X 10_15_7) AppleWebKit/537.36 (KHTML, like Gecko) Chrome/145.0.0.0 Safari/537.36 (compatible; meta-externalagent/1.1 (+https://developers.facebook.com/docs/sharing/webmasters/crawler))"
2a03:2880:f802:2c:: - - [09/Sep/2026:07:10:44 -0500] "GET /?i=3679847355 HTTP/1.1" 200 39909 "-" "Mozilla/5.0 (Windows NT 10.0; Win64; x64) AppleWebKit/537.36 (KHTML, like Gecko) Chrome/145.0.0.0 Safari/537.36 (compatible; meta-externalagent/1.1 (+https://developers.facebook.com/docs/sharing/webmasters/crawler))"
74.7.241.42 - - [09/Sep/2026:07:10:44 -0500] "GET /index.php?lokasie=/proc/30972/net/netlink&loknya=/proc/30972/net HTTP/1.1" 200 5857 "https://www.artesaniascolombianas.net.co/index.php?loknya=/proc/30972/net" "Mozilla/5.0 AppleWebKit/537.36 (KHTML, like Gecko; compatible; GPTBot/1.4; +https://openai.com/gptbot)"
2a03:2880:f802:25:: - - [09/Sep/2026:07:10:44 -0500] "GET /?u=39774213516 HTTP/1.1" 200 39909 "-" "Mozilla/5.0 (Windows NT 10.0; Win64; x64) AppleWebKit/537.36 (KHTML, like Gecko) Chrome/145.0.0.0 Safari/537.36 (compatible; meta-externalagent/1.1 (+https://developers.facebook.com/docs/sharing/webmasters/crawler))"
74.7.241.13 - - [09/Sep/2026:07:10:45 -0500] "GET /?loknya=/sys/class/net/eth0/subsystem/eth0/device/net/eth0/device/subsystem/virtio_net/virtio0/net/eth0/device/ HTTP/1.1" 200 6615 "https://mail.artesaniascolombianas.net.co/?loknya=/sys/class/net/eth0/subsystem/eth0/device/net/eth0/device/subsystem/virtio_net/virtio0/net/eth0/device/driver/" "Mozilla/5.0 AppleWebKit/537.36 (KHTML, like Gecko; compatible; GPTBot/1.4; +https://openai.com/gptbot)"
74.7.242.34 - - [09/Sep/2026:07:10:45 -0500] "GET /?lokasie=/proc/21/io&loknya=/proc/21 HTTP/1.1" 200 4018 "https://artesaniascolombianas.net.co/?loknya=/proc/21" "Mozilla/5.0 AppleWebKit/537.36 (KHTML, like Gecko; compatible; GPTBot/1.4; +https://openai.com/gptbot)"
2a03:2880:f802:30:: - - [09/Sep/2026:07:10:45 -0500] "GET /?f=6521341014 HTTP/1.1" 200 39909 "-" "Mozilla/5.0 (Windows NT 10.0; Win64; x64) AppleWebKit/537.36 (KHTML, like Gecko) Chrome/145.0.0.0 Safari/537.36 (compatible; meta-externalagent/1.1 (+https://developers.facebook.com/docs/sharing/webmasters/crawler))"
74.7.241.42 - - [09/Sep/2026:07:10:45 -0500] "GET /index.php?lokasie=/proc/24316/net/udplite&loknya=/proc/24316/net HTTP/1.1" 200 4209 "https://www.artesaniascolombianas.net.co/index.php?loknya=/proc/24316/net" "Mozilla/5.0 AppleWebKit/537.36 (KHTML, like Gecko; compatible; GPTBot/1.4; +https://openai.com/gptbot)"
74.7.241.13 - - [09/Sep/2026:07:10:45 -0500] "GET /?loknya=/sys/class/net/eth0/subsystem/eth0/device/driver/module/drivers/virtio:virtio_net/virtio0/net/eth0/device/net/eth0/subsystem/eth0/subsystem/lo/ HTTP/1.1" 200 62068 "https://mail.artesaniascolombianas.net.co/?loknya=/sys/class/net/eth0/subsystem/eth0/device/driver/module/drivers/virtio:virtio_net/virtio0/net/eth0/device/net/eth0/subsystem/eth0/subsystem/lo/statistics" "Mozilla/5.0 AppleWebKit/537.36 (KHTML, like Gecko; compatible; GPTBot/1.4; +https://openai.com/gptbot)"
74.7.242.34 - - [09/Sep/2026:07:10:45 -0500] "GET /?lokasie=/proc/31/io&loknya=/proc/31 HTTP/1.1" 200 4018 "https://artesaniascolombianas.net.co/?loknya=/proc/31" "Mozilla/5.0 AppleWebKit/537.36 (KHTML, like Gecko; compatible; GPTBot/1.4; +https://openai.com/gptbot)"
2a03:2880:f802:24:: - - [09/Sep/2026:07:10:45 -0500] "GET /?v=85873126139 HTTP/1.1" 200 39909 "-" "Mozilla/5.0 (Windows NT 10.0; Win64; x64) AppleWebKit/537.36 (KHTML, like Gecko) Chrome/145.0.0.0 Safari/537.36 (compatible; meta-externalagent/1.1 (+https://developers.facebook.com/docs/sharing/webmasters/crawler))"
74.7.241.42 - - [09/Sep/2026:07:10:45 -0500] "GET /index.php?lokasie=/proc/30847/net/netlink&loknya=/proc/30847/net HTTP/1.1" 200 5857 "https://www.artesaniascolombianas.net.co/index.php?loknya=/proc/30847/net" "Mozilla/5.0 AppleWebKit/537.36 (KHTML, like Gecko; compatible; GPTBot/1.4; +https://openai.com/gptbot)"
74.7.242.34 - - [09/Sep/2026:07:10:45 -0500] "GET /?lokasie=/proc/58/io&loknya=/proc/58 HTTP/1.1" 200 4018 "https://artesaniascolombianas.net.co/?loknya=/proc/58" "Mozilla/5.0 AppleWebKit/537.36 (KHTML, like Gecko; compatible; GPTBot/1.4; +https://openai.com/gptbot)"
74.7.241.13 - - [09/Sep/2026:07:10:46 -0500] "GET /?loknya=/sys/class/net/eth0/subsystem/eth0/device/driver/module/drivers/virtio:virtio_net/virtio0/net/eth0/device/net/eth0/subsystem/lo/subsystem/lo/queues HTTP/1.1" 200 10623 "https://mail.artesaniascolombianas.net.co/?loknya=/sys/class/net/eth0/subsystem/eth0/device/driver/module/drivers/virtio:virtio_net/virtio0/net/eth0/device/net/eth0/subsystem/lo/subsystem/lo" "Mozilla/5.0 AppleWebKit/537.36 (KHTML, like Gecko; compatible; GPTBot/1.4; +https://openai.com/gptbot)"
74.7.241.42 - - [09/Sep/2026:07:10:46 -0500] "GET /index.php?lokasie=/proc/23714/net/psched&loknya=/proc/23714/net HTTP/1.1" 200 4113 "https://www.artesaniascolombianas.net.co/index.php?loknya=/proc/23714/net" "Mozilla/5.0 AppleWebKit/537.36 (KHTML, like Gecko; compatible; GPTBot/1.4; +https://openai.com/gptbot)"
74.7.242.34 - - [09/Sep/2026:07:10:46 -0500] "GET /?lokasie=/proc/39/io&loknya=/proc/39 HTTP/1.1" 200 4018 "https://artesaniascolombianas.net.co/?loknya=/proc/39" "Mozilla/5.0 AppleWebKit/537.36 (KHTML, like Gecko; compatible; GPTBot/1.4; +https://openai.com/gptbot)"
74.7.241.13 - - [09/Sep/2026:07:10:46 -0500] "GET /?loknya=/sys/class/net/eth0/eth0/device/net/eth0/device/virtio1/scsi_host/ HTTP/1.1" 200 5886 "https://mail.artesaniascolombianas.net.co/?loknya=/sys/class/net/eth0/eth0/device/net/eth0/device/virtio1/host2/scsi_host/host2" "Mozilla/5.0 AppleWebKit/537.36 (KHTML, like Gecko; compatible; GPTBot/1.4; +https://openai.com/gptbot)"
2a03:2880:f802:e:: - - [09/Sep/2026:07:10:46 -0500] "GET /?f=65213237898 HTTP/1.1" 200 39908 "-" "Mozilla/5.0 (Windows NT 10.0; Win64; x64) AppleWebKit/537.36 (KHTML, like Gecko) Chrome/145.0.0.0 Safari/537.36 (compatible; meta-externalagent/1.1 (+https://developers.facebook.com/docs/sharing/webmasters/crawler))"
2a03:2880:f802:a:: - - [09/Sep/2026:07:10:46 -0500] "GET /?v=85873265230 HTTP/1.1" 200 39908 "-" "Mozilla/5.0 (X11; Linux x86_64) AppleWebKit/537.36 (KHTML, like Gecko) Chrome/145.0.0.0 Safari/537.36 (compatible; meta-externalagent/1.1 (+https://developers.facebook.com/docs/sharing/webmasters/crawler))"
74.7.241.42 - - [09/Sep/2026:07:10:46 -0500] "GET /index.php?lokasie=/proc/24316/net/netlink&loknya=/proc/24316/net HTTP/1.1" 200 5857 "https://www.artesaniascolombianas.net.co/index.php?loknya=/proc/24316/net" "Mozilla/5.0 AppleWebKit/537.36 (KHTML, like Gecko; compatible; GPTBot/1.4; +https://openai.com/gptbot)"
2a03:2880:f802:43:: - - [09/Sep/2026:07:10:46 -0500] "GET /?l=70939106069 HTTP/1.1" 200 39909 "-" "Mozilla/5.0 (Windows NT 10.0; Win64; x64) AppleWebKit/537.36 (KHTML, like Gecko) Chrome/145.0.0.0 Safari/537.36 (compatible; meta-externalagent/1.1 (+https://developers.facebook.com/docs/sharing/webmasters/crawler))"
74.7.242.34 - - [09/Sep/2026:07:10:46 -0500] "GET /?lokasie=/proc/16/io&loknya=/proc/16 HTTP/1.1" 200 4018 "https://artesaniascolombianas.net.co/?loknya=/proc/16" "Mozilla/5.0 AppleWebKit/537.36 (KHTML, like Gecko; compatible; GPTBot/1.4; +https://openai.com/gptbot)"
74.7.241.13 - - [09/Sep/2026:07:10:47 -0500] "GET /?loknya=/sys/class/net/subsystem/device/module/s/virtio:virtio_net/virtio0/net/device/net HTTP/1.1" 200 6135 "https://mail.artesaniascolombianas.net.co/?loknya=/sys/class/net/subsystem/device/module/s/virtio:virtio_net/virtio0/net/device/net/" "Mozilla/5.0 AppleWebKit/537.36 (KHTML, like Gecko; compatible; GPTBot/1.4; +https://openai.com/gptbot)"
2a03:2880:f802:f:: - - [09/Sep/2026:07:10:47 -0500] "GET /?u=39774112343 HTTP/1.1" 200 39908 "-" "Mozilla/5.0 (X11; Linux x86_64) AppleWebKit/537.36 (KHTML, like Gecko) Chrome/145.0.0.0 Safari/537.36 (compatible; meta-externalagent/1.1 (+https://developers.facebook.com/docs/sharing/webmasters/crawler))"
74.7.241.42 - - [09/Sep/2026:07:10:47 -0500] "GET /index.php?lokasie=/proc/30987/net/udplite&loknya=/proc/30987/net HTTP/1.1" 200 4209 "https://www.artesaniascolombianas.net.co/index.php?loknya=/proc/30987/net" "Mozilla/5.0 AppleWebKit/537.36 (KHTML, like Gecko; compatible; GPTBot/1.4; +https://openai.com/gptbot)"
74.7.241.13 - - [09/Sep/2026:07:10:47 -0500] "GET /?loknya=/sys/class/net/eth0/eth0/device/net/eth0/device/virtio1/host2/ HTTP/1.1" 200 5870 "https://mail.artesaniascolombianas.net.co/?loknya=/sys/class/net/eth0/eth0/device/net/eth0/device/virtio1/host2/scsi_host" "Mozilla/5.0 AppleWebKit/537.36 (KHTML, like Gecko; compatible; GPTBot/1.4; +https://openai.com/gptbot)"
74.7.242.34 - - [09/Sep/2026:07:10:47 -0500] "GET /?lokasie=/proc/14/io&loknya=/proc/14 HTTP/1.1" 200 4018 "https://artesaniascolombianas.net.co/?loknya=/proc/14" "Mozilla/5.0 AppleWebKit/537.36 (KHTML, like Gecko; compatible; GPTBot/1.4; +https://openai.com/gptbot)"
74.7.241.42 - - [09/Sep/2026:07:10:47 -0500] "GET /index.php?lokasie=/proc/30987/net/psched&loknya=/proc/30987/net HTTP/1.1" 200 4113 "https://www.artesaniascolombianas.net.co/index.php?loknya=/proc/30987/net" "Mozilla/5.0 AppleWebKit/537.36 (KHTML, like Gecko; compatible; GPTBot/1.4; +https://openai.com/gptbot)"
2a03:2880:f802:21:: - - [09/Sep/2026:07:10:47 -0500] "GET /?y=25946222145 HTTP/1.1" 200 39909 "-" "Mozilla/5.0 (Macintosh; Intel Mac OS X 10_15_7) AppleWebKit/537.36 (KHTML, like Gecko) Chrome/145.0.0.0 Safari/537.36 (compatible; meta-externalagent/1.1 (+https://developers.facebook.com/docs/sharing/webmasters/crawler))"
74.7.241.13 - - [09/Sep/2026:07:10:48 -0500] "GET /?loknya=/sys/class/net/eth0/eth0/net/eth0/virtio1 HTTP/1.1" 200 5550 "https://mail.artesaniascolombianas.net.co/?loknya=/sys/class/net/eth0/eth0/net/eth0/virtio1/host2/scsi_host/host2/" "Mozilla/5.0 AppleWebKit/537.36 (KHTML, like Gecko; compatible; GPTBot/1.4; +https://openai.com/gptbot)"
74.7.242.34 - - [09/Sep/2026:07:10:48 -0500] "GET /?lokasie=/proc/23/io&loknya=/proc/23 HTTP/1.1" 200 4018 "https://artesaniascolombianas.net.co/?loknya=/proc/23" "Mozilla/5.0 AppleWebKit/537.36 (KHTML, like Gecko; compatible; GPTBot/1.4; +https://openai.com/gptbot)"
2a03:2880:f802:30:: - - [09/Sep/2026:07:10:48 -0500] "GET /?i=36798100469 HTTP/1.1" 200 39909 "-" "Mozilla/5.0 (Windows NT 10.0; Win64; x64) AppleWebKit/537.36 (KHTML, like Gecko) Chrome/145.0.0.0 Safari/537.36 (compatible; meta-externalagent/1.1 (+https://developers.facebook.com/docs/sharing/webmasters/crawler))"
74.7.241.42 - - [09/Sep/2026:07:10:48 -0500] "GET /index.php?lokasie=/proc/30972/net/packet&loknya=/proc/30972/net HTTP/1.1" 200 4201 "https://www.artesaniascolombianas.net.co/index.php?loknya=/proc/30972/net" "Mozilla/5.0 AppleWebKit/537.36 (KHTML, like Gecko; compatible; GPTBot/1.4; +https://openai.com/gptbot)"
2a03:2880:f802:48:: - - [09/Sep/2026:07:10:48 -0500] "GET /?l=70939239442 HTTP/1.1" 200 39909 "-" "Mozilla/5.0 (Macintosh; Intel Mac OS X 10_15_7) AppleWebKit/537.36 (KHTML, like Gecko) Chrome/145.0.0.0 Safari/537.36 (compatible; meta-externalagent/1.1 (+https://developers.facebook.com/docs/sharing/webmasters/crawler))"
74.7.241.13 - - [09/Sep/2026:07:10:48 -0500] "GET /?loknya=/sys/class/net/eth0/eth0/net/eth0/virtio1/host2 HTTP/1.1" 200 5646 "https://mail.artesaniascolombianas.net.co/?loknya=/sys/class/net/eth0/eth0/net/eth0/virtio1/host2/scsi_host/host2/" "Mozilla/5.0 AppleWebKit/537.36 (KHTML, like Gecko; compatible; GPTBot/1.4; +https://openai.com/gptbot)"
74.7.242.34 - - [09/Sep/2026:07:10:48 -0500] "GET /?lokasie=/proc/48/io&loknya=/proc/48 HTTP/1.1" 200 4018 "https://artesaniascolombianas.net.co/?loknya=/proc/48" "Mozilla/5.0 AppleWebKit/537.36 (KHTML, like Gecko; compatible; GPTBot/1.4; +https://openai.com/gptbot)"
74.7.241.42 - - [09/Sep/2026:07:10:48 -0500] "GET /index.php?lokasie=/proc/24316/net/softnet_stat&loknya=/proc/24316/net HTTP/1.1" 200 4443 "https://www.artesaniascolombianas.net.co/index.php?loknya=/proc/24316/net" "Mozilla/5.0 AppleWebKit/537.36 (KHTML, like Gecko; compatible; GPTBot/1.4; +https://openai.com/gptbot)"
74.7.241.13 - - [09/Sep/2026:07:10:49 -0500] "GET /?loknya=/sys/class/net/device/driver/module/drivers/virtio:virtio_net/virtio0/net/device/net/lo HTTP/1.1" 200 6290 "https://mail.artesaniascolombianas.net.co/?loknya=/sys/class/net/device/driver/module/drivers/virtio:virtio_net/virtio0/net/device/net/lo/" "Mozilla/5.0 AppleWebKit/537.36 (KHTML, like Gecko; compatible; GPTBot/1.4; +https://openai.com/gptbot)"
74.7.242.34 - - [09/Sep/2026:07:10:48 -0500] "GET /?lokasie=/proc/49/io&loknya=/proc/49 HTTP/1.1" 200 4018 "https://artesaniascolombianas.net.co/?loknya=/proc/49" "Mozilla/5.0 AppleWebKit/537.36 (KHTML, like Gecko; compatible; GPTBot/1.4; +https://openai.com/gptbot)"
2a03:2880:f802:e:: - - [09/Sep/2026:07:10:49 -0500] "GET /?l=70939182091 HTTP/1.1" 200 39908 "-" "Mozilla/5.0 (Windows NT 10.0; Win64; x64) AppleWebKit/537.36 (KHTML, like Gecko) Chrome/145.0.0.0 Safari/537.36 (compatible; meta-externalagent/1.1 (+https://developers.facebook.com/docs/sharing/webmasters/crawler))"
74.7.241.42 - - [09/Sep/2026:07:10:49 -0500] "GET /index.php?lokasie=/proc/30972/net/softnet_stat&loknya=/proc/30972/net HTTP/1.1" 200 4443 "https://www.artesaniascolombianas.net.co/index.php?loknya=/proc/30972/net" "Mozilla/5.0 AppleWebKit/537.36 (KHTML, like Gecko; compatible; GPTBot/1.4; +https://openai.com/gptbot)"
2a03:2880:f802:47:: - - [09/Sep/2026:07:10:49 -0500] "GET /?l=70939110926 HTTP/1.1" 200 39909 "-" "Mozilla/5.0 (Windows NT 10.0; Win64; x64) AppleWebKit/537.36 (KHTML, like Gecko) Chrome/145.0.0.0 Safari/537.36 (compatible; meta-externalagent/1.1 (+https://developers.facebook.com/docs/sharing/webmasters/crawler))"
74.7.242.34 - - [09/Sep/2026:07:10:49 -0500] "GET /?lokasie=/proc/26/io&loknya=/proc/26 HTTP/1.1" 200 4018 "https://artesaniascolombianas.net.co/?loknya=/proc/26" "Mozilla/5.0 AppleWebKit/537.36 (KHTML, like Gecko; compatible; GPTBot/1.4; +https://openai.com/gptbot)"
74.7.241.13 - - [09/Sep/2026:07:10:49 -0500] "GET /?loknya=/sys/class/net/eth0/eth0/net/eth0/virtio1/host2/scsi_host/host2 HTTP/1.1" 200 5870 "https://mail.artesaniascolombianas.net.co/?loknya=/sys/class/net/eth0/eth0/net/eth0/virtio1/host2/scsi_host/host2/" "Mozilla/5.0 AppleWebKit/537.36 (KHTML, like Gecko; compatible; GPTBot/1.4; +https://openai.com/gptbot)"
74.7.241.42 - - [09/Sep/2026:07:10:49 -0500] "GET /index.php?lokasie=/proc/23714/net/nf_conntrack&loknya=/proc/23714/net HTTP/1.1" 200 4083 "https://www.artesaniascolombianas.net.co/index.php?loknya=/proc/23714/net" "Mozilla/5.0 AppleWebKit/537.36 (KHTML, like Gecko; compatible; GPTBot/1.4; +https://openai.com/gptbot)"
2a03:2880:f802:22:: - - [09/Sep/2026:07:10:49 -0500] "GET /?b=47659134684 HTTP/1.1" 200 39909 "-" "Mozilla/5.0 (Windows NT 10.0; Win64; x64) AppleWebKit/537.36 (KHTML, like Gecko) Chrome/145.0.0.0 Safari/537.36 (compatible; meta-externalagent/1.1 (+https://developers.facebook.com/docs/sharing/webmasters/crawler))"
74.7.241.13 - - [09/Sep/2026:07:10:50 -0500] "GET /?loknya=/sys/class/net/eth0/eth0/net/eth0/virtio1/host2/scsi_host HTTP/1.1" 200 5762 "https://mail.artesaniascolombianas.net.co/?loknya=/sys/class/net/eth0/eth0/net/eth0/virtio1/host2/scsi_host/host2/" "Mozilla/5.0 AppleWebKit/537.36 (KHTML, like Gecko; compatible; GPTBot/1.4; +https://openai.com/gptbot)"
74.7.242.34 - - [09/Sep/2026:07:10:50 -0500] "GET /?lokasie=/proc/61/io&loknya=/proc/61 HTTP/1.1" 200 4018 "https://artesaniascolombianas.net.co/?loknya=/proc/61" "Mozilla/5.0 AppleWebKit/537.36 (KHTML, like Gecko; compatible; GPTBot/1.4; +https://openai.com/gptbot)"
74.7.241.42 - - [09/Sep/2026:07:10:50 -0500] "GET /index.php?lokasie=/proc/30847/net/udplite&loknya=/proc/30847/net HTTP/1.1" 200 4209 "https://www.artesaniascolombianas.net.co/index.php?loknya=/proc/30847/net" "Mozilla/5.0 AppleWebKit/537.36 (KHTML, like Gecko; compatible; GPTBot/1.4; +https://openai.com/gptbot)"
74.7.241.13 - - [09/Sep/2026:07:10:50 -0500] "GET /?loknya=/sys/class/net/eth0/eth0/net/eth0/virtio1/scsi_host/ HTTP/1.1" 200 5664 "https://mail.artesaniascolombianas.net.co/?loknya=/sys/class/net/eth0/eth0/net/eth0/virtio1/host2/scsi_host/host2/" "Mozilla/5.0 AppleWebKit/537.36 (KHTML, like Gecko; compatible; GPTBot/1.4; +https://openai.com/gptbot)"
74.7.242.34 - - [09/Sep/2026:07:10:50 -0500] "GET /?lokasie=/proc/24/io&loknya=/proc/24 HTTP/1.1" 200 4018 "https://artesaniascolombianas.net.co/?loknya=/proc/24" "Mozilla/5.0 AppleWebKit/537.36 (KHTML, like Gecko; compatible; GPTBot/1.4; +https://openai.com/gptbot)"
74.7.241.42 - - [09/Sep/2026:07:10:50 -0500] "GET /index.php?lokasie=/proc/23714/net/udplite&loknya=/proc/23714/net HTTP/1.1" 200 4209 "https://www.artesaniascolombianas.net.co/index.php?loknya=/proc/23714/net" "Mozilla/5.0 AppleWebKit/537.36 (KHTML, like Gecko; compatible; GPTBot/1.4; +https://openai.com/gptbot)"
74.7.241.13 - - [09/Sep/2026:07:10:50 -0500] "GET /?loknya=/sys/class/net/eth0/subsystem/eth0/device/driver/module/drivers/virtio:virtio_net/virtio0/net/eth0/device/net/eth0/subsystem/eth0/subsystem/ HTTP/1.1" 200 10209 "https://mail.artesaniascolombianas.net.co/?loknya=/sys/class/net/eth0/subsystem/eth0/device/driver/module/drivers/virtio:virtio_net/virtio0/net/eth0/device/net/eth0/subsystem/eth0/subsystem/lo" "Mozilla/5.0 AppleWebKit/537.36 (KHTML, like Gecko; compatible; GPTBot/1.4; +https://openai.com/gptbot)"
74.7.242.34 - - [09/Sep/2026:07:10:51 -0500] "GET /?lokasie=/proc/30/io&loknya=/proc/30 HTTP/1.1" 200 4018 "https://artesaniascolombianas.net.co/?loknya=/proc/30" "Mozilla/5.0 AppleWebKit/537.36 (KHTML, like Gecko; compatible; GPTBot/1.4; +https://openai.com/gptbot)"
74.7.241.42 - - [09/Sep/2026:07:10:51 -0500] "GET /index.php?lokasie=/proc/30972/net/nf_conntrack&loknya=/proc/30972/net HTTP/1.1" 200 4083 "https://www.artesaniascolombianas.net.co/index.php?loknya=/proc/30972/net" "Mozilla/5.0 AppleWebKit/537.36 (KHTML, like Gecko; compatible; GPTBot/1.4; +https://openai.com/gptbot)"
74.7.241.13 - - [09/Sep/2026:07:10:51 -0500] "GET /?loknya=/sys/class/net/eth0/subsystem/eth0/device/driver/module/drivers/virtio:virtio_net/virtio0/net/eth0/device/net/eth0/subsystem/lo/subsystem/lo/queues/tx-0 HTTP/1.1" 200 16860 "https://mail.artesaniascolombianas.net.co/?loknya=/sys/class/net/eth0/subsystem/eth0/device/driver/module/drivers/virtio:virtio_net/virtio0/net/eth0/device/net/eth0/subsystem/lo/subsystem/lo/queues" "Mozilla/5.0 AppleWebKit/537.36 (KHTML, like Gecko; compatible; GPTBot/1.4; +https://openai.com/gptbot)"
74.7.242.34 - - [09/Sep/2026:07:10:51 -0500] "GET /?lokasie=/proc/76/io&loknya=/proc/76 HTTP/1.1" 200 4018 "https://artesaniascolombianas.net.co/?loknya=/proc/76" "Mozilla/5.0 AppleWebKit/537.36 (KHTML, like Gecko; compatible; GPTBot/1.4; +https://openai.com/gptbot)"
74.7.241.42 - - [09/Sep/2026:07:10:51 -0500] "GET /index.php?lokasie=/proc/24316/net/packet&loknya=/proc/24316/net HTTP/1.1" 200 4201 "https://www.artesaniascolombianas.net.co/index.php?loknya=/proc/24316/net" "Mozilla/5.0 AppleWebKit/537.36 (KHTML, like Gecko; compatible; GPTBot/1.4; +https://openai.com/gptbot)"
74.7.242.34 - - [09/Sep/2026:07:10:51 -0500] "GET /?lokasie=/proc/10/io&loknya=/proc/10 HTTP/1.1" 200 4018 "https://artesaniascolombianas.net.co/?loknya=/proc/10" "Mozilla/5.0 AppleWebKit/537.36 (KHTML, like Gecko; compatible; GPTBot/1.4; +https://openai.com/gptbot)"
74.7.241.13 - - [09/Sep/2026:07:10:51 -0500] "GET /?loknya=/sys/class/net/eth0/eth0/device/net/eth0/device/virtio1/scsi_host HTTP/1.1" 200 5884 "https://mail.artesaniascolombianas.net.co/?loknya=/sys/class/net/eth0/eth0/device/net/eth0/device/virtio1/scsi_host/" "Mozilla/5.0 AppleWebKit/537.36 (KHTML, like Gecko; compatible; GPTBot/1.4; +https://openai.com/gptbot)"
74.7.241.42 - - [09/Sep/2026:07:10:52 -0500] "GET /index.php?lokasie=/proc/30847/net/netstat&loknya=/proc/30847/net HTTP/1.1" 200 6898 "https://www.artesaniascolombianas.net.co/index.php?loknya=/proc/30847/net" "Mozilla/5.0 AppleWebKit/537.36 (KHTML, like Gecko; compatible; GPTBot/1.4; +https://openai.com/gptbot)"
74.7.241.13 - - [09/Sep/2026:07:10:52 -0500] "GET /?loknya=/sys/class/net/eth0/subsystem/eth0/device/driver/module/drivers/virtio:virtio_net/virtio0/net/eth0/device/net/eth0/subsystem/lo/subsystem/lo/queues/rx-0 HTTP/1.1" 200 11676 "https://mail.artesaniascolombianas.net.co/?loknya=/sys/class/net/eth0/subsystem/eth0/device/driver/module/drivers/virtio:virtio_net/virtio0/net/eth0/device/net/eth0/subsystem/lo/subsystem/lo/queues" "Mozilla/5.0 AppleWebKit/537.36 (KHTML, like Gecko; compatible; GPTBot/1.4; +https://openai.com/gptbot)"
74.7.242.34 - - [09/Sep/2026:07:10:52 -0500] "GET /?lokasie=/proc/50/io&loknya=/proc/50 HTTP/1.1" 200 4018 "https://artesaniascolombianas.net.co/?loknya=/proc/50" "Mozilla/5.0 AppleWebKit/537.36 (KHTML, like Gecko; compatible; GPTBot/1.4; +https://openai.com/gptbot)"
74.7.241.42 - - [09/Sep/2026:07:10:52 -0500] "GET /index.php?lokasie=/proc/23714/net/netstat&loknya=/proc/23714/net HTTP/1.1" 200 6898 "https://www.artesaniascolombianas.net.co/index.php?loknya=/proc/23714/net" "Mozilla/5.0 AppleWebKit/537.36 (KHTML, like Gecko; compatible; GPTBot/1.4; +https://openai.com/gptbot)"
74.7.241.13 - - [09/Sep/2026:07:10:52 -0500] "GET /?loknya=/sys/class/net/eth0/subsystem/eth0/device/driver/module/drivers/virtio:virtio_net/virtio0/net/eth0/device/net/eth0/subsystem/lo/subsystem/lo/ HTTP/1.1" 200 61831 "https://mail.artesaniascolombianas.net.co/?loknya=/sys/class/net/eth0/subsystem/eth0/device/driver/module/drivers/virtio:virtio_net/virtio0/net/eth0/device/net/eth0/subsystem/lo/subsystem/lo/queues" "Mozilla/5.0 AppleWebKit/537.36 (KHTML, like Gecko; compatible; GPTBot/1.4; +https://openai.com/gptbot)"
74.7.242.34 - - [09/Sep/2026:07:10:52 -0500] "GET /?lokasie=/proc/19/io&loknya=/proc/19 HTTP/1.1" 200 4018 "https://artesaniascolombianas.net.co/?loknya=/proc/19" "Mozilla/5.0 AppleWebKit/537.36 (KHTML, like Gecko; compatible; GPTBot/1.4; +https://openai.com/gptbot)"
74.7.241.42 - - [09/Sep/2026:07:10:53 -0500] "GET /index.php?lokasie=/proc/30987/net/packet&loknya=/proc/30987/net HTTP/1.1" 200 4201 "https://www.artesaniascolombianas.net.co/index.php?loknya=/proc/30987/net" "Mozilla/5.0 AppleWebKit/537.36 (KHTML, like Gecko; compatible; GPTBot/1.4; +https://openai.com/gptbot)"
74.7.241.13 - - [09/Sep/2026:07:10:53 -0500] "GET /?loknya=/sys/class/net/eth0/subsystem/eth0/device/driver/module/drivers/virtio:virtio_net/virtio0/net/eth0/device/net/eth0/subsystem/lo/subsystem/eth0/device HTTP/1.1" 200 24461 "https://mail.artesaniascolombianas.net.co/?loknya=/sys/class/net/eth0/subsystem/eth0/device/driver/module/drivers/virtio:virtio_net/virtio0/net/eth0/device/net/eth0/subsystem/lo/subsystem/eth0" "Mozilla/5.0 AppleWebKit/537.36 (KHTML, like Gecko; compatible; GPTBot/1.4; +https://openai.com/gptbot)"
2a03:2880:f802:4:: - - [09/Sep/2026:07:10:53 -0500] "GET /?b=47659180310 HTTP/1.1" 200 39908 "-" "Mozilla/5.0 (Windows NT 10.0; Win64; x64) AppleWebKit/537.36 (KHTML, like Gecko) Chrome/145.0.0.0 Safari/537.36 (compatible; meta-externalagent/1.1 (+https://developers.facebook.com/docs/sharing/webmasters/crawler))"
74.7.242.34 - - [09/Sep/2026:07:10:53 -0500] "GET /?lokasie=/proc/60/io&loknya=/proc/60 HTTP/1.1" 200 4018 "https://artesaniascolombianas.net.co/?loknya=/proc/60" "Mozilla/5.0 AppleWebKit/537.36 (KHTML, like Gecko; compatible; GPTBot/1.4; +https://openai.com/gptbot)"
74.7.241.42 - - [09/Sep/2026:07:10:53 -0500] "GET /index.php?lokasie=/proc/30972/net/netstat&loknya=/proc/30972/net HTTP/1.1" 200 6898 "https://www.artesaniascolombianas.net.co/index.php?loknya=/proc/30972/net" "Mozilla/5.0 AppleWebKit/537.36 (KHTML, like Gecko; compatible; GPTBot/1.4; +https://openai.com/gptbot)"
2a03:2880:f802:24:: - - [09/Sep/2026:07:10:53 -0500] "GET /?l=70939119813 HTTP/1.1" 200 39909 "-" "Mozilla/5.0 (Windows NT 10.0; Win64; x64) AppleWebKit/537.36 (KHTML, like Gecko) Chrome/145.0.0.0 Safari/537.36 (compatible; meta-externalagent/1.1 (+https://developers.facebook.com/docs/sharing/webmasters/crawler))"
2a03:2880:f802:9:: - - [09/Sep/2026:07:10:53 -0500] "GET /?l=70939184726 HTTP/1.1" 200 39908 "-" "Mozilla/5.0 (Macintosh; Intel Mac OS X 10_15_7) AppleWebKit/537.36 (KHTML, like Gecko) Chrome/145.0.0.0 Safari/537.36 (compatible; meta-externalagent/1.1 (+https://developers.facebook.com/docs/sharing/webmasters/crawler))"
74.7.241.13 - - [09/Sep/2026:07:10:54 -0500] "GET /?loknya=/sys/class/net/eth0/eth0/net/eth0/virtio1/ HTTP/1.1" 200 5552 "https://mail.artesaniascolombianas.net.co/?loknya=/sys/class/net/eth0/eth0/net/eth0/virtio1/host2" "Mozilla/5.0 AppleWebKit/537.36 (KHTML, like Gecko; compatible; GPTBot/1.4; +https://openai.com/gptbot)"
74.7.242.34 - - [09/Sep/2026:07:10:54 -0500] "GET /?lokasie=/proc/18/io&loknya=/proc/18 HTTP/1.1" 200 4018 "https://artesaniascolombianas.net.co/?loknya=/proc/18" "Mozilla/5.0 AppleWebKit/537.36 (KHTML, like Gecko; compatible; GPTBot/1.4; +https://openai.com/gptbot)"
103.157.223.56 - - [09/Sep/2026:07:10:54 -0500] "POST /xmlrpc.php HTTP/1.1" 200 39905 "-" "WordPress.com; https://wordpress.com"
74.7.241.42 - - [09/Sep/2026:07:10:54 -0500] "GET /index.php?lokasie=/proc/24316/net/nf_conntrack&loknya=/proc/24316/net HTTP/1.1" 200 4083 "https://www.artesaniascolombianas.net.co/index.php?loknya=/proc/24316/net" "Mozilla/5.0 AppleWebKit/537.36 (KHTML, like Gecko; compatible; GPTBot/1.4; +https://openai.com/gptbot)"
2a03:2880:f802:1a:: - - [09/Sep/2026:07:10:54 -0500] "GET /?y=25946202226 HTTP/1.1" 200 39909 "-" "Mozilla/5.0 (Windows NT 10.0; Win64; x64) AppleWebKit/537.36 (KHTML, like Gecko) Chrome/145.0.0.0 Safari/537.36 (compatible; meta-externalagent/1.1 (+https://developers.facebook.com/docs/sharing/webmasters/crawler))"
74.7.242.34 - - [09/Sep/2026:07:10:54 -0500] "GET /?lokasie=/proc/36/io&loknya=/proc/36 HTTP/1.1" 200 4018 "https://artesaniascolombianas.net.co/?loknya=/proc/36" "Mozilla/5.0 AppleWebKit/537.36 (KHTML, like Gecko; compatible; GPTBot/1.4; +https://openai.com/gptbot)"
74.7.241.13 - - [09/Sep/2026:07:10:54 -0500] "GET /?loknya=/sys/class/net/eth0/subsystem/eth0/device/driver/module/drivers/virtio:virtio_net/virtio0/net/eth0/device/net/eth0/subsystem/lo/subsystem/lo/statistics HTTP/1.1" 200 52281 "https://mail.artesaniascolombianas.net.co/?loknya=/sys/class/net/eth0/subsystem/eth0/device/driver/module/drivers/virtio:virtio_net/virtio0/net/eth0/device/net/eth0/subsystem/lo/subsystem/lo" "Mozilla/5.0 AppleWebKit/537.36 (KHTML, like Gecko; compatible; GPTBot/1.4; +https://openai.com/gptbot)"
74.7.241.42 - - [09/Sep/2026:07:10:54 -0500] "GET /index.php?lokasie=/proc/30972/net/udplite&loknya=/proc/30972/net HTTP/1.1" 200 4209 "https://www.artesaniascolombianas.net.co/index.php?loknya=/proc/30972/net" "Mozilla/5.0 AppleWebKit/537.36 (KHTML, like Gecko; compatible; GPTBot/1.4; +https://openai.com/gptbot)"
74.7.241.13 - - [09/Sep/2026:07:10:54 -0500] "GET /?loknya=/sys/class/net/eth0/subsystem/eth0/device/driver/module/drivers/virtio:virtio_net/virtio0/net/eth0/device/net/eth0/subsystem/lo/subsystem/eth0/subsystem HTTP/1.1" 200 10659 "https://mail.artesaniascolombianas.net.co/?loknya=/sys/class/net/eth0/subsystem/eth0/device/driver/module/drivers/virtio:virtio_net/virtio0/net/eth0/device/net/eth0/subsystem/lo/subsystem/eth0" "Mozilla/5.0 AppleWebKit/537.36 (KHTML, like Gecko; compatible; GPTBot/1.4; +https://openai.com/gptbot)"
74.7.242.34 - - [09/Sep/2026:07:10:55 -0500] "GET /?lokasie=/proc/28/io&loknya=/proc/28 HTTP/1.1" 200 4018 "https://artesaniascolombianas.net.co/?loknya=/proc/28" "Mozilla/5.0 AppleWebKit/537.36 (KHTML, like Gecko; compatible; GPTBot/1.4; +https://openai.com/gptbot)"
2a03:2880:f802:e:: - - [09/Sep/2026:07:10:55 -0500] "GET /?x=78855104660 HTTP/1.1" 200 39908 "-" "Mozilla/5.0 (Macintosh; Intel Mac OS X 10.15; rv:147.0) Gecko/20100101 Firefox/147.0 (compatible; meta-externalagent/1.1 (+https://developers.facebook.com/docs/sharing/webmasters/crawler))"
74.7.241.42 - - [09/Sep/2026:07:10:55 -0500] "GET /index.php?lokasie=/proc/23714/net/softnet_stat&loknya=/proc/23714/net HTTP/1.1" 200 4443 "https://www.artesaniascolombianas.net.co/index.php?loknya=/proc/23714/net" "Mozilla/5.0 AppleWebKit/537.36 (KHTML, like Gecko; compatible; GPTBot/1.4; +https://openai.com/gptbot)"
2a03:2880:f802:2c:: - - [09/Sep/2026:07:10:55 -0500] "GET /?v=8587359489 HTTP/1.1" 200 39909 "-" "Mozilla/5.0 (X11; Linux x86_64) AppleWebKit/537.36 (KHTML, like Gecko) Chrome/145.0.0.0 Safari/537.36 (compatible; meta-externalagent/1.1 (+https://developers.facebook.com/docs/sharing/webmasters/crawler))"
74.7.242.34 - - [09/Sep/2026:07:10:55 -0500] "GET /?lokasie=/proc/32/io&loknya=/proc/32 HTTP/1.1" 200 4018 "https://artesaniascolombianas.net.co/?loknya=/proc/32" "Mozilla/5.0 AppleWebKit/537.36 (KHTML, like Gecko; compatible; GPTBot/1.4; +https://openai.com/gptbot)"
