74.7.242.34 - - [09/Sep/2026:07:16:12 -0500] "GET /?lokasie=/proc/597/net/dev&loknya=/proc/597/net HTTP/1.1" 200 4539 "https://artesaniascolombianas.net.co/?loknya=/proc/597/net" "Mozilla/5.0 AppleWebKit/537.36 (KHTML, like Gecko; compatible; GPTBot/1.4; +https://openai.com/gptbot)"
74.7.241.13 - - [09/Sep/2026:07:16:12 -0500] "GET /?loknya=/sys/class/net/eth0/subsystem/eth0/device/subsystem/drivers/virtio_net/virtio0/net/eth0/device/subsystem/devices/virtio2/driver/module/ HTTP/1.1" 200 27015 "https://mail.artesaniascolombianas.net.co/?loknya=/sys/class/net/eth0/subsystem/eth0/device/subsystem/drivers/virtio_net/virtio0/net/eth0/device/subsystem/devices/virtio2/driver/module/notes" "Mozilla/5.0 AppleWebKit/537.36 (KHTML, like Gecko; compatible; GPTBot/1.4; +https://openai.com/gptbot)"
74.7.241.42 - - [09/Sep/2026:07:16:12 -0500] "GET /index.php?lokasie=/usr/share/man/man3/SSL_CTX_set_client_CA_list.3ssl.gz&loknya=/usr/share/man/man3 HTTP/1.1" 200 4152 "https://www.artesaniascolombianas.net.co/index.php?loknya=/usr/share/man/man3" "Mozilla/5.0 AppleWebKit/537.36 (KHTML, like Gecko; compatible; GPTBot/1.4; +https://openai.com/gptbot)"
74.7.241.13 - - [09/Sep/2026:07:16:13 -0500] "GET /?loknya=/sys/class/net/eth0/subsystem/eth0/device/subsystem/drivers/virtio_net/virtio0/net/eth0/device/subsystem/devices/virtio3/driver/module/ HTTP/1.1" 200 28421 "https://mail.artesaniascolombianas.net.co/?loknya=/sys/class/net/eth0/subsystem/eth0/device/subsystem/drivers/virtio_net/virtio0/net/eth0/device/subsystem/devices/virtio3/driver/module/sections" "Mozilla/5.0 AppleWebKit/537.36 (KHTML, like Gecko; compatible; GPTBot/1.4; +https://openai.com/gptbot)"
74.7.242.34 - - [09/Sep/2026:07:16:13 -0500] "GET /?lokasie=/proc/714/net/dev&loknya=/proc/714/net HTTP/1.1" 200 4539 "https://artesaniascolombianas.net.co/?loknya=/proc/714/net" "Mozilla/5.0 AppleWebKit/537.36 (KHTML, like Gecko; compatible; GPTBot/1.4; +https://openai.com/gptbot)"
74.7.241.42 - - [09/Sep/2026:07:16:13 -0500] "GET /index.php?lokasie=/usr/share/man/man3/SSL_use_PrivateKey_file.3ssl.gz&loknya=/usr/share/man/man3 HTTP/1.1" 200 4149 "https://www.artesaniascolombianas.net.co/index.php?loknya=/usr/share/man/man3" "Mozilla/5.0 AppleWebKit/537.36 (KHTML, like Gecko; compatible; GPTBot/1.4; +https://openai.com/gptbot)"
2a03:2880:f802:22:: - - [09/Sep/2026:07:16:13 -0500] "GET /?y=259461978 HTTP/1.1" 200 39909 "-" "Mozilla/5.0 (X11; Linux x86_64) AppleWebKit/537.36 (KHTML, like Gecko) Chrome/145.0.0.0 Safari/537.36 (compatible; meta-externalagent/1.1 (+https://developers.facebook.com/docs/sharing/webmasters/crawler))"
74.7.242.34 - - [09/Sep/2026:07:16:13 -0500] "GET /?lokasie=/proc/586/net/dev&loknya=/proc/586/net HTTP/1.1" 200 4539 "https://artesaniascolombianas.net.co/?loknya=/proc/586/net" "Mozilla/5.0 AppleWebKit/537.36 (KHTML, like Gecko; compatible; GPTBot/1.4; +https://openai.com/gptbot)"
74.7.241.13 - - [09/Sep/2026:07:16:13 -0500] "GET /?loknya=/sys/class/net/eth0/subsystem/eth0/device/subsystem/virtio_net/virtio0/net/eth0/device/subsystem/devices/virtio3/driver/ HTTP/1.1" 200 6903 "https://mail.artesaniascolombianas.net.co/?loknya=/sys/class/net/eth0/subsystem/eth0/device/subsystem/virtio_net/virtio0/net/eth0/device/subsystem/devices/virtio3/driver/module/" "Mozilla/5.0 AppleWebKit/537.36 (KHTML, like Gecko; compatible; GPTBot/1.4; +https://openai.com/gptbot)"
74.7.241.42 - - [09/Sep/2026:07:16:13 -0500] "GET /index.php?lokasie=/usr/share/man/man3/HTTP::Cookies::Microsoft.3pm.gz&loknya=/usr/share/man/man3 HTTP/1.1" 200 4149 "https://www.artesaniascolombianas.net.co/index.php?loknya=/usr/share/man/man3" "Mozilla/5.0 AppleWebKit/537.36 (KHTML, like Gecko; compatible; GPTBot/1.4; +https://openai.com/gptbot)"
2a03:2880:f802:23:: - - [09/Sep/2026:07:16:13 -0500] "GET /?u=39774162771 HTTP/1.1" 200 39909 "-" "Mozilla/5.0 (Windows NT 10.0; Win64; x64) AppleWebKit/537.36 (KHTML, like Gecko) Chrome/145.0.0.0 Safari/537.36 (compatible; meta-externalagent/1.1 (+https://developers.facebook.com/docs/sharing/webmasters/crawler))"
2a03:2880:f802:e:: - - [09/Sep/2026:07:16:13 -0500] "GET /?u=39774264018 HTTP/1.1" 200 39908 "-" "Mozilla/5.0 (Windows NT 10.0; Win64; x64) AppleWebKit/537.36 (KHTML, like Gecko) Chrome/145.0.0.0 Safari/537.36 Edg/145.0.0.0 (compatible; meta-externalagent/1.1 (+https://developers.facebook.com/docs/sharing/webmasters/crawler))"
74.7.241.13 - - [09/Sep/2026:07:16:14 -0500] "GET /?loknya=/sys/class/net/eth0/subsystem/eth0/device/subsystem/virtio_net/virtio0/net/eth0/device/subsystem/devices/virtio3/driver HTTP/1.1" 200 6901 "https://mail.artesaniascolombianas.net.co/?loknya=/sys/class/net/eth0/subsystem/eth0/device/subsystem/virtio_net/virtio0/net/eth0/device/subsystem/devices/virtio3/driver/module/" "Mozilla/5.0 AppleWebKit/537.36 (KHTML, like Gecko; compatible; GPTBot/1.4; +https://openai.com/gptbot)"
74.7.242.34 - - [09/Sep/2026:07:16:14 -0500] "GET /?lokasie=/proc/493/net/dev&loknya=/proc/493/net HTTP/1.1" 200 4539 "https://artesaniascolombianas.net.co/?loknya=/proc/493/net" "Mozilla/5.0 AppleWebKit/537.36 (KHTML, like Gecko; compatible; GPTBot/1.4; +https://openai.com/gptbot)"
2a03:2880:f802:d:: - - [09/Sep/2026:07:16:14 -0500] "GET /?v=79451115923 HTTP/1.1" 200 39908 "-" "Mozilla/5.0 (Windows NT 10.0; Win64; x64) AppleWebKit/537.36 (KHTML, like Gecko) Chrome/145.0.0.0 Safari/537.36 (compatible; meta-externalagent/1.1 (+https://developers.facebook.com/docs/sharing/webmasters/crawler))"
2a03:2880:f802:3b:: - - [09/Sep/2026:07:16:14 -0500] "GET /?y=25946163984 HTTP/1.1" 200 39909 "-" "Mozilla/5.0 (Windows NT 10.0; Win64; x64) AppleWebKit/537.36 (KHTML, like Gecko) Chrome/145.0.0.0 Safari/537.36 (compatible; meta-externalagent/1.1 (+https://developers.facebook.com/docs/sharing/webmasters/crawler))"
74.7.241.42 - - [09/Sep/2026:07:16:14 -0500] "GET /index.php?lokasie=/usr/share/man/man3/Locale::Codes::Country_Retired.3pm.gz&loknya=/usr/share/man/man3 HTTP/1.1" 200 4155 "https://www.artesaniascolombianas.net.co/index.php?loknya=/usr/share/man/man3" "Mozilla/5.0 AppleWebKit/537.36 (KHTML, like Gecko; compatible; GPTBot/1.4; +https://openai.com/gptbot)"
74.7.241.13 - - [09/Sep/2026:07:16:14 -0500] "GET /?loknya=/sys/class/net/eth0/subsystem/eth0/device/subsystem/s/virtio_net/virtio0/net/eth0/device/subsystem/devices/virtio1/virtio1/ HTTP/1.1" 200 7002 "https://mail.artesaniascolombianas.net.co/?loknya=/sys/class/net/eth0/subsystem/eth0/device/subsystem/drivers/virtio_net/virtio0/net/eth0/device/subsystem/devices/virtio1/driver/virtio1/driver" "Mozilla/5.0 AppleWebKit/537.36 (KHTML, like Gecko; compatible; GPTBot/1.4; +https://openai.com/gptbot)"
74.7.242.34 - - [09/Sep/2026:07:16:14 -0500] "GET /?lokasie=/proc/22424/net/stat/ndisc_cache&loknya=/proc/22424/net/stat HTTP/1.1" 200 4737 "https://artesaniascolombianas.net.co/?loknya=/proc/22424/net/stat" "Mozilla/5.0 AppleWebKit/537.36 (KHTML, like Gecko; compatible; GPTBot/1.4; +https://openai.com/gptbot)"
74.7.241.42 - - [09/Sep/2026:07:16:14 -0500] "GET /index.php?lokasie=/usr/share/man/man3/DateTime::Locale::uz_Cyrl.3pm.gz&loknya=/usr/share/man/man3 HTTP/1.1" 200 4150 "https://www.artesaniascolombianas.net.co/index.php?loknya=/usr/share/man/man3" "Mozilla/5.0 AppleWebKit/537.36 (KHTML, like Gecko; compatible; GPTBot/1.4; +https://openai.com/gptbot)"
74.7.241.13 - - [09/Sep/2026:07:16:15 -0500] "GET /?loknya=/sys/class/net/eth0/subsystem/eth0/device/subsystem/virtio_net/virtio0/net/eth0/device/subsystem/devices/virtio3/driver/module HTTP/1.1" 200 7078 "https://mail.artesaniascolombianas.net.co/?loknya=/sys/class/net/eth0/subsystem/eth0/device/subsystem/virtio_net/virtio0/net/eth0/device/subsystem/devices/virtio3/driver/module/" "Mozilla/5.0 AppleWebKit/537.36 (KHTML, like Gecko; compatible; GPTBot/1.4; +https://openai.com/gptbot)"
74.7.242.34 - - [09/Sep/2026:07:16:15 -0500] "GET /?lokasie=/proc/22424/net/stat/nf_conntrack&loknya=/proc/22424/net/stat HTTP/1.1" 200 4921 "https://artesaniascolombianas.net.co/?loknya=/proc/22424/net/stat" "Mozilla/5.0 AppleWebKit/537.36 (KHTML, like Gecko; compatible; GPTBot/1.4; +https://openai.com/gptbot)"
74.7.241.42 - - [09/Sep/2026:07:16:15 -0500] "GET /index.php?lokasie=/usr/share/man/man3/DateTime::TimeZone::OffsetOnly.3pm.gz&loknya=/usr/share/man/man3 HTTP/1.1" 200 4155 "https://www.artesaniascolombianas.net.co/index.php?loknya=/usr/share/man/man3" "Mozilla/5.0 AppleWebKit/537.36 (KHTML, like Gecko; compatible; GPTBot/1.4; +https://openai.com/gptbot)"
74.7.242.34 - - [09/Sep/2026:07:16:15 -0500] "GET /?lokasie=/proc/22424/net/stat/rt_cache&loknya=/proc/22424/net/stat HTTP/1.1" 200 4961 "https://artesaniascolombianas.net.co/?loknya=/proc/22424/net/stat" "Mozilla/5.0 AppleWebKit/537.36 (KHTML, like Gecko; compatible; GPTBot/1.4; +https://openai.com/gptbot)"
74.7.241.13 - - [09/Sep/2026:07:16:15 -0500] "GET /?loknya=/sys/class/net/eth0/subsystem/eth0/device/subsystem/drivers/virtio_net/virtio0/net/eth0/device/subsystem/devices/virtio1/driver/virtio1/driver/module HTTP/1.1" 200 28031 "https://mail.artesaniascolombianas.net.co/?loknya=/sys/class/net/eth0/subsystem/eth0/device/subsystem/drivers/virtio_net/virtio0/net/eth0/device/subsystem/devices/virtio1/driver/virtio1/driver" "Mozilla/5.0 AppleWebKit/537.36 (KHTML, like Gecko; compatible; GPTBot/1.4; +https://openai.com/gptbot)"
74.7.241.42 - - [09/Sep/2026:07:16:15 -0500] "GET /index.php?lokasie=/usr/share/man/man3/SSL_SESSION_set_ex_data.3ssl.gz&loknya=/usr/share/man/man3 HTTP/1.1" 200 4149 "https://www.artesaniascolombianas.net.co/index.php?loknya=/usr/share/man/man3" "Mozilla/5.0 AppleWebKit/537.36 (KHTML, like Gecko; compatible; GPTBot/1.4; +https://openai.com/gptbot)"
2a03:2880:f802:1e:: - - [09/Sep/2026:07:16:15 -0500] "GET /?f=65213211389 HTTP/1.1" 200 39909 "-" "Mozilla/5.0 (Windows NT 10.0; Win64; x64) AppleWebKit/537.36 (KHTML, like Gecko) Chrome/145.0.0.0 Safari/537.36 (compatible; meta-externalagent/1.1 (+https://developers.facebook.com/docs/sharing/webmasters/crawler))"
74.7.242.34 - - [09/Sep/2026:07:16:16 -0500] "GET /?lokasie=/proc/22424/net/stat/arp_cache&loknya=/proc/22424/net/stat HTTP/1.1" 200 4737 "https://artesaniascolombianas.net.co/?loknya=/proc/22424/net/stat" "Mozilla/5.0 AppleWebKit/537.36 (KHTML, like Gecko; compatible; GPTBot/1.4; +https://openai.com/gptbot)"
74.7.241.13 - - [09/Sep/2026:07:16:16 -0500] "GET /?loknya=/sys/class/net/eth0/subsystem/eth0/device/subsystem/virtio_net/virtio0/net/eth0/device/subsystem/devices/virtio2/driver/module/ HTTP/1.1" 200 7080 "https://mail.artesaniascolombianas.net.co/?loknya=/sys/class/net/eth0/subsystem/eth0/device/subsystem/drivers/virtio_net/virtio0/net/eth0/device/subsystem/devices/virtio2/driver/module/drivers" "Mozilla/5.0 AppleWebKit/537.36 (KHTML, like Gecko; compatible; GPTBot/1.4; +https://openai.com/gptbot)"
74.7.241.42 - - [09/Sep/2026:07:16:16 -0500] "GET /index.php?lokasie=/usr/share/man/man3/SSL_SESSION_get_timeout.3ssl.gz&loknya=/usr/share/man/man3 HTTP/1.1" 200 4149 "https://www.artesaniascolombianas.net.co/index.php?loknya=/usr/share/man/man3" "Mozilla/5.0 AppleWebKit/537.36 (KHTML, like Gecko; compatible; GPTBot/1.4; +https://openai.com/gptbot)"
2a03:2880:f802:20:: - - [09/Sep/2026:07:16:16 -0500] "GET /?v=7945193300 HTTP/1.1" 200 39909 "-" "Mozilla/5.0 (Macintosh; Intel Mac OS X 10_15_7) AppleWebKit/537.36 (KHTML, like Gecko) Chrome/145.0.0.0 Safari/537.36 (compatible; meta-externalagent/1.1 (+https://developers.facebook.com/docs/sharing/webmasters/crawler))"
2a03:2880:f802:1b:: - - [09/Sep/2026:07:16:16 -0500] "GET /?v=8587330930 HTTP/1.1" 200 39909 "-" "Mozilla/5.0 (Windows NT 10.0; Win64; x64) AppleWebKit/537.36 (KHTML, like Gecko) Chrome/145.0.0.0 Safari/537.36 (compatible; meta-externalagent/1.1 (+https://developers.facebook.com/docs/sharing/webmasters/crawler))"
74.7.241.13 - - [09/Sep/2026:07:16:16 -0500] "GET /?loknya=/sys/class/net/eth0/subsystem/eth0/device/subsystem/drivers/virtio_net/virtio0/net/eth0/device/subsystem/devices/virtio2/driver/module/drivers/virtio:virtio_console HTTP/1.1" 200 16373 "https://mail.artesaniascolombianas.net.co/?loknya=/sys/class/net/eth0/subsystem/eth0/device/subsystem/drivers/virtio_net/virtio0/net/eth0/device/subsystem/devices/virtio2/driver/module/drivers" "Mozilla/5.0 AppleWebKit/537.36 (KHTML, like Gecko; compatible; GPTBot/1.4; +https://openai.com/gptbot)"
74.7.242.34 - - [09/Sep/2026:07:16:16 -0500] "GET /?lokasie=/proc/256/net/dev&loknya=/proc/256/net HTTP/1.1" 200 4539 "https://artesaniascolombianas.net.co/?loknya=/proc/256/net" "Mozilla/5.0 AppleWebKit/537.36 (KHTML, like Gecko; compatible; GPTBot/1.4; +https://openai.com/gptbot)"
2a03:2880:f802:1a:: - - [09/Sep/2026:07:16:16 -0500] "GET /?x=78855183278 HTTP/1.1" 200 39909 "-" "Mozilla/5.0 (Macintosh; Intel Mac OS X 10_15_7) AppleWebKit/537.36 (KHTML, like Gecko) Chrome/145.0.0.0 Safari/537.36 (compatible; meta-externalagent/1.1 (+https://developers.facebook.com/docs/sharing/webmasters/crawler))"
74.7.241.42 - - [09/Sep/2026:07:16:16 -0500] "GET /index.php?lokasie=/usr/share/man/man3/PEM_write_bio_CMS_stream.3ssl.gz&loknya=/usr/share/man/man3 HTTP/1.1" 200 4150 "https://www.artesaniascolombianas.net.co/index.php?loknya=/usr/share/man/man3" "Mozilla/5.0 AppleWebKit/537.36 (KHTML, like Gecko; compatible; GPTBot/1.4; +https://openai.com/gptbot)"
74.7.242.34 - - [09/Sep/2026:07:16:16 -0500] "GET /?lokasie=/proc/614/net/dev&loknya=/proc/614/net HTTP/1.1" 200 4539 "https://artesaniascolombianas.net.co/?loknya=/proc/614/net" "Mozilla/5.0 AppleWebKit/537.36 (KHTML, like Gecko; compatible; GPTBot/1.4; +https://openai.com/gptbot)"
74.7.241.13 - - [09/Sep/2026:07:16:17 -0500] "GET /?loknya=/sys/class/net/eth0/subsystem/eth0/device/subsystem/s/virtio_net/virtio0/net/eth0/device/subsystem/devices/virtio3/virtio3/ HTTP/1.1" 200 7002 "https://mail.artesaniascolombianas.net.co/?loknya=/sys/class/net/eth0/subsystem/eth0/device/subsystem/drivers/virtio_net/virtio0/net/eth0/device/subsystem/devices/virtio3/driver/virtio3/driver" "Mozilla/5.0 AppleWebKit/537.36 (KHTML, like Gecko; compatible; GPTBot/1.4; +https://openai.com/gptbot)"
74.7.241.42 - - [09/Sep/2026:07:16:17 -0500] "GET /index.php?lokasie=/usr/share/man/man8/start-stop-daemon.8.gz&loknya=/usr/share/man/man8 HTTP/1.1" 200 4140 "https://www.artesaniascolombianas.net.co/index.php?loknya=/usr/share/man/man8" "Mozilla/5.0 AppleWebKit/537.36 (KHTML, like Gecko; compatible; GPTBot/1.4; +https://openai.com/gptbot)"
2a03:2880:f802:3b:: - - [09/Sep/2026:07:16:17 -0500] "GET /?i=36798236672 HTTP/1.1" 200 39909 "-" "Mozilla/5.0 (Windows NT 10.0; Win64; x64) AppleWebKit/537.36 (KHTML, like Gecko) Chrome/145.0.0.0 Safari/537.36 Edg/145.0.0.0 (compatible; meta-externalagent/1.1 (+https://developers.facebook.com/docs/sharing/webmasters/crawler))"
74.7.241.13 - - [09/Sep/2026:07:16:17 -0500] "GET /?loknya=/sys/class/net/eth0/subsystem/eth0/device/subsystem/drivers/virtio_net/virtio0/net/eth0/device/subsystem/devices/virtio3/driver/virtio3/driver/module HTTP/1.1" 200 29480 "https://mail.artesaniascolombianas.net.co/?loknya=/sys/class/net/eth0/subsystem/eth0/device/subsystem/drivers/virtio_net/virtio0/net/eth0/device/subsystem/devices/virtio3/driver/virtio3/driver" "Mozilla/5.0 AppleWebKit/537.36 (KHTML, like Gecko; compatible; GPTBot/1.4; +https://openai.com/gptbot)"
74.7.242.34 - - [09/Sep/2026:07:16:17 -0500] "GET /?lokasie=/proc/259/net/dev&loknya=/proc/259/net HTTP/1.1" 200 4539 "https://artesaniascolombianas.net.co/?loknya=/proc/259/net" "Mozilla/5.0 AppleWebKit/537.36 (KHTML, like Gecko; compatible; GPTBot/1.4; +https://openai.com/gptbot)"
74.7.241.42 - - [09/Sep/2026:07:16:17 -0500] "GET /index.php?loknya=/usr/share/doc/cpanel-php81-xml-rpc-1.5.5 HTTP/1.1" 200 6696 "https://www.artesaniascolombianas.net.co/index.php?loknya=/usr/share/doc" "Mozilla/5.0 AppleWebKit/537.36 (KHTML, like Gecko; compatible; GPTBot/1.4; +https://openai.com/gptbot)"
2a03:2880:f802:e:: - - [09/Sep/2026:07:16:17 -0500] "GET /?x=78855149423 HTTP/1.1" 200 39908 "-" "Mozilla/5.0 (Windows NT 10.0; Win64; x64) AppleWebKit/537.36 (KHTML, like Gecko) Chrome/145.0.0.0 Safari/537.36 (compatible; meta-externalagent/1.1 (+https://developers.facebook.com/docs/sharing/webmasters/crawler))"
74.7.241.13 - - [09/Sep/2026:07:16:18 -0500] "GET /?loknya=/sys/class/net/eth0/subsystem/eth0/device/subsystem/drivers/virtio_net/virtio0/net/eth0/device/subsystem/devices/virtio3/driver/module/notes HTTP/1.1" 200 9275 "https://mail.artesaniascolombianas.net.co/?loknya=/sys/class/net/eth0/subsystem/eth0/device/subsystem/drivers/virtio_net/virtio0/net/eth0/device/subsystem/devices/virtio3/driver/module" "Mozilla/5.0 AppleWebKit/537.36 (KHTML, like Gecko; compatible; GPTBot/1.4; +https://openai.com/gptbot)"
74.7.242.34 - - [09/Sep/2026:07:16:18 -0500] "GET /?lokasie=/proc/495/net/dev&loknya=/proc/495/net HTTP/1.1" 200 4539 "https://artesaniascolombianas.net.co/?loknya=/proc/495/net" "Mozilla/5.0 AppleWebKit/537.36 (KHTML, like Gecko; compatible; GPTBot/1.4; +https://openai.com/gptbot)"
74.7.241.42 - - [09/Sep/2026:07:16:18 -0500] "GET /index.php?loknya=/usr/share/doc/cpanel-php81-xml-parser-1.3.8 HTTP/1.1" 200 6444 "https://www.artesaniascolombianas.net.co/index.php?loknya=/usr/share/doc" "Mozilla/5.0 AppleWebKit/537.36 (KHTML, like Gecko; compatible; GPTBot/1.4; +https://openai.com/gptbot)"
2a03:2880:f802:21:: - - [09/Sep/2026:07:16:18 -0500] "GET /?l=7093955525 HTTP/1.1" 200 39909 "-" "Mozilla/5.0 (Macintosh; Intel Mac OS X 10_15_7) AppleWebKit/537.36 (KHTML, like Gecko) Chrome/145.0.0.0 Safari/537.36 (compatible; meta-externalagent/1.1 (+https://developers.facebook.com/docs/sharing/webmasters/crawler))"
74.7.242.34 - - [09/Sep/2026:07:16:18 -0500] "GET /?lokasie=/proc/709/net/dev&loknya=/proc/709/net HTTP/1.1" 200 4539 "https://artesaniascolombianas.net.co/?loknya=/proc/709/net" "Mozilla/5.0 AppleWebKit/537.36 (KHTML, like Gecko; compatible; GPTBot/1.4; +https://openai.com/gptbot)"
74.7.241.13 - - [09/Sep/2026:07:16:18 -0500] "GET /?loknya=/sys/class/net/eth0/subsystem/eth0/device/subsystem/drivers/virtio_net/virtio0/net/eth0/device/subsystem/devices/virtio3/driver/module/holders HTTP/1.1" 200 7448 "https://mail.artesaniascolombianas.net.co/?loknya=/sys/class/net/eth0/subsystem/eth0/device/subsystem/drivers/virtio_net/virtio0/net/eth0/device/subsystem/devices/virtio3/driver/module" "Mozilla/5.0 AppleWebKit/537.36 (KHTML, like Gecko; compatible; GPTBot/1.4; +https://openai.com/gptbot)"
74.7.241.42 - - [09/Sep/2026:07:16:18 -0500] "GET /index.php?lokasie=/usr/share/man/man3/stringprep_unichar_to_utf8.3.gz&loknya=/usr/share/man/man3 HTTP/1.1" 200 4149 "https://www.artesaniascolombianas.net.co/index.php?loknya=/usr/share/man/man3" "Mozilla/5.0 AppleWebKit/537.36 (KHTML, like Gecko; compatible; GPTBot/1.4; +https://openai.com/gptbot)"
74.7.242.34 - - [09/Sep/2026:07:16:18 -0500] "GET /?loknya=/sys/bus/node HTTP/1.1" 200 11161 "https://artesaniascolombianas.net.co/?loknya=/sys/bus" "Mozilla/5.0 AppleWebKit/537.36 (KHTML, like Gecko; compatible; GPTBot/1.4; +https://openai.com/gptbot)"
74.7.241.13 - - [09/Sep/2026:07:16:19 -0500] "GET /?loknya=/sys/class/net/eth0/subsystem/eth0/device/subsystem/virtio_net/virtio0/net/eth0/device/subsystem/devices/virtio3/ HTTP/1.1" 200 6732 "https://mail.artesaniascolombianas.net.co/?loknya=/sys/class/net/eth0/subsystem/eth0/device/subsystem/virtio_net/virtio0/net/eth0/device/subsystem/devices/virtio3/driver/" "Mozilla/5.0 AppleWebKit/537.36 (KHTML, like Gecko; compatible; GPTBot/1.4; +https://openai.com/gptbot)"
74.7.241.42 - - [09/Sep/2026:07:16:19 -0500] "GET /index.php?lokasie=/usr/share/man/man8/lvm2-activation-generator.8.gz&loknya=/usr/share/man/man8 HTTP/1.1" 200 4148 "https://www.artesaniascolombianas.net.co/index.php?loknya=/usr/share/man/man8" "Mozilla/5.0 AppleWebKit/537.36 (KHTML, like Gecko; compatible; GPTBot/1.4; +https://openai.com/gptbot)"
2a03:2880:f802:2d:: - - [09/Sep/2026:07:16:19 -0500] "GET /?f=6521325385 HTTP/1.1" 200 39909 "-" "Mozilla/5.0 (Macintosh; Intel Mac OS X 10_15_7) AppleWebKit/537.36 (KHTML, like Gecko) Chrome/145.0.0.0 Safari/537.36 (compatible; meta-externalagent/1.1 (+https://developers.facebook.com/docs/sharing/webmasters/crawler))"
74.7.241.13 - - [09/Sep/2026:07:16:19 -0500] "GET /?loknya=/sys/class/net/eth0/subsystem/eth0/device/subsystem/drivers/virtio_net/virtio0/net/eth0/device/subsystem/devices/virtio1/driver/virtio1/subsystem HTTP/1.1" 200 15833 "https://mail.artesaniascolombianas.net.co/?loknya=/sys/class/net/eth0/subsystem/eth0/device/subsystem/drivers/virtio_net/virtio0/net/eth0/device/subsystem/devices/virtio1/driver/virtio1" "Mozilla/5.0 AppleWebKit/537.36 (KHTML, like Gecko; compatible; GPTBot/1.4; +https://openai.com/gptbot)"
74.7.242.34 - - [09/Sep/2026:07:16:19 -0500] "GET /?lokasie=/proc/76/comm&loknya=/proc/76 HTTP/1.1" 200 4028 "https://artesaniascolombianas.net.co/?loknya=/proc/76" "Mozilla/5.0 AppleWebKit/537.36 (KHTML, like Gecko; compatible; GPTBot/1.4; +https://openai.com/gptbot)"
74.7.241.42 - - [09/Sep/2026:07:16:19 -0500] "GET /index.php?lokasie=/usr/share/man/man3/pcre32_pattern_to_host_byte_order.3.gz&loknya=/usr/share/man/man3 HTTP/1.1" 200 4156 "https://www.artesaniascolombianas.net.co/index.php?loknya=/usr/share/man/man3" "Mozilla/5.0 AppleWebKit/537.36 (KHTML, like Gecko; compatible; GPTBot/1.4; +https://openai.com/gptbot)"
2a03:2880:f802:2d:: - - [09/Sep/2026:07:16:19 -0500] "GET /?x=7885546623 HTTP/1.1" 200 39909 "-" "Mozilla/5.0 (Windows NT 10.0; Win64; x64) AppleWebKit/537.36 (KHTML, like Gecko) Chrome/145.0.0.0 Safari/537.36 (compatible; meta-externalagent/1.1 (+https://developers.facebook.com/docs/sharing/webmasters/crawler))"
74.7.241.13 - - [09/Sep/2026:07:16:20 -0500] "GET /?loknya=/sys/class/net/eth0/subsystem/eth0/device/subsystem/s/virtio_net/virtio0/net/eth0/device/subsystem/devices// HTTP/1.1" 200 6666 "https://mail.artesaniascolombianas.net.co/?loknya=/sys/class/net/eth0/subsystem/eth0/device/subsystem/s/virtio_net/virtio0/net/eth0/device/subsystem/devices/virtio1/virtio1/" "Mozilla/5.0 AppleWebKit/537.36 (KHTML, like Gecko; compatible; GPTBot/1.4; +https://openai.com/gptbot)"
74.7.242.34 - - [09/Sep/2026:07:16:20 -0500] "GET /?lokasie=/proc/58/smaps&loknya=/proc/58 HTTP/1.1" 200 4021 "https://artesaniascolombianas.net.co/?loknya=/proc/58" "Mozilla/5.0 AppleWebKit/537.36 (KHTML, like Gecko; compatible; GPTBot/1.4; +https://openai.com/gptbot)"
2a03:2880:f802:a:: - - [09/Sep/2026:07:16:20 -0500] "GET /?i=3679849494 HTTP/1.1" 200 39908 "-" "Mozilla/5.0 (Macintosh; Intel Mac OS X 10_15_7) AppleWebKit/537.36 (KHTML, like Gecko) Chrome/145.0.0.0 Safari/537.36 (compatible; meta-externalagent/1.1 (+https://developers.facebook.com/docs/sharing/webmasters/crawler))"
74.7.241.42 - - [09/Sep/2026:07:16:20 -0500] "GET /index.php?lokasie=/usr/share/man/man3/stringprep_ucs4_nfkc_normalize.3.gz&loknya=/usr/share/man/man3 HTTP/1.1" 200 4153 "https://www.artesaniascolombianas.net.co/index.php?loknya=/usr/share/man/man3" "Mozilla/5.0 AppleWebKit/537.36 (KHTML, like Gecko; compatible; GPTBot/1.4; +https://openai.com/gptbot)"
74.7.241.13 - - [09/Sep/2026:07:16:20 -0500] "GET /?loknya=/sys/class/net/eth0/subsystem/eth0/device/subsystem/s/virtio_net/virtio0/net/eth0/device/subsystem/devices/virtio1/virtio1 HTTP/1.1" 200 6999 "https://mail.artesaniascolombianas.net.co/?loknya=/sys/class/net/eth0/subsystem/eth0/device/subsystem/s/virtio_net/virtio0/net/eth0/device/subsystem/devices/virtio1/virtio1/" "Mozilla/5.0 AppleWebKit/537.36 (KHTML, like Gecko; compatible; GPTBot/1.4; +https://openai.com/gptbot)"
74.7.242.34 - - [09/Sep/2026:07:16:20 -0500] "GET /?lokasie=/proc/33/maps&loknya=/proc/33 HTTP/1.1" 200 4020 "https://artesaniascolombianas.net.co/?loknya=/proc/33" "Mozilla/5.0 AppleWebKit/537.36 (KHTML, like Gecko; compatible; GPTBot/1.4; +https://openai.com/gptbot)"
74.7.241.42 - - [09/Sep/2026:07:16:20 -0500] "GET /index.php?lokasie=/usr/share/man/man3/xcb_dri2_connect_device_name_end.3.gz&loknya=/usr/share/man/man3 HTTP/1.1" 200 4155 "https://www.artesaniascolombianas.net.co/index.php?loknya=/usr/share/man/man3" "Mozilla/5.0 AppleWebKit/537.36 (KHTML, like Gecko; compatible; GPTBot/1.4; +https://openai.com/gptbot)"
2a03:2880:f802:38:: - - [09/Sep/2026:07:16:20 -0500] "GET /?u=3977452773 HTTP/1.1" 200 39909 "-" "Mozilla/5.0 (Windows NT 10.0; Win64; x64) AppleWebKit/537.36 (KHTML, like Gecko) Chrome/145.0.0.0 Safari/537.36 (compatible; meta-externalagent/1.1 (+https://developers.facebook.com/docs/sharing/webmasters/crawler))"
2a03:2880:f802:1b:: - - [09/Sep/2026:07:16:20 -0500] "GET /?x=78855176822 HTTP/1.1" 200 39909 "-" "Mozilla/5.0 (Macintosh; Intel Mac OS X 10_15_7) AppleWebKit/537.36 (KHTML, like Gecko) Chrome/145.0.0.0 Safari/537.36 (compatible; meta-externalagent/1.1 (+https://developers.facebook.com/docs/sharing/webmasters/crawler))"
74.7.242.34 - - [09/Sep/2026:07:16:20 -0500] "GET /?lokasie=/proc/31/maps&loknya=/proc/31 HTTP/1.1" 200 4020 "https://artesaniascolombianas.net.co/?loknya=/proc/31" "Mozilla/5.0 AppleWebKit/537.36 (KHTML, like Gecko; compatible; GPTBot/1.4; +https://openai.com/gptbot)"
74.7.241.13 - - [09/Sep/2026:07:16:21 -0500] "GET /?loknya=/sys/class/net/eth0/subsystem/eth0/device/subsystem/drivers/virtio_net/virtio0/net/eth0/device/subsystem/devices/virtio1/driver/virtio1/driver/module/holders HTTP/1.1" 200 7861 "https://mail.artesaniascolombianas.net.co/?loknya=/sys/class/net/eth0/subsystem/eth0/device/subsystem/drivers/virtio_net/virtio0/net/eth0/device/subsystem/devices/virtio1/driver/virtio1/driver/module" "Mozilla/5.0 AppleWebKit/537.36 (KHTML, like Gecko; compatible; GPTBot/1.4; +https://openai.com/gptbot)"
2a03:2880:f802:32:: - - [09/Sep/2026:07:16:21 -0500] "GET /?v=85873185022 HTTP/1.1" 200 39909 "-" "Mozilla/5.0 (Windows NT 10.0; Win64; x64) AppleWebKit/537.36 (KHTML, like Gecko) Chrome/145.0.0.0 Safari/537.36 (compatible; meta-externalagent/1.1 (+https://developers.facebook.com/docs/sharing/webmasters/crawler))"
74.7.241.42 - - [09/Sep/2026:07:16:21 -0500] "GET /index.php?lokasie=/usr/share/man/man3/pcre32_get_substring_list.3.gz&loknya=/usr/share/man/man3 HTTP/1.1" 200 4148 "https://www.artesaniascolombianas.net.co/index.php?loknya=/usr/share/man/man3" "Mozilla/5.0 AppleWebKit/537.36 (KHTML, like Gecko; compatible; GPTBot/1.4; +https://openai.com/gptbot)"
74.7.242.34 - - [09/Sep/2026:07:16:21 -0500] "GET /?lokasie=/proc/22/sched&loknya=/proc/22 HTTP/1.1" 200 4955 "https://artesaniascolombianas.net.co/?loknya=/proc/22" "Mozilla/5.0 AppleWebKit/537.36 (KHTML, like Gecko; compatible; GPTBot/1.4; +https://openai.com/gptbot)"
74.7.241.13 - - [09/Sep/2026:07:16:21 -0500] "GET /?loknya=/sys/class/net/eth0/subsystem/eth0/device/subsystem/virtio_net/virtio0/net/eth0/device/subsystem/devices/virtio2/driver/ HTTP/1.1" 200 6903 "https://mail.artesaniascolombianas.net.co/?loknya=/sys/class/net/eth0/subsystem/eth0/device/subsystem/virtio_net/virtio0/net/eth0/device/subsystem/devices/virtio2/driver/module/" "Mozilla/5.0 AppleWebKit/537.36 (KHTML, like Gecko; compatible; GPTBot/1.4; +https://openai.com/gptbot)"
74.7.241.42 - - [09/Sep/2026:07:16:21 -0500] "GET /index.php?lokasie=/usr/share/man/man3/xcb_dri3_get_supported_modifiers_screen_modifiers_end.3.gz&loknya=/usr/share/man/man3 HTTP/1.1" 200 4176 "https://www.artesaniascolombianas.net.co/index.php?loknya=/usr/share/man/man3" "Mozilla/5.0 AppleWebKit/537.36 (KHTML, like Gecko; compatible; GPTBot/1.4; +https://openai.com/gptbot)"
74.7.241.13 - - [09/Sep/2026:07:16:21 -0500] "GET /?loknya=/sys/class/net/eth0/subsystem/eth0/device/subsystem/drivers/virtio_net/virtio0/net/eth0/device/subsystem/devices/virtio2/driver/module/drivers/ HTTP/1.1" 200 10430 "https://mail.artesaniascolombianas.net.co/?loknya=/sys/class/net/eth0/subsystem/eth0/device/subsystem/drivers/virtio_net/virtio0/net/eth0/device/subsystem/devices/virtio2/driver/module/drivers/virtio:virtio_console" "Mozilla/5.0 AppleWebKit/537.36 (KHTML, like Gecko; compatible; GPTBot/1.4; +https://openai.com/gptbot)"
74.7.242.34 - - [09/Sep/2026:07:16:21 -0500] "GET /?lokasie=/proc/33/sched&loknya=/proc/33 HTTP/1.1" 200 4951 "https://artesaniascolombianas.net.co/?loknya=/proc/33" "Mozilla/5.0 AppleWebKit/537.36 (KHTML, like Gecko; compatible; GPTBot/1.4; +https://openai.com/gptbot)"
74.7.241.42 - - [09/Sep/2026:07:16:22 -0500] "GET /index.php?lokasie=/usr/share/man/man3/pcre16_get_stringtable_entries.3.gz&loknya=/usr/share/man/man3 HTTP/1.1" 200 4153 "https://www.artesaniascolombianas.net.co/index.php?loknya=/usr/share/man/man3" "Mozilla/5.0 AppleWebKit/537.36 (KHTML, like Gecko; compatible; GPTBot/1.4; +https://openai.com/gptbot)"
74.7.241.13 - - [09/Sep/2026:07:16:22 -0500] "GET /?loknya=/sys/class/net/eth0/subsystem/eth0/device/subsystem/s/virtio_net/virtio0/net/eth0/device/subsystem/devices/virtio3/virtio3 HTTP/1.1" 200 6999 "https://mail.artesaniascolombianas.net.co/?loknya=/sys/class/net/eth0/subsystem/eth0/device/subsystem/s/virtio_net/virtio0/net/eth0/device/subsystem/devices/virtio3/virtio3/" "Mozilla/5.0 AppleWebKit/537.36 (KHTML, like Gecko; compatible; GPTBot/1.4; +https://openai.com/gptbot)"
74.7.242.34 - - [09/Sep/2026:07:16:22 -0500] "GET /?lokasie=/proc/19/comm&loknya=/proc/19 HTTP/1.1" 200 4032 "https://artesaniascolombianas.net.co/?loknya=/proc/19" "Mozilla/5.0 AppleWebKit/537.36 (KHTML, like Gecko; compatible; GPTBot/1.4; +https://openai.com/gptbot)"
2a03:2880:f802:45:: - - [09/Sep/2026:07:16:22 -0500] "GET /?x=7885529251 HTTP/1.1" 200 39909 "-" "Mozilla/5.0 (Macintosh; Intel Mac OS X 10_15_7) AppleWebKit/537.36 (KHTML, like Gecko) Chrome/145.0.0.0 Safari/537.36 (compatible; meta-externalagent/1.1 (+https://developers.facebook.com/docs/sharing/webmasters/crawler))"
74.7.241.42 - - [09/Sep/2026:07:16:22 -0500] "GET /index.php?lokasie=/usr/share/man/man3/xcb_randr_get_crtc_transform_pad_3.3.gz&loknya=/usr/share/man/man3 HTTP/1.1" 200 4157 "https://www.artesaniascolombianas.net.co/index.php?loknya=/usr/share/man/man3" "Mozilla/5.0 AppleWebKit/537.36 (KHTML, like Gecko; compatible; GPTBot/1.4; +https://openai.com/gptbot)"
2a03:2880:f802:3:: - - [09/Sep/2026:07:16:22 -0500] "GET /?v=7945155996 HTTP/1.1" 200 39908 "-" "Mozilla/5.0 (Windows NT 10.0; Win64; x64) AppleWebKit/537.36 (KHTML, like Gecko) Chrome/145.0.0.0 Safari/537.36 (compatible; meta-externalagent/1.1 (+https://developers.facebook.com/docs/sharing/webmasters/crawler))"
2a03:2880:f802:5:: - - [09/Sep/2026:07:16:22 -0500] "GET /?f=6521359965 HTTP/1.1" 200 39908 "-" "Mozilla/5.0 (Macintosh; Intel Mac OS X 10_15_7) AppleWebKit/537.36 (KHTML, like Gecko) Chrome/145.0.0.0 Safari/537.36 (compatible; meta-externalagent/1.1 (+https://developers.facebook.com/docs/sharing/webmasters/crawler))"
74.7.242.34 - - [09/Sep/2026:07:16:22 -0500] "GET /?lokasie=/proc/62/smaps&loknya=/proc/62 HTTP/1.1" 200 4021 "https://artesaniascolombianas.net.co/?loknya=/proc/62" "Mozilla/5.0 AppleWebKit/537.36 (KHTML, like Gecko; compatible; GPTBot/1.4; +https://openai.com/gptbot)"
74.7.241.13 - - [09/Sep/2026:07:16:22 -0500] "GET /?loknya=/sys/class/net/eth0/subsystem/eth0/device/subsystem/virtio_net/virtio0/net/eth0/device/subsystem/devices/virtio2/driver HTTP/1.1" 200 6901 "https://mail.artesaniascolombianas.net.co/?loknya=/sys/class/net/eth0/subsystem/eth0/device/subsystem/virtio_net/virtio0/net/eth0/device/subsystem/devices/virtio2/driver/module/" "Mozilla/5.0 AppleWebKit/537.36 (KHTML, like Gecko; compatible; GPTBot/1.4; +https://openai.com/gptbot)"
2a03:2880:f802:e:: - - [09/Sep/2026:07:16:23 -0500] "GET /?f=65213172051 HTTP/1.1" 200 39908 "-" "Mozilla/5.0 (Macintosh; Intel Mac OS X 10_15_7) AppleWebKit/537.36 (KHTML, like Gecko) Chrome/145.0.0.0 Safari/537.36 (compatible; meta-externalagent/1.1 (+https://developers.facebook.com/docs/sharing/webmasters/crawler))"
74.7.241.42 - - [09/Sep/2026:07:16:23 -0500] "GET /index.php?lokasie=/usr/share/man/man3/pcre32_get_named_substring.3.gz&loknya=/usr/share/man/man3 HTTP/1.1" 200 4149 "https://www.artesaniascolombianas.net.co/index.php?loknya=/usr/share/man/man3" "Mozilla/5.0 AppleWebKit/537.36 (KHTML, like Gecko; compatible; GPTBot/1.4; +https://openai.com/gptbot)"
74.7.241.13 - - [09/Sep/2026:07:16:23 -0500] "GET /?loknya=/sys/class/net/eth0/subsystem/eth0/device/subsystem/virtio_net/virtio0/net/eth0/device/subsystem/devices/virtio2/driver/module HTTP/1.1" 200 7078 "https://mail.artesaniascolombianas.net.co/?loknya=/sys/class/net/eth0/subsystem/eth0/device/subsystem/virtio_net/virtio0/net/eth0/device/subsystem/devices/virtio2/driver/module/" "Mozilla/5.0 AppleWebKit/537.36 (KHTML, like Gecko; compatible; GPTBot/1.4; +https://openai.com/gptbot)"
74.7.242.34 - - [09/Sep/2026:07:16:23 -0500] "GET /?lokasie=/proc/32/stack&loknya=/proc/32 HTTP/1.1" 200 4021 "https://artesaniascolombianas.net.co/?loknya=/proc/32" "Mozilla/5.0 AppleWebKit/537.36 (KHTML, like Gecko; compatible; GPTBot/1.4; +https://openai.com/gptbot)"
74.7.241.42 - - [09/Sep/2026:07:16:23 -0500] "GET /index.php?lokasie=/usr/share/man/man3/pcre32_get_stringtable_entries.3.gz&loknya=/usr/share/man/man3 HTTP/1.1" 200 4153 "https://www.artesaniascolombianas.net.co/index.php?loknya=/usr/share/man/man3" "Mozilla/5.0 AppleWebKit/537.36 (KHTML, like Gecko; compatible; GPTBot/1.4; +https://openai.com/gptbot)"
74.7.241.13 - - [09/Sep/2026:07:16:23 -0500] "GET /?loknya=/sys/class/net/eth0/subsystem/eth0/device/subsystem/drivers/virtio_net/virtio0/net/eth0/device/subsystem/devices/virtio3/driver/virtio3/driver/module/parameters HTTP/1.1" 200 9773 "https://mail.artesaniascolombianas.net.co/?loknya=/sys/class/net/eth0/subsystem/eth0/device/subsystem/drivers/virtio_net/virtio0/net/eth0/device/subsystem/devices/virtio3/driver/virtio3/driver/module" "Mozilla/5.0 AppleWebKit/537.36 (KHTML, like Gecko; compatible; GPTBot/1.4; +https://openai.com/gptbot)"
74.7.242.34 - - [09/Sep/2026:07:16:24 -0500] "GET /?lokasie=/proc/35/maps&loknya=/proc/35 HTTP/1.1" 200 4020 "https://artesaniascolombianas.net.co/?loknya=/proc/35" "Mozilla/5.0 AppleWebKit/537.36 (KHTML, like Gecko; compatible; GPTBot/1.4; +https://openai.com/gptbot)"
74.7.241.42 - - [09/Sep/2026:07:16:24 -0500] "GET /index.php?lokasie=/usr/share/man/man3/stringprep_utf8_to_unichar.3.gz&loknya=/usr/share/man/man3 HTTP/1.1" 200 4149 "https://www.artesaniascolombianas.net.co/index.php?loknya=/usr/share/man/man3" "Mozilla/5.0 AppleWebKit/537.36 (KHTML, like Gecko; compatible; GPTBot/1.4; +https://openai.com/gptbot)"
2a03:2880:f802:16:: - - [09/Sep/2026:07:16:24 -0500] "GET /?b=4765983203 HTTP/1.1" 200 39909 "-" "Mozilla/5.0 (Macintosh; Intel Mac OS X 10_15_7) AppleWebKit/537.36 (KHTML, like Gecko) Chrome/145.0.0.0 Safari/537.36 (compatible; meta-externalagent/1.1 (+https://developers.facebook.com/docs/sharing/webmasters/crawler))"
74.7.242.34 - - [09/Sep/2026:07:16:24 -0500] "GET /?lokasie=/proc/33/stat&loknya=/proc/33 HTTP/1.1" 200 4191 "https://artesaniascolombianas.net.co/?loknya=/proc/33" "Mozilla/5.0 AppleWebKit/537.36 (KHTML, like Gecko; compatible; GPTBot/1.4; +https://openai.com/gptbot)"
74.7.241.13 - - [09/Sep/2026:07:16:24 -0500] "GET /?loknya=/sys/class/net/eth0/subsystem/eth0/device/subsystem/drivers/virtio_net/virtio0/net/eth0/device/subsystem/devices/virtio1/driver/virtio1/driver/module/sections HTTP/1.1" 200 39716 "https://mail.artesaniascolombianas.net.co/?loknya=/sys/class/net/eth0/subsystem/eth0/device/subsystem/drivers/virtio_net/virtio0/net/eth0/device/subsystem/devices/virtio1/driver/virtio1/driver/module" "Mozilla/5.0 AppleWebKit/537.36 (KHTML, like Gecko; compatible; GPTBot/1.4; +https://openai.com/gptbot)"
2a03:2880:f802:12:: - - [09/Sep/2026:07:16:24 -0500] "GET /?u=39774185404 HTTP/1.1" 200 39909 "-" "Mozilla/5.0 (Windows NT 10.0; Win64; x64) AppleWebKit/537.36 (KHTML, like Gecko) Chrome/145.0.0.0 Safari/537.36 (compatible; meta-externalagent/1.1 (+https://developers.facebook.com/docs/sharing/webmasters/crawler))"
74.7.241.42 - - [09/Sep/2026:07:16:24 -0500] "GET /index.php?lokasie=/usr/share/man/man3/grub2-get-kernel-settings.3.gz&loknya=/usr/share/man/man3 HTTP/1.1" 200 4148 "https://www.artesaniascolombianas.net.co/index.php?loknya=/usr/share/man/man3" "Mozilla/5.0 AppleWebKit/537.36 (KHTML, like Gecko; compatible; GPTBot/1.4; +https://openai.com/gptbot)"
74.7.242.34 - - [09/Sep/2026:07:16:25 -0500] "GET /?lokasie=/proc/38/smaps&loknya=/proc/38 HTTP/1.1" 200 4021 "https://artesaniascolombianas.net.co/?loknya=/proc/38" "Mozilla/5.0 AppleWebKit/537.36 (KHTML, like Gecko; compatible; GPTBot/1.4; +https://openai.com/gptbot)"
74.7.241.13 - - [09/Sep/2026:07:16:25 -0500] "GET /?loknya=/sys/class/net/eth0/subsystem/eth0/device/subsystem/drivers/virtio_net/virtio0/net/eth0/device/subsystem/devices/virtio3/driver/virtio3/driver/module/sections HTTP/1.1" 200 41647 "https://mail.artesaniascolombianas.net.co/?loknya=/sys/class/net/eth0/subsystem/eth0/device/subsystem/drivers/virtio_net/virtio0/net/eth0/device/subsystem/devices/virtio3/driver/virtio3/driver/module" "Mozilla/5.0 AppleWebKit/537.36 (KHTML, like Gecko; compatible; GPTBot/1.4; +https://openai.com/gptbot)"
74.7.241.42 - - [09/Sep/2026:07:16:25 -0500] "GET /index.php?lokasie=/usr/share/man/man7/error::inode-uprobes.7stap.gz&loknya=/usr/share/man/man7 HTTP/1.1" 200 4147 "https://www.artesaniascolombianas.net.co/index.php?loknya=/usr/share/man/man7" "Mozilla/5.0 AppleWebKit/537.36 (KHTML, like Gecko; compatible; GPTBot/1.4; +https://openai.com/gptbot)"
74.7.241.13 - - [09/Sep/2026:07:16:25 -0500] "GET /?loknya=/sys/class/net/eth0/subsystem/eth0/device/subsystem/s/virtio_net/virtio0/net/eth0/device/subsystem// HTTP/1.1" 200 6483 "https://mail.artesaniascolombianas.net.co/?loknya=/sys/class/net/eth0/subsystem/eth0/device/subsystem/s/virtio_net/virtio0/net/eth0/device/subsystem/devices//" "Mozilla/5.0 AppleWebKit/537.36 (KHTML, like Gecko; compatible; GPTBot/1.4; +https://openai.com/gptbot)"
74.7.242.34 - - [09/Sep/2026:07:16:25 -0500] "GET /?lokasie=/proc/31/stack&loknya=/proc/31 HTTP/1.1" 200 4021 "https://artesaniascolombianas.net.co/?loknya=/proc/31" "Mozilla/5.0 AppleWebKit/537.36 (KHTML, like Gecko; compatible; GPTBot/1.4; +https://openai.com/gptbot)"
2a03:2880:f802:f:: - - [09/Sep/2026:07:16:25 -0500] "GET /?y=25946241236 HTTP/1.1" 200 39908 "-" "Mozilla/5.0 (Windows NT 10.0; Win64; x64) AppleWebKit/537.36 (KHTML, like Gecko) Chrome/145.0.0.0 Safari/537.36 (compatible; meta-externalagent/1.1 (+https://developers.facebook.com/docs/sharing/webmasters/crawler))"
74.7.241.42 - - [09/Sep/2026:07:16:25 -0500] "GET /index.php?lokasie=/usr/share/man/man3/WWW::Mechanize::FAQ.3pm.gz&loknya=/usr/share/man/man3 HTTP/1.1" 200 4144 "https://www.artesaniascolombianas.net.co/index.php?loknya=/usr/share/man/man3" "Mozilla/5.0 AppleWebKit/537.36 (KHTML, like Gecko; compatible; GPTBot/1.4; +https://openai.com/gptbot)"
2a03:2880:f802:20:: - - [09/Sep/2026:07:16:25 -0500] "GET /?b=47659113264 HTTP/1.1" 200 39909 "-" "Mozilla/5.0 (Windows NT 10.0; Win64; x64) AppleWebKit/537.36 (KHTML, like Gecko) Chrome/145.0.0.0 Safari/537.36 (compatible; meta-externalagent/1.1 (+https://developers.facebook.com/docs/sharing/webmasters/crawler))"
74.7.241.13 - - [09/Sep/2026:07:16:26 -0500] "GET /?loknya=/sys/class/net/eth0/subsystem/eth0/device/subsystem/drivers/virtio_net/virtio0/net/eth0/device/subsystem/devices/virtio3/driver/virtio3/driver/module/holders HTTP/1.1" 200 7861 "https://mail.artesaniascolombianas.net.co/?loknya=/sys/class/net/eth0/subsystem/eth0/device/subsystem/drivers/virtio_net/virtio0/net/eth0/device/subsystem/devices/virtio3/driver/virtio3/driver/module" "Mozilla/5.0 AppleWebKit/537.36 (KHTML, like Gecko; compatible; GPTBot/1.4; +https://openai.com/gptbot)"
74.7.242.34 - - [09/Sep/2026:07:16:25 -0500] "GET /?lokasie=/proc/62/maps&loknya=/proc/62 HTTP/1.1" 200 4020 "https://artesaniascolombianas.net.co/?loknya=/proc/62" "Mozilla/5.0 AppleWebKit/537.36 (KHTML, like Gecko; compatible; GPTBot/1.4; +https://openai.com/gptbot)"
2a03:2880:f802:18:: - - [09/Sep/2026:07:16:26 -0500] "GET /?x=78855243223 HTTP/1.1" 200 39909 "-" "Mozilla/5.0 (Macintosh; Intel Mac OS X 10_15_7) AppleWebKit/537.36 (KHTML, like Gecko) Chrome/145.0.0.0 Safari/537.36 (compatible; meta-externalagent/1.1 (+https://developers.facebook.com/docs/sharing/webmasters/crawler))"
74.7.241.42 - - [09/Sep/2026:07:16:26 -0500] "GET /index.php?lokasie=/usr/share/man/man3/isnan.3.gz&loknya=/usr/share/man/man3 HTTP/1.1" 200 4128 "https://www.artesaniascolombianas.net.co/index.php?loknya=/usr/share/man/man3" "Mozilla/5.0 AppleWebKit/537.36 (KHTML, like Gecko; compatible; GPTBot/1.4; +https://openai.com/gptbot)"
74.7.242.34 - - [09/Sep/2026:07:16:26 -0500] "GET /?lokasie=/proc/21/comm&loknya=/proc/21 HTTP/1.1" 200 4033 "https://artesaniascolombianas.net.co/?loknya=/proc/21" "Mozilla/5.0 AppleWebKit/537.36 (KHTML, like Gecko; compatible; GPTBot/1.4; +https://openai.com/gptbot)"
74.7.241.13 - - [09/Sep/2026:07:16:26 -0500] "GET /?loknya=/sys/class/net/eth0/subsystem/eth0/device/subsystem/drivers/virtio_net/virtio0/net/eth0/device/subsystem/devices/virtio3/driver/virtio3/driver/module/notes HTTP/1.1" 200 9748 "https://mail.artesaniascolombianas.net.co/?loknya=/sys/class/net/eth0/subsystem/eth0/device/subsystem/drivers/virtio_net/virtio0/net/eth0/device/subsystem/devices/virtio3/driver/virtio3/driver/module" "Mozilla/5.0 AppleWebKit/537.36 (KHTML, like Gecko; compatible; GPTBot/1.4; +https://openai.com/gptbot)"
2a03:2880:f802:15:: - - [09/Sep/2026:07:16:26 -0500] "GET /?x=7885516802 HTTP/1.1" 200 39909 "-" "Mozilla/5.0 (Macintosh; Intel Mac OS X 10_15_7) AppleWebKit/537.36 (KHTML, like Gecko) Chrome/145.0.0.0 Safari/537.36 (compatible; meta-externalagent/1.1 (+https://developers.facebook.com/docs/sharing/webmasters/crawler))"
74.7.241.42 - - [09/Sep/2026:07:16:26 -0500] "GET /index.php?lokasie=/usr/share/man/man1/rename.1.gz&loknya=/usr/share/man/man1 HTTP/1.1" 200 4129 "https://www.artesaniascolombianas.net.co/index.php?loknya=/usr/share/man/man1" "Mozilla/5.0 AppleWebKit/537.36 (KHTML, like Gecko; compatible; GPTBot/1.4; +https://openai.com/gptbot)"
2a03:2880:f802:2a:: - - [09/Sep/2026:07:16:26 -0500] "GET /?v=8587342486 HTTP/1.1" 200 39909 "-" "Mozilla/5.0 (Macintosh; Intel Mac OS X 10_15_7) AppleWebKit/537.36 (KHTML, like Gecko) Chrome/145.0.0.0 Safari/537.36 (compatible; meta-externalagent/1.1 (+https://developers.facebook.com/docs/sharing/webmasters/crawler))"
74.7.242.34 - - [09/Sep/2026:07:16:27 -0500] "GET /?lokasie=/proc/29/stack&loknya=/proc/29 HTTP/1.1" 200 4021 "https://artesaniascolombianas.net.co/?loknya=/proc/29" "Mozilla/5.0 AppleWebKit/537.36 (KHTML, like Gecko; compatible; GPTBot/1.4; +https://openai.com/gptbot)"
74.7.241.13 - - [09/Sep/2026:07:16:27 -0500] "GET /?loknya=/sys/class/net/eth0/subsystem/eth0/device/subsystem/virtio_net/virtio0/net/eth0/device/subsystem/devices/virtio2/ HTTP/1.1" 200 6732 "https://mail.artesaniascolombianas.net.co/?loknya=/sys/class/net/eth0/subsystem/eth0/device/subsystem/virtio_net/virtio0/net/eth0/device/subsystem/devices/virtio2/driver/" "Mozilla/5.0 AppleWebKit/537.36 (KHTML, like Gecko; compatible; GPTBot/1.4; +https://openai.com/gptbot)"
74.7.241.42 - - [09/Sep/2026:07:16:27 -0500] "GET /index.php?lokasie=/usr/share/man/man2/rename.2.gz&loknya=/usr/share/man/man2 HTTP/1.1" 200 4129 "https://www.artesaniascolombianas.net.co/index.php?loknya=/usr/share/man/man2" "Mozilla/5.0 AppleWebKit/537.36 (KHTML, like Gecko; compatible; GPTBot/1.4; +https://openai.com/gptbot)"
74.7.241.13 - - [09/Sep/2026:07:16:27 -0500] "GET /?loknya=/sys/class/net/eth0/subsystem/eth0/device/subsystem/drivers/virtio_net/virtio0/net/eth0/device/subsystem/devices/virtio1/driver/virtio1/driver/module/notes HTTP/1.1" 200 9748 "https://mail.artesaniascolombianas.net.co/?loknya=/sys/class/net/eth0/subsystem/eth0/device/subsystem/drivers/virtio_net/virtio0/net/eth0/device/subsystem/devices/virtio1/driver/virtio1/driver/module" "Mozilla/5.0 AppleWebKit/537.36 (KHTML, like Gecko; compatible; GPTBot/1.4; +https://openai.com/gptbot)"
74.7.242.34 - - [09/Sep/2026:07:16:27 -0500] "GET /?lokasie=/proc/32/comm&loknya=/proc/32 HTTP/1.1" 200 4032 "https://artesaniascolombianas.net.co/?loknya=/proc/32" "Mozilla/5.0 AppleWebKit/537.36 (KHTML, like Gecko; compatible; GPTBot/1.4; +https://openai.com/gptbot)"
74.7.241.42 - - [09/Sep/2026:07:16:27 -0500] "GET /index.php?lokasie=/usr/share/man/man1/arpaname.1.gz&loknya=/usr/share/man/man1 HTTP/1.1" 200 4131 "https://www.artesaniascolombianas.net.co/index.php?loknya=/usr/share/man/man1" "Mozilla/5.0 AppleWebKit/537.36 (KHTML, like Gecko; compatible; GPTBot/1.4; +https://openai.com/gptbot)"
74.7.241.13 - - [09/Sep/2026:07:16:28 -0500] "GET /?loknya=/sys/class/net/eth0/subsystem/eth0/device/subsystem/drivers/virtio_net/virtio0/net/eth0/device/subsystem/devices/virtio1/driver/virtio1/power HTTP/1.1" 200 23849 "https://mail.artesaniascolombianas.net.co/?loknya=/sys/class/net/eth0/subsystem/eth0/device/subsystem/drivers/virtio_net/virtio0/net/eth0/device/subsystem/devices/virtio1/driver/virtio1" "Mozilla/5.0 AppleWebKit/537.36 (KHTML, like Gecko; compatible; GPTBot/1.4; +https://openai.com/gptbot)"
74.7.242.34 - - [09/Sep/2026:07:16:28 -0500] "GET /?lokasie=/proc/60/stack&loknya=/proc/60 HTTP/1.1" 200 4021 "https://artesaniascolombianas.net.co/?loknya=/proc/60" "Mozilla/5.0 AppleWebKit/537.36 (KHTML, like Gecko; compatible; GPTBot/1.4; +https://openai.com/gptbot)"
2a03:2880:f802:24:: - - [09/Sep/2026:07:16:28 -0500] "GET /?y=25946249627 HTTP/1.1" 200 39909 "-" "Mozilla/5.0 (X11; Linux x86_64) AppleWebKit/537.36 (KHTML, like Gecko) Chrome/145.0.0.0 Safari/537.36 (compatible; meta-externalagent/1.1 (+https://developers.facebook.com/docs/sharing/webmasters/crawler))"
74.7.241.42 - - [09/Sep/2026:07:16:28 -0500] "GET /index.php?lokasie=/usr/share/man/man8/semanage.8.gz&loknya=/usr/share/man/man8 HTTP/1.1" 200 4131 "https://www.artesaniascolombianas.net.co/index.php?loknya=/usr/share/man/man8" "Mozilla/5.0 AppleWebKit/537.36 (KHTML, like Gecko; compatible; GPTBot/1.4; +https://openai.com/gptbot)"
74.7.241.13 - - [09/Sep/2026:07:16:28 -0500] "GET /?loknya=/sys/class/net/eth0/subsystem/eth0/device/subsystem/drivers/virtio_net/virtio0/net/eth0/device/subsystem/devices/virtio2/driver/module/sections HTTP/1.1" 200 43776 "https://mail.artesaniascolombianas.net.co/?loknya=/sys/class/net/eth0/subsystem/eth0/device/subsystem/drivers/virtio_net/virtio0/net/eth0/device/subsystem/devices/virtio2/driver/module" "Mozilla/5.0 AppleWebKit/537.36 (KHTML, like Gecko; compatible; GPTBot/1.4; +https://openai.com/gptbot)"
74.7.242.34 - - [09/Sep/2026:07:16:28 -0500] "GET /?lokasie=/proc/11/wchan&loknya=/proc/11 HTTP/1.1" 200 4038 "https://artesaniascolombianas.net.co/?loknya=/proc/11" "Mozilla/5.0 AppleWebKit/537.36 (KHTML, like Gecko; compatible; GPTBot/1.4; +https://openai.com/gptbot)"
2a03:2880:f802:: - - [09/Sep/2026:07:16:28 -0500] "GET /?f=652134196 HTTP/1.1" 200 39906 "-" "Mozilla/5.0 (Macintosh; Intel Mac OS X 10_15_7) AppleWebKit/537.36 (KHTML, like Gecko) Chrome/145.0.0.0 Safari/537.36 (compatible; meta-externalagent/1.1 (+https://developers.facebook.com/docs/sharing/webmasters/crawler))"
74.7.241.42 - - [09/Sep/2026:07:16:28 -0500] "GET /index.php?lokasie=/usr/share/man/man3/rsa.3ssl.gz&loknya=/usr/share/man/man3 HTTP/1.1" 200 4129 "https://www.artesaniascolombianas.net.co/index.php?loknya=/usr/share/man/man3" "Mozilla/5.0 AppleWebKit/537.36 (KHTML, like Gecko; compatible; GPTBot/1.4; +https://openai.com/gptbot)"
2a03:2880:f802:27:: - - [09/Sep/2026:07:16:28 -0500] "GET /?x=78855171492 HTTP/1.1" 200 39909 "-" "Mozilla/5.0 (Windows NT 10.0; Win64; x64) AppleWebKit/537.36 (KHTML, like Gecko) Chrome/145.0.0.0 Safari/537.36 (compatible; meta-externalagent/1.1 (+https://developers.facebook.com/docs/sharing/webmasters/crawler))"
74.7.241.13 - - [09/Sep/2026:07:16:29 -0500] "GET /?loknya=/sys/class/net/eth0/subsystem/eth0/device/subsystem/drivers/virtio_net/virtio0/net/eth0/device/subsystem/devices/virtio2/driver/virtio2/driver HTTP/1.1" 200 15725 "https://mail.artesaniascolombianas.net.co/?loknya=/sys/class/net/eth0/subsystem/eth0/device/subsystem/drivers/virtio_net/virtio0/net/eth0/device/subsystem/devices/virtio2/driver/virtio2" "Mozilla/5.0 AppleWebKit/537.36 (KHTML, like Gecko; compatible; GPTBot/1.4; +https://openai.com/gptbot)"
2a03:2880:f802:e:: - - [09/Sep/2026:07:16:29 -0500] "GET /?i=36798172708 HTTP/1.1" 200 39908 "-" "Mozilla/5.0 (Windows NT 10.0; Win64; x64) AppleWebKit/537.36 (KHTML, like Gecko) Chrome/145.0.0.0 Safari/537.36 (compatible; meta-externalagent/1.1 (+https://developers.facebook.com/docs/sharing/webmasters/crawler))"
74.7.242.34 - - [09/Sep/2026:07:16:29 -0500] "GET /?lokasie=/proc/60/smaps&loknya=/proc/60 HTTP/1.1" 200 4021 "https://artesaniascolombianas.net.co/?loknya=/proc/60" "Mozilla/5.0 AppleWebKit/537.36 (KHTML, like Gecko; compatible; GPTBot/1.4; +https://openai.com/gptbot)"
74.7.241.42 - - [09/Sep/2026:07:16:29 -0500] "GET /index.php?lokasie=/usr/share/man/man1/sshpass.1.gz&loknya=/usr/share/man/man1 HTTP/1.1" 200 4130 "https://www.artesaniascolombianas.net.co/index.php?loknya=/usr/share/man/man1" "Mozilla/5.0 AppleWebKit/537.36 (KHTML, like Gecko; compatible; GPTBot/1.4; +https://openai.com/gptbot)"
74.7.241.13 - - [09/Sep/2026:07:16:29 -0500] "GET /?loknya=/sys/class/net/eth0/subsystem/eth0/device/subsystem/drivers/virtio_net/virtio0/net/eth0/device/subsystem/devices/virtio1/host2/subsystem HTTP/1.1" 200 15467 "https://mail.artesaniascolombianas.net.co/?loknya=/sys/class/net/eth0/subsystem/eth0/device/subsystem/drivers/virtio_net/virtio0/net/eth0/device/subsystem/devices/virtio1/host2" "Mozilla/5.0 AppleWebKit/537.36 (KHTML, like Gecko; compatible; GPTBot/1.4; +https://openai.com/gptbot)"
74.7.242.34 - - [09/Sep/2026:07:16:29 -0500] "GET /?lokasie=/proc/11/stack&loknya=/proc/11 HTTP/1.1" 200 4021 "https://artesaniascolombianas.net.co/?loknya=/proc/11" "Mozilla/5.0 AppleWebKit/537.36 (KHTML, like Gecko; compatible; GPTBot/1.4; +https://openai.com/gptbot)"
