74.7.241.13 - - [09/Sep/2026:07:09:22 -0500] "GET /?loknya=/sys/class/net/eth0/subsystem/eth0/device/net/eth0/device/driver/virtio0/net/eth0/device/subsystem/drivers/virtio_net/module HTTP/1.1" 200 27727 "https://mail.artesaniascolombianas.net.co/?loknya=/sys/class/net/eth0/subsystem/eth0/device/net/eth0/device/driver/virtio0/net/eth0/device/subsystem/drivers/virtio_net" "Mozilla/5.0 AppleWebKit/537.36 (KHTML, like Gecko; compatible; GPTBot/1.4; +https://openai.com/gptbot)"
2a03:2880:f802:29:: - - [09/Sep/2026:07:09:22 -0500] "GET /?x=78855101468 HTTP/1.1" 200 39909 "-" "Mozilla/5.0 (Macintosh; Intel Mac OS X 10_15_7) AppleWebKit/537.36 (KHTML, like Gecko) Chrome/145.0.0.0 Safari/537.36 (compatible; meta-externalagent/1.1 (+https://developers.facebook.com/docs/sharing/webmasters/crawler))"
74.7.241.42 - - [09/Sep/2026:07:09:22 -0500] "GET /index.php?lokasie=/proc/24316/net/arp&loknya=/proc/24316/net HTTP/1.1" 200 5000 "https://www.artesaniascolombianas.net.co/index.php?loknya=/proc/24316/net" "Mozilla/5.0 AppleWebKit/537.36 (KHTML, like Gecko; compatible; GPTBot/1.4; +https://openai.com/gptbot)"
74.7.242.34 - - [09/Sep/2026:07:09:22 -0500] "GET /?lokasie=/proc/1535/net//wireless&loknya=/proc/1535/net/ HTTP/1.1" 200 4238 "https://artesaniascolombianas.net.co/?loknya=/proc/1535/net/" "Mozilla/5.0 AppleWebKit/537.36 (KHTML, like Gecko; compatible; GPTBot/1.4; +https://openai.com/gptbot)"
74.7.241.13 - - [09/Sep/2026:07:09:22 -0500] "GET /?loknya=/y/cla/net/net/virtio0 HTTP/1.1" 200 5286 "https://mail.artesaniascolombianas.net.co/?loknya=/y/cla/net/net/virtio0/" "Mozilla/5.0 AppleWebKit/537.36 (KHTML, like Gecko; compatible; GPTBot/1.4; +https://openai.com/gptbot)"
74.7.241.42 - - [09/Sep/2026:07:09:22 -0500] "GET /index.php?lokasie=/proc/30987/net/raw&loknya=/proc/30987/net HTTP/1.1" 200 4192 "https://www.artesaniascolombianas.net.co/index.php?loknya=/proc/30987/net" "Mozilla/5.0 AppleWebKit/537.36 (KHTML, like Gecko; compatible; GPTBot/1.4; +https://openai.com/gptbot)"
74.7.242.34 - - [09/Sep/2026:07:09:22 -0500] "GET /?lokasie=/proc/1535/net//sockstat&loknya=/proc/1535/net/ HTTP/1.1" 200 4214 "https://artesaniascolombianas.net.co/?loknya=/proc/1535/net/" "Mozilla/5.0 AppleWebKit/537.36 (KHTML, like Gecko; compatible; GPTBot/1.4; +https://openai.com/gptbot)"
74.7.241.13 - - [09/Sep/2026:07:09:23 -0500] "GET /?loknya=/sys/class/net/eth0/subsystem/eth0/device/driver/virtio0/net/eth0/device/net/eth0/device/subsystem/drivers/virtio_console HTTP/1.1" 200 14812 "https://mail.artesaniascolombianas.net.co/?loknya=/sys/class/net/eth0/subsystem/eth0/device/driver/virtio0/net/eth0/device/net/eth0/device/subsystem/drivers" "Mozilla/5.0 AppleWebKit/537.36 (KHTML, like Gecko; compatible; GPTBot/1.4; +https://openai.com/gptbot)"
2a03:2880:f802:1b:: - - [09/Sep/2026:07:09:23 -0500] "GET /?u=397741810 HTTP/1.1" 200 39909 "-" "Mozilla/5.0 (Windows NT 10.0; Win64; x64) AppleWebKit/537.36 (KHTML, like Gecko) Chrome/145.0.0.0 Safari/537.36 (compatible; meta-externalagent/1.1 (+https://developers.facebook.com/docs/sharing/webmasters/crawler))"
74.7.241.42 - - [09/Sep/2026:07:09:23 -0500] "GET /index.php?lokasie=/proc/30972/net/tcp&loknya=/proc/30972/net HTTP/1.1" 200 31827 "https://www.artesaniascolombianas.net.co/index.php?loknya=/proc/30972/net" "Mozilla/5.0 AppleWebKit/537.36 (KHTML, like Gecko; compatible; GPTBot/1.4; +https://openai.com/gptbot)"
2a03:2880:f802:2c:: - - [09/Sep/2026:07:09:23 -0500] "GET /?v=79451121678 HTTP/1.1" 200 39909 "-" "Mozilla/5.0 (Macintosh; Intel Mac OS X 10_15_7) AppleWebKit/537.36 (KHTML, like Gecko) Chrome/145.0.0.0 Safari/537.36 (compatible; meta-externalagent/1.1 (+https://developers.facebook.com/docs/sharing/webmasters/crawler))"
74.7.242.34 - - [09/Sep/2026:07:09:23 -0500] "GET /?lokasie=/proc/1568/net//udp&loknya=/proc/1568/net/ HTTP/1.1" 200 5994 "https://artesaniascolombianas.net.co/?loknya=/proc/1568/net/" "Mozilla/5.0 AppleWebKit/537.36 (KHTML, like Gecko; compatible; GPTBot/1.4; +https://openai.com/gptbot)"
74.7.241.13 - - [09/Sep/2026:07:09:23 -0500] "GET /?loknya=/sys/class/net/eth0/subsystem/eth0/device/driver/virtio0/net/eth0/device/net/eth0/device/subsystem/drivers/virtio_net/module HTTP/1.1" 200 27740 "https://mail.artesaniascolombianas.net.co/?loknya=/sys/class/net/eth0/subsystem/eth0/device/driver/virtio0/net/eth0/device/net/eth0/device/subsystem/drivers/virtio_net" "Mozilla/5.0 AppleWebKit/537.36 (KHTML, like Gecko; compatible; GPTBot/1.4; +https://openai.com/gptbot)"
74.7.241.42 - - [09/Sep/2026:07:09:23 -0500] "GET /index.php?lokasie=/proc/30847/net/rt_acct&loknya=/proc/30847/net HTTP/1.1" 200 8174 "https://www.artesaniascolombianas.net.co/index.php?loknya=/proc/30847/net" "Mozilla/5.0 AppleWebKit/537.36 (KHTML, like Gecko; compatible; GPTBot/1.4; +https://openai.com/gptbot)"
74.7.242.34 - - [09/Sep/2026:07:09:23 -0500] "GET /?lokasie=/proc/1568/net//raw&loknya=/proc/1568/net/ HTTP/1.1" 200 4189 "https://artesaniascolombianas.net.co/?loknya=/proc/1568/net/" "Mozilla/5.0 AppleWebKit/537.36 (KHTML, like Gecko; compatible; GPTBot/1.4; +https://openai.com/gptbot)"
2a03:2880:f802:19:: - - [09/Sep/2026:07:09:24 -0500] "GET /?i=36798257408 HTTP/1.1" 200 39909 "-" "Mozilla/5.0 (Macintosh; Intel Mac OS X 10_15_7) AppleWebKit/537.36 (KHTML, like Gecko) Chrome/145.0.0.0 Safari/537.36 (compatible; meta-externalagent/1.1 (+https://developers.facebook.com/docs/sharing/webmasters/crawler))"
74.7.241.13 - - [09/Sep/2026:07:09:24 -0500] "GET /?loknya=/sys/class/net/eth0/subsystem/eth0/device/net/eth0/device/subsystem/devices/virtio0/driver/virtio0/net/eth0/device/power HTTP/1.1" 200 22734 "https://mail.artesaniascolombianas.net.co/?loknya=/sys/class/net/eth0/subsystem/eth0/device/net/eth0/device/subsystem/devices/virtio0/driver/virtio0/net/eth0/device" "Mozilla/5.0 AppleWebKit/537.36 (KHTML, like Gecko; compatible; GPTBot/1.4; +https://openai.com/gptbot)"
74.7.241.42 - - [09/Sep/2026:07:09:24 -0500] "GET /index.php?lokasie=/proc/30987/net/rt_cache&loknya=/proc/30987/net HTTP/1.1" 200 4207 "https://www.artesaniascolombianas.net.co/index.php?loknya=/proc/30987/net" "Mozilla/5.0 AppleWebKit/537.36 (KHTML, like Gecko; compatible; GPTBot/1.4; +https://openai.com/gptbot)"
74.7.242.34 - - [09/Sep/2026:07:09:24 -0500] "GET /?lokasie=/proc/1535/net//udp&loknya=/proc/1535/net/ HTTP/1.1" 200 6122 "https://artesaniascolombianas.net.co/?loknya=/proc/1535/net/" "Mozilla/5.0 AppleWebKit/537.36 (KHTML, like Gecko; compatible; GPTBot/1.4; +https://openai.com/gptbot)"
74.7.241.13 - - [09/Sep/2026:07:09:24 -0500] "GET /?loknya=/sys/class/net/eth0/subsystem/eth0/device/subsystem/drivers/virtio_net/virtio0/net/eth0/device/driver/virtio0/net/eth0/power HTTP/1.1" 200 22972 "https://mail.artesaniascolombianas.net.co/?loknya=/sys/class/net/eth0/subsystem/eth0/device/subsystem/drivers/virtio_net/virtio0/net/eth0/device/driver/virtio0/net/eth0" "Mozilla/5.0 AppleWebKit/537.36 (KHTML, like Gecko; compatible; GPTBot/1.4; +https://openai.com/gptbot)"
2a03:2880:f802:41:: - - [09/Sep/2026:07:09:24 -0500] "GET /?y=2594631256 HTTP/1.1" 200 39909 "-" "Mozilla/5.0 (Macintosh; Intel Mac OS X 10_15_7) AppleWebKit/537.36 (KHTML, like Gecko) Chrome/145.0.0.0 Safari/537.36 (compatible; meta-externalagent/1.1 (+https://developers.facebook.com/docs/sharing/webmasters/crawler))"
2a03:2880:f802:d:: - - [09/Sep/2026:07:09:24 -0500] "GET /?v=85873157992 HTTP/1.1" 200 39908 "-" "Mozilla/5.0 (Windows NT 10.0; Win64; x64) AppleWebKit/537.36 (KHTML, like Gecko) Chrome/145.0.0.0 Safari/537.36 (compatible; meta-externalagent/1.1 (+https://developers.facebook.com/docs/sharing/webmasters/crawler))"
74.7.241.42 - - [09/Sep/2026:07:09:24 -0500] "GET /index.php?lokasie=/proc/30847/net/udp&loknya=/proc/30847/net HTTP/1.1" 200 6125 "https://www.artesaniascolombianas.net.co/index.php?loknya=/proc/30847/net" "Mozilla/5.0 AppleWebKit/537.36 (KHTML, like Gecko; compatible; GPTBot/1.4; +https://openai.com/gptbot)"
74.7.242.34 - - [09/Sep/2026:07:09:24 -0500] "GET /?lokasie=/proc/1535/net//nf_conntrack&loknya=/proc/1535/net/ HTTP/1.1" 200 4080 "https://artesaniascolombianas.net.co/?loknya=/proc/1535/net/" "Mozilla/5.0 AppleWebKit/537.36 (KHTML, like Gecko; compatible; GPTBot/1.4; +https://openai.com/gptbot)"
74.7.241.13 - - [09/Sep/2026:07:09:25 -0500] "GET /?loknya=/sys/class/net/eth0/subsystem/eth0/device/net/eth0/device/driver/virtio0/net/eth0/device/subsystem/drivers/virtio_scsi/module HTTP/1.1" 200 26403 "https://mail.artesaniascolombianas.net.co/?loknya=/sys/class/net/eth0/subsystem/eth0/device/net/eth0/device/driver/virtio0/net/eth0/device/subsystem/drivers/virtio_scsi" "Mozilla/5.0 AppleWebKit/537.36 (KHTML, like Gecko; compatible; GPTBot/1.4; +https://openai.com/gptbot)"
2a03:2880:f802:1b:: - - [09/Sep/2026:07:09:25 -0500] "GET /?x=78855181560 HTTP/1.1" 200 39909 "-" "Mozilla/5.0 (Windows NT 10.0; Win64; x64) AppleWebKit/537.36 (KHTML, like Gecko) Chrome/145.0.0.0 Safari/537.36 (compatible; meta-externalagent/1.1 (+https://developers.facebook.com/docs/sharing/webmasters/crawler))"
2a03:2880:f802:10:: - - [09/Sep/2026:07:09:25 -0500] "GET /?u=3977449877 HTTP/1.1" 200 39909 "-" "Mozilla/5.0 (Windows NT 10.0; Win64; x64) AppleWebKit/537.36 (KHTML, like Gecko) Chrome/145.0.0.0 Safari/537.36 (compatible; meta-externalagent/1.1 (+https://developers.facebook.com/docs/sharing/webmasters/crawler))"
74.7.241.42 - - [09/Sep/2026:07:09:25 -0500] "GET /index.php?lokasie=/proc/30987/net/icmp&loknya=/proc/30987/net HTTP/1.1" 200 4206 "https://www.artesaniascolombianas.net.co/index.php?loknya=/proc/30987/net" "Mozilla/5.0 AppleWebKit/537.36 (KHTML, like Gecko; compatible; GPTBot/1.4; +https://openai.com/gptbot)"
74.7.242.34 - - [09/Sep/2026:07:09:25 -0500] "GET /?lokasie=/proc/1535/net//softnet_stat&loknya=/proc/1535/net/ HTTP/1.1" 200 4440 "https://artesaniascolombianas.net.co/?loknya=/proc/1535/net/" "Mozilla/5.0 AppleWebKit/537.36 (KHTML, like Gecko; compatible; GPTBot/1.4; +https://openai.com/gptbot)"
74.7.241.13 - - [09/Sep/2026:07:09:25 -0500] "GET /?loknya=/sys/class/net/eth0/subsystem/eth0/device/subsystem/drivers/virtio_net/virtio0/net/eth0/device/net/eth0/device/driver/module/ HTTP/1.1" 200 27866 "https://mail.artesaniascolombianas.net.co/?loknya=/sys/class/net/eth0/subsystem/eth0/device/subsystem/drivers/virtio_net/virtio0/net/eth0/device/net/eth0/device/driver/module/notes" "Mozilla/5.0 AppleWebKit/537.36 (KHTML, like Gecko; compatible; GPTBot/1.4; +https://openai.com/gptbot)"
2a03:2880:f802:17:: - - [09/Sep/2026:07:09:25 -0500] "GET /?f=65213182176 HTTP/1.1" 200 39909 "-" "Mozilla/5.0 (Windows NT 10.0; Win64; x64) AppleWebKit/537.36 (KHTML, like Gecko) Chrome/145.0.0.0 Safari/537.36 (compatible; meta-externalagent/1.1 (+https://developers.facebook.com/docs/sharing/webmasters/crawler))"
2a03:2880:f802:44:: - - [09/Sep/2026:07:09:25 -0500] "GET /?u=3977461974 HTTP/1.1" 200 39909 "-" "Mozilla/5.0 (Macintosh; Intel Mac OS X 10_15_7) AppleWebKit/537.36 (KHTML, like Gecko) Chrome/145.0.0.0 Safari/537.36 (compatible; meta-externalagent/1.1 (+https://developers.facebook.com/docs/sharing/webmasters/crawler))"
74.7.241.42 - - [09/Sep/2026:07:09:25 -0500] "GET /index.php?lokasie=/proc/30847/net/icmp&loknya=/proc/30847/net HTTP/1.1" 200 4206 "https://www.artesaniascolombianas.net.co/index.php?loknya=/proc/30847/net" "Mozilla/5.0 AppleWebKit/537.36 (KHTML, like Gecko; compatible; GPTBot/1.4; +https://openai.com/gptbot)"
74.7.241.13 - - [09/Sep/2026:07:09:25 -0500] "GET /?loknya=/sys/class/net/eth0/subsystem/eth0/device/driver/virtio0/net/eth0/device/subsystem/virtio_net/virtio:virtio_net/virtio0/driver HTTP/1.1" 200 6901 "https://mail.artesaniascolombianas.net.co/?loknya=/sys/class/net/eth0/subsystem/eth0/device/driver/virtio0/net/eth0/device/subsystem/virtio_net/virtio:virtio_net/virtio0/driver/" "Mozilla/5.0 AppleWebKit/537.36 (KHTML, like Gecko; compatible; GPTBot/1.4; +https://openai.com/gptbot)"
74.7.242.34 - - [09/Sep/2026:07:09:26 -0500] "GET /?lokasie=/proc/1568/net//if_inet6&loknya=/proc/1568/net/ HTTP/1.1" 200 4184 "https://artesaniascolombianas.net.co/?loknya=/proc/1568/net/" "Mozilla/5.0 AppleWebKit/537.36 (KHTML, like Gecko; compatible; GPTBot/1.4; +https://openai.com/gptbot)"
74.7.241.42 - - [09/Sep/2026:07:09:26 -0500] "GET /index.php?lokasie=/proc/24316/net/udp&loknya=/proc/24316/net HTTP/1.1" 200 5997 "https://www.artesaniascolombianas.net.co/index.php?loknya=/proc/24316/net" "Mozilla/5.0 AppleWebKit/537.36 (KHTML, like Gecko; compatible; GPTBot/1.4; +https://openai.com/gptbot)"
2a03:2880:f802:e:: - - [09/Sep/2026:07:09:26 -0500] "GET /?f=65213188527 HTTP/1.1" 200 39908 "-" "Mozilla/5.0 (Windows NT 10.0; Win64; x64) AppleWebKit/537.36 (KHTML, like Gecko) Chrome/145.0.0.0 Safari/537.36 (compatible; meta-externalagent/1.1 (+https://developers.facebook.com/docs/sharing/webmasters/crawler))"
74.7.241.13 - - [09/Sep/2026:07:09:26 -0500] "GET /?loknya=/sys/class/net/eth0/subsystem/eth0/device/subsystem/virtio_net/virtio0/net/eth0/device/net/eth0/device/driver/module/ HTTP/1.1" 200 6995 "https://mail.artesaniascolombianas.net.co/?loknya=/sys/class/net/eth0/subsystem/eth0/device/subsystem/drivers/virtio_net/virtio0/net/eth0/device/net/eth0/device/driver/module/drivers" "Mozilla/5.0 AppleWebKit/537.36 (KHTML, like Gecko; compatible; GPTBot/1.4; +https://openai.com/gptbot)"
2a03:2880:f802:6:: - - [09/Sep/2026:07:09:26 -0500] "GET /?u=3977420850 HTTP/1.1" 200 39908 "-" "Mozilla/5.0 (Windows NT 10.0; Win64; x64) AppleWebKit/537.36 (KHTML, like Gecko) Chrome/145.0.0.0 Safari/537.36 (compatible; meta-externalagent/1.1 (+https://developers.facebook.com/docs/sharing/webmasters/crawler))"
74.7.242.34 - - [09/Sep/2026:07:09:26 -0500] "GET /?lokasie=/proc/1535/net//if_inet6&loknya=/proc/1535/net/ HTTP/1.1" 200 4184 "https://artesaniascolombianas.net.co/?loknya=/proc/1535/net/" "Mozilla/5.0 AppleWebKit/537.36 (KHTML, like Gecko; compatible; GPTBot/1.4; +https://openai.com/gptbot)"
2a03:2880:f802:e:: - - [09/Sep/2026:07:09:26 -0500] "GET /?f=65213258577 HTTP/1.1" 200 39908 "-" "Mozilla/5.0 (Macintosh; Intel Mac OS X 10_15_7) AppleWebKit/537.36 (KHTML, like Gecko) Chrome/145.0.0.0 Safari/537.36 (compatible; meta-externalagent/1.1 (+https://developers.facebook.com/docs/sharing/webmasters/crawler))"
74.7.241.42 - - [09/Sep/2026:07:09:26 -0500] "GET /index.php?lokasie=/proc/24316/net/tcp&loknya=/proc/24316/net HTTP/1.1" 200 34527 "https://www.artesaniascolombianas.net.co/index.php?loknya=/proc/24316/net" "Mozilla/5.0 AppleWebKit/537.36 (KHTML, like Gecko; compatible; GPTBot/1.4; +https://openai.com/gptbot)"
74.7.242.34 - - [09/Sep/2026:07:09:26 -0500] "GET /?lokasie=/proc/1535/net//ip_tables_targets&loknya=/proc/1535/net/ HTTP/1.1" 200 4085 "https://artesaniascolombianas.net.co/?loknya=/proc/1535/net/" "Mozilla/5.0 AppleWebKit/537.36 (KHTML, like Gecko; compatible; GPTBot/1.4; +https://openai.com/gptbot)"
74.7.241.13 - - [09/Sep/2026:07:09:27 -0500] "GET /?loknya=/sys/class/net/eth0/subsystem/eth0/device/driver/virtio0/net/eth0/device/net/eth0/device/subsystem/devices/virtio0/ HTTP/1.1" 200 22338 "https://mail.artesaniascolombianas.net.co/?loknya=/sys/class/net/eth0/subsystem/eth0/device/driver/virtio0/net/eth0/device/net/eth0/device/subsystem/devices/virtio0/power" "Mozilla/5.0 AppleWebKit/537.36 (KHTML, like Gecko; compatible; GPTBot/1.4; +https://openai.com/gptbot)"
74.7.241.42 - - [09/Sep/2026:07:09:27 -0500] "GET /index.php?lokasie=/proc/30847/net/arp&loknya=/proc/30847/net HTTP/1.1" 200 5000 "https://www.artesaniascolombianas.net.co/index.php?loknya=/proc/30847/net" "Mozilla/5.0 AppleWebKit/537.36 (KHTML, like Gecko; compatible; GPTBot/1.4; +https://openai.com/gptbot)"
74.7.242.34 - - [09/Sep/2026:07:09:27 -0500] "GET /?lokasie=/proc/1568/net//icmp&loknya=/proc/1568/net/ HTTP/1.1" 200 4203 "https://artesaniascolombianas.net.co/?loknya=/proc/1568/net/" "Mozilla/5.0 AppleWebKit/537.36 (KHTML, like Gecko; compatible; GPTBot/1.4; +https://openai.com/gptbot)"
74.7.241.13 - - [09/Sep/2026:07:09:27 -0500] "GET /?loknya=/sys/class/net/eth0/subsystem/eth0/device/net/eth0/device/driver/virtio0/net/eth0/device/subsystem/drivers/virtio_net/ HTTP/1.1" 200 14729 "https://mail.artesaniascolombianas.net.co/?loknya=/sys/class/net/eth0/subsystem/eth0/device/net/eth0/device/driver/virtio0/net/eth0/device/subsystem/drivers/virtio_net/module" "Mozilla/5.0 AppleWebKit/537.36 (KHTML, like Gecko; compatible; GPTBot/1.4; +https://openai.com/gptbot)"
74.7.241.42 - - [09/Sep/2026:07:09:27 -0500] "GET /index.php?lokasie=/proc/30847/net/snmp&loknya=/proc/30847/net HTTP/1.1" 200 5446 "https://www.artesaniascolombianas.net.co/index.php?loknya=/proc/30847/net" "Mozilla/5.0 AppleWebKit/537.36 (KHTML, like Gecko; compatible; GPTBot/1.4; +https://openai.com/gptbot)"
2a03:2880:f802:5:: - - [09/Sep/2026:07:09:27 -0500] "GET /?l=7093972965 HTTP/1.1" 200 39908 "-" "Mozilla/5.0 (Windows NT 10.0; Win64; x64) AppleWebKit/537.36 (KHTML, like Gecko) Chrome/145.0.0.0 Safari/537.36 Edg/145.0.0.0 (compatible; meta-externalagent/1.1 (+https://developers.facebook.com/docs/sharing/webmasters/crawler))"
74.7.242.34 - - [09/Sep/2026:07:09:27 -0500] "GET /?lokasie=/proc/1568/net//snmp&loknya=/proc/1568/net/ HTTP/1.1" 200 5443 "https://artesaniascolombianas.net.co/?loknya=/proc/1568/net/" "Mozilla/5.0 AppleWebKit/537.36 (KHTML, like Gecko; compatible; GPTBot/1.4; +https://openai.com/gptbot)"
74.7.241.13 - - [09/Sep/2026:07:09:28 -0500] "GET /?loknya=/sys/class/net/eth0/subsystem/eth0/device/net/eth0/device/driver/virtio0/net/eth0/device/subsystem/drivers/virtio_net/module/notes HTTP/1.1" 200 9045 "https://mail.artesaniascolombianas.net.co/?loknya=/sys/class/net/eth0/subsystem/eth0/device/net/eth0/device/driver/virtio0/net/eth0/device/subsystem/drivers/virtio_net/module" "Mozilla/5.0 AppleWebKit/537.36 (KHTML, like Gecko; compatible; GPTBot/1.4; +https://openai.com/gptbot)"
74.7.241.42 - - [09/Sep/2026:07:09:28 -0500] "GET /index.php?lokasie=/proc/30972/net/arp&loknya=/proc/30972/net HTTP/1.1" 200 5000 "https://www.artesaniascolombianas.net.co/index.php?loknya=/proc/30972/net" "Mozilla/5.0 AppleWebKit/537.36 (KHTML, like Gecko; compatible; GPTBot/1.4; +https://openai.com/gptbot)"
74.7.241.13 - - [09/Sep/2026:07:09:28 -0500] "GET /?loknya=/sys/class/net/eth0/subsystem/eth0/device/net/eth0/device/driver/virtio0/net/eth0/device/subsystem/drivers/virtio_net/module/drivers HTTP/1.1" 200 8696 "https://mail.artesaniascolombianas.net.co/?loknya=/sys/class/net/eth0/subsystem/eth0/device/net/eth0/device/driver/virtio0/net/eth0/device/subsystem/drivers/virtio_net/module" "Mozilla/5.0 AppleWebKit/537.36 (KHTML, like Gecko; compatible; GPTBot/1.4; +https://openai.com/gptbot)"
74.7.242.34 - - [09/Sep/2026:07:09:28 -0500] "GET /?lokasie=/proc/1535/net//igmp&loknya=/proc/1535/net/ HTTP/1.1" 200 4254 "https://artesaniascolombianas.net.co/?loknya=/proc/1535/net/" "Mozilla/5.0 AppleWebKit/537.36 (KHTML, like Gecko; compatible; GPTBot/1.4; +https://openai.com/gptbot)"
2a03:2880:f802:e:: - - [09/Sep/2026:07:09:28 -0500] "GET /?x=78855275999 HTTP/1.1" 200 39908 "-" "Mozilla/5.0 (Macintosh; Intel Mac OS X 10_15_7) AppleWebKit/537.36 (KHTML, like Gecko) Chrome/145.0.0.0 Safari/537.36 (compatible; meta-externalagent/1.1 (+https://developers.facebook.com/docs/sharing/webmasters/crawler))"
74.7.241.42 - - [09/Sep/2026:07:09:28 -0500] "GET /index.php?lokasie=/proc/30972/net/rt_cache&loknya=/proc/30972/net HTTP/1.1" 200 4207 "https://www.artesaniascolombianas.net.co/index.php?loknya=/proc/30972/net" "Mozilla/5.0 AppleWebKit/537.36 (KHTML, like Gecko; compatible; GPTBot/1.4; +https://openai.com/gptbot)"
2a03:2880:f802:2e:: - - [09/Sep/2026:07:09:28 -0500] "GET /?y=25946274320 HTTP/1.1" 200 39909 "-" "Mozilla/5.0 (X11; Linux x86_64) AppleWebKit/537.36 (KHTML, like Gecko) Chrome/145.0.0.0 Safari/537.36 (compatible; meta-externalagent/1.1 (+https://developers.facebook.com/docs/sharing/webmasters/crawler))"
74.7.241.13 - - [09/Sep/2026:07:09:29 -0500] "GET /?loknya=/sys/class/net/eth0/subsystem/eth0/device/driver/virtio0/net/eth0/device/net/eth0/device/subsystem/drivers/virtio_net/module/holders HTTP/1.1" 200 7271 "https://mail.artesaniascolombianas.net.co/?loknya=/sys/class/net/eth0/subsystem/eth0/device/driver/virtio0/net/eth0/device/net/eth0/device/subsystem/drivers/virtio_net/module" "Mozilla/5.0 AppleWebKit/537.36 (KHTML, like Gecko; compatible; GPTBot/1.4; +https://openai.com/gptbot)"
74.7.242.34 - - [09/Sep/2026:07:09:29 -0500] "GET /?lokasie=/proc/1451/net//unix&loknya=/proc/1451/net/ HTTP/1.1" 200 21422 "https://artesaniascolombianas.net.co/?loknya=/proc/1451/net/" "Mozilla/5.0 AppleWebKit/537.36 (KHTML, like Gecko; compatible; GPTBot/1.4; +https://openai.com/gptbot)"
74.7.241.42 - - [09/Sep/2026:07:09:29 -0500] "GET /index.php?lokasie=/proc/30987/net/tcp&loknya=/proc/30987/net HTTP/1.1" 200 34827 "https://www.artesaniascolombianas.net.co/index.php?loknya=/proc/30987/net" "Mozilla/5.0 AppleWebKit/537.36 (KHTML, like Gecko; compatible; GPTBot/1.4; +https://openai.com/gptbot)"
2a03:2880:f802:3e:: - - [09/Sep/2026:07:09:29 -0500] "GET /?x=78855172101 HTTP/1.1" 200 39909 "-" "Mozilla/5.0 (Windows NT 10.0; Win64; x64) AppleWebKit/537.36 (KHTML, like Gecko) Chrome/145.0.0.0 Safari/537.36 (compatible; meta-externalagent/1.1 (+https://developers.facebook.com/docs/sharing/webmasters/crawler))"
103.157.223.56 - - [09/Sep/2026:07:09:29 -0500] "POST /xmlrpc.php HTTP/1.1" 200 39905 "-" "Jetpack by WordPress.com (Jetpack 12.5; WordPress 6.4)"
74.7.242.34 - - [09/Sep/2026:07:09:29 -0500] "GET /?lokasie=/proc/1535/net//unix&loknya=/proc/1535/net/ HTTP/1.1" 200 21797 "https://artesaniascolombianas.net.co/?loknya=/proc/1535/net/" "Mozilla/5.0 AppleWebKit/537.36 (KHTML, like Gecko; compatible; GPTBot/1.4; +https://openai.com/gptbot)"
74.7.241.13 - - [09/Sep/2026:07:09:29 -0500] "GET /?loknya=/sys/class/net/eth0/subsystem/eth0/device/net/eth0/device/subsystem/devices/virtio0/driver/virtio0/net/eth0/device/ HTTP/1.1" 200 22351 "https://mail.artesaniascolombianas.net.co/?loknya=/sys/class/net/eth0/subsystem/eth0/device/net/eth0/device/subsystem/devices/virtio0/driver/virtio0/net/eth0/device/power" "Mozilla/5.0 AppleWebKit/537.36 (KHTML, like Gecko; compatible; GPTBot/1.4; +https://openai.com/gptbot)"
74.7.241.42 - - [09/Sep/2026:07:09:29 -0500] "GET /index.php?lokasie=/proc/24316/net/snmp&loknya=/proc/24316/net HTTP/1.1" 200 5446 "https://www.artesaniascolombianas.net.co/index.php?loknya=/proc/24316/net" "Mozilla/5.0 AppleWebKit/537.36 (KHTML, like Gecko; compatible; GPTBot/1.4; +https://openai.com/gptbot)"
2a03:2880:f802:3d:: - - [09/Sep/2026:07:09:29 -0500] "GET /?u=3977442066 HTTP/1.1" 200 39909 "-" "Mozilla/5.0 (Windows NT 10.0; Win64; x64) AppleWebKit/537.36 (KHTML, like Gecko) Chrome/145.0.0.0 Safari/537.36 Edg/145.0.0.0 (compatible; meta-externalagent/1.1 (+https://developers.facebook.com/docs/sharing/webmasters/crawler))"
74.7.241.13 - - [09/Sep/2026:07:09:29 -0500] "GET /?lokasie=/sys/class/net/eth0/subsystem/eth0/device/subsystem/drivers/virtio_net/virtio0/net/eth0/device/driver/virtio0/net/eth0/power/runtime_suspended_time&loknya=/sys/class/net/eth0/subsystem/eth0/device/subsystem/drivers/virtio_net/virtio0/net/eth0/device/driver/virtio0/net/eth0/power HTTP/1.1" 200 5889 "https://mail.artesaniascolombianas.net.co/?loknya=/sys/class/net/eth0/subsystem/eth0/device/subsystem/drivers/virtio_net/virtio0/net/eth0/device/driver/virtio0/net/eth0/power" "Mozilla/5.0 AppleWebKit/537.36 (KHTML, like Gecko; compatible; GPTBot/1.4; +https://openai.com/gptbot)"
74.7.242.34 - - [09/Sep/2026:07:09:29 -0500] "GET /?lokasie=/proc/4635/net//snmp&loknya=/proc/4635/net/ HTTP/1.1" 200 5443 "https://artesaniascolombianas.net.co/?loknya=/proc/4635/net/" "Mozilla/5.0 AppleWebKit/537.36 (KHTML, like Gecko; compatible; GPTBot/1.4; +https://openai.com/gptbot)"
74.7.241.42 - - [09/Sep/2026:07:09:30 -0500] "GET /index.php?lokasie=/proc/30987/net/arp&loknya=/proc/30987/net HTTP/1.1" 200 5000 "https://www.artesaniascolombianas.net.co/index.php?loknya=/proc/30987/net" "Mozilla/5.0 AppleWebKit/537.36 (KHTML, like Gecko; compatible; GPTBot/1.4; +https://openai.com/gptbot)"
74.7.242.34 - - [09/Sep/2026:07:09:30 -0500] "GET /?lokasie=/proc/1451/net//igmp&loknya=/proc/1451/net/ HTTP/1.1" 200 4254 "https://artesaniascolombianas.net.co/?loknya=/proc/1451/net/" "Mozilla/5.0 AppleWebKit/537.36 (KHTML, like Gecko; compatible; GPTBot/1.4; +https://openai.com/gptbot)"
74.7.241.13 - - [09/Sep/2026:07:09:30 -0500] "GET /?loknya=/sys/class/net/eth0/subsystem/eth0/device/driver/virtio0/net/eth0/device/net/eth0/device/subsystem/drivers/virtio_net/ HTTP/1.1" 200 14742 "https://mail.artesaniascolombianas.net.co/?loknya=/sys/class/net/eth0/subsystem/eth0/device/driver/virtio0/net/eth0/device/net/eth0/device/subsystem/drivers/virtio_net/module" "Mozilla/5.0 AppleWebKit/537.36 (KHTML, like Gecko; compatible; GPTBot/1.4; +https://openai.com/gptbot)"
2a03:2880:f802:49:: - - [09/Sep/2026:07:09:30 -0500] "GET /?v=85873123046 HTTP/1.1" 200 39909 "-" "Mozilla/5.0 (X11; Linux x86_64) AppleWebKit/537.36 (KHTML, like Gecko) Chrome/145.0.0.0 Safari/537.36 (compatible; meta-externalagent/1.1 (+https://developers.facebook.com/docs/sharing/webmasters/crawler))"
74.7.241.42 - - [09/Sep/2026:07:09:30 -0500] "GET /index.php?lokasie=/proc/30972/net/raw&loknya=/proc/30972/net HTTP/1.1" 200 4192 "https://www.artesaniascolombianas.net.co/index.php?loknya=/proc/30972/net" "Mozilla/5.0 AppleWebKit/537.36 (KHTML, like Gecko; compatible; GPTBot/1.4; +https://openai.com/gptbot)"
74.7.242.34 - - [09/Sep/2026:07:09:30 -0500] "GET /?lokasie=/proc/1535/net//tcp&loknya=/proc/1535/net/ HTTP/1.1" 200 32724 "https://artesaniascolombianas.net.co/?loknya=/proc/1535/net/" "Mozilla/5.0 AppleWebKit/537.36 (KHTML, like Gecko; compatible; GPTBot/1.4; +https://openai.com/gptbot)"
74.7.241.13 - - [09/Sep/2026:07:09:31 -0500] "GET /?loknya=/sys/class/net/eth0/subsystem/eth0/device/driver/virtio0/net/eth0/device/net/eth0/device/subsystem/drivers/virtio_net/module/notes HTTP/1.1" 200 9058 "https://mail.artesaniascolombianas.net.co/?loknya=/sys/class/net/eth0/subsystem/eth0/device/driver/virtio0/net/eth0/device/net/eth0/device/subsystem/drivers/virtio_net/module" "Mozilla/5.0 AppleWebKit/537.36 (KHTML, like Gecko; compatible; GPTBot/1.4; +https://openai.com/gptbot)"
74.7.241.42 - - [09/Sep/2026:07:09:31 -0500] "GET /index.php?lokasie=/proc/23714/net/unix&loknya=/proc/23714/net HTTP/1.1" 200 21273 "https://www.artesaniascolombianas.net.co/index.php?loknya=/proc/23714/net" "Mozilla/5.0 AppleWebKit/537.36 (KHTML, like Gecko; compatible; GPTBot/1.4; +https://openai.com/gptbot)"
74.7.242.34 - - [09/Sep/2026:07:09:31 -0500] "GET /?lokasie=/proc/1451/net//tcp&loknya=/proc/1451/net/ HTTP/1.1" 200 33024 "https://artesaniascolombianas.net.co/?loknya=/proc/1451/net/" "Mozilla/5.0 AppleWebKit/537.36 (KHTML, like Gecko; compatible; GPTBot/1.4; +https://openai.com/gptbot)"
74.7.241.13 - - [09/Sep/2026:07:09:31 -0500] "GET /?loknya=/sys/class/net/eth0/subsystem/eth0/device/driver/virtio0/net/eth0/device/net/eth0/device/subsystem/drivers/virtio_net/module/drivers HTTP/1.1" 200 8709 "https://mail.artesaniascolombianas.net.co/?loknya=/sys/class/net/eth0/subsystem/eth0/device/driver/virtio0/net/eth0/device/net/eth0/device/subsystem/drivers/virtio_net/module" "Mozilla/5.0 AppleWebKit/537.36 (KHTML, like Gecko; compatible; GPTBot/1.4; +https://openai.com/gptbot)"
74.7.241.42 - - [09/Sep/2026:07:09:31 -0500] "GET /index.php?lokasie=/proc/23714/net/tcp&loknya=/proc/23714/net HTTP/1.1" 200 33027 "https://www.artesaniascolombianas.net.co/index.php?loknya=/proc/23714/net" "Mozilla/5.0 AppleWebKit/537.36 (KHTML, like Gecko; compatible; GPTBot/1.4; +https://openai.com/gptbot)"
74.7.241.13 - - [09/Sep/2026:07:09:32 -0500] "GET /?loknya=/sys/class/net/eth0/subsystem/eth0/device/subsystem/virtio_net/virtio0/net/eth0/device/net/eth0/device/driver HTTP/1.1" 200 6826 "https://mail.artesaniascolombianas.net.co/?loknya=/sys/class/net/eth0/subsystem/eth0/device/subsystem/virtio_net/virtio0/net/eth0/device/net/eth0/device/driver/module/" "Mozilla/5.0 AppleWebKit/537.36 (KHTML, like Gecko; compatible; GPTBot/1.4; +https://openai.com/gptbot)"
74.7.242.34 - - [09/Sep/2026:07:09:31 -0500] "GET /?lokasie=/proc/1451/net//arp&loknya=/proc/1451/net/ HTTP/1.1" 200 4997 "https://artesaniascolombianas.net.co/?loknya=/proc/1451/net/" "Mozilla/5.0 AppleWebKit/537.36 (KHTML, like Gecko; compatible; GPTBot/1.4; +https://openai.com/gptbot)"
74.7.241.42 - - [09/Sep/2026:07:09:32 -0500] "GET /index.php?lokasie=/proc/30972/net/udp&loknya=/proc/30972/net HTTP/1.1" 200 5869 "https://www.artesaniascolombianas.net.co/index.php?loknya=/proc/30972/net" "Mozilla/5.0 AppleWebKit/537.36 (KHTML, like Gecko; compatible; GPTBot/1.4; +https://openai.com/gptbot)"
2a03:2880:f802:6:: - - [09/Sep/2026:07:09:32 -0500] "GET /?u=39774111921 HTTP/1.1" 200 39908 "-" "Mozilla/5.0 (Windows NT 10.0; Win64; x64) AppleWebKit/537.36 (KHTML, like Gecko) Chrome/145.0.0.0 Safari/537.36 (compatible; meta-externalagent/1.1 (+https://developers.facebook.com/docs/sharing/webmasters/crawler))"
2a03:2880:f802:1:: - - [09/Sep/2026:07:09:32 -0500] "GET /?l=70939260627 HTTP/1.1" 200 39908 "-" "Mozilla/5.0 (Macintosh; Intel Mac OS X 10_15_7) AppleWebKit/537.36 (KHTML, like Gecko) Chrome/145.0.0.0 Safari/537.36 (compatible; meta-externalagent/1.1 (+https://developers.facebook.com/docs/sharing/webmasters/crawler))"
74.7.241.13 - - [09/Sep/2026:07:09:32 -0500] "GET /?loknya=/sys/class/net/eth0/subsystem/eth0/device/subsystem/virtio_net/virtio0/net/eth0/device/net/eth0/device/driver/ HTTP/1.1" 200 6828 "https://mail.artesaniascolombianas.net.co/?loknya=/sys/class/net/eth0/subsystem/eth0/device/subsystem/virtio_net/virtio0/net/eth0/device/net/eth0/device/driver/module/" "Mozilla/5.0 AppleWebKit/537.36 (KHTML, like Gecko; compatible; GPTBot/1.4; +https://openai.com/gptbot)"
74.7.242.34 - - [09/Sep/2026:07:09:32 -0500] "GET /?lokasie=/proc/1535/net//arp&loknya=/proc/1535/net/ HTTP/1.1" 200 4997 "https://artesaniascolombianas.net.co/?loknya=/proc/1535/net/" "Mozilla/5.0 AppleWebKit/537.36 (KHTML, like Gecko; compatible; GPTBot/1.4; +https://openai.com/gptbot)"
74.7.241.42 - - [09/Sep/2026:07:09:32 -0500] "GET /index.php?lokasie=/proc/24316/net/icmp&loknya=/proc/24316/net HTTP/1.1" 200 4206 "https://www.artesaniascolombianas.net.co/index.php?loknya=/proc/24316/net" "Mozilla/5.0 AppleWebKit/537.36 (KHTML, like Gecko; compatible; GPTBot/1.4; +https://openai.com/gptbot)"
2a03:2880:f802:3e:: - - [09/Sep/2026:07:09:32 -0500] "GET /?u=39774189095 HTTP/1.1" 200 39909 "-" "Mozilla/5.0 (Macintosh; Intel Mac OS X 10_15_7) AppleWebKit/537.36 (KHTML, like Gecko) Chrome/145.0.0.0 Safari/537.36 (compatible; meta-externalagent/1.1 (+https://developers.facebook.com/docs/sharing/webmasters/crawler))"
74.7.242.34 - - [09/Sep/2026:07:09:33 -0500] "GET /?lokasie=/proc/1535/net//nf_conntrack_expect&loknya=/proc/1535/net/ HTTP/1.1" 200 4087 "https://artesaniascolombianas.net.co/?loknya=/proc/1535/net/" "Mozilla/5.0 AppleWebKit/537.36 (KHTML, like Gecko; compatible; GPTBot/1.4; +https://openai.com/gptbot)"
74.7.241.13 - - [09/Sep/2026:07:09:33 -0500] "GET /?loknya=/sys/class/net/eth0/subsystem/eth0/device/subsystem/virtio_net/virtio0/net/eth0/device/net/eth0/device/driver/module HTTP/1.1" 200 6993 "https://mail.artesaniascolombianas.net.co/?loknya=/sys/class/net/eth0/subsystem/eth0/device/subsystem/virtio_net/virtio0/net/eth0/device/net/eth0/device/driver/module/" "Mozilla/5.0 AppleWebKit/537.36 (KHTML, like Gecko; compatible; GPTBot/1.4; +https://openai.com/gptbot)"
74.7.241.42 - - [09/Sep/2026:07:09:33 -0500] "GET /index.php?lokasie=/proc/30847/net/route&loknya=/proc/30847/net HTTP/1.1" 200 4588 "https://www.artesaniascolombianas.net.co/index.php?loknya=/proc/30847/net" "Mozilla/5.0 AppleWebKit/537.36 (KHTML, like Gecko; compatible; GPTBot/1.4; +https://openai.com/gptbot)"
2a03:2880:f802:38:: - - [09/Sep/2026:07:09:33 -0500] "GET /?f=6521314683 HTTP/1.1" 200 39909 "-" "Mozilla/5.0 (Windows NT 10.0; Win64; x64) AppleWebKit/537.36 (KHTML, like Gecko) Chrome/145.0.0.0 Safari/537.36 (compatible; meta-externalagent/1.1 (+https://developers.facebook.com/docs/sharing/webmasters/crawler))"
2a03:2880:f802:4b:: - - [09/Sep/2026:07:09:33 -0500] "GET /?y=25946135754 HTTP/1.1" 200 39909 "-" "Mozilla/5.0 (Windows NT 10.0; Win64; x64) AppleWebKit/537.36 (KHTML, like Gecko) Chrome/145.0.0.0 Safari/537.36 (compatible; meta-externalagent/1.1 (+https://developers.facebook.com/docs/sharing/webmasters/crawler))"
74.7.242.34 - - [09/Sep/2026:07:09:33 -0500] "GET /?lokasie=/proc/1451/net//nf_conntrack_expect&loknya=/proc/1451/net/ HTTP/1.1" 200 4087 "https://artesaniascolombianas.net.co/?loknya=/proc/1451/net/" "Mozilla/5.0 AppleWebKit/537.36 (KHTML, like Gecko; compatible; GPTBot/1.4; +https://openai.com/gptbot)"
74.7.241.13 - - [09/Sep/2026:07:09:33 -0500] "GET /?loknya=/sys/class/net/eth0/subsystem/eth0/device/net/eth0/device/driver/virtio0/net/eth0/device/subsystem/drivers/virtio_net/module/ HTTP/1.1" 200 27771 "https://mail.artesaniascolombianas.net.co/?loknya=/sys/class/net/eth0/subsystem/eth0/device/net/eth0/device/driver/virtio0/net/eth0/device/subsystem/drivers/virtio_net/module/notes" "Mozilla/5.0 AppleWebKit/537.36 (KHTML, like Gecko; compatible; GPTBot/1.4; +https://openai.com/gptbot)"
74.7.241.42 - - [09/Sep/2026:07:09:33 -0500] "GET /index.php?lokasie=/proc/23714/net/udp&loknya=/proc/23714/net HTTP/1.1" 200 5869 "https://www.artesaniascolombianas.net.co/index.php?loknya=/proc/23714/net" "Mozilla/5.0 AppleWebKit/537.36 (KHTML, like Gecko; compatible; GPTBot/1.4; +https://openai.com/gptbot)"
74.7.242.34 - - [09/Sep/2026:07:09:34 -0500] "GET /?lokasie=/proc/6890/net//nf_conntrack_expect&loknya=/proc/6890/net/ HTTP/1.1" 200 4087 "https://artesaniascolombianas.net.co/?loknya=/proc/6890/net/" "Mozilla/5.0 AppleWebKit/537.36 (KHTML, like Gecko; compatible; GPTBot/1.4; +https://openai.com/gptbot)"
74.7.241.13 - - [09/Sep/2026:07:09:34 -0500] "GET /?loknya=/sys/class/net/eth0/subsystem/eth0/device/net/eth0/device/driver/virtio0/net/eth0/device/subsystem/virtio_net/module/ HTTP/1.1" 200 6917 "https://mail.artesaniascolombianas.net.co/?loknya=/sys/class/net/eth0/subsystem/eth0/device/net/eth0/device/driver/virtio0/net/eth0/device/subsystem/drivers/virtio_net/module/drivers" "Mozilla/5.0 AppleWebKit/537.36 (KHTML, like Gecko; compatible; GPTBot/1.4; +https://openai.com/gptbot)"
74.7.241.42 - - [09/Sep/2026:07:09:34 -0500] "GET /index.php?lokasie=/proc/23714/net/raw&loknya=/proc/23714/net HTTP/1.1" 200 4192 "https://www.artesaniascolombianas.net.co/index.php?loknya=/proc/23714/net" "Mozilla/5.0 AppleWebKit/537.36 (KHTML, like Gecko; compatible; GPTBot/1.4; +https://openai.com/gptbot)"
74.7.242.34 - - [09/Sep/2026:07:09:34 -0500] "GET /?lokasie=/proc/4635/net//nf_conntrack_expect&loknya=/proc/4635/net/ HTTP/1.1" 200 4087 "https://artesaniascolombianas.net.co/?loknya=/proc/4635/net/" "Mozilla/5.0 AppleWebKit/537.36 (KHTML, like Gecko; compatible; GPTBot/1.4; +https://openai.com/gptbot)"
74.7.241.13 - - [09/Sep/2026:07:09:34 -0500] "GET /?loknya=/sys/class/net/eth0/subsystem/eth0/device/driver/virtio0/net/eth0/device/net/eth0/device/subsystem/drivers/virtio_net/module/ HTTP/1.1" 200 27784 "https://mail.artesaniascolombianas.net.co/?loknya=/sys/class/net/eth0/subsystem/eth0/device/driver/virtio0/net/eth0/device/net/eth0/device/subsystem/drivers/virtio_net/module/holders" "Mozilla/5.0 AppleWebKit/537.36 (KHTML, like Gecko; compatible; GPTBot/1.4; +https://openai.com/gptbot)"
74.7.241.42 - - [09/Sep/2026:07:09:34 -0500] "GET /index.php?lokasie=/proc/24316/net/rt_cache&loknya=/proc/24316/net HTTP/1.1" 200 4207 "https://www.artesaniascolombianas.net.co/index.php?loknya=/proc/24316/net" "Mozilla/5.0 AppleWebKit/537.36 (KHTML, like Gecko; compatible; GPTBot/1.4; +https://openai.com/gptbot)"
2a03:2880:f802:e:: - - [09/Sep/2026:07:09:34 -0500] "GET /?f=65213251033 HTTP/1.1" 200 39908 "-" "Mozilla/5.0 (Windows NT 10.0; Win64; x64) AppleWebKit/537.36 (KHTML, like Gecko) Chrome/145.0.0.0 Safari/537.36 (compatible; meta-externalagent/1.1 (+https://developers.facebook.com/docs/sharing/webmasters/crawler))"
74.7.242.34 - - [09/Sep/2026:07:09:35 -0500] "GET /?lokasie=/proc/1568/net//nf_conntrack_expect&loknya=/proc/1568/net/ HTTP/1.1" 200 4087 "https://artesaniascolombianas.net.co/?loknya=/proc/1568/net/" "Mozilla/5.0 AppleWebKit/537.36 (KHTML, like Gecko; compatible; GPTBot/1.4; +https://openai.com/gptbot)"
74.7.241.13 - - [09/Sep/2026:07:09:35 -0500] "GET /?loknya=/sys/class/net/eth0/subsystem/eth0/device/driver/virtio0/net/eth0/device/net/eth0/device/subsystem/drivers/virtio_console/virtio2 HTTP/1.1" 200 23087 "https://mail.artesaniascolombianas.net.co/?loknya=/sys/class/net/eth0/subsystem/eth0/device/driver/virtio0/net/eth0/device/net/eth0/device/subsystem/drivers/virtio_console" "Mozilla/5.0 AppleWebKit/537.36 (KHTML, like Gecko; compatible; GPTBot/1.4; +https://openai.com/gptbot)"
74.7.241.42 - - [09/Sep/2026:07:09:35 -0500] "GET /index.php?lokasie=/proc/30972/net/rt_acct&loknya=/proc/30972/net HTTP/1.1" 200 8174 "https://www.artesaniascolombianas.net.co/index.php?loknya=/proc/30972/net" "Mozilla/5.0 AppleWebKit/537.36 (KHTML, like Gecko; compatible; GPTBot/1.4; +https://openai.com/gptbot)"
74.7.241.13 - - [09/Sep/2026:07:09:35 -0500] "GET /?loknya=/sys/class/net/eth0/subsystem/eth0/device/driver/virtio0/net/eth0/device/net/eth0/device/subsystem/drivers/virtio_console/module HTTP/1.1" 200 26566 "https://mail.artesaniascolombianas.net.co/?loknya=/sys/class/net/eth0/subsystem/eth0/device/driver/virtio0/net/eth0/device/net/eth0/device/subsystem/drivers/virtio_console" "Mozilla/5.0 AppleWebKit/537.36 (KHTML, like Gecko; compatible; GPTBot/1.4; +https://openai.com/gptbot)"
74.7.242.34 - - [09/Sep/2026:07:09:35 -0500] "GET /?lokasie=/proc/1535/net//protocols&loknya=/proc/1535/net/ HTTP/1.1" 200 5729 "https://artesaniascolombianas.net.co/?loknya=/proc/1535/net/" "Mozilla/5.0 AppleWebKit/537.36 (KHTML, like Gecko; compatible; GPTBot/1.4; +https://openai.com/gptbot)"
74.7.241.42 - - [09/Sep/2026:07:09:35 -0500] "GET /index.php?lokasie=/proc/24316/net/raw&loknya=/proc/24316/net HTTP/1.1" 200 4192 "https://www.artesaniascolombianas.net.co/index.php?loknya=/proc/24316/net" "Mozilla/5.0 AppleWebKit/537.36 (KHTML, like Gecko; compatible; GPTBot/1.4; +https://openai.com/gptbot)"
74.7.241.13 - - [09/Sep/2026:07:09:36 -0500] "GET /?loknya=/sys/class/net/eth0/subsystem/eth0/device/net/eth0/device/driver/virtio0/subsystem/virtio_net/virtio:virtio_net/virtio0 HTTP/1.1" 200 6709 "https://mail.artesaniascolombianas.net.co/?loknya=/sys/class/net/eth0/subsystem/eth0/device/net/eth0/device/driver/virtio0/subsystem/virtio_net/virtio:virtio_net/virtio0/driver/" "Mozilla/5.0 AppleWebKit/537.36 (KHTML, like Gecko; compatible; GPTBot/1.4; +https://openai.com/gptbot)"
74.7.242.34 - - [09/Sep/2026:07:09:36 -0500] "GET /?lokasie=/proc/1451/net//protocols&loknya=/proc/1451/net/ HTTP/1.1" 200 5729 "https://artesaniascolombianas.net.co/?loknya=/proc/1451/net/" "Mozilla/5.0 AppleWebKit/537.36 (KHTML, like Gecko; compatible; GPTBot/1.4; +https://openai.com/gptbot)"
74.7.241.42 - - [09/Sep/2026:07:09:36 -0500] "GET /index.php?lokasie=/proc/23714/net/arp&loknya=/proc/23714/net HTTP/1.1" 200 5000 "https://www.artesaniascolombianas.net.co/index.php?loknya=/proc/23714/net" "Mozilla/5.0 AppleWebKit/537.36 (KHTML, like Gecko; compatible; GPTBot/1.4; +https://openai.com/gptbot)"
74.7.242.34 - - [09/Sep/2026:07:09:36 -0500] "GET /?lokasie=/proc/1535/net//connector&loknya=/proc/1535/net/ HTTP/1.1" 200 4116 "https://artesaniascolombianas.net.co/?loknya=/proc/1535/net/" "Mozilla/5.0 AppleWebKit/537.36 (KHTML, like Gecko; compatible; GPTBot/1.4; +https://openai.com/gptbot)"
74.7.241.13 - - [09/Sep/2026:07:09:36 -0500] "GET /?loknya=/sys/class/net/eth0/subsystem/eth0/device/net/eth0/device/subsystem/drivers/virtio_balloon/virtio3/subsystem/drivers/ HTTP/1.1" 200 13544 "https://mail.artesaniascolombianas.net.co/?loknya=/sys/class/net/eth0/subsystem/eth0/device/net/eth0/device/subsystem/drivers/virtio_balloon/virtio3/subsystem/drivers/virtio_scsi" "Mozilla/5.0 AppleWebKit/537.36 (KHTML, like Gecko; compatible; GPTBot/1.4; +https://openai.com/gptbot)"
74.7.241.42 - - [09/Sep/2026:07:09:36 -0500] "GET /index.php?lokasie=/proc/30847/net/rt_cache&loknya=/proc/30847/net HTTP/1.1" 200 4207 "https://www.artesaniascolombianas.net.co/index.php?loknya=/proc/30847/net" "Mozilla/5.0 AppleWebKit/537.36 (KHTML, like Gecko; compatible; GPTBot/1.4; +https://openai.com/gptbot)"
2a03:2880:f802:3c:: - - [09/Sep/2026:07:09:36 -0500] "GET /?i=36798237193 HTTP/1.1" 200 39909 "-" "Mozilla/5.0 (Windows NT 10.0; Win64; x64) AppleWebKit/537.36 (KHTML, like Gecko) Chrome/145.0.0.0 Safari/537.36 (compatible; meta-externalagent/1.1 (+https://developers.facebook.com/docs/sharing/webmasters/crawler))"
74.7.242.34 - - [09/Sep/2026:07:09:37 -0500] "GET /?lokasie=/proc/1451/net//connector&loknya=/proc/1451/net/ HTTP/1.1" 200 4116 "https://artesaniascolombianas.net.co/?loknya=/proc/1451/net/" "Mozilla/5.0 AppleWebKit/537.36 (KHTML, like Gecko; compatible; GPTBot/1.4; +https://openai.com/gptbot)"
74.7.241.13 - - [09/Sep/2026:07:09:37 -0500] "GET /?loknya=/sys/class/net/eth0/subsystem/eth0/device/driver/virtio0/net/eth0/device/net/eth0/device/subsystem/virtio_net/module/ HTTP/1.1" 200 6930 "https://mail.artesaniascolombianas.net.co/?loknya=/sys/class/net/eth0/subsystem/eth0/device/driver/virtio0/net/eth0/device/net/eth0/device/subsystem/drivers/virtio_net/module/drivers" "Mozilla/5.0 AppleWebKit/537.36 (KHTML, like Gecko; compatible; GPTBot/1.4; +https://openai.com/gptbot)"
74.7.241.42 - - [09/Sep/2026:07:09:37 -0500] "GET /index.php?lokasie=/proc/30987/net/rt_acct&loknya=/proc/30987/net HTTP/1.1" 200 8174 "https://www.artesaniascolombianas.net.co/index.php?loknya=/proc/30987/net" "Mozilla/5.0 AppleWebKit/537.36 (KHTML, like Gecko; compatible; GPTBot/1.4; +https://openai.com/gptbot)"
74.7.242.34 - - [09/Sep/2026:07:09:37 -0500] "GET /?lokasie=/proc/1451/net//raw&loknya=/proc/1451/net/ HTTP/1.1" 200 4189 "https://artesaniascolombianas.net.co/?loknya=/proc/1451/net/" "Mozilla/5.0 AppleWebKit/537.36 (KHTML, like Gecko; compatible; GPTBot/1.4; +https://openai.com/gptbot)"
74.7.241.13 - - [09/Sep/2026:07:09:37 -0500] "GET /?loknya=/sys/class/net/eth0/subsystem/eth0/device/subsystem/virtio_net/virtio0/net/eth0/device/net/eth0/device/ HTTP/1.1" 200 6654 "https://mail.artesaniascolombianas.net.co/?loknya=/sys/class/net/eth0/subsystem/eth0/device/subsystem/virtio_net/virtio0/net/eth0/device/net/eth0/device/driver" "Mozilla/5.0 AppleWebKit/537.36 (KHTML, like Gecko; compatible; GPTBot/1.4; +https://openai.com/gptbot)"
2a03:2880:f802:8:: - - [09/Sep/2026:07:09:37 -0500] "GET /?l=7093975631 HTTP/1.1" 200 39908 "-" "Mozilla/5.0 (Windows NT 10.0; Win64; x64) AppleWebKit/537.36 (KHTML, like Gecko) Chrome/145.0.0.0 Safari/537.36 (compatible; meta-externalagent/1.1 (+https://developers.facebook.com/docs/sharing/webmasters/crawler))"
74.7.241.42 - - [09/Sep/2026:07:09:37 -0500] "GET /index.php?lokasie=/proc/30987/net/snmp&loknya=/proc/30987/net HTTP/1.1" 200 5446 "https://www.artesaniascolombianas.net.co/index.php?loknya=/proc/30987/net" "Mozilla/5.0 AppleWebKit/537.36 (KHTML, like Gecko; compatible; GPTBot/1.4; +https://openai.com/gptbot)"
2a03:2880:f802:1:: - - [09/Sep/2026:07:09:37 -0500] "GET /?u=39774168251 HTTP/1.1" 200 39908 "-" "Mozilla/5.0 (Windows NT 10.0; Win64; x64) AppleWebKit/537.36 (KHTML, like Gecko) Chrome/145.0.0.0 Safari/537.36 (compatible; meta-externalagent/1.1 (+https://developers.facebook.com/docs/sharing/webmasters/crawler))"
74.7.241.13 - - [09/Sep/2026:07:09:38 -0500] "GET /?loknya=/sys/class/net/eth0/subsystem/eth0/device/driver/virtio0/net/eth0/device/net/eth0/device/subsystem/drivers/virtio_rproc_serial HTTP/1.1" 200 13554 "https://mail.artesaniascolombianas.net.co/?loknya=/sys/class/net/eth0/subsystem/eth0/device/driver/virtio0/net/eth0/device/net/eth0/device/subsystem/drivers" "Mozilla/5.0 AppleWebKit/537.36 (KHTML, like Gecko; compatible; GPTBot/1.4; +https://openai.com/gptbot)"
74.7.242.34 - - [09/Sep/2026:07:09:38 -0500] "GET /?lokasie=/proc/1568/net//arp&loknya=/proc/1568/net/ HTTP/1.1" 200 4997 "https://artesaniascolombianas.net.co/?loknya=/proc/1568/net/" "Mozilla/5.0 AppleWebKit/537.36 (KHTML, like Gecko; compatible; GPTBot/1.4; +https://openai.com/gptbot)"
74.7.241.42 - - [09/Sep/2026:07:09:38 -0500] "GET /index.php?lokasie=/proc/23714/net/rt_cache&loknya=/proc/23714/net HTTP/1.1" 200 4207 "https://www.artesaniascolombianas.net.co/index.php?loknya=/proc/23714/net" "Mozilla/5.0 AppleWebKit/537.36 (KHTML, like Gecko; compatible; GPTBot/1.4; +https://openai.com/gptbot)"
2a03:2880:f802:1b:: - - [09/Sep/2026:07:09:38 -0500] "GET /?f=65213258019 HTTP/1.1" 200 39909 "-" "Mozilla/5.0 (Macintosh; Intel Mac OS X 10_15_7) AppleWebKit/537.36 (KHTML, like Gecko) Chrome/145.0.0.0 Safari/537.36 (compatible; meta-externalagent/1.1 (+https://developers.facebook.com/docs/sharing/webmasters/crawler))"
74.7.241.13 - - [09/Sep/2026:07:09:38 -0500] "GET /?loknya=/sys/class/net/eth0/subsystem/eth0/device/driver/virtio0/net/eth0/device/net/eth0/device/subsystem/drivers/virtio_scsi/module HTTP/1.1" 200 26416 "https://mail.artesaniascolombianas.net.co/?loknya=/sys/class/net/eth0/subsystem/eth0/device/driver/virtio0/net/eth0/device/net/eth0/device/subsystem/drivers/virtio_scsi" "Mozilla/5.0 AppleWebKit/537.36 (KHTML, like Gecko; compatible; GPTBot/1.4; +https://openai.com/gptbot)"
74.7.242.34 - - [09/Sep/2026:07:09:38 -0500] "GET /?lokasie=/proc/1568/net//tcp&loknya=/proc/1568/net/ HTTP/1.1" 200 33774 "https://artesaniascolombianas.net.co/?loknya=/proc/1568/net/" "Mozilla/5.0 AppleWebKit/537.36 (KHTML, like Gecko; compatible; GPTBot/1.4; +https://openai.com/gptbot)"
74.7.241.42 - - [09/Sep/2026:07:09:38 -0500] "GET /index.php?lokasie=/proc/30987/net/rt6_stats&loknya=/proc/30987/net HTTP/1.1" 200 4115 "https://www.artesaniascolombianas.net.co/index.php?loknya=/proc/30987/net" "Mozilla/5.0 AppleWebKit/537.36 (KHTML, like Gecko; compatible; GPTBot/1.4; +https://openai.com/gptbot)"
74.7.242.34 - - [09/Sep/2026:07:09:39 -0500] "GET /?lokasie=/proc/6890/net//tcp&loknya=/proc/6890/net/ HTTP/1.1" 200 33324 "https://artesaniascolombianas.net.co/?loknya=/proc/6890/net/" "Mozilla/5.0 AppleWebKit/537.36 (KHTML, like Gecko; compatible; GPTBot/1.4; +https://openai.com/gptbot)"
74.7.241.13 - - [09/Sep/2026:07:09:39 -0500] "GET /?loknya=/sys/class/net/eth0/subsystem/eth0/device/driver/virtio0/net/eth0/device/subsystem/drivers/virtio_net/virtio0/net/eth0/power HTTP/1.1" 200 22924 "https://mail.artesaniascolombianas.net.co/?loknya=/sys/class/net/eth0/subsystem/eth0/device/driver/virtio0/net/eth0/device/subsystem/drivers/virtio_net/virtio0/net/eth0" "Mozilla/5.0 AppleWebKit/537.36 (KHTML, like Gecko; compatible; GPTBot/1.4; +https://openai.com/gptbot)"
2a03:2880:f802:1a:: - - [09/Sep/2026:07:09:39 -0500] "GET /?f=6521343347 HTTP/1.1" 200 39909 "-" "Mozilla/5.0 (Macintosh; Intel Mac OS X 10_15_7) AppleWebKit/537.36 (KHTML, like Gecko) Chrome/145.0.0.0 Safari/537.36 (compatible; meta-externalagent/1.1 (+https://developers.facebook.com/docs/sharing/webmasters/crawler))"
74.7.241.42 - - [09/Sep/2026:07:09:39 -0500] "GET /index.php?lokasie=/proc/24316/net/if_inet6&loknya=/proc/24316/net HTTP/1.1" 200 4187 "https://www.artesaniascolombianas.net.co/index.php?loknya=/proc/24316/net" "Mozilla/5.0 AppleWebKit/537.36 (KHTML, like Gecko; compatible; GPTBot/1.4; +https://openai.com/gptbot)"
74.7.241.13 - - [09/Sep/2026:07:09:39 -0500] "GET /?loknya=/sys/class/net/eth0/subsystem/eth0/device/net/eth0/device/driver/virtio0/net/eth0/device/subsystem/virtio_net HTTP/1.1" 200 6724 "https://mail.artesaniascolombianas.net.co/?loknya=/sys/class/net/eth0/subsystem/eth0/device/net/eth0/device/driver/virtio0/net/eth0/device/subsystem/virtio_net/module/" "Mozilla/5.0 AppleWebKit/537.36 (KHTML, like Gecko; compatible; GPTBot/1.4; +https://openai.com/gptbot)"
74.7.242.34 - - [09/Sep/2026:07:09:39 -0500] "GET /?lokasie=/proc/6890/net//arp&loknya=/proc/6890/net/ HTTP/1.1" 200 4997 "https://artesaniascolombianas.net.co/?loknya=/proc/6890/net/" "Mozilla/5.0 AppleWebKit/537.36 (KHTML, like Gecko; compatible; GPTBot/1.4; +https://openai.com/gptbot)"
74.7.241.42 - - [09/Sep/2026:07:09:39 -0500] "GET /index.php?loknya=/proc/30987/net/xt_recent HTTP/1.1" 200 6580 "https://www.artesaniascolombianas.net.co/index.php?loknya=/proc/30987/net" "Mozilla/5.0 AppleWebKit/537.36 (KHTML, like Gecko; compatible; GPTBot/1.4; +https://openai.com/gptbot)"
2a03:2880:f802:48:: - - [09/Sep/2026:07:09:39 -0500] "GET /?i=36798209250 HTTP/1.1" 200 39909 "-" "Mozilla/5.0 (Windows NT 10.0; Win64; x64) AppleWebKit/537.36 (KHTML, like Gecko) Chrome/145.0.0.0 Safari/537.36 (compatible; meta-externalagent/1.1 (+https://developers.facebook.com/docs/sharing/webmasters/crawler))"
2a03:2880:f802:47:: - - [09/Sep/2026:07:09:39 -0500] "GET /?l=7093985729 HTTP/1.1" 200 39909 "-" "Mozilla/5.0 (Windows NT 10.0; Win64; x64) AppleWebKit/537.36 (KHTML, like Gecko) Chrome/145.0.0.0 Safari/537.36 (compatible; meta-externalagent/1.1 (+https://developers.facebook.com/docs/sharing/webmasters/crawler))"
74.7.242.34 - - [09/Sep/2026:07:09:40 -0500] "GET /?lokasie=/proc/4635/net//arp&loknya=/proc/4635/net/ HTTP/1.1" 200 4997 "https://artesaniascolombianas.net.co/?loknya=/proc/4635/net/" "Mozilla/5.0 AppleWebKit/537.36 (KHTML, like Gecko; compatible; GPTBot/1.4; +https://openai.com/gptbot)"
74.7.241.13 - - [09/Sep/2026:07:09:40 -0500] "GET /?loknya=/sys/class/net/eth0/subsystem/eth0/device/net/eth0/device/driver/virtio0/net/eth0/device/subsystem/virtio_net/ HTTP/1.1" 200 6726 "https://mail.artesaniascolombianas.net.co/?loknya=/sys/class/net/eth0/subsystem/eth0/device/net/eth0/device/driver/virtio0/net/eth0/device/subsystem/virtio_net/module/" "Mozilla/5.0 AppleWebKit/537.36 (KHTML, like Gecko; compatible; GPTBot/1.4; +https://openai.com/gptbot)"
