74.7.241.13 - - [09/Sep/2026:07:11:50 -0500] "GET /?loknya=/sys/class/net/device/net/device/driver/module/drivers/virtio:virtio_net/virtio0/net/ HTTP/1.1" 200 6117 "https://mail.artesaniascolombianas.net.co/?loknya=/sys/class/net/subsystem/device/net/device/driver/module/drivers/virtio:virtio_net/virtio0/net/subsystem/" "Mozilla/5.0 AppleWebKit/537.36 (KHTML, like Gecko; compatible; GPTBot/1.4; +https://openai.com/gptbot)"
74.7.242.34 - - [09/Sep/2026:07:11:50 -0500] "GET /?loknya=/proc/18797/net/stat HTTP/1.1" 200 10511 "https://artesaniascolombianas.net.co/?loknya=/proc/18797/net" "Mozilla/5.0 AppleWebKit/537.36 (KHTML, like Gecko; compatible; GPTBot/1.4; +https://openai.com/gptbot)"
74.7.241.42 - - [09/Sep/2026:07:11:50 -0500] "GET /index.php?lokasie=/usr/share/perl5/PerlIO.pm&loknya=/usr/share/perl5 HTTP/1.1" 200 15305 "https://www.artesaniascolombianas.net.co/index.php?loknya=/usr/share/perl5" "Mozilla/5.0 AppleWebKit/537.36 (KHTML, like Gecko; compatible; GPTBot/1.4; +https://openai.com/gptbot)"
74.7.241.13 - - [09/Sep/2026:07:11:50 -0500] "GET /?loknya=/sys/class/net/subsystem/device/net/device/driver/module/drivers/virtio:virtio_net/virtio0/net/subsystem HTTP/1.1" 200 6454 "https://mail.artesaniascolombianas.net.co/?loknya=/sys/class/net/subsystem/device/net/device/driver/module/drivers/virtio:virtio_net/virtio0/net/subsystem/" "Mozilla/5.0 AppleWebKit/537.36 (KHTML, like Gecko; compatible; GPTBot/1.4; +https://openai.com/gptbot)"
74.7.242.34 - - [09/Sep/2026:07:11:51 -0500] "GET /?loknya=/proc/30847/net/stat HTTP/1.1" 200 10509 "https://artesaniascolombianas.net.co/?loknya=/proc/30847/net" "Mozilla/5.0 AppleWebKit/537.36 (KHTML, like Gecko; compatible; GPTBot/1.4; +https://openai.com/gptbot)"
74.7.241.42 - - [09/Sep/2026:07:11:51 -0500] "GET /index.php?loknya=/usr/share/perl5/URI HTTP/1.1" 200 7292 "https://www.artesaniascolombianas.net.co/index.php?loknya=/usr/share/perl5" "Mozilla/5.0 AppleWebKit/537.36 (KHTML, like Gecko; compatible; GPTBot/1.4; +https://openai.com/gptbot)"
74.7.242.34 - - [09/Sep/2026:07:11:51 -0500] "GET /?loknya=/proc/24758/net/stat HTTP/1.1" 200 10509 "https://artesaniascolombianas.net.co/?loknya=/proc/24758/net" "Mozilla/5.0 AppleWebKit/537.36 (KHTML, like Gecko; compatible; GPTBot/1.4; +https://openai.com/gptbot)"
74.7.241.13 - - [09/Sep/2026:07:11:51 -0500] "GET /?loknya=/sys/class/net/subsystem/device/net/device/subsystem/devices/virtio3/subsystem/s/virtio_net/ HTTP/1.1" 200 6280 "https://mail.artesaniascolombianas.net.co/?loknya=/sys/class/net/subsystem/device/net/device/subsystem/devices/virtio3/subsystem/s/virtio_net/virtio0/" "Mozilla/5.0 AppleWebKit/537.36 (KHTML, like Gecko; compatible; GPTBot/1.4; +https://openai.com/gptbot)"
74.7.241.42 - - [09/Sep/2026:07:11:51 -0500] "GET /index.php?lokasie=/usr/share/appdata/de.urwpp.NimbusMonoPS.metainfo.xml&loknya=/usr/share/appdata HTTP/1.1" 200 10728 "https://www.artesaniascolombianas.net.co/index.php?loknya=/usr/share/appdata" "Mozilla/5.0 AppleWebKit/537.36 (KHTML, like Gecko; compatible; GPTBot/1.4; +https://openai.com/gptbot)"
74.7.241.13 - - [09/Sep/2026:07:11:51 -0500] "GET /?loknya=/sys/class/net/subsystem/device/net/device/subsystem/devices/virtio2/subsystem/s/virtio_net/ HTTP/1.1" 200 6280 "https://mail.artesaniascolombianas.net.co/?loknya=/sys/class/net/subsystem/device/net/device/subsystem/devices/virtio2/subsystem/s/virtio_net/virtio0/" "Mozilla/5.0 AppleWebKit/537.36 (KHTML, like Gecko; compatible; GPTBot/1.4; +https://openai.com/gptbot)"
74.7.242.34 - - [09/Sep/2026:07:11:52 -0500] "GET /?loknya=/proc/24272/net/stat HTTP/1.1" 200 10509 "https://artesaniascolombianas.net.co/?loknya=/proc/24272/net" "Mozilla/5.0 AppleWebKit/537.36 (KHTML, like Gecko; compatible; GPTBot/1.4; +https://openai.com/gptbot)"
74.7.241.42 - - [09/Sep/2026:07:11:52 -0500] "GET /index.php?loknya=/usr/share/perl5/IPC HTTP/1.1" 200 7854 "https://www.artesaniascolombianas.net.co/index.php?loknya=/usr/share/perl5" "Mozilla/5.0 AppleWebKit/537.36 (KHTML, like Gecko; compatible; GPTBot/1.4; +https://openai.com/gptbot)"
74.7.242.34 - - [09/Sep/2026:07:11:52 -0500] "GET /?lokasie=/proc/24299/net/stat/nf_conntrack&loknya=/proc/24299/net/stat HTTP/1.1" 200 4921 "https://artesaniascolombianas.net.co/?loknya=/proc/24299/net/stat" "Mozilla/5.0 AppleWebKit/537.36 (KHTML, like Gecko; compatible; GPTBot/1.4; +https://openai.com/gptbot)"
74.7.241.13 - - [09/Sep/2026:07:11:52 -0500] "GET /?loknya=/sys/class/net/subsystem/device/net/device/subsystem/devices/virtio2/subsystem/s/virtio_net HTTP/1.1" 200 6278 "https://mail.artesaniascolombianas.net.co/?loknya=/sys/class/net/subsystem/device/net/device/subsystem/devices/virtio2/subsystem/s/virtio_net/virtio0/" "Mozilla/5.0 AppleWebKit/537.36 (KHTML, like Gecko; compatible; GPTBot/1.4; +https://openai.com/gptbot)"
74.7.241.13 - - [09/Sep/2026:07:11:53 -0500] "GET /?loknya=/sys/class/net/device/net/device/driver/virtio0/devices/ HTTP/1.1" 200 5705 "https://mail.artesaniascolombianas.net.co/?loknya=/sys/class/net/device/net/device/driver/virtio0/devices/virtio1/" "Mozilla/5.0 AppleWebKit/537.36 (KHTML, like Gecko; compatible; GPTBot/1.4; +https://openai.com/gptbot)"
74.7.242.34 - - [09/Sep/2026:07:11:53 -0500] "GET /?lokasie=/proc/11018/net/stat/nf_conntrack&loknya=/proc/11018/net/stat HTTP/1.1" 200 4921 "https://artesaniascolombianas.net.co/?loknya=/proc/11018/net/stat" "Mozilla/5.0 AppleWebKit/537.36 (KHTML, like Gecko; compatible; GPTBot/1.4; +https://openai.com/gptbot)"
74.7.241.42 - - [09/Sep/2026:07:11:53 -0500] "GET /index.php?loknya=/usr/share/perl5/HTTP HTTP/1.1" 200 5234 "https://www.artesaniascolombianas.net.co/index.php?loknya=/usr/share/perl5" "Mozilla/5.0 AppleWebKit/537.36 (KHTML, like Gecko; compatible; GPTBot/1.4; +https://openai.com/gptbot)"
74.7.241.42 - - [09/Sep/2026:07:11:53 -0500] "GET /index.php?loknya=/usr/share/perl5/LWP HTTP/1.1" 200 17921 "https://www.artesaniascolombianas.net.co/index.php?loknya=/usr/share/perl5" "Mozilla/5.0 AppleWebKit/537.36 (KHTML, like Gecko; compatible; GPTBot/1.4; +https://openai.com/gptbot)"
74.7.242.34 - - [09/Sep/2026:07:11:53 -0500] "GET /?lokasie=/proc/11018/net/stat/ndisc_cache&loknya=/proc/11018/net/stat HTTP/1.1" 200 4737 "https://artesaniascolombianas.net.co/?loknya=/proc/11018/net/stat" "Mozilla/5.0 AppleWebKit/537.36 (KHTML, like Gecko; compatible; GPTBot/1.4; +https://openai.com/gptbot)"
74.7.241.13 - - [09/Sep/2026:07:11:53 -0500] "GET /?loknya=/sys/class/net/device/net/device/driver/virtio0/devices/virtio1 HTTP/1.1" 200 5821 "https://mail.artesaniascolombianas.net.co/?loknya=/sys/class/net/device/net/device/driver/virtio0/devices/virtio1/" "Mozilla/5.0 AppleWebKit/537.36 (KHTML, like Gecko; compatible; GPTBot/1.4; +https://openai.com/gptbot)"
2a03:2880:f802:2b:: - - [09/Sep/2026:07:11:53 -0500] "GET /?u=39774170087 HTTP/1.1" 200 39909 "-" "Mozilla/5.0 (Macintosh; Intel Mac OS X 10_15_7) AppleWebKit/537.36 (KHTML, like Gecko) Chrome/145.0.0.0 Safari/537.36 (compatible; meta-externalagent/1.1 (+https://developers.facebook.com/docs/sharing/webmasters/crawler))"
74.7.242.34 - - [09/Sep/2026:07:11:53 -0500] "GET /?lokasie=/proc/24299/net/stat/ndisc_cache&loknya=/proc/24299/net/stat HTTP/1.1" 200 4737 "https://artesaniascolombianas.net.co/?loknya=/proc/24299/net/stat" "Mozilla/5.0 AppleWebKit/537.36 (KHTML, like Gecko; compatible; GPTBot/1.4; +https://openai.com/gptbot)"
74.7.241.13 - - [09/Sep/2026:07:11:54 -0500] "GET /?loknya=/sys/class/net/device/net/device/driver/virtio0/devices/virtio2 HTTP/1.1" 200 5821 "https://mail.artesaniascolombianas.net.co/?loknya=/sys/class/net/device/net/device/driver/virtio0/devices/virtio2/" "Mozilla/5.0 AppleWebKit/537.36 (KHTML, like Gecko; compatible; GPTBot/1.4; +https://openai.com/gptbot)"
74.7.241.13 - - [09/Sep/2026:07:11:54 -0500] "GET /?loknya=/sys/class/net/subsystem/device/net/device/subsystem/devices/virtio3/subsystem/s/virtio_net HTTP/1.1" 200 6278 "https://mail.artesaniascolombianas.net.co/?loknya=/sys/class/net/subsystem/device/net/device/subsystem/devices/virtio3/subsystem/s/virtio_net/virtio0/" "Mozilla/5.0 AppleWebKit/537.36 (KHTML, like Gecko; compatible; GPTBot/1.4; +https://openai.com/gptbot)"
74.7.242.34 - - [09/Sep/2026:07:11:54 -0500] "GET /?lokasie=/proc/18473/net/stat/nf_conntrack&loknya=/proc/18473/net/stat HTTP/1.1" 200 4921 "https://artesaniascolombianas.net.co/?loknya=/proc/18473/net/stat" "Mozilla/5.0 AppleWebKit/537.36 (KHTML, like Gecko; compatible; GPTBot/1.4; +https://openai.com/gptbot)"
74.7.241.42 - - [09/Sep/2026:07:11:53 -0500] "GET /index.php?loknya=/usr/share/man/man3 HTTP/1.1" 200 14042824 "https://www.artesaniascolombianas.net.co/index.php?loknya=/usr/share/man" "Mozilla/5.0 AppleWebKit/537.36 (KHTML, like Gecko; compatible; GPTBot/1.4; +https://openai.com/gptbot)"
74.7.242.34 - - [09/Sep/2026:07:11:54 -0500] "GET /?lokasie=/proc/24232/net/stat/nf_conntrack&loknya=/proc/24232/net/stat HTTP/1.1" 200 4921 "https://artesaniascolombianas.net.co/?loknya=/proc/24232/net/stat" "Mozilla/5.0 AppleWebKit/537.36 (KHTML, like Gecko; compatible; GPTBot/1.4; +https://openai.com/gptbot)"
74.7.241.42 - - [09/Sep/2026:07:11:55 -0500] "GET /index.php?loknya=/usr/share/man/man9 HTTP/1.1" 200 5224 "https://www.artesaniascolombianas.net.co/index.php?loknya=/usr/share/man" "Mozilla/5.0 AppleWebKit/537.36 (KHTML, like Gecko; compatible; GPTBot/1.4; +https://openai.com/gptbot)"
74.7.241.13 - - [09/Sep/2026:07:11:55 -0500] "GET /?loknya=/sys/class/net/subsystem/device/net/device/driver/virtio0/subsystem/devices/virtio1/subsystem/ HTTP/1.1" 200 6264 "https://mail.artesaniascolombianas.net.co/?loknya=/sys/class/net/subsystem/device/net/device/driver/virtio0/subsystem/devices/virtio1/subsystem/drivers/" "Mozilla/5.0 AppleWebKit/537.36 (KHTML, like Gecko; compatible; GPTBot/1.4; +https://openai.com/gptbot)"
223.231.170.254 - - [09/Sep/2026:07:11:55 -0500] "GET /robots.txt HTTP/1.1" 200 39905 "-" "Mozilla/5.0 (Linux; Android 14; SM-S928B) AppleWebKit/537.36 (KHTML, like Gecko) SamsungBrowser/25.0 Chrome/121.0.6167.178 Mobile Safari/537.36"
2a03:2880:f802:e:: - - [09/Sep/2026:07:11:55 -0500] "GET /?l=70939248401 HTTP/1.1" 200 39908 "-" "Mozilla/5.0 (Windows NT 10.0; Win64; x64) AppleWebKit/537.36 (KHTML, like Gecko) Chrome/145.0.0.0 Safari/537.36 (compatible; meta-externalagent/1.1 (+https://developers.facebook.com/docs/sharing/webmasters/crawler))"
74.7.241.13 - - [09/Sep/2026:07:11:55 -0500] "GET /?loknya=/sys/class/net/subsystem/device/net/device/driver/virtio0/subsystem/devices/virtio2/subsystem/ HTTP/1.1" 200 6264 "https://mail.artesaniascolombianas.net.co/?loknya=/sys/class/net/subsystem/device/net/device/driver/virtio0/subsystem/devices/virtio2/subsystem/drivers/" "Mozilla/5.0 AppleWebKit/537.36 (KHTML, like Gecko; compatible; GPTBot/1.4; +https://openai.com/gptbot)"
74.7.242.34 - - [09/Sep/2026:07:11:55 -0500] "GET /?lokasie=/proc/24232/net/stat/ndisc_cache&loknya=/proc/24232/net/stat HTTP/1.1" 200 4737 "https://artesaniascolombianas.net.co/?loknya=/proc/24232/net/stat" "Mozilla/5.0 AppleWebKit/537.36 (KHTML, like Gecko; compatible; GPTBot/1.4; +https://openai.com/gptbot)"
74.7.241.42 - - [09/Sep/2026:07:11:55 -0500] "GET /index.php?loknya=/usr/share/man/man7 HTTP/1.1" 200 259715 "https://www.artesaniascolombianas.net.co/index.php?loknya=/usr/share/man" "Mozilla/5.0 AppleWebKit/537.36 (KHTML, like Gecko; compatible; GPTBot/1.4; +https://openai.com/gptbot)"
74.7.241.42 - - [09/Sep/2026:07:11:56 -0500] "GET /index.php?loknya=/usr/share/man/man6 HTTP/1.1" 200 6538 "https://www.artesaniascolombianas.net.co/index.php?loknya=/usr/share/man" "Mozilla/5.0 AppleWebKit/537.36 (KHTML, like Gecko; compatible; GPTBot/1.4; +https://openai.com/gptbot)"
74.7.242.34 - - [09/Sep/2026:07:11:56 -0500] "GET /?lokasie=/proc/18797/net/stat/nf_conntrack&loknya=/proc/18797/net/stat HTTP/1.1" 200 4921 "https://artesaniascolombianas.net.co/?loknya=/proc/18797/net/stat" "Mozilla/5.0 AppleWebKit/537.36 (KHTML, like Gecko; compatible; GPTBot/1.4; +https://openai.com/gptbot)"
74.7.241.13 - - [09/Sep/2026:07:11:56 -0500] "GET /?loknya=/sys/class/net/subsystem/device/net/device/subsystem/devices/virtio0/driver/virtio0/subsystem/ HTTP/1.1" 200 6271 "https://mail.artesaniascolombianas.net.co/?loknya=/sys/class/net/subsystem/device/net/device/subsystem/devices/virtio0/driver/virtio0/subsystem/drivers/" "Mozilla/5.0 AppleWebKit/537.36 (KHTML, like Gecko; compatible; GPTBot/1.4; +https://openai.com/gptbot)"
114.119.152.148 - - [09/Sep/2026:07:11:56 -0500] "GET /producto/cosmetiquera-dos-cremalleras HTTP/1.1" 200 39905 "https://www.artesaniascolombianas.net.co/producto/cosmetiquera-dos-cremalleras" "Mozilla/5.0 (Linux; Android 7.0;) AppleWebKit/537.36 (HTML, like Gecko) Mobile Safari/537.36 (compatible; PetalBot;+https://webmaster.petalsearch.com/site/petalbot)"
74.7.241.13 - - [09/Sep/2026:07:11:56 -0500] "GET /?loknya=/sys/class/net/subsystem/device/net/device/subsystem/devices/virtio3/subsystem/s/virtio_net/virtio0 HTTP/1.1" 200 6435 "https://mail.artesaniascolombianas.net.co/?loknya=/sys/class/net/subsystem/device/net/device/subsystem/devices/virtio3/subsystem/s/virtio_net/virtio0/" "Mozilla/5.0 AppleWebKit/537.36 (KHTML, like Gecko; compatible; GPTBot/1.4; +https://openai.com/gptbot)"
74.7.242.34 - - [09/Sep/2026:07:11:56 -0500] "GET /?lokasie=/proc/30847/net/stat/nf_conntrack&loknya=/proc/30847/net/stat HTTP/1.1" 200 4921 "https://artesaniascolombianas.net.co/?loknya=/proc/30847/net/stat" "Mozilla/5.0 AppleWebKit/537.36 (KHTML, like Gecko; compatible; GPTBot/1.4; +https://openai.com/gptbot)"
74.7.241.42 - - [09/Sep/2026:07:11:56 -0500] "GET /index.php?loknya=/usr/share/doc/aspell-0.60.6.1 HTTP/1.1" 200 12041 "https://www.artesaniascolombianas.net.co/index.php?loknya=/usr/share/doc" "Mozilla/5.0 AppleWebKit/537.36 (KHTML, like Gecko; compatible; GPTBot/1.4; +https://openai.com/gptbot)"
74.7.241.13 - - [09/Sep/2026:07:11:56 -0500] "GET /?loknya=/sys/class/net/subsystem/device/net/device/subsystem/devices/virtio2/subsystem/s/virtio_net/virtio0 HTTP/1.1" 200 6435 "https://mail.artesaniascolombianas.net.co/?loknya=/sys/class/net/subsystem/device/net/device/subsystem/devices/virtio2/subsystem/s/virtio_net/virtio0/" "Mozilla/5.0 AppleWebKit/537.36 (KHTML, like Gecko; compatible; GPTBot/1.4; +https://openai.com/gptbot)"
74.7.241.42 - - [09/Sep/2026:07:11:57 -0500] "GET /index.php?loknya=/usr/share/doc/cpanel-pure-ftpd-1.0.52 HTTP/1.1" 200 30591 "https://www.artesaniascolombianas.net.co/index.php?loknya=/usr/share/doc" "Mozilla/5.0 AppleWebKit/537.36 (KHTML, like Gecko; compatible; GPTBot/1.4; +https://openai.com/gptbot)"
74.7.242.34 - - [09/Sep/2026:07:11:57 -0500] "GET /?lokasie=/proc/24758/net/stat/nf_conntrack&loknya=/proc/24758/net/stat HTTP/1.1" 200 4921 "https://artesaniascolombianas.net.co/?loknya=/proc/24758/net/stat" "Mozilla/5.0 AppleWebKit/537.36 (KHTML, like Gecko; compatible; GPTBot/1.4; +https://openai.com/gptbot)"
74.7.242.34 - - [09/Sep/2026:07:11:57 -0500] "GET /?lokasie=/proc/24272/net/stat/nf_conntrack&loknya=/proc/24272/net/stat HTTP/1.1" 200 4921 "https://artesaniascolombianas.net.co/?loknya=/proc/24272/net/stat" "Mozilla/5.0 AppleWebKit/537.36 (KHTML, like Gecko; compatible; GPTBot/1.4; +https://openai.com/gptbot)"
74.7.241.13 - - [09/Sep/2026:07:11:57 -0500] "GET /?loknya=/sys/class/net/subsystem/device/net/device/subsystem/devices/virtio0/subsystem/s/virtio_net/virtio0/ HTTP/1.1" 200 6429 "https://mail.artesaniascolombianas.net.co/?loknya=/sys/class/net/subsystem/device/net/device/subsystem/devices/virtio0/subsystem/drivers/virtio_net/virtio0/driver" "Mozilla/5.0 AppleWebKit/537.36 (KHTML, like Gecko; compatible; GPTBot/1.4; +https://openai.com/gptbot)"
74.7.241.42 - - [09/Sep/2026:07:11:57 -0500] "GET /index.php?loknya=/usr/share/doc/python-pycurl-7.19.0 HTTP/1.1" 200 15384 "https://www.artesaniascolombianas.net.co/index.php?loknya=/usr/share/doc" "Mozilla/5.0 AppleWebKit/537.36 (KHTML, like Gecko; compatible; GPTBot/1.4; +https://openai.com/gptbot)"
103.157.223.56 - - [09/Sep/2026:07:11:57 -0500] "POST /xmlrpc.php HTTP/1.1" 200 39905 "-" "WordPress.com; https://wordpress.com"
74.7.242.34 - - [09/Sep/2026:07:11:58 -0500] "GET /?lokasie=/proc/24231/net/stat/nf_conntrack&loknya=/proc/24231/net/stat HTTP/1.1" 200 4921 "https://artesaniascolombianas.net.co/?loknya=/proc/24231/net/stat" "Mozilla/5.0 AppleWebKit/537.36 (KHTML, like Gecko; compatible; GPTBot/1.4; +https://openai.com/gptbot)"
74.7.241.13 - - [09/Sep/2026:07:11:58 -0500] "GET /?loknya=/sys/class/net/subsystem/device/net/device/subsystem/devices/virtio0/driver/virtio0/subsystem/drivers HTTP/1.1" 200 6447 "https://mail.artesaniascolombianas.net.co/?loknya=/sys/class/net/subsystem/device/net/device/subsystem/devices/virtio0/driver/virtio0/subsystem/drivers/virtio_net/virtio0/net/" "Mozilla/5.0 AppleWebKit/537.36 (KHTML, like Gecko; compatible; GPTBot/1.4; +https://openai.com/gptbot)"
74.7.241.13 - - [09/Sep/2026:07:11:58 -0500] "GET /?loknya=/sys/class/net/subsystem/device/net/device/driver/virtio0/subsystem/devices/virtio1/subsystem/drivers HTTP/1.1" 200 6440 "https://mail.artesaniascolombianas.net.co/?loknya=/sys/class/net/subsystem/device/net/device/driver/virtio0/subsystem/devices/virtio1/subsystem/drivers/virtio_net/virtio0/net/" "Mozilla/5.0 AppleWebKit/537.36 (KHTML, like Gecko; compatible; GPTBot/1.4; +https://openai.com/gptbot)"
74.7.242.34 - - [09/Sep/2026:07:11:58 -0500] "GET /?lokasie=/proc/24272/net/stat/ndisc_cache&loknya=/proc/24272/net/stat HTTP/1.1" 200 4737 "https://artesaniascolombianas.net.co/?loknya=/proc/24272/net/stat" "Mozilla/5.0 AppleWebKit/537.36 (KHTML, like Gecko; compatible; GPTBot/1.4; +https://openai.com/gptbot)"
74.7.241.42 - - [09/Sep/2026:07:11:58 -0500] "GET /index.php?loknya=/usr/share/doc/libsmartcols-2.23.2 HTTP/1.1" 200 6648 "https://www.artesaniascolombianas.net.co/index.php?loknya=/usr/share/doc" "Mozilla/5.0 AppleWebKit/537.36 (KHTML, like Gecko; compatible; GPTBot/1.4; +https://openai.com/gptbot)"
2a03:2880:f802:3e:: - - [09/Sep/2026:07:11:58 -0500] "GET /?i=36798194556 HTTP/1.1" 200 39909 "-" "Mozilla/5.0 (Windows NT 10.0; Win64; x64) AppleWebKit/537.36 (KHTML, like Gecko) Chrome/145.0.0.0 Safari/537.36 (compatible; meta-externalagent/1.1 (+https://developers.facebook.com/docs/sharing/webmasters/crawler))"
74.7.242.34 - - [09/Sep/2026:07:11:59 -0500] "GET /?lokasie=/proc/30847/net/stat/ndisc_cache&loknya=/proc/30847/net/stat HTTP/1.1" 200 4737 "https://artesaniascolombianas.net.co/?loknya=/proc/30847/net/stat" "Mozilla/5.0 AppleWebKit/537.36 (KHTML, like Gecko; compatible; GPTBot/1.4; +https://openai.com/gptbot)"
74.7.241.13 - - [09/Sep/2026:07:11:59 -0500] "GET /?loknya=/sys/class/net/subsystem/device/net/device/driver/virtio0/subsystem/devices/virtio2/subsystem/drivers HTTP/1.1" 200 6440 "https://mail.artesaniascolombianas.net.co/?loknya=/sys/class/net/subsystem/device/net/device/driver/virtio0/subsystem/devices/virtio2/subsystem/drivers/virtio_net/virtio0/net/" "Mozilla/5.0 AppleWebKit/537.36 (KHTML, like Gecko; compatible; GPTBot/1.4; +https://openai.com/gptbot)"
74.7.241.42 - - [09/Sep/2026:07:11:59 -0500] "GET /index.php?loknya=/usr/share/doc/tokyocabinet-1.4.48 HTTP/1.1" 200 9382 "https://www.artesaniascolombianas.net.co/index.php?loknya=/usr/share/doc" "Mozilla/5.0 AppleWebKit/537.36 (KHTML, like Gecko; compatible; GPTBot/1.4; +https://openai.com/gptbot)"
74.7.242.34 - - [09/Sep/2026:07:11:59 -0500] "GET /?lokasie=/proc/18473/net/stat/ndisc_cache&loknya=/proc/18473/net/stat HTTP/1.1" 200 4737 "https://artesaniascolombianas.net.co/?loknya=/proc/18473/net/stat" "Mozilla/5.0 AppleWebKit/537.36 (KHTML, like Gecko; compatible; GPTBot/1.4; +https://openai.com/gptbot)"
74.7.241.13 - - [09/Sep/2026:07:11:59 -0500] "GET /?loknya=/sys/class/net/eth0/subsystem/eth0/device/net/eth0/device/driver/module/drivers/virtio:virtio_net/virtio0/net/eth0/subsystem/ HTTP/1.1" 200 9691 "https://mail.artesaniascolombianas.net.co/?loknya=/sys/class/net/eth0/subsystem/eth0/device/net/eth0/device/driver/module/drivers/virtio:virtio_net/virtio0/net/eth0/subsystem/lo" "Mozilla/5.0 AppleWebKit/537.36 (KHTML, like Gecko; compatible; GPTBot/1.4; +https://openai.com/gptbot)"
74.7.241.42 - - [09/Sep/2026:07:11:59 -0500] "GET /index.php?loknya=/usr/share/doc/boost-random-1.53.0 HTTP/1.1" 200 6685 "https://www.artesaniascolombianas.net.co/index.php?loknya=/usr/share/doc" "Mozilla/5.0 AppleWebKit/537.36 (KHTML, like Gecko; compatible; GPTBot/1.4; +https://openai.com/gptbot)"
74.7.241.13 - - [09/Sep/2026:07:11:59 -0500] "GET /?loknya=/sys/class/net/subsystem/device/net/device/subsystem/devices/virtio2/subsystem/s HTTP/1.1" 200 6115 "https://mail.artesaniascolombianas.net.co/?loknya=/sys/class/net/subsystem/device/net/device/subsystem/devices/virtio2/subsystem/s/virtio_net/virtio0/" "Mozilla/5.0 AppleWebKit/537.36 (KHTML, like Gecko; compatible; GPTBot/1.4; +https://openai.com/gptbot)"
74.7.242.34 - - [09/Sep/2026:07:12:00 -0500] "GET /?lokasie=/proc/24758/net/stat/ndisc_cache&loknya=/proc/24758/net/stat HTTP/1.1" 200 4737 "https://artesaniascolombianas.net.co/?loknya=/proc/24758/net/stat" "Mozilla/5.0 AppleWebKit/537.36 (KHTML, like Gecko; compatible; GPTBot/1.4; +https://openai.com/gptbot)"
74.7.241.42 - - [09/Sep/2026:07:12:00 -0500] "GET /index.php?loknya=/usr/share/doc/boost-thread-1.53.0 HTTP/1.1" 200 6685 "https://www.artesaniascolombianas.net.co/index.php?loknya=/usr/share/doc" "Mozilla/5.0 AppleWebKit/537.36 (KHTML, like Gecko; compatible; GPTBot/1.4; +https://openai.com/gptbot)"
74.7.241.13 - - [09/Sep/2026:07:12:00 -0500] "GET /?loknya=/sys/class/net/subsystem/device/net/device/subsystem/devices/virtio3/subsystem/s HTTP/1.1" 200 6115 "https://mail.artesaniascolombianas.net.co/?loknya=/sys/class/net/subsystem/device/net/device/subsystem/devices/virtio3/subsystem/s/virtio_net/virtio0/" "Mozilla/5.0 AppleWebKit/537.36 (KHTML, like Gecko; compatible; GPTBot/1.4; +https://openai.com/gptbot)"
74.7.242.34 - - [09/Sep/2026:07:12:00 -0500] "GET /?lokasie=/proc/18797/net/stat/ndisc_cache&loknya=/proc/18797/net/stat HTTP/1.1" 200 4737 "https://artesaniascolombianas.net.co/?loknya=/proc/18797/net/stat" "Mozilla/5.0 AppleWebKit/537.36 (KHTML, like Gecko; compatible; GPTBot/1.4; +https://openai.com/gptbot)"
74.7.241.42 - - [09/Sep/2026:07:12:00 -0500] "GET /index.php?loknya=/usr/share/doc/python2-futures-3.1.1 HTTP/1.1" 200 6660 "https://www.artesaniascolombianas.net.co/index.php?loknya=/usr/share/doc" "Mozilla/5.0 AppleWebKit/537.36 (KHTML, like Gecko; compatible; GPTBot/1.4; +https://openai.com/gptbot)"
74.7.242.34 - - [09/Sep/2026:07:12:01 -0500] "GET /?lokasie=/proc/24231/net/stat/ndisc_cache&loknya=/proc/24231/net/stat HTTP/1.1" 200 4737 "https://artesaniascolombianas.net.co/?loknya=/proc/24231/net/stat" "Mozilla/5.0 AppleWebKit/537.36 (KHTML, like Gecko; compatible; GPTBot/1.4; +https://openai.com/gptbot)"
74.7.241.13 - - [09/Sep/2026:07:12:01 -0500] "GET /?loknya=/sys/class/net/eth0/subsystem/eth0/device/net/eth0/device/driver/module/drivers/virtio:virtio_net/virtio0/net/eth0/subsystem/lo/power HTTP/1.1" 200 23444 "https://mail.artesaniascolombianas.net.co/?loknya=/sys/class/net/eth0/subsystem/eth0/device/net/eth0/device/driver/module/drivers/virtio:virtio_net/virtio0/net/eth0/subsystem/lo" "Mozilla/5.0 AppleWebKit/537.36 (KHTML, like Gecko; compatible; GPTBot/1.4; +https://openai.com/gptbot)"
74.7.241.42 - - [09/Sep/2026:07:12:01 -0500] "GET /index.php?loknya=/usr/share/doc/python2-passlib-1.7.1 HTTP/1.1" 200 6660 "https://www.artesaniascolombianas.net.co/index.php?loknya=/usr/share/doc" "Mozilla/5.0 AppleWebKit/537.36 (KHTML, like Gecko; compatible; GPTBot/1.4; +https://openai.com/gptbot)"
74.7.241.13 - - [09/Sep/2026:07:12:01 -0500] "GET /?loknya=/sys/class/net/eth0/subsystem/eth0/device/net/eth0/device/driver/module/drivers/virtio:virtio_net/virtio0/net/eth0/subsystem/eth0/subsystem HTTP/1.1" 200 10139 "https://mail.artesaniascolombianas.net.co/?loknya=/sys/class/net/eth0/subsystem/eth0/device/net/eth0/device/driver/module/drivers/virtio:virtio_net/virtio0/net/eth0/subsystem/eth0" "Mozilla/5.0 AppleWebKit/537.36 (KHTML, like Gecko; compatible; GPTBot/1.4; +https://openai.com/gptbot)"
74.7.242.34 - - [09/Sep/2026:07:12:01 -0500] "GET /?lokasie=/proc/24299/net/stat/rt_cache&loknya=/proc/24299/net/stat HTTP/1.1" 200 4961 "https://artesaniascolombianas.net.co/?loknya=/proc/24299/net/stat" "Mozilla/5.0 AppleWebKit/537.36 (KHTML, like Gecko; compatible; GPTBot/1.4; +https://openai.com/gptbot)"
74.7.241.42 - - [09/Sep/2026:07:12:01 -0500] "GET /index.php?loknya=/usr/share/doc/yum-langpacks-0.4.2 HTTP/1.1" 200 8009 "https://www.artesaniascolombianas.net.co/index.php?loknya=/usr/share/doc" "Mozilla/5.0 AppleWebKit/537.36 (KHTML, like Gecko; compatible; GPTBot/1.4; +https://openai.com/gptbot)"
74.7.242.34 - - [09/Sep/2026:07:12:02 -0500] "GET /?lokasie=/proc/24272/net/stat/rt_cache&loknya=/proc/24272/net/stat HTTP/1.1" 200 4961 "https://artesaniascolombianas.net.co/?loknya=/proc/24272/net/stat" "Mozilla/5.0 AppleWebKit/537.36 (KHTML, like Gecko; compatible; GPTBot/1.4; +https://openai.com/gptbot)"
74.7.241.13 - - [09/Sep/2026:07:12:02 -0500] "GET /?loknya=/sys/class/net/eth0/subsystem/eth0/device/net/eth0/device/driver/module/drivers/virtio:virtio_net/virtio0/net/eth0/subsystem/lo/statistics HTTP/1.1" 200 50581 "https://mail.artesaniascolombianas.net.co/?loknya=/sys/class/net/eth0/subsystem/eth0/device/net/eth0/device/driver/module/drivers/virtio:virtio_net/virtio0/net/eth0/subsystem/lo" "Mozilla/5.0 AppleWebKit/537.36 (KHTML, like Gecko; compatible; GPTBot/1.4; +https://openai.com/gptbot)"
74.7.241.42 - - [09/Sep/2026:07:12:02 -0500] "GET /index.php?loknya=/usr/share/doc/qrencode-libs-3.4.1 HTTP/1.1" 200 12084 "https://www.artesaniascolombianas.net.co/index.php?loknya=/usr/share/doc" "Mozilla/5.0 AppleWebKit/537.36 (KHTML, like Gecko; compatible; GPTBot/1.4; +https://openai.com/gptbot)"
2a03:2880:f802:e:: - - [09/Sep/2026:07:12:02 -0500] "GET /?l=7093928592 HTTP/1.1" 200 39908 "-" "Mozilla/5.0 (Windows NT 10.0; Win64; x64) AppleWebKit/537.36 (KHTML, like Gecko) Chrome/145.0.0.0 Safari/537.36 (compatible; meta-externalagent/1.1 (+https://developers.facebook.com/docs/sharing/webmasters/crawler))"
74.7.242.34 - - [09/Sep/2026:07:12:02 -0500] "GET /?lokasie=/proc/24272/net/stat/arp_cache&loknya=/proc/24272/net/stat HTTP/1.1" 200 4737 "https://artesaniascolombianas.net.co/?loknya=/proc/24272/net/stat" "Mozilla/5.0 AppleWebKit/537.36 (KHTML, like Gecko; compatible; GPTBot/1.4; +https://openai.com/gptbot)"
74.7.241.13 - - [09/Sep/2026:07:12:02 -0500] "GET /?loknya=/sys/class/net/eth0/subsystem/eth0/device/net/eth0/device/driver/module/drivers/virtio:virtio_net/virtio0/net/eth0/subsystem/lo/subsystem HTTP/1.1" 200 10115 "https://mail.artesaniascolombianas.net.co/?loknya=/sys/class/net/eth0/subsystem/eth0/device/net/eth0/device/driver/module/drivers/virtio:virtio_net/virtio0/net/eth0/subsystem/lo" "Mozilla/5.0 AppleWebKit/537.36 (KHTML, like Gecko; compatible; GPTBot/1.4; +https://openai.com/gptbot)"
74.7.241.42 - - [09/Sep/2026:07:12:02 -0500] "GET /index.php?loknya=/usr/share/doc/libini_config-1.3.1 HTTP/1.1" 200 8045 "https://www.artesaniascolombianas.net.co/index.php?loknya=/usr/share/doc" "Mozilla/5.0 AppleWebKit/537.36 (KHTML, like Gecko; compatible; GPTBot/1.4; +https://openai.com/gptbot)"
74.7.241.13 - - [09/Sep/2026:07:12:03 -0500] "GET /?loknya=/sys/class/net/subsystem/device/net/device/subsystem/devices/subsystem/s/virtio_net/ HTTP/1.1" 200 6133 "https://mail.artesaniascolombianas.net.co/?loknya=/sys/class/net/subsystem/device/net/device/subsystem/devices/virtio0/subsystem/s/virtio_net/virtio0/" "Mozilla/5.0 AppleWebKit/537.36 (KHTML, like Gecko; compatible; GPTBot/1.4; +https://openai.com/gptbot)"
74.7.242.34 - - [09/Sep/2026:07:12:03 -0500] "GET /?lokasie=/proc/24232/net/stat/arp_cache&loknya=/proc/24232/net/stat HTTP/1.1" 200 4737 "https://artesaniascolombianas.net.co/?loknya=/proc/24232/net/stat" "Mozilla/5.0 AppleWebKit/537.36 (KHTML, like Gecko; compatible; GPTBot/1.4; +https://openai.com/gptbot)"
74.7.241.42 - - [09/Sep/2026:07:12:03 -0500] "GET /index.php?lokasie=/usr/share/man/man3/win_wch.3x.gz&loknya=/usr/share/man/man3 HTTP/1.1" 200 4131 "https://www.artesaniascolombianas.net.co/index.php?loknya=/usr/share/man/man3" "Mozilla/5.0 AppleWebKit/537.36 (KHTML, like Gecko; compatible; GPTBot/1.4; +https://openai.com/gptbot)"
2a03:2880:f802:41:: - - [09/Sep/2026:07:12:03 -0500] "GET /?l=70939187316 HTTP/1.1" 200 39909 "-" "Mozilla/5.0 (X11; Linux x86_64) AppleWebKit/537.36 (KHTML, like Gecko) Chrome/145.0.0.0 Safari/537.36 (compatible; meta-externalagent/1.1 (+https://developers.facebook.com/docs/sharing/webmasters/crawler))"
74.7.241.13 - - [09/Sep/2026:07:12:03 -0500] "GET /?loknya=/sys/class/net/subsystem/device/net/device/subsystem/devices/virtio0/subsystem/s/virtio_net HTTP/1.1" 200 6278 "https://mail.artesaniascolombianas.net.co/?loknya=/sys/class/net/subsystem/device/net/device/subsystem/devices/virtio0/subsystem/s/virtio_net/virtio0/" "Mozilla/5.0 AppleWebKit/537.36 (KHTML, like Gecko; compatible; GPTBot/1.4; +https://openai.com/gptbot)"
74.7.242.34 - - [09/Sep/2026:07:12:03 -0500] "GET /?lokasie=/proc/11018/net/stat/rt_cache&loknya=/proc/11018/net/stat HTTP/1.1" 200 4961 "https://artesaniascolombianas.net.co/?loknya=/proc/11018/net/stat" "Mozilla/5.0 AppleWebKit/537.36 (KHTML, like Gecko; compatible; GPTBot/1.4; +https://openai.com/gptbot)"
74.7.241.42 - - [09/Sep/2026:07:12:03 -0500] "GET /index.php?lokasie=/usr/share/man/man3/va_copy.3.gz&loknya=/usr/share/man/man3 HTTP/1.1" 200 4130 "https://www.artesaniascolombianas.net.co/index.php?loknya=/usr/share/man/man3" "Mozilla/5.0 AppleWebKit/537.36 (KHTML, like Gecko; compatible; GPTBot/1.4; +https://openai.com/gptbot)"
2a03:2880:f802:38:: - - [09/Sep/2026:07:12:03 -0500] "GET /?f=6521395549 HTTP/1.1" 200 39909 "-" "Mozilla/5.0 (Windows NT 10.0; Win64; x64) AppleWebKit/537.36 (KHTML, like Gecko) Chrome/145.0.0.0 Safari/537.36 (compatible; meta-externalagent/1.1 (+https://developers.facebook.com/docs/sharing/webmasters/crawler))"
74.7.241.13 - - [09/Sep/2026:07:12:03 -0500] "GET /?loknya=/sys/class/net/subsystem/device/net/device/subsystem/devices/virtio0/subsystem/s/virtio_net/virtio0 HTTP/1.1" 200 6427 "https://mail.artesaniascolombianas.net.co/?loknya=/sys/class/net/subsystem/device/net/device/subsystem/devices/virtio0/subsystem/s/virtio_net/virtio0/" "Mozilla/5.0 AppleWebKit/537.36 (KHTML, like Gecko; compatible; GPTBot/1.4; +https://openai.com/gptbot)"
74.7.242.34 - - [09/Sep/2026:07:12:04 -0500] "GET /?lokasie=/proc/11018/net/stat/arp_cache&loknya=/proc/11018/net/stat HTTP/1.1" 200 4737 "https://artesaniascolombianas.net.co/?loknya=/proc/11018/net/stat" "Mozilla/5.0 AppleWebKit/537.36 (KHTML, like Gecko; compatible; GPTBot/1.4; +https://openai.com/gptbot)"
74.7.241.42 - - [09/Sep/2026:07:12:04 -0500] "GET /index.php?lokasie=/usr/share/man/man3/qsort_r.3.gz&loknya=/usr/share/man/man3 HTTP/1.1" 200 4130 "https://www.artesaniascolombianas.net.co/index.php?loknya=/usr/share/man/man3" "Mozilla/5.0 AppleWebKit/537.36 (KHTML, like Gecko; compatible; GPTBot/1.4; +https://openai.com/gptbot)"
2a03:2880:f802:12:: - - [09/Sep/2026:07:12:04 -0500] "GET /?b=47659291851 HTTP/1.1" 200 39909 "-" "Mozilla/5.0 (Macintosh; Intel Mac OS X 10_15_7) AppleWebKit/537.36 (KHTML, like Gecko) Chrome/145.0.0.0 Safari/537.36 (compatible; meta-externalagent/1.1 (+https://developers.facebook.com/docs/sharing/webmasters/crawler))"
74.7.241.13 - - [09/Sep/2026:07:12:04 -0500] "GET /?loknya=/sys/class/net/subsystem/device/net/device/subsystem/devices/virtio0/subsystem/s HTTP/1.1" 200 6115 "https://mail.artesaniascolombianas.net.co/?loknya=/sys/class/net/subsystem/device/net/device/subsystem/devices/virtio0/subsystem/s/virtio_net/virtio0/" "Mozilla/5.0 AppleWebKit/537.36 (KHTML, like Gecko; compatible; GPTBot/1.4; +https://openai.com/gptbot)"
74.7.242.34 - - [09/Sep/2026:07:12:04 -0500] "GET /?lokasie=/proc/24232/net/stat/rt_cache&loknya=/proc/24232/net/stat HTTP/1.1" 200 4961 "https://artesaniascolombianas.net.co/?loknya=/proc/24232/net/stat" "Mozilla/5.0 AppleWebKit/537.36 (KHTML, like Gecko; compatible; GPTBot/1.4; +https://openai.com/gptbot)"
74.7.241.42 - - [09/Sep/2026:07:12:04 -0500] "GET /index.php?lokasie=/usr/share/man/man3/in_wch.3x.gz&loknya=/usr/share/man/man3 HTTP/1.1" 200 4130 "https://www.artesaniascolombianas.net.co/index.php?loknya=/usr/share/man/man3" "Mozilla/5.0 AppleWebKit/537.36 (KHTML, like Gecko; compatible; GPTBot/1.4; +https://openai.com/gptbot)"
2a03:2880:f802:22:: - - [09/Sep/2026:07:12:04 -0500] "GET /?v=7945148162 HTTP/1.1" 200 39909 "-" "Mozilla/5.0 (Macintosh; Intel Mac OS X 10_15_7) AppleWebKit/537.36 (KHTML, like Gecko) Chrome/145.0.0.0 Safari/537.36 (compatible; meta-externalagent/1.1 (+https://developers.facebook.com/docs/sharing/webmasters/crawler))"
2a03:2880:f802:42:: - - [09/Sep/2026:07:12:04 -0500] "GET /?i=3679828839 HTTP/1.1" 200 39909 "-" "Mozilla/5.0 (Windows NT 10.0; Win64; x64) AppleWebKit/537.36 (KHTML, like Gecko) Chrome/145.0.0.0 Safari/537.36 Edg/145.0.0.0 (compatible; meta-externalagent/1.1 (+https://developers.facebook.com/docs/sharing/webmasters/crawler))"
74.7.241.13 - - [09/Sep/2026:07:12:05 -0500] "GET /?loknya=/sys/class/net/eth0/subsystem/eth0/device/net/eth0/device/driver/module/drivers/virtio:virtio_net/virtio0/net/eth0/subsystem/eth0/statistics HTTP/1.1" 200 50785 "https://mail.artesaniascolombianas.net.co/?loknya=/sys/class/net/eth0/subsystem/eth0/device/net/eth0/device/driver/module/drivers/virtio:virtio_net/virtio0/net/eth0/subsystem/eth0" "Mozilla/5.0 AppleWebKit/537.36 (KHTML, like Gecko; compatible; GPTBot/1.4; +https://openai.com/gptbot)"
74.7.242.34 - - [09/Sep/2026:07:12:05 -0500] "GET /?lokasie=/proc/24231/net/stat/arp_cache&loknya=/proc/24231/net/stat HTTP/1.1" 200 4737 "https://artesaniascolombianas.net.co/?loknya=/proc/24231/net/stat" "Mozilla/5.0 AppleWebKit/537.36 (KHTML, like Gecko; compatible; GPTBot/1.4; +https://openai.com/gptbot)"
74.7.241.42 - - [09/Sep/2026:07:12:05 -0500] "GET /index.php?lokasie=/usr/share/man/man3/ctime_r.3.gz&loknya=/usr/share/man/man3 HTTP/1.1" 200 4130 "https://www.artesaniascolombianas.net.co/index.php?loknya=/usr/share/man/man3" "Mozilla/5.0 AppleWebKit/537.36 (KHTML, like Gecko; compatible; GPTBot/1.4; +https://openai.com/gptbot)"
2a03:2880:f802:1f:: - - [09/Sep/2026:07:12:05 -0500] "GET /?b=47659109416 HTTP/1.1" 200 39909 "-" "Mozilla/5.0 (Windows NT 10.0; Win64; x64) AppleWebKit/537.36 (KHTML, like Gecko) Chrome/145.0.0.0 Safari/537.36 (compatible; meta-externalagent/1.1 (+https://developers.facebook.com/docs/sharing/webmasters/crawler))"
74.7.241.13 - - [09/Sep/2026:07:12:05 -0500] "GET /?loknya=/y/cla/net/ubytem/device/net/device/ubytem/device/virtio2/ubytem/ HTTP/1.1" 200 5861 "https://mail.artesaniascolombianas.net.co/?loknya=/sys/class/net/subsystem/device/net/device/subsystem/devices/virtio2/subsystem/s" "Mozilla/5.0 AppleWebKit/537.36 (KHTML, like Gecko; compatible; GPTBot/1.4; +https://openai.com/gptbot)"
74.7.242.34 - - [09/Sep/2026:07:12:05 -0500] "GET /?lokasie=/proc/18797/net/stat/arp_cache&loknya=/proc/18797/net/stat HTTP/1.1" 200 4737 "https://artesaniascolombianas.net.co/?loknya=/proc/18797/net/stat" "Mozilla/5.0 AppleWebKit/537.36 (KHTML, like Gecko; compatible; GPTBot/1.4; +https://openai.com/gptbot)"
74.7.241.42 - - [09/Sep/2026:07:12:05 -0500] "GET /index.php?lokasie=/usr/share/man/man3/crypt_r.3.gz&loknya=/usr/share/man/man3 HTTP/1.1" 200 4130 "https://www.artesaniascolombianas.net.co/index.php?loknya=/usr/share/man/man3" "Mozilla/5.0 AppleWebKit/537.36 (KHTML, like Gecko; compatible; GPTBot/1.4; +https://openai.com/gptbot)"
2a03:2880:f802:31:: - - [09/Sep/2026:07:12:05 -0500] "GET /?b=47659127742 HTTP/1.1" 200 39909 "-" "Mozilla/5.0 (Windows NT 10.0; Win64; x64) AppleWebKit/537.36 (KHTML, like Gecko) Chrome/145.0.0.0 Safari/537.36 (compatible; meta-externalagent/1.1 (+https://developers.facebook.com/docs/sharing/webmasters/crawler))"
74.7.241.13 - - [09/Sep/2026:07:12:05 -0500] "GET /?loknya=/y/cla/net/ubytem/device/net/device/ubytem/device/virtio3/ubytem/ HTTP/1.1" 200 5861 "https://mail.artesaniascolombianas.net.co/?loknya=/sys/class/net/subsystem/device/net/device/subsystem/devices/virtio3/subsystem/s" "Mozilla/5.0 AppleWebKit/537.36 (KHTML, like Gecko; compatible; GPTBot/1.4; +https://openai.com/gptbot)"
74.7.242.34 - - [09/Sep/2026:07:12:06 -0500] "GET /?lokasie=/proc/18797/net/stat/rt_cache&loknya=/proc/18797/net/stat HTTP/1.1" 200 4961 "https://artesaniascolombianas.net.co/?loknya=/proc/18797/net/stat" "Mozilla/5.0 AppleWebKit/537.36 (KHTML, like Gecko; compatible; GPTBot/1.4; +https://openai.com/gptbot)"
2a03:2880:f802:26:: - - [09/Sep/2026:07:12:06 -0500] "GET /?u=3977448560 HTTP/1.1" 200 39909 "-" "Mozilla/5.0 (Windows NT 10.0; Win64; x64) AppleWebKit/537.36 (KHTML, like Gecko) Chrome/145.0.0.0 Safari/537.36 (compatible; meta-externalagent/1.1 (+https://developers.facebook.com/docs/sharing/webmasters/crawler))"
74.7.241.42 - - [09/Sep/2026:07:12:06 -0500] "GET /index.php?lokasie=/usr/share/man/man3/fts_open.3.gz&loknya=/usr/share/man/man3 HTTP/1.1" 200 4131 "https://www.artesaniascolombianas.net.co/index.php?loknya=/usr/share/man/man3" "Mozilla/5.0 AppleWebKit/537.36 (KHTML, like Gecko; compatible; GPTBot/1.4; +https://openai.com/gptbot)"
74.7.242.34 - - [09/Sep/2026:07:12:06 -0500] "GET /?lokasie=/proc/24231/net/stat/rt_cache&loknya=/proc/24231/net/stat HTTP/1.1" 200 4961 "https://artesaniascolombianas.net.co/?loknya=/proc/24231/net/stat" "Mozilla/5.0 AppleWebKit/537.36 (KHTML, like Gecko; compatible; GPTBot/1.4; +https://openai.com/gptbot)"
74.7.241.13 - - [09/Sep/2026:07:12:06 -0500] "GET /?loknya=/sys/class/net/eth0/subsystem/eth0/device/net/eth0/device/driver/module/drivers/virtio:virtio_net/virtio0/net/eth0/subsystem/lo/ HTTP/1.1" 200 59815 "https://mail.artesaniascolombianas.net.co/?loknya=/sys/class/net/eth0/subsystem/eth0/device/net/eth0/device/driver/module/drivers/virtio:virtio_net/virtio0/net/eth0/subsystem/lo/power" "Mozilla/5.0 AppleWebKit/537.36 (KHTML, like Gecko; compatible; GPTBot/1.4; +https://openai.com/gptbot)"
74.7.241.42 - - [09/Sep/2026:07:12:06 -0500] "GET /index.php?lokasie=/usr/share/man/man3/mq_close.3.gz&loknya=/usr/share/man/man3 HTTP/1.1" 200 4131 "https://www.artesaniascolombianas.net.co/index.php?loknya=/usr/share/man/man3" "Mozilla/5.0 AppleWebKit/537.36 (KHTML, like Gecko; compatible; GPTBot/1.4; +https://openai.com/gptbot)"
74.7.242.34 - - [09/Sep/2026:07:12:06 -0500] "GET /?lokasie=/proc/24299/net/stat/arp_cache&loknya=/proc/24299/net/stat HTTP/1.1" 200 4737 "https://artesaniascolombianas.net.co/?loknya=/proc/24299/net/stat" "Mozilla/5.0 AppleWebKit/537.36 (KHTML, like Gecko; compatible; GPTBot/1.4; +https://openai.com/gptbot)"
2a03:2880:f802:41:: - - [09/Sep/2026:07:12:07 -0500] "GET /?u=39774236764 HTTP/1.1" 200 39909 "-" "Mozilla/5.0 (Windows NT 10.0; Win64; x64) AppleWebKit/537.36 (KHTML, like Gecko) Chrome/145.0.0.0 Safari/537.36 (compatible; meta-externalagent/1.1 (+https://developers.facebook.com/docs/sharing/webmasters/crawler))"
74.7.241.13 - - [09/Sep/2026:07:12:07 -0500] "GET /?loknya=/sys/class/net/eth0/subsystem/eth0/device/net/eth0/device/driver/module/drivers/virtio:virtio_net/virtio0/net/eth0/subsystem/eth0/subsystem/lo HTTP/1.1" 200 61886 "https://mail.artesaniascolombianas.net.co/?loknya=/sys/class/net/eth0/subsystem/eth0/device/net/eth0/device/driver/module/drivers/virtio:virtio_net/virtio0/net/eth0/subsystem/eth0/subsystem" "Mozilla/5.0 AppleWebKit/537.36 (KHTML, like Gecko; compatible; GPTBot/1.4; +https://openai.com/gptbot)"
74.7.241.42 - - [09/Sep/2026:07:12:07 -0500] "GET /index.php?lokasie=/usr/share/man/man3/scr_set.3x.gz&loknya=/usr/share/man/man3 HTTP/1.1" 200 4131 "https://www.artesaniascolombianas.net.co/index.php?loknya=/usr/share/man/man3" "Mozilla/5.0 AppleWebKit/537.36 (KHTML, like Gecko; compatible; GPTBot/1.4; +https://openai.com/gptbot)"
2a03:2880:f802:21:: - - [09/Sep/2026:07:12:07 -0500] "GET /?v=85873104175 HTTP/1.1" 200 39909 "-" "Mozilla/5.0 (Macintosh; Intel Mac OS X 10_15_7) AppleWebKit/537.36 (KHTML, like Gecko) Chrome/145.0.0.0 Safari/537.36 (compatible; meta-externalagent/1.1 (+https://developers.facebook.com/docs/sharing/webmasters/crawler))"
74.7.241.13 - - [09/Sep/2026:07:12:07 -0500] "GET /?loknya=/sys/class/net/eth0/subsystem/eth0/device/net/eth0/device/driver/module/drivers/virtio:virtio_net/virtio0/net/eth0/subsystem/eth0/power HTTP/1.1" 200 23528 "https://mail.artesaniascolombianas.net.co/?loknya=/sys/class/net/eth0/subsystem/eth0/device/net/eth0/device/driver/module/drivers/virtio:virtio_net/virtio0/net/eth0/subsystem/eth0" "Mozilla/5.0 AppleWebKit/537.36 (KHTML, like Gecko; compatible; GPTBot/1.4; +https://openai.com/gptbot)"
74.7.242.34 - - [09/Sep/2026:07:12:07 -0500] "GET /?lokasie=/proc/24758/net/stat/arp_cache&loknya=/proc/24758/net/stat HTTP/1.1" 200 4737 "https://artesaniascolombianas.net.co/?loknya=/proc/24758/net/stat" "Mozilla/5.0 AppleWebKit/537.36 (KHTML, like Gecko; compatible; GPTBot/1.4; +https://openai.com/gptbot)"
2a03:2880:f802:15:: - - [09/Sep/2026:07:12:07 -0500] "GET /?y=25946145653 HTTP/1.1" 200 39909 "-" "Mozilla/5.0 (Windows NT 10.0; Win64; x64) AppleWebKit/537.36 (KHTML, like Gecko) Chrome/145.0.0.0 Safari/537.36 (compatible; meta-externalagent/1.1 (+https://developers.facebook.com/docs/sharing/webmasters/crawler))"
2a03:2880:f802:19:: - - [09/Sep/2026:07:12:07 -0500] "GET /?v=85873279415 HTTP/1.1" 200 39909 "-" "Mozilla/5.0 (Windows NT 10.0; Win64; x64) AppleWebKit/537.36 (KHTML, like Gecko) Chrome/145.0.0.0 Safari/537.36 Edg/145.0.0.0 (compatible; meta-externalagent/1.1 (+https://developers.facebook.com/docs/sharing/webmasters/crawler))"
74.7.241.42 - - [09/Sep/2026:07:12:07 -0500] "GET /index.php?lokasie=/usr/share/man/man3/envz_get.3.gz&loknya=/usr/share/man/man3 HTTP/1.1" 200 4131 "https://www.artesaniascolombianas.net.co/index.php?loknya=/usr/share/man/man3" "Mozilla/5.0 AppleWebKit/537.36 (KHTML, like Gecko; compatible; GPTBot/1.4; +https://openai.com/gptbot)"
74.7.241.13 - - [09/Sep/2026:07:12:08 -0500] "GET /?loknya=/sys/class/net/eth0/subsystem/eth0/device/net/eth0/device/driver/module/drivers/virtio:virtio_net/virtio0/net/eth0/subsystem/lo/subsystem/lo HTTP/1.1" 200 61649 "https://mail.artesaniascolombianas.net.co/?loknya=/sys/class/net/eth0/subsystem/eth0/device/net/eth0/device/driver/module/drivers/virtio:virtio_net/virtio0/net/eth0/subsystem/lo/subsystem" "Mozilla/5.0 AppleWebKit/537.36 (KHTML, like Gecko; compatible; GPTBot/1.4; +https://openai.com/gptbot)"
74.7.242.34 - - [09/Sep/2026:07:12:08 -0500] "GET /?lokasie=/proc/18473/net/stat/rt_cache&loknya=/proc/18473/net/stat HTTP/1.1" 200 4961 "https://artesaniascolombianas.net.co/?loknya=/proc/18473/net/stat" "Mozilla/5.0 AppleWebKit/537.36 (KHTML, like Gecko; compatible; GPTBot/1.4; +https://openai.com/gptbot)"
74.7.241.42 - - [09/Sep/2026:07:12:08 -0500] "GET /index.php?lokasie=/usr/share/man/man3/form_sub.3x.gz&loknya=/usr/share/man/man3 HTTP/1.1" 200 4132 "https://www.artesaniascolombianas.net.co/index.php?loknya=/usr/share/man/man3" "Mozilla/5.0 AppleWebKit/537.36 (KHTML, like Gecko; compatible; GPTBot/1.4; +https://openai.com/gptbot)"
2a03:2880:f802:31:: - - [09/Sep/2026:07:12:08 -0500] "GET /?l=70939120708 HTTP/1.1" 200 39909 "-" "Mozilla/5.0 (Windows NT 10.0; Win64; x64) AppleWebKit/537.36 (KHTML, like Gecko) Chrome/145.0.0.0 Safari/537.36 (compatible; meta-externalagent/1.1 (+https://developers.facebook.com/docs/sharing/webmasters/crawler))"
103.157.223.56 - - [09/Sep/2026:07:12:08 -0500] "POST /xmlrpc.php HTTP/1.1" 200 39905 "-" "Jetpack by WordPress.com (Jetpack 12.1; WordPress 6.1)"
74.7.241.13 - - [09/Sep/2026:07:12:08 -0500] "GET /?loknya=/sys/class/net/subsystem/device/net/device/subsystem/devices/subsystem/s/ HTTP/1.1" 200 5978 "https://mail.artesaniascolombianas.net.co/?loknya=/sys/class/net/subsystem/device/net/device/subsystem/devices/subsystem/s/virtio_net/" "Mozilla/5.0 AppleWebKit/537.36 (KHTML, like Gecko; compatible; GPTBot/1.4; +https://openai.com/gptbot)"
74.7.242.34 - - [09/Sep/2026:07:12:08 -0500] "GET /?lokasie=/proc/18473/net/stat/arp_cache&loknya=/proc/18473/net/stat HTTP/1.1" 200 4737 "https://artesaniascolombianas.net.co/?loknya=/proc/18473/net/stat" "Mozilla/5.0 AppleWebKit/537.36 (KHTML, like Gecko; compatible; GPTBot/1.4; +https://openai.com/gptbot)"
74.7.241.42 - - [09/Sep/2026:07:12:08 -0500] "GET /index.php?lokasie=/usr/share/man/man3/xdr_u_char.3.gz&loknya=/usr/share/man/man3 HTTP/1.1" 200 4133 "https://www.artesaniascolombianas.net.co/index.php?loknya=/usr/share/man/man3" "Mozilla/5.0 AppleWebKit/537.36 (KHTML, like Gecko; compatible; GPTBot/1.4; +https://openai.com/gptbot)"
74.7.241.13 - - [09/Sep/2026:07:12:08 -0500] "GET /?loknya=/sys/class/net/subsystem/device/net/device/subsystem/devices/subsystem/s HTTP/1.1" 200 5976 "https://mail.artesaniascolombianas.net.co/?loknya=/sys/class/net/subsystem/device/net/device/subsystem/devices/subsystem/s/virtio_net/" "Mozilla/5.0 AppleWebKit/537.36 (KHTML, like Gecko; compatible; GPTBot/1.4; +https://openai.com/gptbot)"
74.7.242.34 - - [09/Sep/2026:07:12:08 -0500] "GET /?lokasie=/proc/30847/net/stat/rt_cache&loknya=/proc/30847/net/stat HTTP/1.1" 200 4961 "https://artesaniascolombianas.net.co/?loknya=/proc/30847/net/stat" "Mozilla/5.0 AppleWebKit/537.36 (KHTML, like Gecko; compatible; GPTBot/1.4; +https://openai.com/gptbot)"
2a03:2880:f802:e:: - - [09/Sep/2026:07:12:09 -0500] "GET /?f=65213174748 HTTP/1.1" 200 39908 "-" "Mozilla/5.0 (Windows NT 10.0; Win64; x64) AppleWebKit/537.36 (KHTML, like Gecko) Chrome/145.0.0.0 Safari/537.36 (compatible; meta-externalagent/1.1 (+https://developers.facebook.com/docs/sharing/webmasters/crawler))"
74.7.241.42 - - [09/Sep/2026:07:12:09 -0500] "GET /index.php?lokasie=/usr/share/man/man3/xdr_float.3.gz&loknya=/usr/share/man/man3 HTTP/1.1" 200 4132 "https://www.artesaniascolombianas.net.co/index.php?loknya=/usr/share/man/man3" "Mozilla/5.0 AppleWebKit/537.36 (KHTML, like Gecko; compatible; GPTBot/1.4; +https://openai.com/gptbot)"
74.7.241.13 - - [09/Sep/2026:07:12:09 -0500] "GET /?loknya=/sys/class/net/subsystem/device/net/device/subsystem/devices/subsystem/s/virtio_net HTTP/1.1" 200 6131 "https://mail.artesaniascolombianas.net.co/?loknya=/sys/class/net/subsystem/device/net/device/subsystem/devices/subsystem/s/virtio_net/" "Mozilla/5.0 AppleWebKit/537.36 (KHTML, like Gecko; compatible; GPTBot/1.4; +https://openai.com/gptbot)"
2a03:2880:f802:4a:: - - [09/Sep/2026:07:12:09 -0500] "GET /?y=25946278537 HTTP/1.1" 200 39909 "-" "Mozilla/5.0 (Windows NT 10.0; Win64; x64) AppleWebKit/537.36 (KHTML, like Gecko) Chrome/145.0.0.0 Safari/537.36 (compatible; meta-externalagent/1.1 (+https://developers.facebook.com/docs/sharing/webmasters/crawler))"
74.7.242.34 - - [09/Sep/2026:07:12:09 -0500] "GET /?lokasie=/proc/30847/net/stat/arp_cache&loknya=/proc/30847/net/stat HTTP/1.1" 200 4737 "https://artesaniascolombianas.net.co/?loknya=/proc/30847/net/stat" "Mozilla/5.0 AppleWebKit/537.36 (KHTML, like Gecko; compatible; GPTBot/1.4; +https://openai.com/gptbot)"
74.7.241.42 - - [09/Sep/2026:07:12:09 -0500] "GET /index.php?lokasie=/usr/share/man/man3/xdr_bool.3.gz&loknya=/usr/share/man/man3 HTTP/1.1" 200 4131 "https://www.artesaniascolombianas.net.co/index.php?loknya=/usr/share/man/man3" "Mozilla/5.0 AppleWebKit/537.36 (KHTML, like Gecko; compatible; GPTBot/1.4; +https://openai.com/gptbot)"
2a03:2880:f802:e:: - - [09/Sep/2026:07:12:09 -0500] "GET /?x=78855146775 HTTP/1.1" 200 39908 "-" "Mozilla/5.0 (Windows NT 10.0; Win64; x64) AppleWebKit/537.36 (KHTML, like Gecko) Chrome/145.0.0.0 Safari/537.36 (compatible; meta-externalagent/1.1 (+https://developers.facebook.com/docs/sharing/webmasters/crawler))"
2a03:2880:f802:45:: - - [09/Sep/2026:07:12:09 -0500] "GET /?y=25946275900 HTTP/1.1" 200 39909 "-" "Mozilla/5.0 (Windows NT 10.0; Win64; x64) AppleWebKit/537.36 (KHTML, like Gecko) Chrome/145.0.0.0 Safari/537.36 (compatible; meta-externalagent/1.1 (+https://developers.facebook.com/docs/sharing/webmasters/crawler))"
74.7.242.34 - - [09/Sep/2026:07:12:09 -0500] "GET /?lokasie=/proc/24758/net/stat/rt_cache&loknya=/proc/24758/net/stat HTTP/1.1" 200 4961 "https://artesaniascolombianas.net.co/?loknya=/proc/24758/net/stat" "Mozilla/5.0 AppleWebKit/537.36 (KHTML, like Gecko; compatible; GPTBot/1.4; +https://openai.com/gptbot)"
74.7.241.13 - - [09/Sep/2026:07:12:10 -0500] "GET /?loknya=/y/cla/net/ubytem/device/net/device/ubytem/device/virtio0/ubytem/ HTTP/1.1" 200 5861 "https://mail.artesaniascolombianas.net.co/?loknya=/sys/class/net/subsystem/device/net/device/subsystem/devices/virtio0/subsystem/s" "Mozilla/5.0 AppleWebKit/537.36 (KHTML, like Gecko; compatible; GPTBot/1.4; +https://openai.com/gptbot)"
74.7.241.42 - - [09/Sep/2026:07:12:10 -0500] "GET /index.php?lokasie=/usr/share/man/man3/rcmd_af.3.gz&loknya=/usr/share/man/man3 HTTP/1.1" 200 4130 "https://www.artesaniascolombianas.net.co/index.php?loknya=/usr/share/man/man3" "Mozilla/5.0 AppleWebKit/537.36 (KHTML, like Gecko; compatible; GPTBot/1.4; +https://openai.com/gptbot)"
74.7.241.13 - - [09/Sep/2026:07:12:10 -0500] "GET /?loknya=/sys/class/net/eth0/subsystem/eth0/device/net/eth0/device/driver/module/drivers/virtio:virtio_net/virtio0/net/eth0/subsystem/eth0/ HTTP/1.1" 200 61438 "https://mail.artesaniascolombianas.net.co/?loknya=/sys/class/net/eth0/subsystem/eth0/device/net/eth0/device/driver/module/drivers/virtio:virtio_net/virtio0/net/eth0/subsystem/eth0/statistics" "Mozilla/5.0 AppleWebKit/537.36 (KHTML, like Gecko; compatible; GPTBot/1.4; +https://openai.com/gptbot)"
74.7.242.34 - - [09/Sep/2026:07:12:10 -0500] "GET /?loknya=/proc/24239/net/stat HTTP/1.1" 200 5253 "https://artesaniascolombianas.net.co/?loknya=/proc/24239/net" "Mozilla/5.0 AppleWebKit/537.36 (KHTML, like Gecko; compatible; GPTBot/1.4; +https://openai.com/gptbot)"
