74.7.241.13 - - [09/Sep/2026:07:06:44 -0500] "GET /?loknya=/sys/class/net/eth0/subsystem/eth0/device/driver/module/virtio:virtio_net/virtio0/net/eth0/device/subsystem/devices/virtio2/driver/module/ HTTP/1.1" 200 7302 "https://mail.artesaniascolombianas.net.co/?loknya=/sys/class/net/eth0/subsystem/eth0/device/driver/module/drivers/virtio:virtio_net/virtio0/net/eth0/device/subsystem/devices/virtio2/driver/module/drivers" "Mozilla/5.0 AppleWebKit/537.36 (KHTML, like Gecko; compatible; GPTBot/1.4; +https://openai.com/gptbot)"
74.7.242.34 - - [09/Sep/2026:07:06:44 -0500] "GET /?lokasie=/proc/20438/net//mcfilter&loknya=/proc/20438/net/ HTTP/1.1" 200 4127 "https://artesaniascolombianas.net.co/?loknya=/proc/20438/net/" "Mozilla/5.0 AppleWebKit/537.36 (KHTML, like Gecko; compatible; GPTBot/1.4; +https://openai.com/gptbot)"
74.7.241.42 - - [09/Sep/2026:07:06:44 -0500] "GET /index.php?loknya=/proc/23701/net/ HTTP/1.1" 200 81423 "https://www.artesaniascolombianas.net.co/index.php?loknya=/proc/23701/net/xt_recent" "Mozilla/5.0 AppleWebKit/537.36 (KHTML, like Gecko; compatible; GPTBot/1.4; +https://openai.com/gptbot)"
74.7.241.13 - - [09/Sep/2026:07:06:44 -0500] "GET /?loknya=/sys/class/net/eth0/subsystem/eth0/device/net/eth0/device/subsystem/devices/virtio1/subsystem/devices/virtio0/driver/module/drivers/virtio:virtio_net/module HTTP/1.1" 200 29795 "https://mail.artesaniascolombianas.net.co/?loknya=/sys/class/net/eth0/subsystem/eth0/device/net/eth0/device/subsystem/devices/virtio1/subsystem/devices/virtio0/driver/module/drivers/virtio:virtio_net" "Mozilla/5.0 AppleWebKit/537.36 (KHTML, like Gecko; compatible; GPTBot/1.4; +https://openai.com/gptbot)"
74.7.242.34 - - [09/Sep/2026:07:06:44 -0500] "GET /?lokasie=/proc/20438/net//ip6_tables_targets&loknya=/proc/20438/net/ HTTP/1.1" 200 4090 "https://artesaniascolombianas.net.co/?loknya=/proc/20438/net/" "Mozilla/5.0 AppleWebKit/537.36 (KHTML, like Gecko; compatible; GPTBot/1.4; +https://openai.com/gptbot)"
2a03:2880:f802:33:: - - [09/Sep/2026:07:06:44 -0500] "GET /?l=70939267509 HTTP/1.1" 200 39909 "-" "Mozilla/5.0 (Windows NT 10.0; Win64; x64) AppleWebKit/537.36 (KHTML, like Gecko) Chrome/145.0.0.0 Safari/537.36 (compatible; meta-externalagent/1.1 (+https://developers.facebook.com/docs/sharing/webmasters/crawler))"
114.119.129.237 - - [09/Sep/2026:07:06:45 -0500] "GET /producto/manos-libres-solapa-con-mola/ HTTP/1.1" 200 39905 "https://www.artesaniascolombianas.net.co/producto/manos-libres-solapa-con-mola/" "Mozilla/5.0 (Linux; Android 7.0;) AppleWebKit/537.36 (HTML, like Gecko) Mobile Safari/537.36 (compatible; PetalBot;+https://webmaster.petalsearch.com/site/petalbot)"
74.7.241.42 - - [09/Sep/2026:07:06:45 -0500] "GET /index.php?loknya=/proc/18473/net/ipt_hashlimit HTTP/1.1" 200 6612 "https://www.artesaniascolombianas.net.co/index.php?loknya=/proc/18473/net" "Mozilla/5.0 AppleWebKit/537.36 (KHTML, like Gecko; compatible; GPTBot/1.4; +https://openai.com/gptbot)"
2a03:2880:f802:2c:: - - [09/Sep/2026:07:06:45 -0500] "GET /?u=3977416095 HTTP/1.1" 200 39909 "-" "Mozilla/5.0 (Macintosh; Intel Mac OS X 10_15_7) AppleWebKit/537.36 (KHTML, like Gecko) Chrome/145.0.0.0 Safari/537.36 (compatible; meta-externalagent/1.1 (+https://developers.facebook.com/docs/sharing/webmasters/crawler))"
74.7.242.34 - - [09/Sep/2026:07:06:45 -0500] "GET /?lokasie=/proc/20438/net//ip6_tables_names&loknya=/proc/20438/net/ HTTP/1.1" 200 4088 "https://artesaniascolombianas.net.co/?loknya=/proc/20438/net/" "Mozilla/5.0 AppleWebKit/537.36 (KHTML, like Gecko; compatible; GPTBot/1.4; +https://openai.com/gptbot)"
74.7.241.13 - - [09/Sep/2026:07:06:45 -0500] "GET /?loknya=/sys/class/net/eth0/subsystem/eth0/device/net/eth0/device/subsystem/devices/virtio1/subsystem/devices/virtio0/driver/module/drivers/virtio:virtio_net/virtio0 HTTP/1.1" 200 24585 "https://mail.artesaniascolombianas.net.co/?loknya=/sys/class/net/eth0/subsystem/eth0/device/net/eth0/device/subsystem/devices/virtio1/subsystem/devices/virtio0/driver/module/drivers/virtio:virtio_net" "Mozilla/5.0 AppleWebKit/537.36 (KHTML, like Gecko; compatible; GPTBot/1.4; +https://openai.com/gptbot)"
2a03:2880:f802:d:: - - [09/Sep/2026:07:06:45 -0500] "GET /?y=2594691884 HTTP/1.1" 200 39908 "-" "Mozilla/5.0 (Windows NT 10.0; Win64; x64) AppleWebKit/537.36 (KHTML, like Gecko) Chrome/145.0.0.0 Safari/537.36 Edg/145.0.0.0 (compatible; meta-externalagent/1.1 (+https://developers.facebook.com/docs/sharing/webmasters/crawler))"
74.7.241.42 - - [09/Sep/2026:07:06:45 -0500] "GET /index.php?loknya=/proc/20438/net/ipt_hashlimit HTTP/1.1" 200 6618 "https://www.artesaniascolombianas.net.co/index.php?loknya=/proc/20438/net" "Mozilla/5.0 AppleWebKit/537.36 (KHTML, like Gecko; compatible; GPTBot/1.4; +https://openai.com/gptbot)"
74.7.242.34 - - [09/Sep/2026:07:06:45 -0500] "GET /?lokasie=/proc/20438/net//ip6_tables_matches&loknya=/proc/20438/net/ HTTP/1.1" 200 4090 "https://artesaniascolombianas.net.co/?loknya=/proc/20438/net/" "Mozilla/5.0 AppleWebKit/537.36 (KHTML, like Gecko; compatible; GPTBot/1.4; +https://openai.com/gptbot)"
74.7.241.13 - - [09/Sep/2026:07:06:46 -0500] "GET /?loknya=/sys/class/net/eth0/subsystem/eth0/device/net/eth0/device/driver/module/drivers/virtio:virtio_net/virtio0/subsystem/devices/virtio3/driver/module/drivers HTTP/1.1" 200 9145 "https://mail.artesaniascolombianas.net.co/?loknya=/sys/class/net/eth0/subsystem/eth0/device/net/eth0/device/driver/module/drivers/virtio:virtio_net/virtio0/subsystem/devices/virtio3/driver/module" "Mozilla/5.0 AppleWebKit/537.36 (KHTML, like Gecko; compatible; GPTBot/1.4; +https://openai.com/gptbot)"
74.7.241.42 - - [09/Sep/2026:07:06:46 -0500] "GET /index.php?loknya=/proc/24096/net/ipt_hashlimit HTTP/1.1" 200 6640 "https://www.artesaniascolombianas.net.co/index.php?loknya=/proc/24096/net" "Mozilla/5.0 AppleWebKit/537.36 (KHTML, like Gecko; compatible; GPTBot/1.4; +https://openai.com/gptbot)"
2a03:2880:f802:10:: - - [09/Sep/2026:07:06:46 -0500] "GET /?v=85873175553 HTTP/1.1" 200 39909 "-" "Mozilla/5.0 (Windows NT 10.0; Win64; x64) AppleWebKit/537.36 (KHTML, like Gecko) Chrome/145.0.0.0 Safari/537.36 (compatible; meta-externalagent/1.1 (+https://developers.facebook.com/docs/sharing/webmasters/crawler))"
74.7.242.34 - - [09/Sep/2026:07:06:46 -0500] "GET /?lokasie=/proc/22424/net//igmp6&loknya=/proc/22424/net/ HTTP/1.1" 200 4503 "https://artesaniascolombianas.net.co/?loknya=/proc/22424/net/" "Mozilla/5.0 AppleWebKit/537.36 (KHTML, like Gecko; compatible; GPTBot/1.4; +https://openai.com/gptbot)"
74.7.241.13 - - [09/Sep/2026:07:06:46 -0500] "GET /?loknya=/sys/class/net/eth0/subsystem/eth0/device/net/eth0/device/subsystem/devices/virtio3/driver/virtio3/driver/virtio3/subsystem/drivers/virtio_net/module HTTP/1.1" 200 29398 "https://mail.artesaniascolombianas.net.co/?loknya=/sys/class/net/eth0/subsystem/eth0/device/net/eth0/device/subsystem/devices/virtio3/driver/virtio3/driver/virtio3/subsystem/drivers/virtio_net" "Mozilla/5.0 AppleWebKit/537.36 (KHTML, like Gecko; compatible; GPTBot/1.4; +https://openai.com/gptbot)"
74.7.241.42 - - [09/Sep/2026:07:06:46 -0500] "GET /index.php?lokasie=/proc/24096/net/ip_mr_cache&loknya=/proc/24096/net HTTP/1.1" 200 4136 "https://www.artesaniascolombianas.net.co/index.php?loknya=/proc/24096/net" "Mozilla/5.0 AppleWebKit/537.36 (KHTML, like Gecko; compatible; GPTBot/1.4; +https://openai.com/gptbot)"
2a03:2880:f802:4b:: - - [09/Sep/2026:07:06:46 -0500] "GET /?y=2594675165 HTTP/1.1" 200 39909 "-" "Mozilla/5.0 (Windows NT 10.0; Win64; x64) AppleWebKit/537.36 (KHTML, like Gecko) Chrome/145.0.0.0 Safari/537.36 (compatible; meta-externalagent/1.1 (+https://developers.facebook.com/docs/sharing/webmasters/crawler))"
74.7.242.34 - - [09/Sep/2026:07:06:46 -0500] "GET /?lokasie=/proc/22424/net//snmp6&loknya=/proc/22424/net/ HTTP/1.1" 200 7058 "https://artesaniascolombianas.net.co/?loknya=/proc/22424/net/" "Mozilla/5.0 AppleWebKit/537.36 (KHTML, like Gecko; compatible; GPTBot/1.4; +https://openai.com/gptbot)"
74.7.241.13 - - [09/Sep/2026:07:06:47 -0500] "GET /?loknya=/sys/class/net/eth0/subsystem/eth0/device/virtio:virtio_net/virtio0/net/eth0/device/subsystem/devices/virtio3 HTTP/1.1" 200 6620 "https://mail.artesaniascolombianas.net.co/?loknya=/sys/class/net/eth0/subsystem/eth0/device/virtio:virtio_net/virtio0/net/eth0/device/subsystem/devices/virtio3/" "Mozilla/5.0 AppleWebKit/537.36 (KHTML, like Gecko; compatible; GPTBot/1.4; +https://openai.com/gptbot)"
74.7.241.42 - - [09/Sep/2026:07:06:47 -0500] "GET /index.php?lokasie=/proc/24096/net//ip_tables_targets&loknya=/proc/24096/net/ HTTP/1.1" 200 4089 "https://www.artesaniascolombianas.net.co/index.php?loknya=/proc/24096/net/" "Mozilla/5.0 AppleWebKit/537.36 (KHTML, like Gecko; compatible; GPTBot/1.4; +https://openai.com/gptbot)"
74.7.242.34 - - [09/Sep/2026:07:06:47 -0500] "GET /?lokasie=/proc/24343/net//rt6_stats&loknya=/proc/24343/net/ HTTP/1.1" 200 4116 "https://artesaniascolombianas.net.co/?loknya=/proc/24343/net/" "Mozilla/5.0 AppleWebKit/537.36 (KHTML, like Gecko; compatible; GPTBot/1.4; +https://openai.com/gptbot)"
74.7.241.13 - - [09/Sep/2026:07:06:47 -0500] "GET /?loknya=/sys/class/net/eth0/subsystem/eth0/device/net/eth0/device/subsystem/devices/virtio1/subsystem/devices/virtio0/driver/virtio0/driver/module/notes HTTP/1.1" 200 9405 "https://mail.artesaniascolombianas.net.co/?loknya=/sys/class/net/eth0/subsystem/eth0/device/net/eth0/device/subsystem/devices/virtio1/subsystem/devices/virtio0/driver/virtio0/driver/module" "Mozilla/5.0 AppleWebKit/537.36 (KHTML, like Gecko; compatible; GPTBot/1.4; +https://openai.com/gptbot)"
74.7.241.42 - - [09/Sep/2026:07:06:47 -0500] "GET /index.php?lokasie=/proc/24130/net//ip_tables_targets&loknya=/proc/24130/net/ HTTP/1.1" 200 4089 "https://www.artesaniascolombianas.net.co/index.php?loknya=/proc/24130/net/" "Mozilla/5.0 AppleWebKit/537.36 (KHTML, like Gecko; compatible; GPTBot/1.4; +https://openai.com/gptbot)"
74.7.242.34 - - [09/Sep/2026:07:06:47 -0500] "GET /?lokasie=/proc/20404/net//rt6_stats&loknya=/proc/20404/net/ HTTP/1.1" 200 4116 "https://artesaniascolombianas.net.co/?loknya=/proc/20404/net/" "Mozilla/5.0 AppleWebKit/537.36 (KHTML, like Gecko; compatible; GPTBot/1.4; +https://openai.com/gptbot)"
2a03:2880:f802:e:: - - [09/Sep/2026:07:06:47 -0500] "GET /?x=78855148551 HTTP/1.1" 200 39908 "-" "Mozilla/5.0 (Windows NT 10.0; Win64; x64) AppleWebKit/537.36 (KHTML, like Gecko) Chrome/145.0.0.0 Safari/537.36 (compatible; meta-externalagent/1.1 (+https://developers.facebook.com/docs/sharing/webmasters/crawler))"
74.7.241.13 - - [09/Sep/2026:07:06:48 -0500] "GET /?loknya=/sys/class/net/eth0/subsystem/eth0/device/net/eth0/device/subsystem/devices/virtio0/subsystem/devices/virtio2/subsystem/drivers/virtio_net HTTP/1.1" 200 15406 "https://mail.artesaniascolombianas.net.co/?loknya=/sys/class/net/eth0/subsystem/eth0/device/net/eth0/device/subsystem/devices/virtio0/subsystem/devices/virtio2/subsystem/drivers" "Mozilla/5.0 AppleWebKit/537.36 (KHTML, like Gecko; compatible; GPTBot/1.4; +https://openai.com/gptbot)"
2a03:2880:f802:2a:: - - [09/Sep/2026:07:06:48 -0500] "GET /?v=79451152839 HTTP/1.1" 200 39909 "-" "Mozilla/5.0 (Windows NT 10.0; Win64; x64) AppleWebKit/537.36 (KHTML, like Gecko) Chrome/145.0.0.0 Safari/537.36 (compatible; meta-externalagent/1.1 (+https://developers.facebook.com/docs/sharing/webmasters/crawler))"
74.7.241.42 - - [09/Sep/2026:07:06:48 -0500] "GET /index.php?lokasie=/proc/10637/net//ip_tables_targets&loknya=/proc/10637/net/ HTTP/1.1" 200 4089 "https://www.artesaniascolombianas.net.co/index.php?loknya=/proc/10637/net/" "Mozilla/5.0 AppleWebKit/537.36 (KHTML, like Gecko; compatible; GPTBot/1.4; +https://openai.com/gptbot)"
2a03:2880:f802:26:: - - [09/Sep/2026:07:06:48 -0500] "GET /?f=6521362820 HTTP/1.1" 200 39909 "-" "Mozilla/5.0 (Windows NT 10.0; Win64; x64) AppleWebKit/537.36 (KHTML, like Gecko) Chrome/145.0.0.0 Safari/537.36 (compatible; meta-externalagent/1.1 (+https://developers.facebook.com/docs/sharing/webmasters/crawler))"
74.7.242.34 - - [09/Sep/2026:07:06:48 -0500] "GET /?lokasie=/proc/22424/net//ip6_tables_targets&loknya=/proc/22424/net/ HTTP/1.1" 200 4090 "https://artesaniascolombianas.net.co/?loknya=/proc/22424/net/" "Mozilla/5.0 AppleWebKit/537.36 (KHTML, like Gecko; compatible; GPTBot/1.4; +https://openai.com/gptbot)"
74.7.241.13 - - [09/Sep/2026:07:06:48 -0500] "GET /?loknya=/sys/class/net/eth0/subsystem/eth0/device/driver/virtio0/net/eth0/device/subsystem/devices/virtio3/subsystem/devices/virtio2/virtio-ports HTTP/1.1" 200 8601 "https://mail.artesaniascolombianas.net.co/?loknya=/sys/class/net/eth0/subsystem/eth0/device/driver/virtio0/net/eth0/device/subsystem/devices/virtio3/subsystem/devices/virtio2" "Mozilla/5.0 AppleWebKit/537.36 (KHTML, like Gecko; compatible; GPTBot/1.4; +https://openai.com/gptbot)"
74.7.241.42 - - [09/Sep/2026:07:06:48 -0500] "GET /index.php?lokasie=/proc/30719/net//ip_tables_targets&loknya=/proc/30719/net/ HTTP/1.1" 200 4089 "https://www.artesaniascolombianas.net.co/index.php?loknya=/proc/30719/net/" "Mozilla/5.0 AppleWebKit/537.36 (KHTML, like Gecko; compatible; GPTBot/1.4; +https://openai.com/gptbot)"
2a03:2880:f802:e:: - - [09/Sep/2026:07:06:48 -0500] "GET /?b=47659252904 HTTP/1.1" 200 39908 "-" "Mozilla/5.0 (Windows NT 10.0; Win64; x64) AppleWebKit/537.36 (KHTML, like Gecko) Chrome/145.0.0.0 Safari/537.36 (compatible; meta-externalagent/1.1 (+https://developers.facebook.com/docs/sharing/webmasters/crawler))"
74.7.242.34 - - [09/Sep/2026:07:06:48 -0500] "GET /?lokasie=/proc/22424/net//ip6_tables_names&loknya=/proc/22424/net/ HTTP/1.1" 200 4088 "https://artesaniascolombianas.net.co/?loknya=/proc/22424/net/" "Mozilla/5.0 AppleWebKit/537.36 (KHTML, like Gecko; compatible; GPTBot/1.4; +https://openai.com/gptbot)"
74.7.241.13 - - [09/Sep/2026:07:06:49 -0500] "GET /?loknya=/sys/class/net/eth0/subsystem/eth0/device/net/eth0/device/subsystem/devices/virtio2/subsystem/devices/virtio0/driver/module/drivers/ HTTP/1.1" 200 8598 "https://mail.artesaniascolombianas.net.co/?loknya=/sys/class/net/eth0/subsystem/eth0/device/net/eth0/device/subsystem/devices/virtio2/subsystem/devices/virtio0/driver/module/drivers/virtio:virtio_net" "Mozilla/5.0 AppleWebKit/537.36 (KHTML, like Gecko; compatible; GPTBot/1.4; +https://openai.com/gptbot)"
74.7.241.42 - - [09/Sep/2026:07:06:49 -0500] "GET /index.php?lokasie=/proc/20438/net//ip_tables_targets&loknya=/proc/20438/net/ HTTP/1.1" 200 4089 "https://www.artesaniascolombianas.net.co/index.php?loknya=/proc/20438/net/" "Mozilla/5.0 AppleWebKit/537.36 (KHTML, like Gecko; compatible; GPTBot/1.4; +https://openai.com/gptbot)"
2a03:2880:f802:43:: - - [09/Sep/2026:07:06:49 -0500] "GET /?u=3977419245 HTTP/1.1" 200 39909 "-" "Mozilla/5.0 (Windows NT 10.0; Win64; x64) AppleWebKit/537.36 (KHTML, like Gecko) Chrome/145.0.0.0 Safari/537.36 (compatible; meta-externalagent/1.1 (+https://developers.facebook.com/docs/sharing/webmasters/crawler))"
74.7.242.34 - - [09/Sep/2026:07:06:49 -0500] "GET /?lokasie=/proc/22424/net//if_inet6&loknya=/proc/22424/net/ HTTP/1.1" 200 4188 "https://artesaniascolombianas.net.co/?loknya=/proc/22424/net/" "Mozilla/5.0 AppleWebKit/537.36 (KHTML, like Gecko; compatible; GPTBot/1.4; +https://openai.com/gptbot)"
74.7.241.13 - - [09/Sep/2026:07:06:49 -0500] "GET /?loknya=/sys/class/net/eth0/subsystem/eth0/device/net/eth0/device/subsystem/devices/virtio2/subsystem/devices/virtio0/driver/module/drivers/virtio:virtio_net/module HTTP/1.1" 200 29795 "https://mail.artesaniascolombianas.net.co/?loknya=/sys/class/net/eth0/subsystem/eth0/device/net/eth0/device/subsystem/devices/virtio2/subsystem/devices/virtio0/driver/module/drivers/virtio:virtio_net" "Mozilla/5.0 AppleWebKit/537.36 (KHTML, like Gecko; compatible; GPTBot/1.4; +https://openai.com/gptbot)"
74.7.241.42 - - [09/Sep/2026:07:06:49 -0500] "GET /index.php?lokasie=/proc/18473/net//ip_tables_targets&loknya=/proc/18473/net/ HTTP/1.1" 200 4089 "https://www.artesaniascolombianas.net.co/index.php?loknya=/proc/18473/net/" "Mozilla/5.0 AppleWebKit/537.36 (KHTML, like Gecko; compatible; GPTBot/1.4; +https://openai.com/gptbot)"
74.7.242.34 - - [09/Sep/2026:07:06:49 -0500] "GET /?lokasie=/proc/22424/net//rt6_stats&loknya=/proc/22424/net/ HTTP/1.1" 200 4116 "https://artesaniascolombianas.net.co/?loknya=/proc/22424/net/" "Mozilla/5.0 AppleWebKit/537.36 (KHTML, like Gecko; compatible; GPTBot/1.4; +https://openai.com/gptbot)"
74.7.241.13 - - [09/Sep/2026:07:06:50 -0500] "GET /?loknya=/sys/class/net/eth0/subsystem/eth0/device/driver/virtio:virtio_net/virtio0/net/eth0/device/subsystem/devices/virtio2/driver/ HTTP/1.1" 200 6945 "https://mail.artesaniascolombianas.net.co/?loknya=/sys/class/net/eth0/subsystem/eth0/device/driver/module/virtio:virtio_net/virtio0/net/eth0/device/subsystem/devices/virtio2/driver/module/" "Mozilla/5.0 AppleWebKit/537.36 (KHTML, like Gecko; compatible; GPTBot/1.4; +https://openai.com/gptbot)"
74.7.241.42 - - [09/Sep/2026:07:06:50 -0500] "GET /index.php?lokasie=/proc/23701/net//ip_tables_targets&loknya=/proc/23701/net/ HTTP/1.1" 200 4089 "https://www.artesaniascolombianas.net.co/index.php?loknya=/proc/23701/net/" "Mozilla/5.0 AppleWebKit/537.36 (KHTML, like Gecko; compatible; GPTBot/1.4; +https://openai.com/gptbot)"
2a03:2880:f802:15:: - - [09/Sep/2026:07:06:50 -0500] "GET /?l=70939250620 HTTP/1.1" 200 39909 "-" "Mozilla/5.0 (Macintosh; Intel Mac OS X 10_15_7) AppleWebKit/537.36 (KHTML, like Gecko) Chrome/145.0.0.0 Safari/537.36 (compatible; meta-externalagent/1.1 (+https://developers.facebook.com/docs/sharing/webmasters/crawler))"
74.7.242.34 - - [09/Sep/2026:07:06:50 -0500] "GET /?lokasie=/proc/20404/net//ip6_tables_matches&loknya=/proc/20404/net/ HTTP/1.1" 200 4090 "https://artesaniascolombianas.net.co/?loknya=/proc/20404/net/" "Mozilla/5.0 AppleWebKit/537.36 (KHTML, like Gecko; compatible; GPTBot/1.4; +https://openai.com/gptbot)"
2a03:2880:f802:5:: - - [09/Sep/2026:07:06:50 -0500] "GET /?v=8587348889 HTTP/1.1" 200 39908 "-" "Mozilla/5.0 (Macintosh; Intel Mac OS X 10_15_7) AppleWebKit/537.36 (KHTML, like Gecko) Chrome/145.0.0.0 Safari/537.36 (compatible; meta-externalagent/1.1 (+https://developers.facebook.com/docs/sharing/webmasters/crawler))"
74.7.241.13 - - [09/Sep/2026:07:06:50 -0500] "GET /?loknya=/sys/class/net/eth0/subsystem/eth0/device/driver/module/virtio:virtio_net/virtio0/net/eth0/device/subsystem/devices/virtio2/driver/module HTTP/1.1" 200 7300 "https://mail.artesaniascolombianas.net.co/?loknya=/sys/class/net/eth0/subsystem/eth0/device/driver/module/virtio:virtio_net/virtio0/net/eth0/device/subsystem/devices/virtio2/driver/module/" "Mozilla/5.0 AppleWebKit/537.36 (KHTML, like Gecko; compatible; GPTBot/1.4; +https://openai.com/gptbot)"
74.7.241.42 - - [09/Sep/2026:07:06:50 -0500] "GET /index.php?lokasie=/proc/24096/net//ip6_mr_vif&loknya=/proc/24096/net/ HTTP/1.1" 200 4137 "https://www.artesaniascolombianas.net.co/index.php?loknya=/proc/24096/net/" "Mozilla/5.0 AppleWebKit/537.36 (KHTML, like Gecko; compatible; GPTBot/1.4; +https://openai.com/gptbot)"
103.157.223.56 - - [09/Sep/2026:07:06:50 -0500] "POST /xmlrpc.php HTTP/1.1" 200 39905 "-" "WordPress.com; https://wordpress.com"
74.7.242.34 - - [09/Sep/2026:07:06:50 -0500] "GET /?lokasie=/proc/24343/net//ip6_tables_matches&loknya=/proc/24343/net/ HTTP/1.1" 200 4090 "https://artesaniascolombianas.net.co/?loknya=/proc/24343/net/" "Mozilla/5.0 AppleWebKit/537.36 (KHTML, like Gecko; compatible; GPTBot/1.4; +https://openai.com/gptbot)"
74.7.241.13 - - [09/Sep/2026:07:06:51 -0500] "GET /?loknya=/sys/class/net/eth0/subsystem/eth0/device/net/eth0/device/subsystem/devices/virtio1/subsystem/devices/virtio0/driver/module/drivers/virtio:virtio_net/module/holders HTTP/1.1" 200 7841 "https://mail.artesaniascolombianas.net.co/?loknya=/sys/class/net/eth0/subsystem/eth0/device/net/eth0/device/subsystem/devices/virtio1/subsystem/devices/virtio0/driver/module/drivers/virtio:virtio_net/module" "Mozilla/5.0 AppleWebKit/537.36 (KHTML, like Gecko; compatible; GPTBot/1.4; +https://openai.com/gptbot)"
74.7.241.42 - - [09/Sep/2026:07:06:51 -0500] "GET /index.php?lokasie=/proc/24130/net//ip6_mr_vif&loknya=/proc/24130/net/ HTTP/1.1" 200 4137 "https://www.artesaniascolombianas.net.co/index.php?loknya=/proc/24130/net/" "Mozilla/5.0 AppleWebKit/537.36 (KHTML, like Gecko; compatible; GPTBot/1.4; +https://openai.com/gptbot)"
74.7.242.34 - - [09/Sep/2026:07:06:51 -0500] "GET /?lokasie=/proc/22424/net//ipv6_route&loknya=/proc/22424/net/ HTTP/1.1" 200 6332 "https://artesaniascolombianas.net.co/?loknya=/proc/22424/net/" "Mozilla/5.0 AppleWebKit/537.36 (KHTML, like Gecko; compatible; GPTBot/1.4; +https://openai.com/gptbot)"
74.7.241.13 - - [09/Sep/2026:07:06:51 -0500] "GET /?loknya=/sys/class/net/eth0/subsystem/eth0/device/net/eth0/device/driver/module/virtio:virtio_net/virtio0/subsystem/devices/virtio3/driver/module/ HTTP/1.1" 200 7246 "https://mail.artesaniascolombianas.net.co/?loknya=/sys/class/net/eth0/subsystem/eth0/device/net/eth0/device/driver/module/drivers/virtio:virtio_net/virtio0/subsystem/devices/virtio3/driver/module/drivers" "Mozilla/5.0 AppleWebKit/537.36 (KHTML, like Gecko; compatible; GPTBot/1.4; +https://openai.com/gptbot)"
74.7.241.42 - - [09/Sep/2026:07:06:51 -0500] "GET /index.php?lokasie=/proc/23701/net//ip6_mr_vif&loknya=/proc/23701/net/ HTTP/1.1" 200 4137 "https://www.artesaniascolombianas.net.co/index.php?loknya=/proc/23701/net/" "Mozilla/5.0 AppleWebKit/537.36 (KHTML, like Gecko; compatible; GPTBot/1.4; +https://openai.com/gptbot)"
74.7.242.34 - - [09/Sep/2026:07:06:51 -0500] "GET /?lokasie=/proc/20438/net//udplite&loknya=/proc/20438/net/ HTTP/1.1" 200 4210 "https://artesaniascolombianas.net.co/?loknya=/proc/20438/net/" "Mozilla/5.0 AppleWebKit/537.36 (KHTML, like Gecko; compatible; GPTBot/1.4; +https://openai.com/gptbot)"
74.7.241.13 - - [09/Sep/2026:07:06:52 -0500] "GET /?loknya=/sys/class/net/eth0/subsystem/eth0/device/net/eth0/device/subsystem/devices/virtio1/subsystem/devices/virtio0/driver/module/drivers/virtio:virtio_net/virtio0/net HTTP/1.1" 200 9301 "https://mail.artesaniascolombianas.net.co/?loknya=/sys/class/net/eth0/subsystem/eth0/device/net/eth0/device/subsystem/devices/virtio1/subsystem/devices/virtio0/driver/module/drivers/virtio:virtio_net/virtio0" "Mozilla/5.0 AppleWebKit/537.36 (KHTML, like Gecko; compatible; GPTBot/1.4; +https://openai.com/gptbot)"
2a03:2880:f802:21:: - - [09/Sep/2026:07:06:52 -0500] "GET /?i=36798274404 HTTP/1.1" 200 39909 "-" "Mozilla/5.0 (Macintosh; Intel Mac OS X 10_15_7) AppleWebKit/537.36 (KHTML, like Gecko) Chrome/145.0.0.0 Safari/537.36 (compatible; meta-externalagent/1.1 (+https://developers.facebook.com/docs/sharing/webmasters/crawler))"
74.7.241.42 - - [09/Sep/2026:07:06:52 -0500] "GET /index.php?lokasie=/proc/20438/net//ip6_mr_vif&loknya=/proc/20438/net/ HTTP/1.1" 200 4137 "https://www.artesaniascolombianas.net.co/index.php?loknya=/proc/20438/net/" "Mozilla/5.0 AppleWebKit/537.36 (KHTML, like Gecko; compatible; GPTBot/1.4; +https://openai.com/gptbot)"
2a03:2880:f802:e:: - - [09/Sep/2026:07:06:52 -0500] "GET /?v=79451119373 HTTP/1.1" 200 39908 "-" "Mozilla/5.0 (Macintosh; Intel Mac OS X 10_15_7) AppleWebKit/537.36 (KHTML, like Gecko) Chrome/145.0.0.0 Safari/537.36 (compatible; meta-externalagent/1.1 (+https://developers.facebook.com/docs/sharing/webmasters/crawler))"
74.7.242.34 - - [09/Sep/2026:07:06:52 -0500] "GET /?lokasie=/proc/22424/net//ip6_tables_matches&loknya=/proc/22424/net/ HTTP/1.1" 200 4090 "https://artesaniascolombianas.net.co/?loknya=/proc/22424/net/" "Mozilla/5.0 AppleWebKit/537.36 (KHTML, like Gecko; compatible; GPTBot/1.4; +https://openai.com/gptbot)"
74.7.241.13 - - [09/Sep/2026:07:06:52 -0500] "GET /?loknya=/sys/class/net/eth0/subsystem/eth0/device/net/eth0/device/subsystem/devices/virtio1/subsystem/devices/virtio0/driver/module/drivers/virtio:virtio_net/virtio0/power HTTP/1.1" 200 25034 "https://mail.artesaniascolombianas.net.co/?loknya=/sys/class/net/eth0/subsystem/eth0/device/net/eth0/device/subsystem/devices/virtio1/subsystem/devices/virtio0/driver/module/drivers/virtio:virtio_net/virtio0" "Mozilla/5.0 AppleWebKit/537.36 (KHTML, like Gecko; compatible; GPTBot/1.4; +https://openai.com/gptbot)"
74.7.241.42 - - [09/Sep/2026:07:06:52 -0500] "GET /index.php?lokasie=/proc/18473/net//ip6_mr_vif&loknya=/proc/18473/net/ HTTP/1.1" 200 4137 "https://www.artesaniascolombianas.net.co/index.php?loknya=/proc/18473/net/" "Mozilla/5.0 AppleWebKit/537.36 (KHTML, like Gecko; compatible; GPTBot/1.4; +https://openai.com/gptbot)"
74.7.242.34 - - [09/Sep/2026:07:06:52 -0500] "GET /?lokasie=/proc/20404/net//ip6_mr_cache&loknya=/proc/20404/net/ HTTP/1.1" 200 4187 "https://artesaniascolombianas.net.co/?loknya=/proc/20404/net/" "Mozilla/5.0 AppleWebKit/537.36 (KHTML, like Gecko; compatible; GPTBot/1.4; +https://openai.com/gptbot)"
74.7.241.13 - - [09/Sep/2026:07:06:52 -0500] "GET /?loknya=/sys/class/net/eth0/subsystem/eth0/device/net/eth0/device/subsystem/devices/virtio3/driver/virtio3/driver/virtio3/subsystem/drivers/virtio_net/module/parameters HTTP/1.1" 200 13380 "https://mail.artesaniascolombianas.net.co/?loknya=/sys/class/net/eth0/subsystem/eth0/device/net/eth0/device/subsystem/devices/virtio3/driver/virtio3/driver/virtio3/subsystem/drivers/virtio_net/module" "Mozilla/5.0 AppleWebKit/537.36 (KHTML, like Gecko; compatible; GPTBot/1.4; +https://openai.com/gptbot)"
2a03:2880:f802:18:: - - [09/Sep/2026:07:06:52 -0500] "GET /?x=78855264410 HTTP/1.1" 200 39909 "-" "Mozilla/5.0 (Windows NT 10.0; Win64; x64) AppleWebKit/537.36 (KHTML, like Gecko) Chrome/145.0.0.0 Safari/537.36 (compatible; meta-externalagent/1.1 (+https://developers.facebook.com/docs/sharing/webmasters/crawler))"
74.7.241.42 - - [09/Sep/2026:07:06:53 -0500] "GET /index.php?lokasie=/proc/10637/net//ip6_mr_vif&loknya=/proc/10637/net/ HTTP/1.1" 200 4137 "https://www.artesaniascolombianas.net.co/index.php?loknya=/proc/10637/net/" "Mozilla/5.0 AppleWebKit/537.36 (KHTML, like Gecko; compatible; GPTBot/1.4; +https://openai.com/gptbot)"
2a03:2880:f802:41:: - - [09/Sep/2026:07:06:53 -0500] "GET /?i=36798254899 HTTP/1.1" 200 39909 "-" "Mozilla/5.0 (Windows NT 10.0; Win64; x64) AppleWebKit/537.36 (KHTML, like Gecko) Chrome/145.0.0.0 Safari/537.36 (compatible; meta-externalagent/1.1 (+https://developers.facebook.com/docs/sharing/webmasters/crawler))"
74.7.242.34 - - [09/Sep/2026:07:06:53 -0500] "GET /?lokasie=/proc/24343/net//ip6_mr_cache&loknya=/proc/24343/net/ HTTP/1.1" 200 4187 "https://artesaniascolombianas.net.co/?loknya=/proc/24343/net/" "Mozilla/5.0 AppleWebKit/537.36 (KHTML, like Gecko; compatible; GPTBot/1.4; +https://openai.com/gptbot)"
74.7.241.13 - - [09/Sep/2026:07:06:53 -0500] "GET /?loknya=/sys/class/net/eth0/subsystem/eth0/device/net/eth0/device/subsystem/devices/virtio3/driver/virtio3/driver/virtio3/subsystem/drivers/virtio_net/module/sections HTTP/1.1" 200 41533 "https://mail.artesaniascolombianas.net.co/?loknya=/sys/class/net/eth0/subsystem/eth0/device/net/eth0/device/subsystem/devices/virtio3/driver/virtio3/driver/virtio3/subsystem/drivers/virtio_net/module" "Mozilla/5.0 AppleWebKit/537.36 (KHTML, like Gecko; compatible; GPTBot/1.4; +https://openai.com/gptbot)"
2a03:2880:f802:e:: - - [09/Sep/2026:07:06:53 -0500] "GET /?u=39774143448 HTTP/1.1" 200 39908 "-" "Mozilla/5.0 (Windows NT 10.0; Win64; x64) AppleWebKit/537.36 (KHTML, like Gecko) Chrome/145.0.0.0 Safari/537.36 (compatible; meta-externalagent/1.1 (+https://developers.facebook.com/docs/sharing/webmasters/crawler))"
2a03:2880:f802:b:: - - [09/Sep/2026:07:06:53 -0500] "GET /?v=85873222445 HTTP/1.1" 200 39908 "-" "Mozilla/5.0 (Macintosh; Intel Mac OS X 10_15_7) AppleWebKit/537.36 (KHTML, like Gecko) Chrome/145.0.0.0 Safari/537.36 (compatible; meta-externalagent/1.1 (+https://developers.facebook.com/docs/sharing/webmasters/crawler))"
74.7.241.42 - - [09/Sep/2026:07:06:53 -0500] "GET /index.php?lokasie=/proc/30719/net//ip6_mr_vif&loknya=/proc/30719/net/ HTTP/1.1" 200 4137 "https://www.artesaniascolombianas.net.co/index.php?loknya=/proc/30719/net/" "Mozilla/5.0 AppleWebKit/537.36 (KHTML, like Gecko; compatible; GPTBot/1.4; +https://openai.com/gptbot)"
74.7.242.34 - - [09/Sep/2026:07:06:53 -0500] "GET /?lokasie=/proc/22424/net//ip6_flowlabel&loknya=/proc/22424/net/ HTTP/1.1" 200 4160 "https://artesaniascolombianas.net.co/?loknya=/proc/22424/net/" "Mozilla/5.0 AppleWebKit/537.36 (KHTML, like Gecko; compatible; GPTBot/1.4; +https://openai.com/gptbot)"
74.7.241.13 - - [09/Sep/2026:07:06:54 -0500] "GET /?loknya=/sys/class/net/eth0/subsystem/eth0/device/net/eth0/device/subsystem/devices/virtio0/subsystem/devices/virtio2/subsystem/drivers/virtio_net/module HTTP/1.1" 200 29052 "https://mail.artesaniascolombianas.net.co/?loknya=/sys/class/net/eth0/subsystem/eth0/device/net/eth0/device/subsystem/devices/virtio0/subsystem/devices/virtio2/subsystem/drivers/virtio_net" "Mozilla/5.0 AppleWebKit/537.36 (KHTML, like Gecko; compatible; GPTBot/1.4; +https://openai.com/gptbot)"
74.7.241.42 - - [09/Sep/2026:07:06:54 -0500] "GET /index.php?lokasie=/proc/24096/net//ip6_tables_matches&loknya=/proc/24096/net/ HTTP/1.1" 200 4090 "https://www.artesaniascolombianas.net.co/index.php?loknya=/proc/24096/net/" "Mozilla/5.0 AppleWebKit/537.36 (KHTML, like Gecko; compatible; GPTBot/1.4; +https://openai.com/gptbot)"
2a03:2880:f802:e:: - - [09/Sep/2026:07:06:54 -0500] "GET /?u=39774123922 HTTP/1.1" 200 39908 "-" "Mozilla/5.0 (Windows NT 10.0; Win64; x64) AppleWebKit/537.36 (KHTML, like Gecko) Chrome/145.0.0.0 Safari/537.36 (compatible; meta-externalagent/1.1 (+https://developers.facebook.com/docs/sharing/webmasters/crawler))"
2a03:2880:f802:24:: - - [09/Sep/2026:07:06:54 -0500] "GET /?y=2594636511 HTTP/1.1" 200 39909 "-" "Mozilla/5.0 (Windows NT 10.0; Win64; x64) AppleWebKit/537.36 (KHTML, like Gecko) Chrome/145.0.0.0 Safari/537.36 (compatible; meta-externalagent/1.1 (+https://developers.facebook.com/docs/sharing/webmasters/crawler))"
74.7.242.34 - - [09/Sep/2026:07:06:54 -0500] "GET /?lokasie=/proc/20438/net//rt6_stats&loknya=/proc/20438/net/ HTTP/1.1" 200 4116 "https://artesaniascolombianas.net.co/?loknya=/proc/20438/net/" "Mozilla/5.0 AppleWebKit/537.36 (KHTML, like Gecko; compatible; GPTBot/1.4; +https://openai.com/gptbot)"
74.7.241.13 - - [09/Sep/2026:07:06:54 -0500] "GET /?loknya=/sys/class/net/eth0/subsystem/eth0/device/net/eth0/device/subsystem/devices/virtio3/driver/virtio3/driver/virtio3/subsystem/drivers/virtio_net/module/notes HTTP/1.1" 200 9666 "https://mail.artesaniascolombianas.net.co/?loknya=/sys/class/net/eth0/subsystem/eth0/device/net/eth0/device/subsystem/devices/virtio3/driver/virtio3/driver/virtio3/subsystem/drivers/virtio_net/module" "Mozilla/5.0 AppleWebKit/537.36 (KHTML, like Gecko; compatible; GPTBot/1.4; +https://openai.com/gptbot)"
74.7.241.42 - - [09/Sep/2026:07:06:54 -0500] "GET /index.php?lokasie=/proc/18473/net//ip6_tables_matches&loknya=/proc/18473/net/ HTTP/1.1" 200 4090 "https://www.artesaniascolombianas.net.co/index.php?loknya=/proc/18473/net/" "Mozilla/5.0 AppleWebKit/537.36 (KHTML, like Gecko; compatible; GPTBot/1.4; +https://openai.com/gptbot)"
2a03:2880:f802:2e:: - - [09/Sep/2026:07:06:54 -0500] "GET /?v=8587351226 HTTP/1.1" 200 39909 "-" "Mozilla/5.0 (Windows NT 10.0; Win64; x64) AppleWebKit/537.36 (KHTML, like Gecko) Chrome/145.0.0.0 Safari/537.36 (compatible; meta-externalagent/1.1 (+https://developers.facebook.com/docs/sharing/webmasters/crawler))"
74.7.242.34 - - [09/Sep/2026:07:06:54 -0500] "GET /?lokasie=/proc/20404/net//ip_mr_vif&loknya=/proc/20404/net/ HTTP/1.1" 200 4152 "https://artesaniascolombianas.net.co/?loknya=/proc/20404/net/" "Mozilla/5.0 AppleWebKit/537.36 (KHTML, like Gecko; compatible; GPTBot/1.4; +https://openai.com/gptbot)"
74.7.241.13 - - [09/Sep/2026:07:06:55 -0500] "GET /?loknya=/sys/class/net/eth0/subsystem/eth0/device/net/eth0/device/subsystem/devices/virtio2/subsystem/devices/virtio0/driver/module/drivers/virtio:virtio_net/module/holders HTTP/1.1" 200 7841 "https://mail.artesaniascolombianas.net.co/?loknya=/sys/class/net/eth0/subsystem/eth0/device/net/eth0/device/subsystem/devices/virtio2/subsystem/devices/virtio0/driver/module/drivers/virtio:virtio_net/module" "Mozilla/5.0 AppleWebKit/537.36 (KHTML, like Gecko; compatible; GPTBot/1.4; +https://openai.com/gptbot)"
74.7.241.42 - - [09/Sep/2026:07:06:55 -0500] "GET /index.php?lokasie=/proc/18473/net//ip6_tables_names&loknya=/proc/18473/net/ HTTP/1.1" 200 4088 "https://www.artesaniascolombianas.net.co/index.php?loknya=/proc/18473/net/" "Mozilla/5.0 AppleWebKit/537.36 (KHTML, like Gecko; compatible; GPTBot/1.4; +https://openai.com/gptbot)"
74.7.242.34 - - [09/Sep/2026:07:06:55 -0500] "GET /?lokasie=/proc/24343/net//ip_mr_vif&loknya=/proc/24343/net/ HTTP/1.1" 200 4152 "https://artesaniascolombianas.net.co/?loknya=/proc/24343/net/" "Mozilla/5.0 AppleWebKit/537.36 (KHTML, like Gecko; compatible; GPTBot/1.4; +https://openai.com/gptbot)"
74.7.241.13 - - [09/Sep/2026:07:06:55 -0500] "GET /?loknya=/sys/class/net/eth0/subsystem/eth0/device/driver/virtio:virtio_net/virtio0/net/eth0/device/subsystem/devices/virtio2 HTTP/1.1" 200 6775 "https://mail.artesaniascolombianas.net.co/?loknya=/sys/class/net/eth0/subsystem/eth0/device/driver/virtio:virtio_net/virtio0/net/eth0/device/subsystem/devices/virtio2/driver/" "Mozilla/5.0 AppleWebKit/537.36 (KHTML, like Gecko; compatible; GPTBot/1.4; +https://openai.com/gptbot)"
2a03:2880:f802:46:: - - [09/Sep/2026:07:06:55 -0500] "GET /?i=36798152762 HTTP/1.1" 200 39909 "-" "Mozilla/5.0 (Windows NT 10.0; Win64; x64) AppleWebKit/537.36 (KHTML, like Gecko) Chrome/145.0.0.0 Safari/537.36 (compatible; meta-externalagent/1.1 (+https://developers.facebook.com/docs/sharing/webmasters/crawler))"
74.7.241.42 - - [09/Sep/2026:07:06:55 -0500] "GET /index.php?lokasie=/proc/23701/net//ip6_tables_matches&loknya=/proc/23701/net/ HTTP/1.1" 200 4090 "https://www.artesaniascolombianas.net.co/index.php?loknya=/proc/23701/net/" "Mozilla/5.0 AppleWebKit/537.36 (KHTML, like Gecko; compatible; GPTBot/1.4; +https://openai.com/gptbot)"
74.7.242.34 - - [09/Sep/2026:07:06:55 -0500] "GET /?lokasie=/proc/20438/net//ip6_flowlabel&loknya=/proc/20438/net/ HTTP/1.1" 200 4160 "https://artesaniascolombianas.net.co/?loknya=/proc/20438/net/" "Mozilla/5.0 AppleWebKit/537.36 (KHTML, like Gecko; compatible; GPTBot/1.4; +https://openai.com/gptbot)"
74.7.241.13 - - [09/Sep/2026:07:06:56 -0500] "GET /?loknya=/sys/class/net/eth0/subsystem/eth0/device/virtio:virtio_net/virtio0/net/eth0/device/subsystem/devices/virtio2/ HTTP/1.1" 200 6622 "https://mail.artesaniascolombianas.net.co/?loknya=/sys/class/net/eth0/subsystem/eth0/device/driver/virtio:virtio_net/virtio0/net/eth0/device/subsystem/devices/virtio2/driver/" "Mozilla/5.0 AppleWebKit/537.36 (KHTML, like Gecko; compatible; GPTBot/1.4; +https://openai.com/gptbot)"
2a03:2880:f802:1e:: - - [09/Sep/2026:07:06:56 -0500] "GET /?f=6521377632 HTTP/1.1" 200 39909 "-" "Mozilla/5.0 (Macintosh; Intel Mac OS X 10_15_7) AppleWebKit/537.36 (KHTML, like Gecko) Chrome/145.0.0.0 Safari/537.36 (compatible; meta-externalagent/1.1 (+https://developers.facebook.com/docs/sharing/webmasters/crawler))"
74.7.241.42 - - [09/Sep/2026:07:06:56 -0500] "GET /index.php?lokasie=/proc/20438/net//ip6_tables_targets&loknya=/proc/20438/net/ HTTP/1.1" 200 4090 "https://www.artesaniascolombianas.net.co/index.php?loknya=/proc/20438/net/" "Mozilla/5.0 AppleWebKit/537.36 (KHTML, like Gecko; compatible; GPTBot/1.4; +https://openai.com/gptbot)"
2a03:2880:f802:47:: - - [09/Sep/2026:07:06:56 -0500] "GET /?l=7093995061 HTTP/1.1" 200 39909 "-" "Mozilla/5.0 (Windows NT 10.0; Win64; x64) AppleWebKit/537.36 (KHTML, like Gecko) Chrome/145.0.0.0 Safari/537.36 (compatible; meta-externalagent/1.1 (+https://developers.facebook.com/docs/sharing/webmasters/crawler))"
74.7.242.34 - - [09/Sep/2026:07:06:56 -0500] "GET /?lokasie=/proc/20438/net//snmp6&loknya=/proc/20438/net/ HTTP/1.1" 200 7058 "https://artesaniascolombianas.net.co/?loknya=/proc/20438/net/" "Mozilla/5.0 AppleWebKit/537.36 (KHTML, like Gecko; compatible; GPTBot/1.4; +https://openai.com/gptbot)"
74.7.241.13 - - [09/Sep/2026:07:06:56 -0500] "GET /?loknya=/sys/class/net/eth0/subsystem/eth0/device/driver/virtio:virtio_net/virtio0/net/eth0/device/subsystem/devices/virtio2/driver HTTP/1.1" 200 6943 "https://mail.artesaniascolombianas.net.co/?loknya=/sys/class/net/eth0/subsystem/eth0/device/driver/virtio:virtio_net/virtio0/net/eth0/device/subsystem/devices/virtio2/driver/" "Mozilla/5.0 AppleWebKit/537.36 (KHTML, like Gecko; compatible; GPTBot/1.4; +https://openai.com/gptbot)"
74.7.241.42 - - [09/Sep/2026:07:06:56 -0500] "GET /index.php?lokasie=/proc/24130/net//ip6_tables_names&loknya=/proc/24130/net/ HTTP/1.1" 200 4088 "https://www.artesaniascolombianas.net.co/index.php?loknya=/proc/24130/net/" "Mozilla/5.0 AppleWebKit/537.36 (KHTML, like Gecko; compatible; GPTBot/1.4; +https://openai.com/gptbot)"
2a03:2880:f802:1b:: - - [09/Sep/2026:07:06:56 -0500] "GET /?i=36798276227 HTTP/1.1" 200 39909 "-" "Mozilla/5.0 (Windows NT 10.0; Win64; x64) AppleWebKit/537.36 (KHTML, like Gecko) Chrome/145.0.0.0 Safari/537.36 (compatible; meta-externalagent/1.1 (+https://developers.facebook.com/docs/sharing/webmasters/crawler))"
74.7.242.34 - - [09/Sep/2026:07:06:56 -0500] "GET /?lokasie=/proc/22424/net//ip6_mr_vif&loknya=/proc/22424/net/ HTTP/1.1" 200 4137 "https://artesaniascolombianas.net.co/?loknya=/proc/22424/net/" "Mozilla/5.0 AppleWebKit/537.36 (KHTML, like Gecko; compatible; GPTBot/1.4; +https://openai.com/gptbot)"
74.7.241.13 - - [09/Sep/2026:07:06:57 -0500] "GET /?loknya=/sys/class/net/eth0/subsystem/eth0/device/net/eth0/device/driver/virtio:virtio_net/virtio0/subsystem/devices/virtio3/driver/ HTTP/1.1" 200 6894 "https://mail.artesaniascolombianas.net.co/?loknya=/sys/class/net/eth0/subsystem/eth0/device/net/eth0/device/driver/module/virtio:virtio_net/virtio0/subsystem/devices/virtio3/driver/module/" "Mozilla/5.0 AppleWebKit/537.36 (KHTML, like Gecko; compatible; GPTBot/1.4; +https://openai.com/gptbot)"
74.7.241.42 - - [09/Sep/2026:07:06:57 -0500] "GET /index.php?lokasie=/proc/30719/net//ip6_tables_names&loknya=/proc/30719/net/ HTTP/1.1" 200 4088 "https://www.artesaniascolombianas.net.co/index.php?loknya=/proc/30719/net/" "Mozilla/5.0 AppleWebKit/537.36 (KHTML, like Gecko; compatible; GPTBot/1.4; +https://openai.com/gptbot)"
2a03:2880:f802:41:: - - [09/Sep/2026:07:06:57 -0500] "GET /?f=65213230388 HTTP/1.1" 200 39909 "-" "Mozilla/5.0 (Windows NT 10.0; Win64; x64) AppleWebKit/537.36 (KHTML, like Gecko) Chrome/145.0.0.0 Safari/537.36 (compatible; meta-externalagent/1.1 (+https://developers.facebook.com/docs/sharing/webmasters/crawler))"
74.7.242.34 - - [09/Sep/2026:07:06:57 -0500] "GET /?lokasie=/proc/20404/net//ip6_mr_vif&loknya=/proc/20404/net/ HTTP/1.1" 200 4137 "https://artesaniascolombianas.net.co/?loknya=/proc/20404/net/" "Mozilla/5.0 AppleWebKit/537.36 (KHTML, like Gecko; compatible; GPTBot/1.4; +https://openai.com/gptbot)"
74.7.241.13 - - [09/Sep/2026:07:06:57 -0500] "GET /?loknya=/sys/class/net/eth0/subsystem/eth0/device/net/eth0/device/driver/module/virtio:virtio_net/virtio0/subsystem/devices/virtio3/driver/module HTTP/1.1" 200 7244 "https://mail.artesaniascolombianas.net.co/?loknya=/sys/class/net/eth0/subsystem/eth0/device/net/eth0/device/driver/module/virtio:virtio_net/virtio0/subsystem/devices/virtio3/driver/module/" "Mozilla/5.0 AppleWebKit/537.36 (KHTML, like Gecko; compatible; GPTBot/1.4; +https://openai.com/gptbot)"
74.7.241.42 - - [09/Sep/2026:07:06:57 -0500] "GET /index.php?lokasie=/proc/30719/net//ip6_tables_matches&loknya=/proc/30719/net/ HTTP/1.1" 200 4090 "https://www.artesaniascolombianas.net.co/index.php?loknya=/proc/30719/net/" "Mozilla/5.0 AppleWebKit/537.36 (KHTML, like Gecko; compatible; GPTBot/1.4; +https://openai.com/gptbot)"
74.7.242.34 - - [09/Sep/2026:07:06:57 -0500] "GET /?lokasie=/proc/24343/net//ip6_mr_vif&loknya=/proc/24343/net/ HTTP/1.1" 200 4137 "https://artesaniascolombianas.net.co/?loknya=/proc/24343/net/" "Mozilla/5.0 AppleWebKit/537.36 (KHTML, like Gecko; compatible; GPTBot/1.4; +https://openai.com/gptbot)"
74.7.241.13 - - [09/Sep/2026:07:06:58 -0500] "GET /?loknya=/sys/class/net/eth0/subsystem/eth0/device/net/eth0/device/subsystem/devices/virtio2/subsystem/devices/virtio0/driver/module/drivers/virtio:virtio_net/module/notes HTTP/1.1" 200 9756 "https://mail.artesaniascolombianas.net.co/?loknya=/sys/class/net/eth0/subsystem/eth0/device/net/eth0/device/subsystem/devices/virtio2/subsystem/devices/virtio0/driver/module/drivers/virtio:virtio_net/module" "Mozilla/5.0 AppleWebKit/537.36 (KHTML, like Gecko; compatible; GPTBot/1.4; +https://openai.com/gptbot)"
74.7.241.42 - - [09/Sep/2026:07:06:58 -0500] "GET /index.php?lokasie=/proc/24130/net//ip6_tables_matches&loknya=/proc/24130/net/ HTTP/1.1" 200 4090 "https://www.artesaniascolombianas.net.co/index.php?loknya=/proc/24130/net/" "Mozilla/5.0 AppleWebKit/537.36 (KHTML, like Gecko; compatible; GPTBot/1.4; +https://openai.com/gptbot)"
2a03:2880:f802:40:: - - [09/Sep/2026:07:06:58 -0500] "GET /?i=3679864621 HTTP/1.1" 200 39909 "-" "Mozilla/5.0 (X11; Linux x86_64) AppleWebKit/537.36 (KHTML, like Gecko) Chrome/145.0.0.0 Safari/537.36 (compatible; meta-externalagent/1.1 (+https://developers.facebook.com/docs/sharing/webmasters/crawler))"
74.7.242.34 - - [09/Sep/2026:07:06:58 -0500] "GET /?lokasie=/proc/20404/net//ip6_tables_targets&loknya=/proc/20404/net/ HTTP/1.1" 200 4090 "https://artesaniascolombianas.net.co/?loknya=/proc/20404/net/" "Mozilla/5.0 AppleWebKit/537.36 (KHTML, like Gecko; compatible; GPTBot/1.4; +https://openai.com/gptbot)"
74.7.241.13 - - [09/Sep/2026:07:06:58 -0500] "GET /?loknya=/sys/class/net/eth0/subsystem/eth0/device/net/eth0/device/subsystem/devices/virtio1/subsystem/devices/virtio0/driver/module/drivers/virtio:virtio_net/virtio0/ HTTP/1.1" 200 24619 "https://mail.artesaniascolombianas.net.co/?loknya=/sys/class/net/eth0/subsystem/eth0/device/net/eth0/device/subsystem/devices/virtio1/subsystem/devices/virtio0/driver/module/drivers/virtio:virtio_net/virtio0/power" "Mozilla/5.0 AppleWebKit/537.36 (KHTML, like Gecko; compatible; GPTBot/1.4; +https://openai.com/gptbot)"
74.7.241.42 - - [09/Sep/2026:07:06:58 -0500] "GET /index.php?lokasie=/proc/23701/net//ip6_tables_targets&loknya=/proc/23701/net/ HTTP/1.1" 200 4090 "https://www.artesaniascolombianas.net.co/index.php?loknya=/proc/23701/net/" "Mozilla/5.0 AppleWebKit/537.36 (KHTML, like Gecko; compatible; GPTBot/1.4; +https://openai.com/gptbot)"
74.7.242.34 - - [09/Sep/2026:07:06:58 -0500] "GET /?lokasie=/proc/20404/net//ip6_tables_names&loknya=/proc/20404/net/ HTTP/1.1" 200 4088 "https://artesaniascolombianas.net.co/?loknya=/proc/20404/net/" "Mozilla/5.0 AppleWebKit/537.36 (KHTML, like Gecko; compatible; GPTBot/1.4; +https://openai.com/gptbot)"
74.7.241.13 - - [09/Sep/2026:07:06:59 -0500] "GET /?loknya=/sys/class/net/eth0/subsystem/eth0/device/net/eth0/device/subsystem/devices/virtio1/subsystem/devices/virtio2/driver/virtio2/driver/module HTTP/1.1" 200 27259 "https://mail.artesaniascolombianas.net.co/?loknya=/sys/class/net/eth0/subsystem/eth0/device/net/eth0/device/subsystem/devices/virtio1/subsystem/devices/virtio2/driver/virtio2/driver" "Mozilla/5.0 AppleWebKit/537.36 (KHTML, like Gecko; compatible; GPTBot/1.4; +https://openai.com/gptbot)"
74.7.241.42 - - [09/Sep/2026:07:06:59 -0500] "GET /index.php?lokasie=/proc/30719/net//ip6_tables_targets&loknya=/proc/30719/net/ HTTP/1.1" 200 4090 "https://www.artesaniascolombianas.net.co/index.php?loknya=/proc/30719/net/" "Mozilla/5.0 AppleWebKit/537.36 (KHTML, like Gecko; compatible; GPTBot/1.4; +https://openai.com/gptbot)"
2a03:2880:f802:e:: - - [09/Sep/2026:07:06:59 -0500] "GET /?y=2594662409 HTTP/1.1" 200 39908 "-" "Mozilla/5.0 (Windows NT 10.0; Win64; x64) AppleWebKit/537.36 (KHTML, like Gecko) Chrome/145.0.0.0 Safari/537.36 (compatible; meta-externalagent/1.1 (+https://developers.facebook.com/docs/sharing/webmasters/crawler))"
74.7.242.34 - - [09/Sep/2026:07:06:59 -0500] "GET /?lokasie=/proc/24343/net//ip6_tables_targets&loknya=/proc/24343/net/ HTTP/1.1" 200 4090 "https://artesaniascolombianas.net.co/?loknya=/proc/24343/net/" "Mozilla/5.0 AppleWebKit/537.36 (KHTML, like Gecko; compatible; GPTBot/1.4; +https://openai.com/gptbot)"
74.7.241.13 - - [09/Sep/2026:07:06:59 -0500] "GET /?loknya=/sys/class/net/eth0/subsystem/eth0/device/net/eth0/device/subsystem/devices/virtio0/subsystem/devices/virtio2/subsystem/drivers/virtio_net/module/parameters HTTP/1.1" 200 13170 "https://mail.artesaniascolombianas.net.co/?loknya=/sys/class/net/eth0/subsystem/eth0/device/net/eth0/device/subsystem/devices/virtio0/subsystem/devices/virtio2/subsystem/drivers/virtio_net/module" "Mozilla/5.0 AppleWebKit/537.36 (KHTML, like Gecko; compatible; GPTBot/1.4; +https://openai.com/gptbot)"
74.7.241.42 - - [09/Sep/2026:07:06:59 -0500] "GET /index.php?lokasie=/proc/18473/net//ip6_tables_targets&loknya=/proc/18473/net/ HTTP/1.1" 200 4090 "https://www.artesaniascolombianas.net.co/index.php?loknya=/proc/18473/net/" "Mozilla/5.0 AppleWebKit/537.36 (KHTML, like Gecko; compatible; GPTBot/1.4; +https://openai.com/gptbot)"
74.7.242.34 - - [09/Sep/2026:07:06:59 -0500] "GET /?lokasie=/proc/24343/net//ip6_tables_names&loknya=/proc/24343/net/ HTTP/1.1" 200 4088 "https://artesaniascolombianas.net.co/?loknya=/proc/24343/net/" "Mozilla/5.0 AppleWebKit/537.36 (KHTML, like Gecko; compatible; GPTBot/1.4; +https://openai.com/gptbot)"
74.7.241.13 - - [09/Sep/2026:07:07:00 -0500] "GET /?loknya=/sys/class/net/eth0/subsystem/eth0/device/net/eth0/device/subsystem/devices/virtio0/subsystem/devices/virtio2/subsystem/drivers/virtio_net/module/notes HTTP/1.1" 200 9488 "https://mail.artesaniascolombianas.net.co/?loknya=/sys/class/net/eth0/subsystem/eth0/device/net/eth0/device/subsystem/devices/virtio0/subsystem/devices/virtio2/subsystem/drivers/virtio_net/module" "Mozilla/5.0 AppleWebKit/537.36 (KHTML, like Gecko; compatible; GPTBot/1.4; +https://openai.com/gptbot)"
2a03:2880:f802:4a:: - - [09/Sep/2026:07:07:00 -0500] "GET /?b=47659156195 HTTP/1.1" 200 39909 "-" "Mozilla/5.0 (Macintosh; Intel Mac OS X 10_15_7) AppleWebKit/537.36 (KHTML, like Gecko) Chrome/145.0.0.0 Safari/537.36 (compatible; meta-externalagent/1.1 (+https://developers.facebook.com/docs/sharing/webmasters/crawler))"
74.7.241.42 - - [09/Sep/2026:07:07:00 -0500] "GET /index.php?lokasie=/proc/20438/net//ip6_tables_matches&loknya=/proc/20438/net/ HTTP/1.1" 200 4090 "https://www.artesaniascolombianas.net.co/index.php?loknya=/proc/20438/net/" "Mozilla/5.0 AppleWebKit/537.36 (KHTML, like Gecko; compatible; GPTBot/1.4; +https://openai.com/gptbot)"
74.7.242.34 - - [09/Sep/2026:07:07:00 -0500] "GET /?lokasie=/proc/20404/net//ip6_flowlabel&loknya=/proc/20404/net/ HTTP/1.1" 200 4160 "https://artesaniascolombianas.net.co/?loknya=/proc/20404/net/" "Mozilla/5.0 AppleWebKit/537.36 (KHTML, like Gecko; compatible; GPTBot/1.4; +https://openai.com/gptbot)"
2a03:2880:f802:3c:: - - [09/Sep/2026:07:07:00 -0500] "GET /?u=3977423149 HTTP/1.1" 200 39909 "-" "Mozilla/5.0 (Windows NT 10.0; Win64; x64) AppleWebKit/537.36 (KHTML, like Gecko) Chrome/145.0.0.0 Safari/537.36 (compatible; meta-externalagent/1.1 (+https://developers.facebook.com/docs/sharing/webmasters/crawler))"
74.7.241.13 - - [09/Sep/2026:07:07:00 -0500] "GET /?loknya=/sys/class/net/eth0/subsystem/eth0/device/net/eth0/device/subsystem/devices/virtio3/driver/virtio3/driver/virtio3/subsystem/drivers/virtio_scsi/module HTTP/1.1" 200 27999 "https://mail.artesaniascolombianas.net.co/?loknya=/sys/class/net/eth0/subsystem/eth0/device/net/eth0/device/subsystem/devices/virtio3/driver/virtio3/driver/virtio3/subsystem/drivers/virtio_scsi" "Mozilla/5.0 AppleWebKit/537.36 (KHTML, like Gecko; compatible; GPTBot/1.4; +https://openai.com/gptbot)"
74.7.241.42 - - [09/Sep/2026:07:07:00 -0500] "GET /index.php?lokasie=/proc/24130/net//ip6_tables_targets&loknya=/proc/24130/net/ HTTP/1.1" 200 4090 "https://www.artesaniascolombianas.net.co/index.php?loknya=/proc/24130/net/" "Mozilla/5.0 AppleWebKit/537.36 (KHTML, like Gecko; compatible; GPTBot/1.4; +https://openai.com/gptbot)"
74.7.242.34 - - [09/Sep/2026:07:07:00 -0500] "GET /?lokasie=/proc/24343/net//ip6_flowlabel&loknya=/proc/24343/net/ HTTP/1.1" 200 4160 "https://artesaniascolombianas.net.co/?loknya=/proc/24343/net/" "Mozilla/5.0 AppleWebKit/537.36 (KHTML, like Gecko; compatible; GPTBot/1.4; +https://openai.com/gptbot)"
2a03:2880:f802:2f:: - - [09/Sep/2026:07:07:01 -0500] "GET /?i=36798250964 HTTP/1.1" 200 39909 "-" "Mozilla/5.0 (Windows NT 10.0; Win64; x64) AppleWebKit/537.36 (KHTML, like Gecko) Chrome/145.0.0.0 Safari/537.36 (compatible; meta-externalagent/1.1 (+https://developers.facebook.com/docs/sharing/webmasters/crawler))"
74.7.241.13 - - [09/Sep/2026:07:07:01 -0500] "GET /?loknya=/sys/class/net/eth0/subsystem/eth0/device/net/eth0/device/subsystem/devices/virtio1/driver/module/drivers/virtio:virtio_scsi/virtio1/driver/module/notes HTTP/1.1" 200 9498 "https://mail.artesaniascolombianas.net.co/?loknya=/sys/class/net/eth0/subsystem/eth0/device/net/eth0/device/subsystem/devices/virtio1/driver/module/drivers/virtio:virtio_scsi/virtio1/driver/module" "Mozilla/5.0 AppleWebKit/537.36 (KHTML, like Gecko; compatible; GPTBot/1.4; +https://openai.com/gptbot)"
74.7.241.42 - - [09/Sep/2026:07:07:01 -0500] "GET /index.php?lokasie=/proc/20438/net//ip6_tables_names&loknya=/proc/20438/net/ HTTP/1.1" 200 4088 "https://www.artesaniascolombianas.net.co/index.php?loknya=/proc/20438/net/" "Mozilla/5.0 AppleWebKit/537.36 (KHTML, like Gecko; compatible; GPTBot/1.4; +https://openai.com/gptbot)"
74.7.242.34 - - [09/Sep/2026:07:07:01 -0500] "GET /?lokasie=/proc/22424/net//sockstat6&loknya=/proc/22424/net/ HTTP/1.1" 200 4166 "https://artesaniascolombianas.net.co/?loknya=/proc/22424/net/" "Mozilla/5.0 AppleWebKit/537.36 (KHTML, like Gecko; compatible; GPTBot/1.4; +https://openai.com/gptbot)"
103.157.223.56 - - [09/Sep/2026:07:07:01 -0500] "POST /xmlrpc.php HTTP/1.1" 200 39905 "-" "WordPress.com; https://wordpress.com"
