74.7.241.42 - - [09/Sep/2026:07:15:36 -0500] "GET /index.php?lokasie=/usr/share/man/man3/Module::Pluggable::Object.3pm.gz&loknya=/usr/share/man/man3 HTTP/1.1" 200 4150 "https://www.artesaniascolombianas.net.co/index.php?loknya=/usr/share/man/man3" "Mozilla/5.0 AppleWebKit/537.36 (KHTML, like Gecko; compatible; GPTBot/1.4; +https://openai.com/gptbot)"
74.7.241.13 - - [09/Sep/2026:07:15:36 -0500] "GET /?loknya=/sys/class/net/s/virtio_net/net HTTP/1.1" 200 5390 "https://mail.artesaniascolombianas.net.co/?loknya=/sys/class/net/s/virtio_net/net/" "Mozilla/5.0 AppleWebKit/537.36 (KHTML, like Gecko; compatible; GPTBot/1.4; +https://openai.com/gptbot)"
74.7.242.34 - - [09/Sep/2026:07:15:36 -0500] "GET /?lokasie=/proc/16//maps&loknya=/proc/16/ HTTP/1.1" 200 4021 "https://artesaniascolombianas.net.co/?loknya=/proc/16/" "Mozilla/5.0 AppleWebKit/537.36 (KHTML, like Gecko; compatible; GPTBot/1.4; +https://openai.com/gptbot)"
74.7.241.42 - - [09/Sep/2026:07:15:36 -0500] "GET /index.php?lokasie=/usr/share/man/man3/EVP_PKEY_verify_recover_init.3ssl.gz&loknya=/usr/share/man/man3 HTTP/1.1" 200 4154 "https://www.artesaniascolombianas.net.co/index.php?loknya=/usr/share/man/man3" "Mozilla/5.0 AppleWebKit/537.36 (KHTML, like Gecko; compatible; GPTBot/1.4; +https://openai.com/gptbot)"
74.7.241.13 - - [09/Sep/2026:07:15:36 -0500] "GET /?loknya=/sys/class/net/eth0/subsystem/eth0/driver/net/eth0/subsystem/lo/subsystem/lo/subsystem HTTP/1.1" 200 6267 "https://mail.artesaniascolombianas.net.co/?loknya=/sys/class/net/eth0/subsystem/eth0/driver/net/eth0/subsystem/lo/subsystem/lo/subsystem/eth0/" "Mozilla/5.0 AppleWebKit/537.36 (KHTML, like Gecko; compatible; GPTBot/1.4; +https://openai.com/gptbot)"
74.7.242.34 - - [09/Sep/2026:07:15:36 -0500] "GET /?lokasie=/proc/34//maps&loknya=/proc/34/ HTTP/1.1" 200 4021 "https://artesaniascolombianas.net.co/?loknya=/proc/34/" "Mozilla/5.0 AppleWebKit/537.36 (KHTML, like Gecko; compatible; GPTBot/1.4; +https://openai.com/gptbot)"
2a03:2880:f802:e:: - - [09/Sep/2026:07:15:37 -0500] "GET /?x=78855213058 HTTP/1.1" 200 39908 "-" "Mozilla/5.0 (Macintosh; Intel Mac OS X 10_15_7) AppleWebKit/537.36 (KHTML, like Gecko) Chrome/145.0.0.0 Safari/537.36 (compatible; meta-externalagent/1.1 (+https://developers.facebook.com/docs/sharing/webmasters/crawler))"
74.7.241.42 - - [09/Sep/2026:07:15:37 -0500] "GET /index.php?lokasie=/usr/share/man/man3/Locale::Codes::LangFam_Retired.3pm.gz&loknya=/usr/share/man/man3 HTTP/1.1" 200 4155 "https://www.artesaniascolombianas.net.co/index.php?loknya=/usr/share/man/man3" "Mozilla/5.0 AppleWebKit/537.36 (KHTML, like Gecko; compatible; GPTBot/1.4; +https://openai.com/gptbot)"
2a03:2880:f802:e:: - - [09/Sep/2026:07:15:37 -0500] "GET /?b=47659133812 HTTP/1.1" 200 39908 "-" "Mozilla/5.0 (Macintosh; Intel Mac OS X 10_15_7) AppleWebKit/537.36 (KHTML, like Gecko) Chrome/145.0.0.0 Safari/537.36 (compatible; meta-externalagent/1.1 (+https://developers.facebook.com/docs/sharing/webmasters/crawler))"
74.7.241.13 - - [09/Sep/2026:07:15:37 -0500] "GET /?loknya=/sys/class/net/eth0/subsystem/eth0/driver/net/eth0/subsystem/lo/subsystem/lo HTTP/1.1" 200 6152 "https://mail.artesaniascolombianas.net.co/?loknya=/sys/class/net/eth0/subsystem/eth0/driver/net/eth0/subsystem/lo/subsystem/lo/subsystem/eth0/" "Mozilla/5.0 AppleWebKit/537.36 (KHTML, like Gecko; compatible; GPTBot/1.4; +https://openai.com/gptbot)"
74.7.242.34 - - [09/Sep/2026:07:15:37 -0500] "GET /?lokasie=/proc/58//comm&loknya=/proc/58/ HTTP/1.1" 200 4030 "https://artesaniascolombianas.net.co/?loknya=/proc/58/" "Mozilla/5.0 AppleWebKit/537.36 (KHTML, like Gecko; compatible; GPTBot/1.4; +https://openai.com/gptbot)"
2a03:2880:f802:21:: - - [09/Sep/2026:07:15:37 -0500] "GET /?b=47659246863 HTTP/1.1" 200 39909 "-" "Mozilla/5.0 (Windows NT 10.0; Win64; x64) AppleWebKit/537.36 (KHTML, like Gecko) Chrome/145.0.0.0 Safari/537.36 (compatible; meta-externalagent/1.1 (+https://developers.facebook.com/docs/sharing/webmasters/crawler))"
74.7.241.42 - - [09/Sep/2026:07:15:37 -0500] "GET /index.php?lokasie=/usr/share/man/man3/PEM_read_RSAPrivateKey.3ssl.gz&loknya=/usr/share/man/man3 HTTP/1.1" 200 4148 "https://www.artesaniascolombianas.net.co/index.php?loknya=/usr/share/man/man3" "Mozilla/5.0 AppleWebKit/537.36 (KHTML, like Gecko; compatible; GPTBot/1.4; +https://openai.com/gptbot)"
74.7.241.13 - - [09/Sep/2026:07:15:38 -0500] "GET /?loknya=/sys/class/net/eth0/subsystem/eth0/driver/net/eth0/subsystem/lo/subsystem/lo/subsystem/eth0 HTTP/1.1" 200 6421 "https://mail.artesaniascolombianas.net.co/?loknya=/sys/class/net/eth0/subsystem/eth0/driver/net/eth0/subsystem/lo/subsystem/lo/subsystem/eth0/" "Mozilla/5.0 AppleWebKit/537.36 (KHTML, like Gecko; compatible; GPTBot/1.4; +https://openai.com/gptbot)"
74.7.242.34 - - [09/Sep/2026:07:15:38 -0500] "GET /?lokasie=/proc/49//stat&loknya=/proc/49/ HTTP/1.1" 200 4201 "https://artesaniascolombianas.net.co/?loknya=/proc/49/" "Mozilla/5.0 AppleWebKit/537.36 (KHTML, like Gecko; compatible; GPTBot/1.4; +https://openai.com/gptbot)"
74.7.241.42 - - [09/Sep/2026:07:15:38 -0500] "GET /index.php?lokasie=/usr/share/man/man3/Tcl_GetEnsembleUnknownHandler.3.gz&loknya=/usr/share/man/man3 HTTP/1.1" 200 4152 "https://www.artesaniascolombianas.net.co/index.php?loknya=/usr/share/man/man3" "Mozilla/5.0 AppleWebKit/537.36 (KHTML, like Gecko; compatible; GPTBot/1.4; +https://openai.com/gptbot)"
2a03:2880:f802:13:: - - [09/Sep/2026:07:15:38 -0500] "GET /?i=36798191150 HTTP/1.1" 200 39909 "-" "Mozilla/5.0 (Macintosh; Intel Mac OS X 10_15_7) AppleWebKit/537.36 (KHTML, like Gecko) Chrome/145.0.0.0 Safari/537.36 (compatible; meta-externalagent/1.1 (+https://developers.facebook.com/docs/sharing/webmasters/crawler))"
74.7.242.34 - - [09/Sep/2026:07:15:38 -0500] "GET /?lokasie=/proc/47//stat&loknya=/proc/47/ HTTP/1.1" 200 4203 "https://artesaniascolombianas.net.co/?loknya=/proc/47/" "Mozilla/5.0 AppleWebKit/537.36 (KHTML, like Gecko; compatible; GPTBot/1.4; +https://openai.com/gptbot)"
74.7.241.13 - - [09/Sep/2026:07:15:38 -0500] "GET /?loknya=/sys/class/net/eth0/eth0/device/net/eth0/device/net/eth0/lo/ HTTP/1.1" 200 5938 "https://mail.artesaniascolombianas.net.co/?loknya=/sys/class/net/eth0/subsystem/eth0/device/net/eth0/device/net/eth0/subsystem/lo/subsystem" "Mozilla/5.0 AppleWebKit/537.36 (KHTML, like Gecko; compatible; GPTBot/1.4; +https://openai.com/gptbot)"
74.7.241.42 - - [09/Sep/2026:07:15:38 -0500] "GET /index.php?lokasie=/usr/share/man/man3/EVP_PKEVP_PKEY_CTX_set_app_data.3ssl.gz&loknya=/usr/share/man/man3 HTTP/1.1" 200 4157 "https://www.artesaniascolombianas.net.co/index.php?loknya=/usr/share/man/man3" "Mozilla/5.0 AppleWebKit/537.36 (KHTML, like Gecko; compatible; GPTBot/1.4; +https://openai.com/gptbot)"
74.7.242.34 - - [09/Sep/2026:07:15:39 -0500] "GET /?lokasie=/proc/60//stat&loknya=/proc/60/ HTTP/1.1" 200 4198 "https://artesaniascolombianas.net.co/?loknya=/proc/60/" "Mozilla/5.0 AppleWebKit/537.36 (KHTML, like Gecko; compatible; GPTBot/1.4; +https://openai.com/gptbot)"
74.7.241.13 - - [09/Sep/2026:07:15:39 -0500] "GET /?loknya=/sys/class/net/eth0/subsystem/eth0/device/net/eth0/device/net/eth0/subsystem/lo/subsystem/lo HTTP/1.1" 200 54878 "https://mail.artesaniascolombianas.net.co/?loknya=/sys/class/net/eth0/subsystem/eth0/device/net/eth0/device/net/eth0/subsystem/lo/subsystem" "Mozilla/5.0 AppleWebKit/537.36 (KHTML, like Gecko; compatible; GPTBot/1.4; +https://openai.com/gptbot)"
74.7.241.42 - - [09/Sep/2026:07:15:39 -0500] "GET /index.php?lokasie=/usr/share/man/man3/SSL_SESSION_set_timeout.3ssl.gz&loknya=/usr/share/man/man3 HTTP/1.1" 200 4149 "https://www.artesaniascolombianas.net.co/index.php?loknya=/usr/share/man/man3" "Mozilla/5.0 AppleWebKit/537.36 (KHTML, like Gecko; compatible; GPTBot/1.4; +https://openai.com/gptbot)"
2a03:2880:f802:25:: - - [09/Sep/2026:07:15:39 -0500] "GET /?b=47659278810 HTTP/1.1" 200 39909 "-" "Mozilla/5.0 (Windows NT 10.0; Win64; x64) AppleWebKit/537.36 (KHTML, like Gecko) Chrome/145.0.0.0 Safari/537.36 (compatible; meta-externalagent/1.1 (+https://developers.facebook.com/docs/sharing/webmasters/crawler))"
74.7.241.13 - - [09/Sep/2026:07:15:39 -0500] "GET /?loknya=/sys/class/net/eth0/subsystem/eth0/device/subsystem/s/virtio_net/net/eth0/subsystem/eth0 HTTP/1.1" 200 6322 "https://mail.artesaniascolombianas.net.co/?loknya=/sys/class/net/eth0/subsystem/eth0/device/subsystem/s/virtio_net/net/eth0/subsystem/eth0/device/" "Mozilla/5.0 AppleWebKit/537.36 (KHTML, like Gecko; compatible; GPTBot/1.4; +https://openai.com/gptbot)"
74.7.242.34 - - [09/Sep/2026:07:15:39 -0500] "GET /?lokasie=/proc/21//stat&loknya=/proc/21/ HTTP/1.1" 200 4198 "https://artesaniascolombianas.net.co/?loknya=/proc/21/" "Mozilla/5.0 AppleWebKit/537.36 (KHTML, like Gecko; compatible; GPTBot/1.4; +https://openai.com/gptbot)"
2a03:2880:f802:1d:: - - [09/Sep/2026:07:15:39 -0500] "GET /?v=79451119600 HTTP/1.1" 200 39909 "-" "Mozilla/5.0 (Windows NT 10.0; Win64; x64) AppleWebKit/537.36 (KHTML, like Gecko) Chrome/145.0.0.0 Safari/537.36 (compatible; meta-externalagent/1.1 (+https://developers.facebook.com/docs/sharing/webmasters/crawler))"
74.7.241.42 - - [09/Sep/2026:07:15:39 -0500] "GET /index.php?lokasie=/usr/share/man/man5/report_CentOSBugTracker.conf.5.gz&loknya=/usr/share/man/man5 HTTP/1.1" 200 4151 "https://www.artesaniascolombianas.net.co/index.php?loknya=/usr/share/man/man5" "Mozilla/5.0 AppleWebKit/537.36 (KHTML, like Gecko; compatible; GPTBot/1.4; +https://openai.com/gptbot)"
2a03:2880:f802:1f:: - - [09/Sep/2026:07:15:39 -0500] "GET /?v=85873208079 HTTP/1.1" 200 39909 "-" "Mozilla/5.0 (Windows NT 10.0; Win64; x64) AppleWebKit/537.36 (KHTML, like Gecko) Chrome/145.0.0.0 Safari/537.36 Edg/145.0.0.0 (compatible; meta-externalagent/1.1 (+https://developers.facebook.com/docs/sharing/webmasters/crawler))"
74.7.241.13 - - [09/Sep/2026:07:15:40 -0500] "GET /?loknya=/sys/class/net/eth0/subsystem/eth0/device/subsystem/s/virtio_net/virtio0/net/eth0/device/net/eth0/device/subsystem/ HTTP/1.1" 200 6922 "https://mail.artesaniascolombianas.net.co/?loknya=/sys/class/net/eth0/subsystem/eth0/device/subsystem/s/virtio_net/virtio0/net/eth0/device/net/eth0/device/subsystem/devices" "Mozilla/5.0 AppleWebKit/537.36 (KHTML, like Gecko; compatible; GPTBot/1.4; +https://openai.com/gptbot)"
74.7.242.34 - - [09/Sep/2026:07:15:40 -0500] "GET /?lokasie=/proc/47//comm&loknya=/proc/47/ HTTP/1.1" 200 4029 "https://artesaniascolombianas.net.co/?loknya=/proc/47/" "Mozilla/5.0 AppleWebKit/537.36 (KHTML, like Gecko; compatible; GPTBot/1.4; +https://openai.com/gptbot)"
2a03:2880:f802:1:: - - [09/Sep/2026:07:15:40 -0500] "GET /?i=36798125483 HTTP/1.1" 200 39908 "-" "Mozilla/5.0 (Windows NT 10.0; Win64; x64) AppleWebKit/537.36 (KHTML, like Gecko) Chrome/145.0.0.0 Safari/537.36 (compatible; meta-externalagent/1.1 (+https://developers.facebook.com/docs/sharing/webmasters/crawler))"
74.7.241.42 - - [09/Sep/2026:07:15:40 -0500] "GET /index.php?lokasie=/usr/share/man/man3/OPENSSL_instrument_bus.3ssl.gz&loknya=/usr/share/man/man3 HTTP/1.1" 200 4148 "https://www.artesaniascolombianas.net.co/index.php?loknya=/usr/share/man/man3" "Mozilla/5.0 AppleWebKit/537.36 (KHTML, like Gecko; compatible; GPTBot/1.4; +https://openai.com/gptbot)"
2a03:2880:f802:1d:: - - [09/Sep/2026:07:15:40 -0500] "GET /?v=79451195175 HTTP/1.1" 200 39909 "-" "Mozilla/5.0 (Windows NT 10.0; Win64; x64) AppleWebKit/537.36 (KHTML, like Gecko) Chrome/145.0.0.0 Safari/537.36 (compatible; meta-externalagent/1.1 (+https://developers.facebook.com/docs/sharing/webmasters/crawler))"
2a03:2880:f802:33:: - - [09/Sep/2026:07:15:40 -0500] "GET /?x=78855150592 HTTP/1.1" 200 39909 "-" "Mozilla/5.0 (Windows NT 10.0; Win64; x64) AppleWebKit/537.36 (KHTML, like Gecko) Chrome/145.0.0.0 Safari/537.36 (compatible; meta-externalagent/1.1 (+https://developers.facebook.com/docs/sharing/webmasters/crawler))"
74.7.242.34 - - [09/Sep/2026:07:15:40 -0500] "GET /?lokasie=/proc/50//maps&loknya=/proc/50/ HTTP/1.1" 200 4021 "https://artesaniascolombianas.net.co/?loknya=/proc/50/" "Mozilla/5.0 AppleWebKit/537.36 (KHTML, like Gecko; compatible; GPTBot/1.4; +https://openai.com/gptbot)"
74.7.241.13 - - [09/Sep/2026:07:15:40 -0500] "GET /?loknya=/sys/class/net/eth0/subsystem/eth0/device/net/eth0/subsystem/lo/subsystem/eth0/device/s HTTP/1.1" 200 6407 "https://mail.artesaniascolombianas.net.co/?loknya=/sys/class/net/eth0/subsystem/eth0/device/net/eth0/subsystem/lo/subsystem/eth0/device/s/virtio:virtio_net/virtio0/" "Mozilla/5.0 AppleWebKit/537.36 (KHTML, like Gecko; compatible; GPTBot/1.4; +https://openai.com/gptbot)"
74.7.241.42 - - [09/Sep/2026:07:15:40 -0500] "GET /index.php?lokasie=/usr/share/man/man3/SSL_CTX_get_ex_new_index.3ssl.gz&loknya=/usr/share/man/man3 HTTP/1.1" 200 4150 "https://www.artesaniascolombianas.net.co/index.php?loknya=/usr/share/man/man3" "Mozilla/5.0 AppleWebKit/537.36 (KHTML, like Gecko; compatible; GPTBot/1.4; +https://openai.com/gptbot)"
74.7.241.13 - - [09/Sep/2026:07:15:40 -0500] "GET /?lokasie=/sys/class/net/eth0/subsystem/eth0/device/net/eth0/device/net/eth0/subsystem/lo/statistics/tx_bytes&loknya=/sys/class/net/eth0/subsystem/eth0/device/net/eth0/device/net/eth0/subsystem/lo/statistics HTTP/1.1" 200 5163 "https://mail.artesaniascolombianas.net.co/?loknya=/sys/class/net/eth0/subsystem/eth0/device/net/eth0/device/net/eth0/subsystem/lo/statistics" "Mozilla/5.0 AppleWebKit/537.36 (KHTML, like Gecko; compatible; GPTBot/1.4; +https://openai.com/gptbot)"
74.7.242.34 - - [09/Sep/2026:07:15:41 -0500] "GET /?lokasie=/proc/28//maps&loknya=/proc/28/ HTTP/1.1" 200 4021 "https://artesaniascolombianas.net.co/?loknya=/proc/28/" "Mozilla/5.0 AppleWebKit/537.36 (KHTML, like Gecko; compatible; GPTBot/1.4; +https://openai.com/gptbot)"
74.7.241.42 - - [09/Sep/2026:07:15:41 -0500] "GET /index.php?lokasie=/usr/share/man/man3/EVP_PKEY_derive_set_peer.3ssl.gz&loknya=/usr/share/man/man3 HTTP/1.1" 200 4150 "https://www.artesaniascolombianas.net.co/index.php?loknya=/usr/share/man/man3" "Mozilla/5.0 AppleWebKit/537.36 (KHTML, like Gecko; compatible; GPTBot/1.4; +https://openai.com/gptbot)"
2a03:2880:f802:c:: - - [09/Sep/2026:07:15:41 -0500] "GET /?u=39774120591 HTTP/1.1" 200 39908 "-" "Mozilla/5.0 (Windows NT 10.0; Win64; x64) AppleWebKit/537.36 (KHTML, like Gecko) Chrome/145.0.0.0 Safari/537.36 (compatible; meta-externalagent/1.1 (+https://developers.facebook.com/docs/sharing/webmasters/crawler))"
74.7.241.13 - - [09/Sep/2026:07:15:41 -0500] "GET /?loknya=/sys/class/net/subsystem/driver/net/subsystem/lo/subsystem/lo HTTP/1.1" 200 5835 "https://mail.artesaniascolombianas.net.co/?loknya=/sys/class/net/subsystem/driver/net/subsystem/lo/subsystem/lo/subsystem/" "Mozilla/5.0 AppleWebKit/537.36 (KHTML, like Gecko; compatible; GPTBot/1.4; +https://openai.com/gptbot)"
74.7.242.34 - - [09/Sep/2026:07:15:41 -0500] "GET /?lokasie=/proc/21//comm&loknya=/proc/21/ HTTP/1.1" 200 4034 "https://artesaniascolombianas.net.co/?loknya=/proc/21/" "Mozilla/5.0 AppleWebKit/537.36 (KHTML, like Gecko; compatible; GPTBot/1.4; +https://openai.com/gptbot)"
2a03:2880:f802:: - - [09/Sep/2026:07:15:41 -0500] "GET /?y=25946147443 HTTP/1.1" 200 39906 "-" "Mozilla/5.0 (Windows NT 10.0; Win64; x64) AppleWebKit/537.36 (KHTML, like Gecko) Chrome/145.0.0.0 Safari/537.36 (compatible; meta-externalagent/1.1 (+https://developers.facebook.com/docs/sharing/webmasters/crawler))"
74.7.241.42 - - [09/Sep/2026:07:15:41 -0500] "GET /index.php?lokasie=/usr/share/man/man3/BIO_new_buffer_ssl_connect.3ssl.gz&loknya=/usr/share/man/man3 HTTP/1.1" 200 4152 "https://www.artesaniascolombianas.net.co/index.php?loknya=/usr/share/man/man3" "Mozilla/5.0 AppleWebKit/537.36 (KHTML, like Gecko; compatible; GPTBot/1.4; +https://openai.com/gptbot)"
2a03:2880:f802:b:: - - [09/Sep/2026:07:15:41 -0500] "GET /?l=70939254138 HTTP/1.1" 200 39908 "-" "Mozilla/5.0 (Macintosh; Intel Mac OS X 10_15_7) AppleWebKit/537.36 (KHTML, like Gecko) Chrome/145.0.0.0 Safari/537.36 (compatible; meta-externalagent/1.1 (+https://developers.facebook.com/docs/sharing/webmasters/crawler))"
2a03:2880:f802:a:: - - [09/Sep/2026:07:15:41 -0500] "GET /?b=4765937156 HTTP/1.1" 200 39908 "-" "Mozilla/5.0 (Windows NT 10.0; Win64; x64) AppleWebKit/537.36 (KHTML, like Gecko) Chrome/145.0.0.0 Safari/537.36 (compatible; meta-externalagent/1.1 (+https://developers.facebook.com/docs/sharing/webmasters/crawler))"
74.7.241.13 - - [09/Sep/2026:07:15:41 -0500] "GET /?loknya=/sys/class/net/driver/net/lo/lo/ HTTP/1.1" 200 5452 "https://mail.artesaniascolombianas.net.co/?loknya=/sys/class/net/subsystem/driver/net/subsystem/lo/subsystem/lo/subsystem/" "Mozilla/5.0 AppleWebKit/537.36 (KHTML, like Gecko; compatible; GPTBot/1.4; +https://openai.com/gptbot)"
74.7.242.34 - - [09/Sep/2026:07:15:42 -0500] "GET /?lokasie=/proc/16//stat&loknya=/proc/16/ HTTP/1.1" 200 4198 "https://artesaniascolombianas.net.co/?loknya=/proc/16/" "Mozilla/5.0 AppleWebKit/537.36 (KHTML, like Gecko; compatible; GPTBot/1.4; +https://openai.com/gptbot)"
74.7.241.42 - - [09/Sep/2026:07:15:42 -0500] "GET /index.php?lokasie=/usr/share/man/man3/Tcl_FSGetTranslatedStringPath.3.gz&loknya=/usr/share/man/man3 HTTP/1.1" 200 4152 "https://www.artesaniascolombianas.net.co/index.php?loknya=/usr/share/man/man3" "Mozilla/5.0 AppleWebKit/537.36 (KHTML, like Gecko; compatible; GPTBot/1.4; +https://openai.com/gptbot)"
74.7.242.34 - - [09/Sep/2026:07:15:42 -0500] "GET /?lokasie=/proc/39//maps&loknya=/proc/39/ HTTP/1.1" 200 4021 "https://artesaniascolombianas.net.co/?loknya=/proc/39/" "Mozilla/5.0 AppleWebKit/537.36 (KHTML, like Gecko; compatible; GPTBot/1.4; +https://openai.com/gptbot)"
74.7.241.13 - - [09/Sep/2026:07:15:42 -0500] "GET /?loknya=/sys/class/net/subsystem/driver/net/subsystem/lo/subsystem/lo/subsystem HTTP/1.1" 200 5935 "https://mail.artesaniascolombianas.net.co/?loknya=/sys/class/net/subsystem/driver/net/subsystem/lo/subsystem/lo/subsystem/" "Mozilla/5.0 AppleWebKit/537.36 (KHTML, like Gecko; compatible; GPTBot/1.4; +https://openai.com/gptbot)"
2a03:2880:f802:3:: - - [09/Sep/2026:07:15:42 -0500] "GET /?u=3977433761 HTTP/1.1" 200 39908 "-" "Mozilla/5.0 (Windows NT 10.0; Win64; x64) AppleWebKit/537.36 (KHTML, like Gecko) Chrome/145.0.0.0 Safari/537.36 (compatible; meta-externalagent/1.1 (+https://developers.facebook.com/docs/sharing/webmasters/crawler))"
74.7.241.42 - - [09/Sep/2026:07:15:42 -0500] "GET /index.php?lokasie=/usr/share/man/man3/Module::Build::Platform::darwin.3pm.gz&loknya=/usr/share/man/man3 HTTP/1.1" 200 4156 "https://www.artesaniascolombianas.net.co/index.php?loknya=/usr/share/man/man3" "Mozilla/5.0 AppleWebKit/537.36 (KHTML, like Gecko; compatible; GPTBot/1.4; +https://openai.com/gptbot)"
74.7.241.13 - - [09/Sep/2026:07:15:42 -0500] "GET /?loknya=/sys/class/net/eth0/eth0/driver/net/eth0/lo/lo/ HTTP/1.1" 200 5714 "https://mail.artesaniascolombianas.net.co/?loknya=/sys/class/net/eth0/subsystem/eth0/driver/net/eth0/subsystem/lo/subsystem/lo/subsystem" "Mozilla/5.0 AppleWebKit/537.36 (KHTML, like Gecko; compatible; GPTBot/1.4; +https://openai.com/gptbot)"
2a03:2880:f802:1:: - - [09/Sep/2026:07:15:43 -0500] "GET /?v=79451189286 HTTP/1.1" 200 39908 "-" "Mozilla/5.0 (Windows NT 10.0; Win64; x64) AppleWebKit/537.36 (KHTML, like Gecko) Chrome/145.0.0.0 Safari/537.36 (compatible; meta-externalagent/1.1 (+https://developers.facebook.com/docs/sharing/webmasters/crawler))"
74.7.242.34 - - [09/Sep/2026:07:15:43 -0500] "GET /?lokasie=/proc/58//stat&loknya=/proc/58/ HTTP/1.1" 200 4194 "https://artesaniascolombianas.net.co/?loknya=/proc/58/" "Mozilla/5.0 AppleWebKit/537.36 (KHTML, like Gecko; compatible; GPTBot/1.4; +https://openai.com/gptbot)"
74.7.241.42 - - [09/Sep/2026:07:15:43 -0500] "GET /index.php?lokasie=/usr/share/man/man3/PEM_write_RSAPrivateKey.3ssl.gz&loknya=/usr/share/man/man3 HTTP/1.1" 200 4149 "https://www.artesaniascolombianas.net.co/index.php?loknya=/usr/share/man/man3" "Mozilla/5.0 AppleWebKit/537.36 (KHTML, like Gecko; compatible; GPTBot/1.4; +https://openai.com/gptbot)"
2a03:2880:f802:11:: - - [09/Sep/2026:07:15:43 -0500] "GET /?l=70939115028 HTTP/1.1" 200 39909 "-" "Mozilla/5.0 (Windows NT 10.0; Win64; x64) AppleWebKit/537.36 (KHTML, like Gecko) Chrome/145.0.0.0 Safari/537.36 Edg/145.0.0.0 (compatible; meta-externalagent/1.1 (+https://developers.facebook.com/docs/sharing/webmasters/crawler))"
74.7.241.13 - - [09/Sep/2026:07:15:43 -0500] "GET /?loknya=/sys/class/net/eth0/subsystem/eth0/driver/net/eth0/subsystem/subsystem/ HTTP/1.1" 200 5919 "https://mail.artesaniascolombianas.net.co/?loknya=/sys/class/net/eth0/subsystem/eth0/driver/net/eth0/subsystem/lo/subsystem/lo" "Mozilla/5.0 AppleWebKit/537.36 (KHTML, like Gecko; compatible; GPTBot/1.4; +https://openai.com/gptbot)"
74.7.242.34 - - [09/Sep/2026:07:15:43 -0500] "GET /?lokasie=/proc/23//stat&loknya=/proc/23/ HTTP/1.1" 200 4203 "https://artesaniascolombianas.net.co/?loknya=/proc/23/" "Mozilla/5.0 AppleWebKit/537.36 (KHTML, like Gecko; compatible; GPTBot/1.4; +https://openai.com/gptbot)"
74.7.241.42 - - [09/Sep/2026:07:15:43 -0500] "GET /index.php?lokasie=/usr/share/man/man3/XML::LibXML::XPathContext.3pm.gz&loknya=/usr/share/man/man3 HTTP/1.1" 200 4150 "https://www.artesaniascolombianas.net.co/index.php?loknya=/usr/share/man/man3" "Mozilla/5.0 AppleWebKit/537.36 (KHTML, like Gecko; compatible; GPTBot/1.4; +https://openai.com/gptbot)"
74.7.242.34 - - [09/Sep/2026:07:15:43 -0500] "GET /?lokasie=/proc/17//maps&loknya=/proc/17/ HTTP/1.1" 200 4021 "https://artesaniascolombianas.net.co/?loknya=/proc/17/" "Mozilla/5.0 AppleWebKit/537.36 (KHTML, like Gecko; compatible; GPTBot/1.4; +https://openai.com/gptbot)"
74.7.241.13 - - [09/Sep/2026:07:15:44 -0500] "GET /?loknya=/sys/class/net/eth0/eth0/device/net/eth0/device/net/eth0/lo HTTP/1.1" 200 5936 "https://mail.artesaniascolombianas.net.co/?loknya=/sys/class/net/eth0/eth0/device/net/eth0/device/net/eth0/lo/" "Mozilla/5.0 AppleWebKit/537.36 (KHTML, like Gecko; compatible; GPTBot/1.4; +https://openai.com/gptbot)"
74.7.241.42 - - [09/Sep/2026:07:15:44 -0500] "GET /index.php?lokasie=/usr/share/man/man3/PEM_write_bio_DHparams.3ssl.gz&loknya=/usr/share/man/man3 HTTP/1.1" 200 4148 "https://www.artesaniascolombianas.net.co/index.php?loknya=/usr/share/man/man3" "Mozilla/5.0 AppleWebKit/537.36 (KHTML, like Gecko; compatible; GPTBot/1.4; +https://openai.com/gptbot)"
2a03:2880:f802:7:: - - [09/Sep/2026:07:15:44 -0500] "GET /?y=25946113755 HTTP/1.1" 200 39908 "-" "Mozilla/5.0 (Windows NT 10.0; Win64; x64) AppleWebKit/537.36 (KHTML, like Gecko) Chrome/145.0.0.0 Safari/537.36 (compatible; meta-externalagent/1.1 (+https://developers.facebook.com/docs/sharing/webmasters/crawler))"
74.7.242.34 - - [09/Sep/2026:07:15:44 -0500] "GET /?lokasie=/proc/48//comm&loknya=/proc/48/ HTTP/1.1" 200 4026 "https://artesaniascolombianas.net.co/?loknya=/proc/48/" "Mozilla/5.0 AppleWebKit/537.36 (KHTML, like Gecko; compatible; GPTBot/1.4; +https://openai.com/gptbot)"
74.7.241.13 - - [09/Sep/2026:07:15:44 -0500] "GET /?loknya=/sys/class/net/eth0/subsystem/eth0/device/net/eth0/device/net/eth0/subsystem/lo/subsystem/lo/power HTTP/1.1" 200 21513 "https://mail.artesaniascolombianas.net.co/?loknya=/sys/class/net/eth0/subsystem/eth0/device/net/eth0/device/net/eth0/subsystem/lo/subsystem/lo" "Mozilla/5.0 AppleWebKit/537.36 (KHTML, like Gecko; compatible; GPTBot/1.4; +https://openai.com/gptbot)"
2a03:2880:f802:40:: - - [09/Sep/2026:07:15:44 -0500] "GET /?b=47659189238 HTTP/1.1" 200 39909 "-" "Mozilla/5.0 (Windows NT 10.0; Win64; x64) AppleWebKit/537.36 (KHTML, like Gecko) Chrome/145.0.0.0 Safari/537.36 (compatible; meta-externalagent/1.1 (+https://developers.facebook.com/docs/sharing/webmasters/crawler))"
74.7.241.42 - - [09/Sep/2026:07:15:44 -0500] "GET /index.php?lokasie=/usr/share/man/man3/Locale::Codes::Currency_Retired.3pm.gz&loknya=/usr/share/man/man3 HTTP/1.1" 200 4156 "https://www.artesaniascolombianas.net.co/index.php?loknya=/usr/share/man/man3" "Mozilla/5.0 AppleWebKit/537.36 (KHTML, like Gecko; compatible; GPTBot/1.4; +https://openai.com/gptbot)"
74.7.241.13 - - [09/Sep/2026:07:15:45 -0500] "GET /?loknya=/sys/class/net/subsystem/device/subsystem/s/virtio_net/net/subsystem/ HTTP/1.1" 200 5858 "https://mail.artesaniascolombianas.net.co/?loknya=/sys/class/net/eth0/subsystem/eth0/device/subsystem/s/virtio_net/net/eth0/subsystem/eth0" "Mozilla/5.0 AppleWebKit/537.36 (KHTML, like Gecko; compatible; GPTBot/1.4; +https://openai.com/gptbot)"
74.7.242.34 - - [09/Sep/2026:07:15:45 -0500] "GET /?lokasie=/proc/58//maps&loknya=/proc/58/ HTTP/1.1" 200 4021 "https://artesaniascolombianas.net.co/?loknya=/proc/58/" "Mozilla/5.0 AppleWebKit/537.36 (KHTML, like Gecko; compatible; GPTBot/1.4; +https://openai.com/gptbot)"
2a03:2880:f802:3:: - - [09/Sep/2026:07:15:45 -0500] "GET /?b=47659101752 HTTP/1.1" 200 39908 "-" "Mozilla/5.0 (Macintosh; Intel Mac OS X 10_15_7) AppleWebKit/537.36 (KHTML, like Gecko) Chrome/145.0.0.0 Safari/537.36 (compatible; meta-externalagent/1.1 (+https://developers.facebook.com/docs/sharing/webmasters/crawler))"
74.7.241.42 - - [09/Sep/2026:07:15:45 -0500] "GET /index.php?lokasie=/usr/share/man/man3/SSL_CTX_build_cert_chain.3ssl.gz&loknya=/usr/share/man/man3 HTTP/1.1" 200 4150 "https://www.artesaniascolombianas.net.co/index.php?loknya=/usr/share/man/man3" "Mozilla/5.0 AppleWebKit/537.36 (KHTML, like Gecko; compatible; GPTBot/1.4; +https://openai.com/gptbot)"
74.7.241.13 - - [09/Sep/2026:07:15:45 -0500] "GET /?loknya=/sys/class/net/eth0/subsystem/eth0/device/net/eth0/subsystem/lo/subsystem/eth0/device//subsystem HTTP/1.1" 200 13922 "https://mail.artesaniascolombianas.net.co/?loknya=/sys/class/net/eth0/subsystem/eth0/device/net/eth0/subsystem/lo/subsystem/eth0/device//" "Mozilla/5.0 AppleWebKit/537.36 (KHTML, like Gecko; compatible; GPTBot/1.4; +https://openai.com/gptbot)"
2a03:2880:f802:42:: - - [09/Sep/2026:07:15:45 -0500] "GET /?v=8587325511 HTTP/1.1" 200 39909 "-" "Mozilla/5.0 (Windows NT 10.0; Win64; x64) AppleWebKit/537.36 (KHTML, like Gecko) Chrome/145.0.0.0 Safari/537.36 (compatible; meta-externalagent/1.1 (+https://developers.facebook.com/docs/sharing/webmasters/crawler))"
74.7.242.34 - - [09/Sep/2026:07:15:45 -0500] "GET /?lokasie=/proc/14//comm&loknya=/proc/14/ HTTP/1.1" 200 4033 "https://artesaniascolombianas.net.co/?loknya=/proc/14/" "Mozilla/5.0 AppleWebKit/537.36 (KHTML, like Gecko; compatible; GPTBot/1.4; +https://openai.com/gptbot)"
74.7.241.42 - - [09/Sep/2026:07:15:45 -0500] "GET /index.php?lokasie=/usr/share/man/man3/Locale::Codes::LangExt_Retired.3pm.gz&loknya=/usr/share/man/man3 HTTP/1.1" 200 4155 "https://www.artesaniascolombianas.net.co/index.php?loknya=/usr/share/man/man3" "Mozilla/5.0 AppleWebKit/537.36 (KHTML, like Gecko; compatible; GPTBot/1.4; +https://openai.com/gptbot)"
2a03:2880:f802:2e:: - - [09/Sep/2026:07:15:45 -0500] "GET /?f=65213171403 HTTP/1.1" 200 39909 "-" "Mozilla/5.0 (Windows NT 10.0; Win64; x64) AppleWebKit/537.36 (KHTML, like Gecko) Chrome/145.0.0.0 Safari/537.36 (compatible; meta-externalagent/1.1 (+https://developers.facebook.com/docs/sharing/webmasters/crawler))"
74.7.242.34 - - [09/Sep/2026:07:15:45 -0500] "GET /?lokasie=/proc/37//comm&loknya=/proc/37/ HTTP/1.1" 200 4024 "https://artesaniascolombianas.net.co/?loknya=/proc/37/" "Mozilla/5.0 AppleWebKit/537.36 (KHTML, like Gecko; compatible; GPTBot/1.4; +https://openai.com/gptbot)"
74.7.241.13 - - [09/Sep/2026:07:15:46 -0500] "GET /?loknya=/sys/class/net/eth0/subsystem/eth0/device/net/eth0/device/net/eth0/subsystem/subsystem/ HTTP/1.1" 200 6268 "https://mail.artesaniascolombianas.net.co/?loknya=/sys/class/net/eth0/subsystem/eth0/device/net/eth0/device/net/eth0/subsystem/lo/subsystem/lo" "Mozilla/5.0 AppleWebKit/537.36 (KHTML, like Gecko; compatible; GPTBot/1.4; +https://openai.com/gptbot)"
2a03:2880:f802:14:: - - [09/Sep/2026:07:15:46 -0500] "GET /?x=7885533724 HTTP/1.1" 200 39909 "-" "Mozilla/5.0 (Macintosh; Intel Mac OS X 10_15_7) AppleWebKit/537.36 (KHTML, like Gecko) Chrome/145.0.0.0 Safari/537.36 (compatible; meta-externalagent/1.1 (+https://developers.facebook.com/docs/sharing/webmasters/crawler))"
74.7.241.42 - - [09/Sep/2026:07:15:46 -0500] "GET /index.php?lokasie=/usr/share/man/man3/CMS_SignerInfo_cert_cmp.3ssl.gz&loknya=/usr/share/man/man3 HTTP/1.1" 200 4149 "https://www.artesaniascolombianas.net.co/index.php?loknya=/usr/share/man/man3" "Mozilla/5.0 AppleWebKit/537.36 (KHTML, like Gecko; compatible; GPTBot/1.4; +https://openai.com/gptbot)"
74.7.242.34 - - [09/Sep/2026:07:15:46 -0500] "GET /?lokasie=/proc/61//maps&loknya=/proc/61/ HTTP/1.1" 200 4021 "https://artesaniascolombianas.net.co/?loknya=/proc/61/" "Mozilla/5.0 AppleWebKit/537.36 (KHTML, like Gecko; compatible; GPTBot/1.4; +https://openai.com/gptbot)"
74.7.241.13 - - [09/Sep/2026:07:15:46 -0500] "GET /?loknya=/sys/class/net/eth0/subsystem/eth0/device/net/eth0/subsystem/lo/subsystem/lo/subsystem/eth0 HTTP/1.1" 200 55905 "https://mail.artesaniascolombianas.net.co/?loknya=/sys/class/net/eth0/subsystem/eth0/device/net/eth0/subsystem/lo/subsystem/lo/subsystem" "Mozilla/5.0 AppleWebKit/537.36 (KHTML, like Gecko; compatible; GPTBot/1.4; +https://openai.com/gptbot)"
2a03:2880:f802:f:: - - [09/Sep/2026:07:15:46 -0500] "GET /?b=476597986 HTTP/1.1" 200 39908 "-" "Mozilla/5.0 (Windows NT 10.0; Win64; x64) AppleWebKit/537.36 (KHTML, like Gecko) Chrome/145.0.0.0 Safari/537.36 (compatible; meta-externalagent/1.1 (+https://developers.facebook.com/docs/sharing/webmasters/crawler))"
74.7.241.42 - - [09/Sep/2026:07:15:46 -0500] "GET /index.php?lokasie=/usr/share/man/man3/SSL_CTX_set_cert_store.3ssl.gz&loknya=/usr/share/man/man3 HTTP/1.1" 200 4148 "https://www.artesaniascolombianas.net.co/index.php?loknya=/usr/share/man/man3" "Mozilla/5.0 AppleWebKit/537.36 (KHTML, like Gecko; compatible; GPTBot/1.4; +https://openai.com/gptbot)"
74.7.242.34 - - [09/Sep/2026:07:15:47 -0500] "GET /?lokasie=/proc/50//stat&loknya=/proc/50/ HTTP/1.1" 200 4192 "https://artesaniascolombianas.net.co/?loknya=/proc/50/" "Mozilla/5.0 AppleWebKit/537.36 (KHTML, like Gecko; compatible; GPTBot/1.4; +https://openai.com/gptbot)"
74.7.241.13 - - [09/Sep/2026:07:15:47 -0500] "GET /?loknya=/sys/class/net/subsystem/driver/net/subsystem/subsystem/ HTTP/1.1" 200 5632 "https://mail.artesaniascolombianas.net.co/?loknya=/sys/class/net/subsystem/driver/net/subsystem/lo/subsystem/lo" "Mozilla/5.0 AppleWebKit/537.36 (KHTML, like Gecko; compatible; GPTBot/1.4; +https://openai.com/gptbot)"
74.7.241.42 - - [09/Sep/2026:07:15:47 -0500] "GET /index.php?lokasie=/usr/share/man/man3/Module::Build::Platform::MPEiX.3pm.gz&loknya=/usr/share/man/man3 HTTP/1.1" 200 4155 "https://www.artesaniascolombianas.net.co/index.php?loknya=/usr/share/man/man3" "Mozilla/5.0 AppleWebKit/537.36 (KHTML, like Gecko; compatible; GPTBot/1.4; +https://openai.com/gptbot)"
74.7.241.13 - - [09/Sep/2026:07:15:47 -0500] "GET /?loknya=/sys/class/net/driver/net/lo/lo HTTP/1.1" 200 5449 "https://mail.artesaniascolombianas.net.co/?loknya=/sys/class/net/driver/net/lo/lo/" "Mozilla/5.0 AppleWebKit/537.36 (KHTML, like Gecko; compatible; GPTBot/1.4; +https://openai.com/gptbot)"
74.7.242.34 - - [09/Sep/2026:07:15:47 -0500] "GET /?lokasie=/proc/76//maps&loknya=/proc/76/ HTTP/1.1" 200 4021 "https://artesaniascolombianas.net.co/?loknya=/proc/76/" "Mozilla/5.0 AppleWebKit/537.36 (KHTML, like Gecko; compatible; GPTBot/1.4; +https://openai.com/gptbot)"
74.7.241.42 - - [09/Sep/2026:07:15:47 -0500] "GET /index.php?lokasie=/usr/share/man/man3/EVP_DigestVerifyUpdate.3ssl.gz&loknya=/usr/share/man/man3 HTTP/1.1" 200 4148 "https://www.artesaniascolombianas.net.co/index.php?loknya=/usr/share/man/man3" "Mozilla/5.0 AppleWebKit/537.36 (KHTML, like Gecko; compatible; GPTBot/1.4; +https://openai.com/gptbot)"
2a03:2880:f802:4b:: - - [09/Sep/2026:07:15:47 -0500] "GET /?b=4765929765 HTTP/1.1" 200 39909 "-" "Mozilla/5.0 (Windows NT 10.0; Win64; x64) AppleWebKit/537.36 (KHTML, like Gecko) Chrome/145.0.0.0 Safari/537.36 (compatible; meta-externalagent/1.1 (+https://developers.facebook.com/docs/sharing/webmasters/crawler))"
2a03:2880:f802:1e:: - - [09/Sep/2026:07:15:47 -0500] "GET /?y=25946230440 HTTP/1.1" 200 39909 "-" "Mozilla/5.0 (Macintosh; Intel Mac OS X 10_15_7) AppleWebKit/537.36 (KHTML, like Gecko) Chrome/145.0.0.0 Safari/537.36 (compatible; meta-externalagent/1.1 (+https://developers.facebook.com/docs/sharing/webmasters/crawler))"
74.7.241.13 - - [09/Sep/2026:07:15:48 -0500] "GET /?loknya=/sys/class/net/driver/net// HTTP/1.1" 200 5323 "https://mail.artesaniascolombianas.net.co/?loknya=/sys/class/net/driver/net/lo/lo/" "Mozilla/5.0 AppleWebKit/537.36 (KHTML, like Gecko; compatible; GPTBot/1.4; +https://openai.com/gptbot)"
2a03:2880:f802:1a:: - - [09/Sep/2026:07:15:47 -0500] "GET /?y=2594669779 HTTP/1.1" 200 39909 "-" "Mozilla/5.0 (X11; Linux x86_64) AppleWebKit/537.36 (KHTML, like Gecko) Chrome/145.0.0.0 Safari/537.36 (compatible; meta-externalagent/1.1 (+https://developers.facebook.com/docs/sharing/webmasters/crawler))"
2a03:2880:f802:2e:: - - [09/Sep/2026:07:15:48 -0500] "GET /?v=8587334289 HTTP/1.1" 200 39909 "-" "Mozilla/5.0 (Windows NT 10.0; Win64; x64) AppleWebKit/537.36 (KHTML, like Gecko) Chrome/145.0.0.0 Safari/537.36 (compatible; meta-externalagent/1.1 (+https://developers.facebook.com/docs/sharing/webmasters/crawler))"
74.7.242.34 - - [09/Sep/2026:07:15:48 -0500] "GET /?lokasie=/proc/29//stat&loknya=/proc/29/ HTTP/1.1" 200 4191 "https://artesaniascolombianas.net.co/?loknya=/proc/29/" "Mozilla/5.0 AppleWebKit/537.36 (KHTML, like Gecko; compatible; GPTBot/1.4; +https://openai.com/gptbot)"
2a03:2880:f802:41:: - - [09/Sep/2026:07:15:48 -0500] "GET /?x=78855143907 HTTP/1.1" 200 39909 "-" "Mozilla/5.0 (Macintosh; Intel Mac OS X 10_15_7) AppleWebKit/537.36 (KHTML, like Gecko) Chrome/145.0.0.0 Safari/537.36 (compatible; meta-externalagent/1.1 (+https://developers.facebook.com/docs/sharing/webmasters/crawler))"
74.7.241.42 - - [09/Sep/2026:07:15:48 -0500] "GET /index.php?lokasie=/usr/share/man/man3/SSL_CTX_sess_cache_full.3ssl.gz&loknya=/usr/share/man/man3 HTTP/1.1" 200 4149 "https://www.artesaniascolombianas.net.co/index.php?loknya=/usr/share/man/man3" "Mozilla/5.0 AppleWebKit/537.36 (KHTML, like Gecko; compatible; GPTBot/1.4; +https://openai.com/gptbot)"
74.7.242.34 - - [09/Sep/2026:07:15:48 -0500] "GET /?lokasie=/proc/13//stat&loknya=/proc/13/ HTTP/1.1" 200 4203 "https://artesaniascolombianas.net.co/?loknya=/proc/13/" "Mozilla/5.0 AppleWebKit/537.36 (KHTML, like Gecko; compatible; GPTBot/1.4; +https://openai.com/gptbot)"
74.7.241.13 - - [09/Sep/2026:07:15:48 -0500] "GET /?loknya=/sys/class/net/eth0/eth0/driver/net/eth0// HTTP/1.1" 200 5549 "https://mail.artesaniascolombianas.net.co/?loknya=/sys/class/net/eth0/eth0/driver/net/eth0/lo/lo/" "Mozilla/5.0 AppleWebKit/537.36 (KHTML, like Gecko; compatible; GPTBot/1.4; +https://openai.com/gptbot)"
74.7.241.42 - - [09/Sep/2026:07:15:48 -0500] "GET /index.php?lokasie=/usr/share/man/man3/SSL_CTX_get_verify_mode.3ssl.gz&loknya=/usr/share/man/man3 HTTP/1.1" 200 4149 "https://www.artesaniascolombianas.net.co/index.php?loknya=/usr/share/man/man3" "Mozilla/5.0 AppleWebKit/537.36 (KHTML, like Gecko; compatible; GPTBot/1.4; +https://openai.com/gptbot)"
74.7.241.13 - - [09/Sep/2026:07:15:48 -0500] "GET /?loknya=/sys/class/net/eth0/eth0/driver/net/eth0/lo/lo HTTP/1.1" 200 5711 "https://mail.artesaniascolombianas.net.co/?loknya=/sys/class/net/eth0/eth0/driver/net/eth0/lo/lo/" "Mozilla/5.0 AppleWebKit/537.36 (KHTML, like Gecko; compatible; GPTBot/1.4; +https://openai.com/gptbot)"
74.7.242.34 - - [09/Sep/2026:07:15:49 -0500] "GET /?lokasie=/proc/29//maps&loknya=/proc/29/ HTTP/1.1" 200 4021 "https://artesaniascolombianas.net.co/?loknya=/proc/29/" "Mozilla/5.0 AppleWebKit/537.36 (KHTML, like Gecko; compatible; GPTBot/1.4; +https://openai.com/gptbot)"
74.7.241.42 - - [09/Sep/2026:07:15:49 -0500] "GET /index.php?lokasie=/usr/share/man/man3/ExtUtils::Typemaps::OutputMap.3pm.gz&loknya=/usr/share/man/man3 HTTP/1.1" 200 4154 "https://www.artesaniascolombianas.net.co/index.php?loknya=/usr/share/man/man3" "Mozilla/5.0 AppleWebKit/537.36 (KHTML, like Gecko; compatible; GPTBot/1.4; +https://openai.com/gptbot)"
74.7.242.34 - - [09/Sep/2026:07:15:49 -0500] "GET /?lokasie=/proc/38//comm&loknya=/proc/38/ HTTP/1.1" 200 4033 "https://artesaniascolombianas.net.co/?loknya=/proc/38/" "Mozilla/5.0 AppleWebKit/537.36 (KHTML, like Gecko; compatible; GPTBot/1.4; +https://openai.com/gptbot)"
74.7.241.13 - - [09/Sep/2026:07:15:49 -0500] "GET /?loknya=/sys/class/net/eth0/subsystem/eth0/driver/net/eth0/subsystem/subsystem HTTP/1.1" 200 5916 "https://mail.artesaniascolombianas.net.co/?loknya=/sys/class/net/eth0/subsystem/eth0/driver/net/eth0/subsystem/subsystem/" "Mozilla/5.0 AppleWebKit/537.36 (KHTML, like Gecko; compatible; GPTBot/1.4; +https://openai.com/gptbot)"
2a03:2880:f802:46:: - - [09/Sep/2026:07:15:49 -0500] "GET /?v=79451145689 HTTP/1.1" 200 39909 "-" "Mozilla/5.0 (Macintosh; Intel Mac OS X 10_15_7) AppleWebKit/537.36 (KHTML, like Gecko) Chrome/145.0.0.0 Safari/537.36 (compatible; meta-externalagent/1.1 (+https://developers.facebook.com/docs/sharing/webmasters/crawler))"
74.7.241.42 - - [09/Sep/2026:07:15:49 -0500] "GET /index.php?lokasie=/usr/share/man/man3/SSL_CTX_use_psk_identity_hint.3ssl.gz&loknya=/usr/share/man/man3 HTTP/1.1" 200 4155 "https://www.artesaniascolombianas.net.co/index.php?loknya=/usr/share/man/man3" "Mozilla/5.0 AppleWebKit/537.36 (KHTML, like Gecko; compatible; GPTBot/1.4; +https://openai.com/gptbot)"
74.7.241.13 - - [09/Sep/2026:07:15:50 -0500] "GET /?loknya=/sys/class/net/eth0/subsystem/eth0/device/net/eth0/device/net/eth0/subsystem/lo/subsystem/lo/ HTTP/1.1" 200 54996 "https://mail.artesaniascolombianas.net.co/?loknya=/sys/class/net/eth0/subsystem/eth0/device/net/eth0/device/net/eth0/subsystem/lo/subsystem/lo/power" "Mozilla/5.0 AppleWebKit/537.36 (KHTML, like Gecko; compatible; GPTBot/1.4; +https://openai.com/gptbot)"
74.7.242.34 - - [09/Sep/2026:07:15:50 -0500] "GET /?lokasie=/proc/18//comm&loknya=/proc/18/ HTTP/1.1" 200 4033 "https://artesaniascolombianas.net.co/?loknya=/proc/18/" "Mozilla/5.0 AppleWebKit/537.36 (KHTML, like Gecko; compatible; GPTBot/1.4; +https://openai.com/gptbot)"
74.7.241.42 - - [09/Sep/2026:07:15:50 -0500] "GET /index.php?lokasie=/usr/share/man/man3/SSL_get_verify_callback.3ssl.gz&loknya=/usr/share/man/man3 HTTP/1.1" 200 4149 "https://www.artesaniascolombianas.net.co/index.php?loknya=/usr/share/man/man3" "Mozilla/5.0 AppleWebKit/537.36 (KHTML, like Gecko; compatible; GPTBot/1.4; +https://openai.com/gptbot)"
74.7.241.13 - - [09/Sep/2026:07:15:50 -0500] "GET /?loknya=/sys/class/net/device/s/virtio_net/net/ HTTP/1.1" 200 5485 "https://mail.artesaniascolombianas.net.co/?loknya=/sys/class/net/subsystem/device/subsystem/s/virtio_net/net/subsystem/" "Mozilla/5.0 AppleWebKit/537.36 (KHTML, like Gecko; compatible; GPTBot/1.4; +https://openai.com/gptbot)"
74.7.242.34 - - [09/Sep/2026:07:15:50 -0500] "GET /?lokasie=/lib64//ld-2.17.so&loknya=/lib64/ HTTP/1.1" 200 3993 "https://artesaniascolombianas.net.co/?loknya=/lib64/" "Mozilla/5.0 AppleWebKit/537.36 (KHTML, like Gecko; compatible; GPTBot/1.4; +https://openai.com/gptbot)"
74.7.241.42 - - [09/Sep/2026:07:15:50 -0500] "GET /index.php?lokasie=/usr/share/man/man3/CPANPLUS::Internals::Utils.3pm.gz&loknya=/usr/share/man/man3 HTTP/1.1" 200 4151 "https://www.artesaniascolombianas.net.co/index.php?loknya=/usr/share/man/man3" "Mozilla/5.0 AppleWebKit/537.36 (KHTML, like Gecko; compatible; GPTBot/1.4; +https://openai.com/gptbot)"
74.7.241.13 - - [09/Sep/2026:07:15:50 -0500] "GET /?loknya=/sys/class/net/subsystem/device/subsystem/s/virtio_net/net/subsystem HTTP/1.1" 200 5856 "https://mail.artesaniascolombianas.net.co/?loknya=/sys/class/net/subsystem/device/subsystem/s/virtio_net/net/subsystem/" "Mozilla/5.0 AppleWebKit/537.36 (KHTML, like Gecko; compatible; GPTBot/1.4; +https://openai.com/gptbot)"
74.7.242.34 - - [09/Sep/2026:07:15:50 -0500] "GET /?lokasie=/lib64//libXau.so.6.0.0&loknya=/lib64/ HTTP/1.1" 200 3998 "https://artesaniascolombianas.net.co/?loknya=/lib64/" "Mozilla/5.0 AppleWebKit/537.36 (KHTML, like Gecko; compatible; GPTBot/1.4; +https://openai.com/gptbot)"
74.7.241.42 - - [09/Sep/2026:07:15:51 -0500] "GET /index.php?lokasie=/usr/share/man/man3/Tcl_FSGetFileSystemForPath.3.gz&loknya=/usr/share/man/man3 HTTP/1.1" 200 4149 "https://www.artesaniascolombianas.net.co/index.php?loknya=/usr/share/man/man3" "Mozilla/5.0 AppleWebKit/537.36 (KHTML, like Gecko; compatible; GPTBot/1.4; +https://openai.com/gptbot)"
2a03:2880:f802:e:: - - [09/Sep/2026:07:15:51 -0500] "GET /?y=25946196549 HTTP/1.1" 200 39908 "-" "Mozilla/5.0 (Windows NT 10.0; Win64; x64) AppleWebKit/537.36 (KHTML, like Gecko) Chrome/145.0.0.0 Safari/537.36 (compatible; meta-externalagent/1.1 (+https://developers.facebook.com/docs/sharing/webmasters/crawler))"
74.7.241.13 - - [09/Sep/2026:07:15:51 -0500] "GET /?loknya=/sys/class/net/eth0/eth0/device/net/eth0/device/net/eth0// HTTP/1.1" 200 5831 "https://mail.artesaniascolombianas.net.co/?loknya=/sys/class/net/eth0/subsystem/eth0/device/net/eth0/device/net/eth0/subsystem/subsystem/" "Mozilla/5.0 AppleWebKit/537.36 (KHTML, like Gecko; compatible; GPTBot/1.4; +https://openai.com/gptbot)"
74.7.242.34 - - [09/Sep/2026:07:15:51 -0500] "GET /?lokasie=/proc/21/mem&loknya=/proc/21 HTTP/1.1" 200 4019 "https://artesaniascolombianas.net.co/?loknya=/proc/21" "Mozilla/5.0 AppleWebKit/537.36 (KHTML, like Gecko; compatible; GPTBot/1.4; +https://openai.com/gptbot)"
74.7.241.42 - - [09/Sep/2026:07:15:51 -0500] "GET /index.php?lokasie=/usr/share/man/man3/EC_POINT_is_at_infinity.3ssl.gz&loknya=/usr/share/man/man3 HTTP/1.1" 200 4149 "https://www.artesaniascolombianas.net.co/index.php?loknya=/usr/share/man/man3" "Mozilla/5.0 AppleWebKit/537.36 (KHTML, like Gecko; compatible; GPTBot/1.4; +https://openai.com/gptbot)"
74.7.241.13 - - [09/Sep/2026:07:15:51 -0500] "GET /?loknya=/sys/class/net/subsystem/device/net/subsystem/lo/subsystem/lo/subsystem/ HTTP/1.1" 200 5937 "https://mail.artesaniascolombianas.net.co/?loknya=/sys/class/net/eth0/subsystem/eth0/device/net/eth0/subsystem/lo/subsystem/lo/subsystem/eth0" "Mozilla/5.0 AppleWebKit/537.36 (KHTML, like Gecko; compatible; GPTBot/1.4; +https://openai.com/gptbot)"
74.7.242.34 - - [09/Sep/2026:07:15:52 -0500] "GET /?lokasie=/proc/28/mem&loknya=/proc/28 HTTP/1.1" 200 4019 "https://artesaniascolombianas.net.co/?loknya=/proc/28" "Mozilla/5.0 AppleWebKit/537.36 (KHTML, like Gecko; compatible; GPTBot/1.4; +https://openai.com/gptbot)"
2a03:2880:f802:: - - [09/Sep/2026:07:15:52 -0500] "GET /?y=25946160775 HTTP/1.1" 200 39906 "-" "Mozilla/5.0 (Windows NT 10.0; Win64; x64) AppleWebKit/537.36 (KHTML, like Gecko) Chrome/145.0.0.0 Safari/537.36 (compatible; meta-externalagent/1.1 (+https://developers.facebook.com/docs/sharing/webmasters/crawler))"
74.7.241.42 - - [09/Sep/2026:07:15:52 -0500] "GET /index.php?lokasie=/usr/share/man/man3/Pod::Simple::DumpAsText.3pm.gz&loknya=/usr/share/man/man3 HTTP/1.1" 200 4148 "https://www.artesaniascolombianas.net.co/index.php?loknya=/usr/share/man/man3" "Mozilla/5.0 AppleWebKit/537.36 (KHTML, like Gecko; compatible; GPTBot/1.4; +https://openai.com/gptbot)"
74.7.241.13 - - [09/Sep/2026:07:15:52 -0500] "GET /?loknya=/sys/class/net/subsystem/driver/net/subsystem/subsystem HTTP/1.1" 200 5629 "https://mail.artesaniascolombianas.net.co/?loknya=/sys/class/net/subsystem/driver/net/subsystem/subsystem/" "Mozilla/5.0 AppleWebKit/537.36 (KHTML, like Gecko; compatible; GPTBot/1.4; +https://openai.com/gptbot)"
74.7.242.34 - - [09/Sep/2026:07:15:52 -0500] "GET /?lokasie=/proc/48/mem&loknya=/proc/48 HTTP/1.1" 200 4019 "https://artesaniascolombianas.net.co/?loknya=/proc/48" "Mozilla/5.0 AppleWebKit/537.36 (KHTML, like Gecko; compatible; GPTBot/1.4; +https://openai.com/gptbot)"
2a03:2880:f802:2a:: - - [09/Sep/2026:07:15:52 -0500] "GET /?x=78855263752 HTTP/1.1" 200 39909 "-" "Mozilla/5.0 (X11; Linux x86_64) AppleWebKit/537.36 (KHTML, like Gecko) Chrome/145.0.0.0 Safari/537.36 (compatible; meta-externalagent/1.1 (+https://developers.facebook.com/docs/sharing/webmasters/crawler))"
2a03:2880:f802:9:: - - [09/Sep/2026:07:15:52 -0500] "GET /?f=65213162611 HTTP/1.1" 200 39908 "-" "Mozilla/5.0 (X11; Linux x86_64) AppleWebKit/537.36 (KHTML, like Gecko) Chrome/145.0.0.0 Safari/537.36 (compatible; meta-externalagent/1.1 (+https://developers.facebook.com/docs/sharing/webmasters/crawler))"
74.7.241.42 - - [09/Sep/2026:07:15:52 -0500] "GET /index.php?lokasie=/usr/share/man/man3/XML::SAX::DocumentLocator.3pm.gz&loknya=/usr/share/man/man3 HTTP/1.1" 200 4150 "https://www.artesaniascolombianas.net.co/index.php?loknya=/usr/share/man/man3" "Mozilla/5.0 AppleWebKit/537.36 (KHTML, like Gecko; compatible; GPTBot/1.4; +https://openai.com/gptbot)"
74.7.241.13 - - [09/Sep/2026:07:15:52 -0500] "GET /?loknya=/sys/class/net/eth0/subsystem/eth0/device/net/eth0/device/net/eth0/subsystem/subsystem HTTP/1.1" 200 6265 "https://mail.artesaniascolombianas.net.co/?loknya=/sys/class/net/eth0/subsystem/eth0/device/net/eth0/device/net/eth0/subsystem/subsystem/" "Mozilla/5.0 AppleWebKit/537.36 (KHTML, like Gecko; compatible; GPTBot/1.4; +https://openai.com/gptbot)"
74.7.242.34 - - [09/Sep/2026:07:15:53 -0500] "GET /?lokasie=/proc/26/mem&loknya=/proc/26 HTTP/1.1" 200 4019 "https://artesaniascolombianas.net.co/?loknya=/proc/26" "Mozilla/5.0 AppleWebKit/537.36 (KHTML, like Gecko; compatible; GPTBot/1.4; +https://openai.com/gptbot)"
74.7.241.42 - - [09/Sep/2026:07:15:53 -0500] "GET /index.php?lokasie=/usr/share/man/man3/CMS_RecipientInfo_type.3ssl.gz&loknya=/usr/share/man/man3 HTTP/1.1" 200 4148 "https://www.artesaniascolombianas.net.co/index.php?loknya=/usr/share/man/man3" "Mozilla/5.0 AppleWebKit/537.36 (KHTML, like Gecko; compatible; GPTBot/1.4; +https://openai.com/gptbot)"
2a03:2880:f802:4a:: - - [09/Sep/2026:07:15:53 -0500] "GET /?b=47659147566 HTTP/1.1" 200 39909 "-" "Mozilla/5.0 (Windows NT 10.0; Win64; x64) AppleWebKit/537.36 (KHTML, like Gecko) Chrome/145.0.0.0 Safari/537.36 (compatible; meta-externalagent/1.1 (+https://developers.facebook.com/docs/sharing/webmasters/crawler))"
74.7.241.13 - - [09/Sep/2026:07:15:53 -0500] "GET /?loknya=/sys/class/net/eth0/subsystem/eth0/device/net/eth0/subsystem/lo/subsystem/eth0/device/module HTTP/1.1" 200 6420 "https://mail.artesaniascolombianas.net.co/?loknya=/sys/class/net/eth0/subsystem/eth0/device/net/eth0/subsystem/lo/subsystem/eth0/device/module/s/virtio:virtio_net/virtio0/" "Mozilla/5.0 AppleWebKit/537.36 (KHTML, like Gecko; compatible; GPTBot/1.4; +https://openai.com/gptbot)"
2a03:2880:f802:1:: - - [09/Sep/2026:07:15:53 -0500] "GET /?v=85873190039 HTTP/1.1" 200 39908 "-" "Mozilla/5.0 (Macintosh; Intel Mac OS X 10_15_7) AppleWebKit/537.36 (KHTML, like Gecko) Chrome/145.0.0.0 Safari/537.36 (compatible; meta-externalagent/1.1 (+https://developers.facebook.com/docs/sharing/webmasters/crawler))"
74.7.242.34 - - [09/Sep/2026:07:15:53 -0500] "GET /?lokasie=/proc/34/mem&loknya=/proc/34 HTTP/1.1" 200 4019 "https://artesaniascolombianas.net.co/?loknya=/proc/34" "Mozilla/5.0 AppleWebKit/537.36 (KHTML, like Gecko; compatible; GPTBot/1.4; +https://openai.com/gptbot)"
74.7.241.42 - - [09/Sep/2026:07:15:53 -0500] "GET /index.php?lokasie=/usr/share/man/man3/SSL_CTX_set_info_callback.3ssl.gz&loknya=/usr/share/man/man3 HTTP/1.1" 200 4151 "https://www.artesaniascolombianas.net.co/index.php?loknya=/usr/share/man/man3" "Mozilla/5.0 AppleWebKit/537.36 (KHTML, like Gecko; compatible; GPTBot/1.4; +https://openai.com/gptbot)"
2a03:2880:f802:16:: - - [09/Sep/2026:07:15:53 -0500] "GET /?u=3977457432 HTTP/1.1" 200 39909 "-" "Mozilla/5.0 (Windows NT 10.0; Win64; x64) AppleWebKit/537.36 (KHTML, like Gecko) Chrome/145.0.0.0 Safari/537.36 (compatible; meta-externalagent/1.1 (+https://developers.facebook.com/docs/sharing/webmasters/crawler))"
74.7.241.13 - - [09/Sep/2026:07:15:53 -0500] "GET /?loknya=/sys/class/net/eth0/eth0/device/net/eth0/device/devices/virtio0/virtio0 HTTP/1.1" 200 5994 "https://mail.artesaniascolombianas.net.co/?loknya=/sys/class/net/eth0/eth0/device/net/eth0/device/devices/virtio0/virtio0/" "Mozilla/5.0 AppleWebKit/537.36 (KHTML, like Gecko; compatible; GPTBot/1.4; +https://openai.com/gptbot)"
74.7.242.34 - - [09/Sep/2026:07:15:54 -0500] "GET /?lokasie=/proc/36/mem&loknya=/proc/36 HTTP/1.1" 200 4019 "https://artesaniascolombianas.net.co/?loknya=/proc/36" "Mozilla/5.0 AppleWebKit/537.36 (KHTML, like Gecko; compatible; GPTBot/1.4; +https://openai.com/gptbot)"
74.7.241.42 - - [09/Sep/2026:07:15:54 -0500] "GET /index.php?lokasie=/usr/share/man/man3/Curses::UI::Radiobuttonbox.3pm.gz&loknya=/usr/share/man/man3 HTTP/1.1" 200 4151 "https://www.artesaniascolombianas.net.co/index.php?loknya=/usr/share/man/man3" "Mozilla/5.0 AppleWebKit/537.36 (KHTML, like Gecko; compatible; GPTBot/1.4; +https://openai.com/gptbot)"
2a03:2880:f802:1f:: - - [09/Sep/2026:07:15:54 -0500] "GET /?l=70939269165 HTTP/1.1" 200 39909 "-" "Mozilla/5.0 (Windows NT 10.0; Win64; x64) AppleWebKit/537.36 (KHTML, like Gecko) Chrome/145.0.0.0 Safari/537.36 (compatible; meta-externalagent/1.1 (+https://developers.facebook.com/docs/sharing/webmasters/crawler))"
74.7.242.34 - - [09/Sep/2026:07:15:54 -0500] "GET /?lokasie=/proc/50/mem&loknya=/proc/50 HTTP/1.1" 200 4019 "https://artesaniascolombianas.net.co/?loknya=/proc/50" "Mozilla/5.0 AppleWebKit/537.36 (KHTML, like Gecko; compatible; GPTBot/1.4; +https://openai.com/gptbot)"
74.7.241.13 - - [09/Sep/2026:07:15:54 -0500] "GET /?loknya=/sys/class/net/eth0/subsystem/eth0/device/net/eth0/device/subsystem/drivers/virtio_balloon/virtio3/driver/virtio3/driver/virtio3/power HTTP/1.1" 200 23368 "https://mail.artesaniascolombianas.net.co/?loknya=/sys/class/net/eth0/subsystem/eth0/device/net/eth0/device/subsystem/drivers/virtio_balloon/virtio3/driver/virtio3/driver/virtio3" "Mozilla/5.0 AppleWebKit/537.36 (KHTML, like Gecko; compatible; GPTBot/1.4; +https://openai.com/gptbot)"
