74.7.241.13 - - [09/Sep/2026:07:07:37 -0500] "GET /?loknya=/sys/class/net/eth0/subsystem/eth0/device/subsystem/drivers/virtio_net/virtio0/net/eth0/device/subsystem/virtio2 HTTP/1.1" 200 6713 "https://mail.artesaniascolombianas.net.co/?loknya=/sys/class/net/eth0/subsystem/eth0/device/subsystem/drivers/virtio_net/virtio0/net/eth0/device/subsystem/virtio2/subsystem/" "Mozilla/5.0 AppleWebKit/537.36 (KHTML, like Gecko; compatible; GPTBot/1.4; +https://openai.com/gptbot)"
74.7.242.34 - - [09/Sep/2026:07:07:37 -0500] "GET /?loknya=/proc/18797/ HTTP/1.1" 200 62338 "https://artesaniascolombianas.net.co/?loknya=/proc/18797/net" "Mozilla/5.0 AppleWebKit/537.36 (KHTML, like Gecko; compatible; GPTBot/1.4; +https://openai.com/gptbot)"
2a03:2880:f802:22:: - - [09/Sep/2026:07:07:36 -0500] "GET /?l=70939167341 HTTP/1.1" 200 39909 "-" "Mozilla/5.0 (Macintosh; Intel Mac OS X 10_15_7) AppleWebKit/537.36 (KHTML, like Gecko) Chrome/145.0.0.0 Safari/537.36 (compatible; meta-externalagent/1.1 (+https://developers.facebook.com/docs/sharing/webmasters/crawler))"
74.7.241.42 - - [09/Sep/2026:07:07:37 -0500] "GET /index.php?lokasie=/proc/18473/net/dev_mcast&loknya=/proc/18473/net HTTP/1.1" 200 4264 "https://www.artesaniascolombianas.net.co/index.php?loknya=/proc/18473/net" "Mozilla/5.0 AppleWebKit/537.36 (KHTML, like Gecko; compatible; GPTBot/1.4; +https://openai.com/gptbot)"
74.7.242.34 - - [09/Sep/2026:07:07:37 -0500] "GET /?loknya=/proc/10607/ HTTP/1.1" 200 62246 "https://artesaniascolombianas.net.co/?loknya=/proc/10607/net" "Mozilla/5.0 AppleWebKit/537.36 (KHTML, like Gecko; compatible; GPTBot/1.4; +https://openai.com/gptbot)"
74.7.241.13 - - [09/Sep/2026:07:07:37 -0500] "GET /?loknya=/sys/class/net/eth0/eth0/device/net/eth0/device/drivers/virtio_balloon/driver/driver HTTP/1.1" 200 6162 "https://mail.artesaniascolombianas.net.co/?loknya=/sys/class/net/eth0/eth0/device/net/eth0/device/drivers/virtio_balloon/driver/driver/" "Mozilla/5.0 AppleWebKit/537.36 (KHTML, like Gecko; compatible; GPTBot/1.4; +https://openai.com/gptbot)"
2a03:2880:f802:48:: - - [09/Sep/2026:07:07:37 -0500] "GET /?i=3679884943 HTTP/1.1" 200 39909 "-" "Mozilla/5.0 (Windows NT 10.0; Win64; x64) AppleWebKit/537.36 (KHTML, like Gecko) Chrome/145.0.0.0 Safari/537.36 (compatible; meta-externalagent/1.1 (+https://developers.facebook.com/docs/sharing/webmasters/crawler))"
2a03:2880:f802:3f:: - - [09/Sep/2026:07:07:37 -0500] "GET /?l=7093922597 HTTP/1.1" 200 39909 "-" "Mozilla/5.0 (Windows NT 10.0; Win64; x64) AppleWebKit/537.36 (KHTML, like Gecko) Chrome/145.0.0.0 Safari/537.36 (compatible; meta-externalagent/1.1 (+https://developers.facebook.com/docs/sharing/webmasters/crawler))"
74.7.241.42 - - [09/Sep/2026:07:07:37 -0500] "GET /index.php?lokasie=/proc/24130/net/fib_trie&loknya=/proc/24130/net HTTP/1.1" 200 5624 "https://www.artesaniascolombianas.net.co/index.php?loknya=/proc/24130/net" "Mozilla/5.0 AppleWebKit/537.36 (KHTML, like Gecko; compatible; GPTBot/1.4; +https://openai.com/gptbot)"
185.115.4.128 - - [09/Sep/2026:07:07:37 -0500] "POST /wp-login.php HTTP/1.1" 200 39906 "https://www.artesaniascolombianas.net.co/wp-login.php" "Mozilla/5.0 (Windows NT 10.0; Win64; x64) AppleWebKit/537.36"
74.7.242.34 - - [09/Sep/2026:07:07:38 -0500] "GET /?loknya=/proc/23990/ HTTP/1.1" 200 62246 "https://artesaniascolombianas.net.co/?loknya=/proc/23990/net" "Mozilla/5.0 AppleWebKit/537.36 (KHTML, like Gecko; compatible; GPTBot/1.4; +https://openai.com/gptbot)"
74.7.241.13 - - [09/Sep/2026:07:07:38 -0500] "GET /?loknya=/sys/class/net/eth0/subsystem/eth0/device/subsystem/drivers/virtio_net/virtio0/net/eth0/device/subsystem/virtio2/subsystem HTTP/1.1" 200 6886 "https://mail.artesaniascolombianas.net.co/?loknya=/sys/class/net/eth0/subsystem/eth0/device/subsystem/drivers/virtio_net/virtio0/net/eth0/device/subsystem/virtio2/subsystem/" "Mozilla/5.0 AppleWebKit/537.36 (KHTML, like Gecko; compatible; GPTBot/1.4; +https://openai.com/gptbot)"
74.7.241.42 - - [09/Sep/2026:07:07:38 -0500] "GET /index.php?lokasie=/proc/10637/net/ip_mr_vif&loknya=/proc/10637/net HTTP/1.1" 200 4151 "https://www.artesaniascolombianas.net.co/index.php?loknya=/proc/10637/net" "Mozilla/5.0 AppleWebKit/537.36 (KHTML, like Gecko; compatible; GPTBot/1.4; +https://openai.com/gptbot)"
74.7.241.13 - - [09/Sep/2026:07:07:38 -0500] "GET /?loknya=/sys/class/net/eth0/subsystem/eth0/device/subsystem/drivers/virtio_net/virtio0/net/eth0/device/subsystem/virtio1/subsystem HTTP/1.1" 200 6886 "https://mail.artesaniascolombianas.net.co/?loknya=/sys/class/net/eth0/subsystem/eth0/device/subsystem/drivers/virtio_net/virtio0/net/eth0/device/subsystem/virtio1/subsystem/" "Mozilla/5.0 AppleWebKit/537.36 (KHTML, like Gecko; compatible; GPTBot/1.4; +https://openai.com/gptbot)"
74.7.241.42 - - [09/Sep/2026:07:07:38 -0500] "GET /index.php?lokasie=/proc/30719/net/fib_triestat&loknya=/proc/30719/net HTTP/1.1" 200 4815 "https://www.artesaniascolombianas.net.co/index.php?loknya=/proc/30719/net" "Mozilla/5.0 AppleWebKit/537.36 (KHTML, like Gecko; compatible; GPTBot/1.4; +https://openai.com/gptbot)"
74.7.242.34 - - [09/Sep/2026:07:07:38 -0500] "GET /?loknya=/proc/32728/ HTTP/1.1" 200 5111 "https://artesaniascolombianas.net.co/?loknya=/proc/32728/net" "Mozilla/5.0 AppleWebKit/537.36 (KHTML, like Gecko; compatible; GPTBot/1.4; +https://openai.com/gptbot)"
185.115.4.128 - - [09/Sep/2026:07:07:38 -0500] "GET /wp-admin/post-new.php HTTP/1.1" 200 147615 "-" "Mozilla/5.0 (Windows NT 10.0; Win64; x64) AppleWebKit/537.36"
74.7.242.34 - - [09/Sep/2026:07:07:39 -0500] "GET /?loknya=/proc/24251/ HTTP/1.1" 200 62338 "https://artesaniascolombianas.net.co/?loknya=/proc/24251/net" "Mozilla/5.0 AppleWebKit/537.36 (KHTML, like Gecko; compatible; GPTBot/1.4; +https://openai.com/gptbot)"
2a03:2880:f802:42:: - - [09/Sep/2026:07:07:39 -0500] "GET /?i=36798208366 HTTP/1.1" 200 39909 "-" "Mozilla/5.0 (Macintosh; Intel Mac OS X 10_15_7) AppleWebKit/537.36 (KHTML, like Gecko) Chrome/145.0.0.0 Safari/537.36 (compatible; meta-externalagent/1.1 (+https://developers.facebook.com/docs/sharing/webmasters/crawler))"
74.7.241.13 - - [09/Sep/2026:07:07:39 -0500] "GET /?loknya=/sys/class/net/eth0/subsystem/eth0/device/net/eth0/device/subsystem/devices/virtio2/subsystem/devices/virtio0/driver/module/drivers/virtio:virtio_net/virtio0/power HTTP/1.1" 200 25034 "https://mail.artesaniascolombianas.net.co/?loknya=/sys/class/net/eth0/subsystem/eth0/device/net/eth0/device/subsystem/devices/virtio2/subsystem/devices/virtio0/driver/module/drivers/virtio:virtio_net/virtio0" "Mozilla/5.0 AppleWebKit/537.36 (KHTML, like Gecko; compatible; GPTBot/1.4; +https://openai.com/gptbot)"
74.7.241.42 - - [09/Sep/2026:07:07:39 -0500] "GET /index.php?lokasie=/proc/20438/net/fib_triestat&loknya=/proc/20438/net HTTP/1.1" 200 4815 "https://www.artesaniascolombianas.net.co/index.php?loknya=/proc/20438/net" "Mozilla/5.0 AppleWebKit/537.36 (KHTML, like Gecko; compatible; GPTBot/1.4; +https://openai.com/gptbot)"
74.7.241.13 - - [09/Sep/2026:07:07:39 -0500] "GET /?loknya=/sys/class/net/eth0/eth0/device/virtio_net/virtio0/net/eth0/device/devices/virtio2 HTTP/1.1" 200 6185 "https://mail.artesaniascolombianas.net.co/?loknya=/sys/class/net/eth0/eth0/device/virtio_net/virtio0/net/eth0/device/devices/virtio2/" "Mozilla/5.0 AppleWebKit/537.36 (KHTML, like Gecko; compatible; GPTBot/1.4; +https://openai.com/gptbot)"
2a03:2880:f802:47:: - - [09/Sep/2026:07:07:39 -0500] "GET /?f=6521395856 HTTP/1.1" 200 39909 "-" "Mozilla/5.0 (Windows NT 10.0; Win64; x64) AppleWebKit/537.36 (KHTML, like Gecko) Chrome/145.0.0.0 Safari/537.36 (compatible; meta-externalagent/1.1 (+https://developers.facebook.com/docs/sharing/webmasters/crawler))"
185.115.4.128 - - [09/Sep/2026:07:07:39 -0500] "POST /xmlrpc.php HTTP/1.1" 200 39904 "-" "Mozilla/5.0 (Windows NT 10.0; Win64; x64) AppleWebKit/537.36"
74.7.242.34 - - [09/Sep/2026:07:07:39 -0500] "GET /?loknya=/proc/30027/ HTTP/1.1" 200 62246 "https://artesaniascolombianas.net.co/?loknya=/proc/30027/net" "Mozilla/5.0 AppleWebKit/537.36 (KHTML, like Gecko; compatible; GPTBot/1.4; +https://openai.com/gptbot)"
74.7.241.42 - - [09/Sep/2026:07:07:39 -0500] "GET /index.php?lokasie=/proc/20438/net/dev_mcast&loknya=/proc/20438/net HTTP/1.1" 200 4264 "https://www.artesaniascolombianas.net.co/index.php?loknya=/proc/20438/net" "Mozilla/5.0 AppleWebKit/537.36 (KHTML, like Gecko; compatible; GPTBot/1.4; +https://openai.com/gptbot)"
2a03:2880:f802:25:: - - [09/Sep/2026:07:07:39 -0500] "GET /?y=25946125637 HTTP/1.1" 200 39909 "-" "Mozilla/5.0 (Windows NT 10.0; Win64; x64) AppleWebKit/537.36 (KHTML, like Gecko) Chrome/145.0.0.0 Safari/537.36 (compatible; meta-externalagent/1.1 (+https://developers.facebook.com/docs/sharing/webmasters/crawler))"
2a03:2880:f802:14:: - - [09/Sep/2026:07:07:39 -0500] "GET /?l=7093980384 HTTP/1.1" 200 39909 "-" "Mozilla/5.0 (Macintosh; Intel Mac OS X 10_15_7) AppleWebKit/537.36 (KHTML, like Gecko) Chrome/145.0.0.0 Safari/537.36 (compatible; meta-externalagent/1.1 (+https://developers.facebook.com/docs/sharing/webmasters/crawler))"
74.7.242.34 - - [09/Sep/2026:07:07:39 -0500] "GET /?loknya=/proc/23863/ HTTP/1.1" 200 5111 "https://artesaniascolombianas.net.co/?loknya=/proc/23863/net" "Mozilla/5.0 AppleWebKit/537.36 (KHTML, like Gecko; compatible; GPTBot/1.4; +https://openai.com/gptbot)"
74.7.241.13 - - [09/Sep/2026:07:07:40 -0500] "GET /?loknya=/sys/class/net/eth0/subsystem/eth0/device/net/eth0/device/subsystem/devices/virtio0/subsystem/devices/virtio3/subsystem/drivers/virtio_net/module/parameters HTTP/1.1" 200 13170 "https://mail.artesaniascolombianas.net.co/?loknya=/sys/class/net/eth0/subsystem/eth0/device/net/eth0/device/subsystem/devices/virtio0/subsystem/devices/virtio3/subsystem/drivers/virtio_net/module" "Mozilla/5.0 AppleWebKit/537.36 (KHTML, like Gecko; compatible; GPTBot/1.4; +https://openai.com/gptbot)"
74.7.241.42 - - [09/Sep/2026:07:07:40 -0500] "GET /index.php?lokasie=/proc/10637/net/xfrm_stat&loknya=/proc/10637/net HTTP/1.1" 200 4809 "https://www.artesaniascolombianas.net.co/index.php?loknya=/proc/10637/net" "Mozilla/5.0 AppleWebKit/537.36 (KHTML, like Gecko; compatible; GPTBot/1.4; +https://openai.com/gptbot)"
74.7.242.34 - - [09/Sep/2026:07:07:40 -0500] "GET /?loknya=/proc/23379/ HTTP/1.1" 200 62246 "https://artesaniascolombianas.net.co/?loknya=/proc/23379/net" "Mozilla/5.0 AppleWebKit/537.36 (KHTML, like Gecko; compatible; GPTBot/1.4; +https://openai.com/gptbot)"
74.7.241.13 - - [09/Sep/2026:07:07:40 -0500] "GET /?loknya=/sys/class/net/eth0/subsystem/eth0/device/net/eth0/device/subsystem/devices/virtio1/subsystem/devices/virtio0/subsystem/drivers/virtio_net/module/parameters HTTP/1.1" 200 13170 "https://mail.artesaniascolombianas.net.co/?loknya=/sys/class/net/eth0/subsystem/eth0/device/net/eth0/device/subsystem/devices/virtio1/subsystem/devices/virtio0/subsystem/drivers/virtio_net/module" "Mozilla/5.0 AppleWebKit/537.36 (KHTML, like Gecko; compatible; GPTBot/1.4; +https://openai.com/gptbot)"
2a03:2880:f802:30:: - - [09/Sep/2026:07:07:40 -0500] "GET /?b=4765985970 HTTP/1.1" 200 39909 "-" "Mozilla/5.0 (Windows NT 10.0; Win64; x64) AppleWebKit/537.36 (KHTML, like Gecko) Chrome/145.0.0.0 Safari/537.36 (compatible; meta-externalagent/1.1 (+https://developers.facebook.com/docs/sharing/webmasters/crawler))"
74.7.241.42 - - [09/Sep/2026:07:07:40 -0500] "GET /index.php?lokasie=/proc/10637/net/dev_mcast&loknya=/proc/10637/net HTTP/1.1" 200 4264 "https://www.artesaniascolombianas.net.co/index.php?loknya=/proc/10637/net" "Mozilla/5.0 AppleWebKit/537.36 (KHTML, like Gecko; compatible; GPTBot/1.4; +https://openai.com/gptbot)"
2a03:2880:f802:43:: - - [09/Sep/2026:07:07:40 -0500] "GET /?i=36798209482 HTTP/1.1" 200 39909 "-" "Mozilla/5.0 (Windows NT 10.0; Win64; x64) AppleWebKit/537.36 (KHTML, like Gecko) Chrome/145.0.0.0 Safari/537.36 (compatible; meta-externalagent/1.1 (+https://developers.facebook.com/docs/sharing/webmasters/crawler))"
2a03:2880:f802:45:: - - [09/Sep/2026:07:07:41 -0500] "GET /?v=85873122937 HTTP/1.1" 200 39909 "-" "Mozilla/5.0 (Macintosh; Intel Mac OS X 10_15_7) AppleWebKit/537.36 (KHTML, like Gecko) Chrome/145.0.0.0 Safari/537.36 (compatible; meta-externalagent/1.1 (+https://developers.facebook.com/docs/sharing/webmasters/crawler))"
74.7.242.34 - - [09/Sep/2026:07:07:41 -0500] "GET /?loknya=/proc/24239/ HTTP/1.1" 200 5111 "https://artesaniascolombianas.net.co/?loknya=/proc/24239/net" "Mozilla/5.0 AppleWebKit/537.36 (KHTML, like Gecko; compatible; GPTBot/1.4; +https://openai.com/gptbot)"
74.7.241.13 - - [09/Sep/2026:07:07:41 -0500] "GET /?loknya=/sys/class/net/eth0/eth0/device/drivers/virtio_net/virtio0/net/eth0/device/virtio2 HTTP/1.1" 200 6190 "https://mail.artesaniascolombianas.net.co/?loknya=/sys/class/net/eth0/eth0/device/drivers/virtio_net/virtio0/net/eth0/device/virtio2/" "Mozilla/5.0 AppleWebKit/537.36 (KHTML, like Gecko; compatible; GPTBot/1.4; +https://openai.com/gptbot)"
74.7.241.42 - - [09/Sep/2026:07:07:41 -0500] "GET /index.php?lokasie=/proc/24130/net/fib_triestat&loknya=/proc/24130/net HTTP/1.1" 200 4815 "https://www.artesaniascolombianas.net.co/index.php?loknya=/proc/24130/net" "Mozilla/5.0 AppleWebKit/537.36 (KHTML, like Gecko; compatible; GPTBot/1.4; +https://openai.com/gptbot)"
74.7.242.34 - - [09/Sep/2026:07:07:41 -0500] "GET /?lokasie=/proc/23630//cmdline&loknya=/proc/23630/ HTTP/1.1" 200 4098 "https://artesaniascolombianas.net.co/?loknya=/proc/23630/" "Mozilla/5.0 AppleWebKit/537.36 (KHTML, like Gecko; compatible; GPTBot/1.4; +https://openai.com/gptbot)"
74.7.241.13 - - [09/Sep/2026:07:07:41 -0500] "GET /?loknya=/sys/class/net/eth0/eth0/device/drivers/virtio_net/virtio0/net/eth0/device/virtio1 HTTP/1.1" 200 6190 "https://mail.artesaniascolombianas.net.co/?loknya=/sys/class/net/eth0/eth0/device/drivers/virtio_net/virtio0/net/eth0/device/virtio1/" "Mozilla/5.0 AppleWebKit/537.36 (KHTML, like Gecko; compatible; GPTBot/1.4; +https://openai.com/gptbot)"
74.7.241.42 - - [09/Sep/2026:07:07:41 -0500] "GET /index.php?lokasie=/proc/24096/net/fib_triestat&loknya=/proc/24096/net HTTP/1.1" 200 4815 "https://www.artesaniascolombianas.net.co/index.php?loknya=/proc/24096/net" "Mozilla/5.0 AppleWebKit/537.36 (KHTML, like Gecko; compatible; GPTBot/1.4; +https://openai.com/gptbot)"
2a03:2880:f802:32:: - - [09/Sep/2026:07:07:41 -0500] "GET /?y=25946175597 HTTP/1.1" 200 39909 "-" "Mozilla/5.0 (Windows NT 10.0; Win64; x64) AppleWebKit/537.36 (KHTML, like Gecko) Chrome/145.0.0.0 Safari/537.36 (compatible; meta-externalagent/1.1 (+https://developers.facebook.com/docs/sharing/webmasters/crawler))"
74.7.241.13 - - [09/Sep/2026:07:07:42 -0500] "GET /?loknya=/sys/class/net/eth0/subsystem/eth0/device/net/eth0/device/subsystem/devices/virtio2/subsystem/devices/virtio3/subsystem/drivers/virtio_net/module/ HTTP/1.1" 200 29096 "https://mail.artesaniascolombianas.net.co/?loknya=/sys/class/net/eth0/subsystem/eth0/device/net/eth0/device/subsystem/devices/virtio2/subsystem/devices/virtio3/subsystem/drivers/virtio_net/module/parameters" "Mozilla/5.0 AppleWebKit/537.36 (KHTML, like Gecko; compatible; GPTBot/1.4; +https://openai.com/gptbot)"
74.7.242.34 - - [09/Sep/2026:07:07:42 -0500] "GET /?loknya=/proc/19440/ HTTP/1.1" 200 5111 "https://artesaniascolombianas.net.co/?loknya=/proc/19440/net" "Mozilla/5.0 AppleWebKit/537.36 (KHTML, like Gecko; compatible; GPTBot/1.4; +https://openai.com/gptbot)"
74.7.241.42 - - [09/Sep/2026:07:07:42 -0500] "GET /index.php?lokasie=/proc/18473/net/ip_mr_vif&loknya=/proc/18473/net HTTP/1.1" 200 4151 "https://www.artesaniascolombianas.net.co/index.php?loknya=/proc/18473/net" "Mozilla/5.0 AppleWebKit/537.36 (KHTML, like Gecko; compatible; GPTBot/1.4; +https://openai.com/gptbot)"
2a03:2880:f802:2b:: - - [09/Sep/2026:07:07:42 -0500] "GET /?l=70939189701 HTTP/1.1" 200 39909 "-" "Mozilla/5.0 (Windows NT 10.0; Win64; x64) AppleWebKit/537.36 (KHTML, like Gecko) Chrome/145.0.0.0 Safari/537.36 (compatible; meta-externalagent/1.1 (+https://developers.facebook.com/docs/sharing/webmasters/crawler))"
2a03:2880:f802:e:: - - [09/Sep/2026:07:07:42 -0500] "GET /?u=39774246393 HTTP/1.1" 200 39908 "-" "Mozilla/5.0 (Windows NT 10.0; Win64; x64) AppleWebKit/537.36 (KHTML, like Gecko) Chrome/145.0.0.0 Safari/537.36 (compatible; meta-externalagent/1.1 (+https://developers.facebook.com/docs/sharing/webmasters/crawler))"
74.7.241.13 - - [09/Sep/2026:07:07:42 -0500] "GET /?loknya=/sys/class/net/eth0/subsystem/eth0/device/net/eth0/device/subsystem/devices/virtio1/subsystem/devices/virtio0/subsystem/drivers/virtio_net/module/notes HTTP/1.1" 200 9488 "https://mail.artesaniascolombianas.net.co/?loknya=/sys/class/net/eth0/subsystem/eth0/device/net/eth0/device/subsystem/devices/virtio1/subsystem/devices/virtio0/subsystem/drivers/virtio_net/module" "Mozilla/5.0 AppleWebKit/537.36 (KHTML, like Gecko; compatible; GPTBot/1.4; +https://openai.com/gptbot)"
74.7.242.34 - - [09/Sep/2026:07:07:42 -0500] "GET /?loknya=/proc/21582/ HTTP/1.1" 200 62246 "https://artesaniascolombianas.net.co/?loknya=/proc/21582/net" "Mozilla/5.0 AppleWebKit/537.36 (KHTML, like Gecko; compatible; GPTBot/1.4; +https://openai.com/gptbot)"
74.7.241.42 - - [09/Sep/2026:07:07:42 -0500] "GET /index.php?lokasie=/proc/23701/net/xfrm_stat&loknya=/proc/23701/net HTTP/1.1" 200 4809 "https://www.artesaniascolombianas.net.co/index.php?loknya=/proc/23701/net" "Mozilla/5.0 AppleWebKit/537.36 (KHTML, like Gecko; compatible; GPTBot/1.4; +https://openai.com/gptbot)"
74.7.242.34 - - [09/Sep/2026:07:07:42 -0500] "GET /?loknya=/proc/28854/ HTTP/1.1" 200 5111 "https://artesaniascolombianas.net.co/?loknya=/proc/28854/net" "Mozilla/5.0 AppleWebKit/537.36 (KHTML, like Gecko; compatible; GPTBot/1.4; +https://openai.com/gptbot)"
74.7.241.13 - - [09/Sep/2026:07:07:43 -0500] "GET /?loknya=/sys/class/net/eth0/subsystem/eth0/device/net/eth0/device/subsystem/devices/virtio0/subsystem/devices/virtio3/subsystem/drivers/virtio_net/module/notes HTTP/1.1" 200 9488 "https://mail.artesaniascolombianas.net.co/?loknya=/sys/class/net/eth0/subsystem/eth0/device/net/eth0/device/subsystem/devices/virtio0/subsystem/devices/virtio3/subsystem/drivers/virtio_net/module" "Mozilla/5.0 AppleWebKit/537.36 (KHTML, like Gecko; compatible; GPTBot/1.4; +https://openai.com/gptbot)"
2a03:2880:f802:1:: - - [09/Sep/2026:07:07:43 -0500] "GET /?f=652131811 HTTP/1.1" 200 39908 "-" "Mozilla/5.0 (Windows NT 10.0; Win64; x64) AppleWebKit/537.36 (KHTML, like Gecko) Chrome/145.0.0.0 Safari/537.36 (compatible; meta-externalagent/1.1 (+https://developers.facebook.com/docs/sharing/webmasters/crawler))"
2a03:2880:f802:13:: - - [09/Sep/2026:07:07:43 -0500] "GET /?i=3679820261 HTTP/1.1" 200 39909 "-" "Mozilla/5.0 (Windows NT 10.0; Win64; x64) AppleWebKit/537.36 (KHTML, like Gecko) Chrome/145.0.0.0 Safari/537.36 (compatible; meta-externalagent/1.1 (+https://developers.facebook.com/docs/sharing/webmasters/crawler))"
74.7.241.42 - - [09/Sep/2026:07:07:43 -0500] "GET /index.php?lokasie=/proc/24130/net/xfrm_stat&loknya=/proc/24130/net HTTP/1.1" 200 4809 "https://www.artesaniascolombianas.net.co/index.php?loknya=/proc/24130/net" "Mozilla/5.0 AppleWebKit/537.36 (KHTML, like Gecko; compatible; GPTBot/1.4; +https://openai.com/gptbot)"
74.7.242.34 - - [09/Sep/2026:07:07:43 -0500] "GET /?loknya=/proc/24770/ HTTP/1.1" 200 5111 "https://artesaniascolombianas.net.co/?loknya=/proc/24770/net" "Mozilla/5.0 AppleWebKit/537.36 (KHTML, like Gecko; compatible; GPTBot/1.4; +https://openai.com/gptbot)"
74.7.241.13 - - [09/Sep/2026:07:07:43 -0500] "GET /?loknya=/sys/class/net/eth0/subsystem/eth0/device/net/eth0/device/subsystem/devices/virtio0/subsystem/devices/virtio3/driver/virtio3/driver/module/notes HTTP/1.1" 200 9405 "https://mail.artesaniascolombianas.net.co/?loknya=/sys/class/net/eth0/subsystem/eth0/device/net/eth0/device/subsystem/devices/virtio0/subsystem/devices/virtio3/driver/virtio3/driver/module" "Mozilla/5.0 AppleWebKit/537.36 (KHTML, like Gecko; compatible; GPTBot/1.4; +https://openai.com/gptbot)"
103.157.223.56 - - [09/Sep/2026:07:07:43 -0500] "POST /xmlrpc.php HTTP/1.1" 200 39905 "-" "WordPress.com; https://wordpress.com"
2a03:2880:f802:10:: - - [09/Sep/2026:07:07:43 -0500] "GET /?f=65213144843 HTTP/1.1" 200 39909 "-" "Mozilla/5.0 (Windows NT 10.0; Win64; x64) AppleWebKit/537.36 (KHTML, like Gecko) Chrome/145.0.0.0 Safari/537.36 (compatible; meta-externalagent/1.1 (+https://developers.facebook.com/docs/sharing/webmasters/crawler))"
74.7.241.42 - - [09/Sep/2026:07:07:43 -0500] "GET /index.php?lokasie=/proc/10637/net/fib_triestat&loknya=/proc/10637/net HTTP/1.1" 200 4815 "https://www.artesaniascolombianas.net.co/index.php?loknya=/proc/10637/net" "Mozilla/5.0 AppleWebKit/537.36 (KHTML, like Gecko; compatible; GPTBot/1.4; +https://openai.com/gptbot)"
74.7.242.34 - - [09/Sep/2026:07:07:43 -0500] "GET /?loknya=/proc/23700/ HTTP/1.1" 200 62246 "https://artesaniascolombianas.net.co/?loknya=/proc/23700/net" "Mozilla/5.0 AppleWebKit/537.36 (KHTML, like Gecko; compatible; GPTBot/1.4; +https://openai.com/gptbot)"
74.7.241.13 - - [09/Sep/2026:07:07:44 -0500] "GET /?loknya=/sys/class/net/eth0/subsystem/eth0/device/net/eth0/device/subsystem/devices/virtio2/subsystem/devices/virtio3/subsystem/drivers/virtio_net/module/notes HTTP/1.1" 200 9488 "https://mail.artesaniascolombianas.net.co/?loknya=/sys/class/net/eth0/subsystem/eth0/device/net/eth0/device/subsystem/devices/virtio2/subsystem/devices/virtio3/subsystem/drivers/virtio_net/module" "Mozilla/5.0 AppleWebKit/537.36 (KHTML, like Gecko; compatible; GPTBot/1.4; +https://openai.com/gptbot)"
74.7.241.42 - - [09/Sep/2026:07:07:44 -0500] "GET /index.php?lokasie=/proc/20438/net/xfrm_stat&loknya=/proc/20438/net HTTP/1.1" 200 4809 "https://www.artesaniascolombianas.net.co/index.php?loknya=/proc/20438/net" "Mozilla/5.0 AppleWebKit/537.36 (KHTML, like Gecko; compatible; GPTBot/1.4; +https://openai.com/gptbot)"
74.7.242.34 - - [09/Sep/2026:07:07:44 -0500] "GET /?loknya=/proc/24230/ HTTP/1.1" 200 62270 "https://artesaniascolombianas.net.co/?loknya=/proc/24230/net" "Mozilla/5.0 AppleWebKit/537.36 (KHTML, like Gecko; compatible; GPTBot/1.4; +https://openai.com/gptbot)"
74.7.241.13 - - [09/Sep/2026:07:07:44 -0500] "GET /?loknya=/sys/class/net/eth0/subsystem/eth0/device/net/eth0/device/subsystem/devices/virtio2/subsystem/devices/virtio0/driver/module/drivers/virtio:virtio_net/virtio0/ HTTP/1.1" 200 24619 "https://mail.artesaniascolombianas.net.co/?loknya=/sys/class/net/eth0/subsystem/eth0/device/net/eth0/device/subsystem/devices/virtio2/subsystem/devices/virtio0/driver/module/drivers/virtio:virtio_net/virtio0/power" "Mozilla/5.0 AppleWebKit/537.36 (KHTML, like Gecko; compatible; GPTBot/1.4; +https://openai.com/gptbot)"
74.7.241.42 - - [09/Sep/2026:07:07:44 -0500] "GET /index.php?lokasie=/proc/24130/net/dev_mcast&loknya=/proc/24130/net HTTP/1.1" 200 4264 "https://www.artesaniascolombianas.net.co/index.php?loknya=/proc/24130/net" "Mozilla/5.0 AppleWebKit/537.36 (KHTML, like Gecko; compatible; GPTBot/1.4; +https://openai.com/gptbot)"
2a03:2880:f802:8:: - - [09/Sep/2026:07:07:44 -0500] "GET /?x=78855247841 HTTP/1.1" 200 39908 "-" "Mozilla/5.0 (Macintosh; Intel Mac OS X 10_15_7) AppleWebKit/537.36 (KHTML, like Gecko) Chrome/145.0.0.0 Safari/537.36 (compatible; meta-externalagent/1.1 (+https://developers.facebook.com/docs/sharing/webmasters/crawler))"
74.7.241.13 - - [09/Sep/2026:07:07:45 -0500] "GET /?loknya=/sys/class/net/eth0/subsystem/eth0/device/driver/virtio0/net/eth0/device/subsystem/devices/virtio3/subsystem/devices/virtio2/driver/module/notes HTTP/1.1" 200 9404 "https://mail.artesaniascolombianas.net.co/?loknya=/sys/class/net/eth0/subsystem/eth0/device/driver/virtio0/net/eth0/device/subsystem/devices/virtio3/subsystem/devices/virtio2/driver/module" "Mozilla/5.0 AppleWebKit/537.36 (KHTML, like Gecko; compatible; GPTBot/1.4; +https://openai.com/gptbot)"
2a03:2880:f802:12:: - - [09/Sep/2026:07:07:45 -0500] "GET /?x=78855235492 HTTP/1.1" 200 39909 "-" "Mozilla/5.0 (Windows NT 10.0; Win64; x64) AppleWebKit/537.36 (KHTML, like Gecko) Chrome/145.0.0.0 Safari/537.36 (compatible; meta-externalagent/1.1 (+https://developers.facebook.com/docs/sharing/webmasters/crawler))"
74.7.242.34 - - [09/Sep/2026:07:07:45 -0500] "GET /?loknya=/proc/28478/ HTTP/1.1" 200 5111 "https://artesaniascolombianas.net.co/?loknya=/proc/28478/net" "Mozilla/5.0 AppleWebKit/537.36 (KHTML, like Gecko; compatible; GPTBot/1.4; +https://openai.com/gptbot)"
2a03:2880:f802:e:: - - [09/Sep/2026:07:07:45 -0500] "GET /?x=788554644 HTTP/1.1" 200 39908 "-" "Mozilla/5.0 (Windows NT 10.0; Win64; x64) AppleWebKit/537.36 (KHTML, like Gecko) Chrome/145.0.0.0 Safari/537.36 Edg/145.0.0.0 (compatible; meta-externalagent/1.1 (+https://developers.facebook.com/docs/sharing/webmasters/crawler))"
74.7.241.42 - - [09/Sep/2026:07:07:45 -0500] "GET /index.php?lokasie=/proc/18473/net/fib_triestat&loknya=/proc/18473/net HTTP/1.1" 200 4815 "https://www.artesaniascolombianas.net.co/index.php?loknya=/proc/18473/net" "Mozilla/5.0 AppleWebKit/537.36 (KHTML, like Gecko; compatible; GPTBot/1.4; +https://openai.com/gptbot)"
74.7.242.34 - - [09/Sep/2026:07:07:45 -0500] "GET /?loknya=/proc/24231/ HTTP/1.1" 200 62270 "https://artesaniascolombianas.net.co/?loknya=/proc/24231/net" "Mozilla/5.0 AppleWebKit/537.36 (KHTML, like Gecko; compatible; GPTBot/1.4; +https://openai.com/gptbot)"
74.7.241.13 - - [09/Sep/2026:07:07:45 -0500] "GET /?loknya=/sys/class/net/eth0/subsystem/eth0/device/net/eth0/device/subsystem/devices/virtio0/subsystem/devices/virtio3/subsystem/drivers/virtio_net/module/ HTTP/1.1" 200 29096 "https://mail.artesaniascolombianas.net.co/?loknya=/sys/class/net/eth0/subsystem/eth0/device/net/eth0/device/subsystem/devices/virtio0/subsystem/devices/virtio3/subsystem/drivers/virtio_net/module/parameters" "Mozilla/5.0 AppleWebKit/537.36 (KHTML, like Gecko; compatible; GPTBot/1.4; +https://openai.com/gptbot)"
74.7.241.42 - - [09/Sep/2026:07:07:45 -0500] "GET /index.php?loknya=/proc/18473/net/stat HTTP/1.1" 200 10509 "https://www.artesaniascolombianas.net.co/index.php?loknya=/proc/18473/net" "Mozilla/5.0 AppleWebKit/537.36 (KHTML, like Gecko; compatible; GPTBot/1.4; +https://openai.com/gptbot)"
2a03:2880:f802:3f:: - - [09/Sep/2026:07:07:45 -0500] "GET /?x=78855188660 HTTP/1.1" 200 39909 "-" "Mozilla/5.0 (Windows NT 10.0; Win64; x64) AppleWebKit/537.36 (KHTML, like Gecko) Chrome/145.0.0.0 Safari/537.36 (compatible; meta-externalagent/1.1 (+https://developers.facebook.com/docs/sharing/webmasters/crawler))"
74.7.242.34 - - [09/Sep/2026:07:07:46 -0500] "GET /?loknya=/proc/24088/ HTTP/1.1" 200 62246 "https://artesaniascolombianas.net.co/?loknya=/proc/24088/net" "Mozilla/5.0 AppleWebKit/537.36 (KHTML, like Gecko; compatible; GPTBot/1.4; +https://openai.com/gptbot)"
74.7.241.13 - - [09/Sep/2026:07:07:46 -0500] "GET /?loknya=/sys/class/net/eth0/subsystem/eth0/device/net/eth0/device/subsystem/devices/virtio1/subsystem/devices/virtio0/subsystem/drivers/virtio_net/module/ HTTP/1.1" 200 29096 "https://mail.artesaniascolombianas.net.co/?loknya=/sys/class/net/eth0/subsystem/eth0/device/net/eth0/device/subsystem/devices/virtio1/subsystem/devices/virtio0/subsystem/drivers/virtio_net/module/parameters" "Mozilla/5.0 AppleWebKit/537.36 (KHTML, like Gecko; compatible; GPTBot/1.4; +https://openai.com/gptbot)"
2a03:2880:f802:26:: - - [09/Sep/2026:07:07:46 -0500] "GET /?f=6521345376 HTTP/1.1" 200 39909 "-" "Mozilla/5.0 (Macintosh; Intel Mac OS X 10_15_7) AppleWebKit/537.36 (KHTML, like Gecko) Chrome/145.0.0.0 Safari/537.36 (compatible; meta-externalagent/1.1 (+https://developers.facebook.com/docs/sharing/webmasters/crawler))"
74.7.241.42 - - [09/Sep/2026:07:07:46 -0500] "GET /index.php?loknya=/proc/10637/net/stat HTTP/1.1" 200 10509 "https://www.artesaniascolombianas.net.co/index.php?loknya=/proc/10637/net" "Mozilla/5.0 AppleWebKit/537.36 (KHTML, like Gecko; compatible; GPTBot/1.4; +https://openai.com/gptbot)"
74.7.242.34 - - [09/Sep/2026:07:07:46 -0500] "GET /?loknya=/proc/24343/ HTTP/1.1" 200 63350 "https://artesaniascolombianas.net.co/?loknya=/proc/24343/net" "Mozilla/5.0 AppleWebKit/537.36 (KHTML, like Gecko; compatible; GPTBot/1.4; +https://openai.com/gptbot)"
74.7.241.13 - - [09/Sep/2026:07:07:46 -0500] "GET /?loknya=/sys/class/net/eth0/subsystem/eth0/device/net/eth0/device/subsystem/devices/virtio3/subsystem/devices/virtio2/subsystem/drivers/virtio_net HTTP/1.1" 200 15406 "https://mail.artesaniascolombianas.net.co/?loknya=/sys/class/net/eth0/subsystem/eth0/device/net/eth0/device/subsystem/devices/virtio3/subsystem/devices/virtio2/subsystem/drivers" "Mozilla/5.0 AppleWebKit/537.36 (KHTML, like Gecko; compatible; GPTBot/1.4; +https://openai.com/gptbot)"
2a03:2880:f802:30:: - - [09/Sep/2026:07:07:46 -0500] "GET /?v=85873229975 HTTP/1.1" 200 39909 "-" "Mozilla/5.0 (Windows NT 10.0; Win64; x64) AppleWebKit/537.36 (KHTML, like Gecko) Chrome/145.0.0.0 Safari/537.36 (compatible; meta-externalagent/1.1 (+https://developers.facebook.com/docs/sharing/webmasters/crawler))"
2a03:2880:f802:5:: - - [09/Sep/2026:07:07:46 -0500] "GET /?y=25946222106 HTTP/1.1" 200 39908 "-" "Mozilla/5.0 (Macintosh; Intel Mac OS X 10_15_7) AppleWebKit/537.36 (KHTML, like Gecko) Chrome/145.0.0.0 Safari/537.36 (compatible; meta-externalagent/1.1 (+https://developers.facebook.com/docs/sharing/webmasters/crawler))"
74.7.241.42 - - [09/Sep/2026:07:07:46 -0500] "GET /index.php?loknya=/proc/24096/net/stat HTTP/1.1" 200 10537 "https://www.artesaniascolombianas.net.co/index.php?loknya=/proc/24096/net" "Mozilla/5.0 AppleWebKit/537.36 (KHTML, like Gecko; compatible; GPTBot/1.4; +https://openai.com/gptbot)"
74.7.242.34 - - [09/Sep/2026:07:07:47 -0500] "GET /?lokasie=/proc/254/maps&loknya=/proc/254 HTTP/1.1" 200 4023 "https://artesaniascolombianas.net.co/?loknya=/proc/254" "Mozilla/5.0 AppleWebKit/537.36 (KHTML, like Gecko; compatible; GPTBot/1.4; +https://openai.com/gptbot)"
74.7.241.42 - - [09/Sep/2026:07:07:47 -0500] "GET /index.php?loknya=/proc/30719/net/stat HTTP/1.1" 200 10507 "https://www.artesaniascolombianas.net.co/index.php?loknya=/proc/30719/net" "Mozilla/5.0 AppleWebKit/537.36 (KHTML, like Gecko; compatible; GPTBot/1.4; +https://openai.com/gptbot)"
74.7.241.13 - - [09/Sep/2026:07:07:47 -0500] "GET /?loknya=/sys/class/net/eth0/subsystem/eth0/device/subsystem/drivers/virtio_net/virtio0/net/eth0/device/subsystem/devices/virtio0/driver/virtio0/driver/module HTTP/1.1" 200 29480 "https://mail.artesaniascolombianas.net.co/?loknya=/sys/class/net/eth0/subsystem/eth0/device/subsystem/drivers/virtio_net/virtio0/net/eth0/device/subsystem/devices/virtio0/driver/virtio0/driver" "Mozilla/5.0 AppleWebKit/537.36 (KHTML, like Gecko; compatible; GPTBot/1.4; +https://openai.com/gptbot)"
74.7.241.13 - - [09/Sep/2026:07:07:47 -0500] "GET /?loknya=/sys/class/net/eth0/subsystem/eth0/device/net/eth0/device/subsystem/devices/virtio0/driver/virtio0/driver/virtio0/subsystem/drivers/virtio_net/module/sections HTTP/1.1" 200 41533 "https://mail.artesaniascolombianas.net.co/?loknya=/sys/class/net/eth0/subsystem/eth0/device/net/eth0/device/subsystem/devices/virtio0/driver/virtio0/driver/virtio0/subsystem/drivers/virtio_net/module" "Mozilla/5.0 AppleWebKit/537.36 (KHTML, like Gecko; compatible; GPTBot/1.4; +https://openai.com/gptbot)"
74.7.242.34 - - [09/Sep/2026:07:07:47 -0500] "GET /?lokasie=/proc/709/comm&loknya=/proc/709 HTTP/1.1" 200 4036 "https://artesaniascolombianas.net.co/?loknya=/proc/709" "Mozilla/5.0 AppleWebKit/537.36 (KHTML, like Gecko; compatible; GPTBot/1.4; +https://openai.com/gptbot)"
2a03:2880:f802:32:: - - [09/Sep/2026:07:07:47 -0500] "GET /?i=36798276097 HTTP/1.1" 200 39909 "-" "Mozilla/5.0 (Windows NT 10.0; Win64; x64) AppleWebKit/537.36 (KHTML, like Gecko) Chrome/145.0.0.0 Safari/537.36 (compatible; meta-externalagent/1.1 (+https://developers.facebook.com/docs/sharing/webmasters/crawler))"
74.7.241.42 - - [09/Sep/2026:07:07:47 -0500] "GET /index.php?loknya=/proc/24130/net/stat HTTP/1.1" 200 10525 "https://www.artesaniascolombianas.net.co/index.php?loknya=/proc/24130/net" "Mozilla/5.0 AppleWebKit/537.36 (KHTML, like Gecko; compatible; GPTBot/1.4; +https://openai.com/gptbot)"
74.7.241.13 - - [09/Sep/2026:07:07:47 -0500] "GET /?loknya=/sys/class/net/eth0/subsystem/eth0/device/net/eth0/device/driver/module/drivers/virtio:virtio_net/virtio0/subsystem/devices/virtio2/driver/module/drivers HTTP/1.1" 200 10670 "https://mail.artesaniascolombianas.net.co/?loknya=/sys/class/net/eth0/subsystem/eth0/device/net/eth0/device/driver/module/drivers/virtio:virtio_net/virtio0/subsystem/devices/virtio2/driver/module" "Mozilla/5.0 AppleWebKit/537.36 (KHTML, like Gecko; compatible; GPTBot/1.4; +https://openai.com/gptbot)"
74.7.242.34 - - [09/Sep/2026:07:07:47 -0500] "GET /?lokasie=/proc/279/comm&loknya=/proc/279 HTTP/1.1" 200 4039 "https://artesaniascolombianas.net.co/?loknya=/proc/279" "Mozilla/5.0 AppleWebKit/537.36 (KHTML, like Gecko; compatible; GPTBot/1.4; +https://openai.com/gptbot)"
2a03:2880:f802:2a:: - - [09/Sep/2026:07:07:48 -0500] "GET /?f=6521360689 HTTP/1.1" 200 39909 "-" "Mozilla/5.0 (Macintosh; Intel Mac OS X 10_15_7) AppleWebKit/537.36 (KHTML, like Gecko) Chrome/145.0.0.0 Safari/537.36 (compatible; meta-externalagent/1.1 (+https://developers.facebook.com/docs/sharing/webmasters/crawler))"
74.7.241.42 - - [09/Sep/2026:07:07:48 -0500] "GET /index.php?loknya=/proc/20438/net/stat HTTP/1.1" 200 10515 "https://www.artesaniascolombianas.net.co/index.php?loknya=/proc/20438/net" "Mozilla/5.0 AppleWebKit/537.36 (KHTML, like Gecko; compatible; GPTBot/1.4; +https://openai.com/gptbot)"
2a03:2880:f802:e:: - - [09/Sep/2026:07:07:48 -0500] "GET /?u=3977414973 HTTP/1.1" 200 39908 "-" "Mozilla/5.0 (Windows NT 10.0; Win64; x64) AppleWebKit/537.36 (KHTML, like Gecko) Chrome/145.0.0.0 Safari/537.36 (compatible; meta-externalagent/1.1 (+https://developers.facebook.com/docs/sharing/webmasters/crawler))"
74.7.242.34 - - [09/Sep/2026:07:07:48 -0500] "GET /?lokasie=/proc/710/comm&loknya=/proc/710 HTTP/1.1" 200 4029 "https://artesaniascolombianas.net.co/?loknya=/proc/710" "Mozilla/5.0 AppleWebKit/537.36 (KHTML, like Gecko; compatible; GPTBot/1.4; +https://openai.com/gptbot)"
74.7.241.13 - - [09/Sep/2026:07:07:48 -0500] "GET /?loknya=/sys/class/net/eth0/subsystem/eth0/device/net/eth0/device/subsystem/devices/virtio0/driver/virtio0/driver/virtio0/subsystem/drivers/virtio_scsi/module HTTP/1.1" 200 27999 "https://mail.artesaniascolombianas.net.co/?loknya=/sys/class/net/eth0/subsystem/eth0/device/net/eth0/device/subsystem/devices/virtio0/driver/virtio0/driver/virtio0/subsystem/drivers/virtio_scsi" "Mozilla/5.0 AppleWebKit/537.36 (KHTML, like Gecko; compatible; GPTBot/1.4; +https://openai.com/gptbot)"
74.7.241.42 - - [09/Sep/2026:07:07:48 -0500] "GET /index.php?loknya=/proc/23701/net/stat HTTP/1.1" 200 10509 "https://www.artesaniascolombianas.net.co/index.php?loknya=/proc/23701/net" "Mozilla/5.0 AppleWebKit/537.36 (KHTML, like Gecko; compatible; GPTBot/1.4; +https://openai.com/gptbot)"
2a03:2880:f802:30:: - - [09/Sep/2026:07:07:48 -0500] "GET /?x=7885511496 HTTP/1.1" 200 39909 "-" "Mozilla/5.0 (Macintosh; Intel Mac OS X 10_15_7) AppleWebKit/537.36 (KHTML, like Gecko) Chrome/145.0.0.0 Safari/537.36 (compatible; meta-externalagent/1.1 (+https://developers.facebook.com/docs/sharing/webmasters/crawler))"
74.7.241.13 - - [09/Sep/2026:07:07:49 -0500] "GET /?loknya=/sys/class/net/eth0/subsystem/eth0/device/net/eth0/device/subsystem/devices/virtio3/driver/virtio3/driver/virtio3/subsystem/drivers/virtio_net/module/holders HTTP/1.1" 200 7779 "https://mail.artesaniascolombianas.net.co/?loknya=/sys/class/net/eth0/subsystem/eth0/device/net/eth0/device/subsystem/devices/virtio3/driver/virtio3/driver/virtio3/subsystem/drivers/virtio_net/module" "Mozilla/5.0 AppleWebKit/537.36 (KHTML, like Gecko; compatible; GPTBot/1.4; +https://openai.com/gptbot)"
2a03:2880:f802:a:: - - [09/Sep/2026:07:07:49 -0500] "GET /?i=3679887763 HTTP/1.1" 200 39908 "-" "Mozilla/5.0 (Macintosh; Intel Mac OS X 10_15_7) AppleWebKit/537.36 (KHTML, like Gecko) Chrome/145.0.0.0 Safari/537.36 (compatible; meta-externalagent/1.1 (+https://developers.facebook.com/docs/sharing/webmasters/crawler))"
74.7.242.34 - - [09/Sep/2026:07:07:49 -0500] "GET /?lokasie=/proc/253/maps&loknya=/proc/253 HTTP/1.1" 200 4023 "https://artesaniascolombianas.net.co/?loknya=/proc/253" "Mozilla/5.0 AppleWebKit/537.36 (KHTML, like Gecko; compatible; GPTBot/1.4; +https://openai.com/gptbot)"
74.7.241.42 - - [09/Sep/2026:07:07:49 -0500] "GET /index.php?lokasie=/proc/24130/net/nf_conntrack&loknya=/proc/24130/net HTTP/1.1" 200 4083 "https://www.artesaniascolombianas.net.co/index.php?loknya=/proc/24130/net" "Mozilla/5.0 AppleWebKit/537.36 (KHTML, like Gecko; compatible; GPTBot/1.4; +https://openai.com/gptbot)"
2a03:2880:f802:24:: - - [09/Sep/2026:07:07:49 -0500] "GET /?v=79451149520 HTTP/1.1" 200 39909 "-" "Mozilla/5.0 (Windows NT 10.0; Win64; x64) AppleWebKit/537.36 (KHTML, like Gecko) Chrome/145.0.0.0 Safari/537.36 (compatible; meta-externalagent/1.1 (+https://developers.facebook.com/docs/sharing/webmasters/crawler))"
74.7.241.13 - - [09/Sep/2026:07:07:49 -0500] "GET /?loknya=/sys/class/net/eth0/subsystem/eth0/device/net/eth0/device/subsystem/devices/virtio0/driver/virtio0/driver/virtio0/subsystem/drivers/virtio_rproc_serial/ HTTP/1.1" 200 14403 "https://mail.artesaniascolombianas.net.co/?loknya=/sys/class/net/eth0/subsystem/eth0/device/net/eth0/device/subsystem/devices/virtio0/driver/virtio0/driver/virtio0/subsystem/drivers/virtio_rproc_serial/module" "Mozilla/5.0 AppleWebKit/537.36 (KHTML, like Gecko; compatible; GPTBot/1.4; +https://openai.com/gptbot)"
74.7.242.34 - - [09/Sep/2026:07:07:49 -0500] "GET /?lokasie=/proc/421/comm&loknya=/proc/421 HTTP/1.1" 200 4036 "https://artesaniascolombianas.net.co/?loknya=/proc/421" "Mozilla/5.0 AppleWebKit/537.36 (KHTML, like Gecko; compatible; GPTBot/1.4; +https://openai.com/gptbot)"
74.7.241.42 - - [09/Sep/2026:07:07:49 -0500] "GET /index.php?lokasie=/proc/24130/net/tcp6&loknya=/proc/24130/net HTTP/1.1" 200 6395 "https://www.artesaniascolombianas.net.co/index.php?loknya=/proc/24130/net" "Mozilla/5.0 AppleWebKit/537.36 (KHTML, like Gecko; compatible; GPTBot/1.4; +https://openai.com/gptbot)"
216.26.249.17 - - [09/Sep/2026:07:07:49 -0500] "POST /xmlrpc.php HTTP/1.1" 200 39904 "-" "Python-xmlrpc/3.13"
74.7.242.34 - - [09/Sep/2026:07:07:50 -0500] "GET /?lokasie=/proc/597/maps&loknya=/proc/597 HTTP/1.1" 200 4023 "https://artesaniascolombianas.net.co/?loknya=/proc/597" "Mozilla/5.0 AppleWebKit/537.36 (KHTML, like Gecko; compatible; GPTBot/1.4; +https://openai.com/gptbot)"
74.7.241.13 - - [09/Sep/2026:07:07:50 -0500] "GET /?loknya=/sys/class/net/eth0/subsystem/eth0/device/net/eth0/device/subsystem/devices/virtio1/driver/virtio1/driver/virtio1/subsystem/drivers/virtio_rproc_serial/module HTTP/1.1" 200 28399 "https://mail.artesaniascolombianas.net.co/?loknya=/sys/class/net/eth0/subsystem/eth0/device/net/eth0/device/subsystem/devices/virtio1/driver/virtio1/driver/virtio1/subsystem/drivers/virtio_rproc_serial" "Mozilla/5.0 AppleWebKit/537.36 (KHTML, like Gecko; compatible; GPTBot/1.4; +https://openai.com/gptbot)"
74.7.241.42 - - [09/Sep/2026:07:07:50 -0500] "GET /index.php?lokasie=/proc/10637/net/tcp6&loknya=/proc/10637/net HTTP/1.1" 200 6395 "https://www.artesaniascolombianas.net.co/index.php?loknya=/proc/10637/net" "Mozilla/5.0 AppleWebKit/537.36 (KHTML, like Gecko; compatible; GPTBot/1.4; +https://openai.com/gptbot)"
74.7.241.13 - - [09/Sep/2026:07:07:50 -0500] "GET /?loknya=/sys/class/net/eth0/subsystem/eth0/device/driver/virtio0/net/eth0/device/subsystem/devices/virtio3/subsystem/devices/virtio1/driver/module HTTP/1.1" 200 27258 "https://mail.artesaniascolombianas.net.co/?loknya=/sys/class/net/eth0/subsystem/eth0/device/driver/virtio0/net/eth0/device/subsystem/devices/virtio3/subsystem/devices/virtio1/driver" "Mozilla/5.0 AppleWebKit/537.36 (KHTML, like Gecko; compatible; GPTBot/1.4; +https://openai.com/gptbot)"
74.7.242.34 - - [09/Sep/2026:07:07:50 -0500] "GET /?lokasie=/proc/258/maps&loknya=/proc/258 HTTP/1.1" 200 4023 "https://artesaniascolombianas.net.co/?loknya=/proc/258" "Mozilla/5.0 AppleWebKit/537.36 (KHTML, like Gecko; compatible; GPTBot/1.4; +https://openai.com/gptbot)"
74.7.241.42 - - [09/Sep/2026:07:07:50 -0500] "GET /index.php?lokasie=/proc/23701/net/ip6_mr_cache&loknya=/proc/23701/net HTTP/1.1" 200 4186 "https://www.artesaniascolombianas.net.co/index.php?loknya=/proc/23701/net" "Mozilla/5.0 AppleWebKit/537.36 (KHTML, like Gecko; compatible; GPTBot/1.4; +https://openai.com/gptbot)"
209.50.190.50 - - [09/Sep/2026:07:07:50 -0500] "GET /wp-login.php HTTP/1.1" 200 39906 "-" "Mozilla/5.0 (compatible; MyApp/1.0)"
2a03:2880:f802:3b:: - - [09/Sep/2026:07:07:50 -0500] "GET /?l=70939144793 HTTP/1.1" 200 39909 "-" "Mozilla/5.0 (Windows NT 10.0; Win64; x64) AppleWebKit/537.36 (KHTML, like Gecko) Chrome/145.0.0.0 Safari/537.36 (compatible; meta-externalagent/1.1 (+https://developers.facebook.com/docs/sharing/webmasters/crawler))"
74.7.241.13 - - [09/Sep/2026:07:07:51 -0500] "GET /?loknya=/sys/class/net/eth0/subsystem/eth0/device/net/eth0/device/subsystem/drivers/virtio_scsi/virtio1/host2/subsystem/devices/host2/subsystem/devices HTTP/1.1" 200 14501 "https://mail.artesaniascolombianas.net.co/?loknya=/sys/class/net/eth0/subsystem/eth0/device/net/eth0/device/subsystem/drivers/virtio_scsi/virtio1/host2/subsystem/devices/host2/subsystem" "Mozilla/5.0 AppleWebKit/537.36 (KHTML, like Gecko; compatible; GPTBot/1.4; +https://openai.com/gptbot)"
74.7.242.34 - - [09/Sep/2026:07:07:51 -0500] "GET /?lokasie=/proc/120/maps&loknya=/proc/120 HTTP/1.1" 200 4023 "https://artesaniascolombianas.net.co/?loknya=/proc/120" "Mozilla/5.0 AppleWebKit/537.36 (KHTML, like Gecko; compatible; GPTBot/1.4; +https://openai.com/gptbot)"
74.7.241.42 - - [09/Sep/2026:07:07:51 -0500] "GET /index.php?lokasie=/proc/18473/net/stat/ndisc_cache&loknya=/proc/18473/net/stat HTTP/1.1" 200 4737 "https://www.artesaniascolombianas.net.co/index.php?loknya=/proc/18473/net/stat" "Mozilla/5.0 AppleWebKit/537.36 (KHTML, like Gecko; compatible; GPTBot/1.4; +https://openai.com/gptbot)"
2a03:2880:f802:2e:: - - [09/Sep/2026:07:07:51 -0500] "GET /?x=78855134420 HTTP/1.1" 200 39909 "-" "Mozilla/5.0 (Macintosh; Intel Mac OS X 10_15_7) AppleWebKit/537.36 (KHTML, like Gecko) Chrome/145.0.0.0 Safari/537.36 (compatible; meta-externalagent/1.1 (+https://developers.facebook.com/docs/sharing/webmasters/crawler))"
2a03:2880:f802:1:: - - [09/Sep/2026:07:07:51 -0500] "GET /?y=259464365 HTTP/1.1" 200 39908 "-" "Mozilla/5.0 (Windows NT 10.0; Win64; x64) AppleWebKit/537.36 (KHTML, like Gecko) Chrome/145.0.0.0 Safari/537.36 (compatible; meta-externalagent/1.1 (+https://developers.facebook.com/docs/sharing/webmasters/crawler))"
74.7.241.13 - - [09/Sep/2026:07:07:51 -0500] "GET /?loknya=/sys/class/net/eth0/subsystem/eth0/device/net/eth0/device/subsystem/devices/virtio3/subsystem/devices/virtio1/driver/module/drivers/virtio:virtio_scsi/virtio1 HTTP/1.1" 200 24635 "https://mail.artesaniascolombianas.net.co/?loknya=/sys/class/net/eth0/subsystem/eth0/device/net/eth0/device/subsystem/devices/virtio3/subsystem/devices/virtio1/driver/module/drivers/virtio:virtio_scsi" "Mozilla/5.0 AppleWebKit/537.36 (KHTML, like Gecko; compatible; GPTBot/1.4; +https://openai.com/gptbot)"
74.7.242.34 - - [09/Sep/2026:07:07:51 -0500] "GET /?lokasie=/proc/597/comm&loknya=/proc/597 HTTP/1.1" 200 4038 "https://artesaniascolombianas.net.co/?loknya=/proc/597" "Mozilla/5.0 AppleWebKit/537.36 (KHTML, like Gecko; compatible; GPTBot/1.4; +https://openai.com/gptbot)"
2a03:2880:f802:42:: - - [09/Sep/2026:07:07:51 -0500] "GET /?l=70939181469 HTTP/1.1" 200 39909 "-" "Mozilla/5.0 (Macintosh; Intel Mac OS X 10_15_7) AppleWebKit/537.36 (KHTML, like Gecko) Chrome/145.0.0.0 Safari/537.36 (compatible; meta-externalagent/1.1 (+https://developers.facebook.com/docs/sharing/webmasters/crawler))"
74.7.241.42 - - [09/Sep/2026:07:07:51 -0500] "GET /index.php?lokasie=/proc/18473/net/stat/nf_conntrack&loknya=/proc/18473/net/stat HTTP/1.1" 200 4921 "https://www.artesaniascolombianas.net.co/index.php?loknya=/proc/18473/net/stat" "Mozilla/5.0 AppleWebKit/537.36 (KHTML, like Gecko; compatible; GPTBot/1.4; +https://openai.com/gptbot)"
209.50.190.50 - - [09/Sep/2026:07:07:51 -0500] "POST /wp-login.php HTTP/1.1" 200 39906 "-" "Mozilla/5.0 (compatible; MyApp/1.0)"
74.7.242.34 - - [09/Sep/2026:07:07:51 -0500] "GET /?lokasie=/proc/259/comm&loknya=/proc/259 HTTP/1.1" 200 4034 "https://artesaniascolombianas.net.co/?loknya=/proc/259" "Mozilla/5.0 AppleWebKit/537.36 (KHTML, like Gecko; compatible; GPTBot/1.4; +https://openai.com/gptbot)"
74.7.241.13 - - [09/Sep/2026:07:07:52 -0500] "GET /?loknya=/sys/class/net/eth0/subsystem/eth0/device/net/eth0/device/subsystem/devices/virtio3/subsystem/devices/virtio2/subsystem/drivers/ HTTP/1.1" 200 14007 "https://mail.artesaniascolombianas.net.co/?loknya=/sys/class/net/eth0/subsystem/eth0/device/net/eth0/device/subsystem/devices/virtio3/subsystem/devices/virtio2/subsystem/drivers/virtio_net" "Mozilla/5.0 AppleWebKit/537.36 (KHTML, like Gecko; compatible; GPTBot/1.4; +https://openai.com/gptbot)"
2a03:2880:f802:6:: - - [09/Sep/2026:07:07:52 -0500] "GET /?u=3977476496 HTTP/1.1" 200 39908 "-" "Mozilla/5.0 (Macintosh; Intel Mac OS X 10_15_7) AppleWebKit/537.36 (KHTML, like Gecko) Chrome/145.0.0.0 Safari/537.36 (compatible; meta-externalagent/1.1 (+https://developers.facebook.com/docs/sharing/webmasters/crawler))"
74.7.241.42 - - [09/Sep/2026:07:07:52 -0500] "GET /index.php?lokasie=/proc/24096/net/stat/nf_conntrack&loknya=/proc/24096/net/stat HTTP/1.1" 200 4921 "https://www.artesaniascolombianas.net.co/index.php?loknya=/proc/24096/net/stat" "Mozilla/5.0 AppleWebKit/537.36 (KHTML, like Gecko; compatible; GPTBot/1.4; +https://openai.com/gptbot)"
74.7.241.13 - - [09/Sep/2026:07:07:52 -0500] "GET /?loknya=/sys/class/net/eth0/subsystem/eth0/device/net/eth0/device/subsystem/devices/virtio3/subsystem/devices/virtio2/subsystem/drivers/virtio_net/module HTTP/1.1" 200 29052 "https://mail.artesaniascolombianas.net.co/?loknya=/sys/class/net/eth0/subsystem/eth0/device/net/eth0/device/subsystem/devices/virtio3/subsystem/devices/virtio2/subsystem/drivers/virtio_net" "Mozilla/5.0 AppleWebKit/537.36 (KHTML, like Gecko; compatible; GPTBot/1.4; +https://openai.com/gptbot)"
74.7.242.34 - - [09/Sep/2026:07:07:52 -0500] "GET /?lokasie=/proc/710/maps&loknya=/proc/710 HTTP/1.1" 200 4023 "https://artesaniascolombianas.net.co/?loknya=/proc/710" "Mozilla/5.0 AppleWebKit/537.36 (KHTML, like Gecko; compatible; GPTBot/1.4; +https://openai.com/gptbot)"
74.7.241.42 - - [09/Sep/2026:07:07:52 -0500] "GET /index.php?lokasie=/proc/30719/net/stat/nf_conntrack&loknya=/proc/30719/net/stat HTTP/1.1" 200 4921 "https://www.artesaniascolombianas.net.co/index.php?loknya=/proc/30719/net/stat" "Mozilla/5.0 AppleWebKit/537.36 (KHTML, like Gecko; compatible; GPTBot/1.4; +https://openai.com/gptbot)"
74.7.242.34 - - [09/Sep/2026:07:07:53 -0500] "GET /?lokasie=/proc/258/comm&loknya=/proc/258 HTTP/1.1" 200 4034 "https://artesaniascolombianas.net.co/?loknya=/proc/258" "Mozilla/5.0 AppleWebKit/537.36 (KHTML, like Gecko; compatible; GPTBot/1.4; +https://openai.com/gptbot)"
74.7.241.13 - - [09/Sep/2026:07:07:53 -0500] "GET /?loknya=/sys/class/net/eth0/subsystem/eth0/device/subsystem/drivers/virtio_net/virtio0/net/eth0/device/subsystem/devices/virtio0/driver/virtio0/driver/module/parameters HTTP/1.1" 200 13462 "https://mail.artesaniascolombianas.net.co/?loknya=/sys/class/net/eth0/subsystem/eth0/device/subsystem/drivers/virtio_net/virtio0/net/eth0/device/subsystem/devices/virtio0/driver/virtio0/driver/module" "Mozilla/5.0 AppleWebKit/537.36 (KHTML, like Gecko; compatible; GPTBot/1.4; +https://openai.com/gptbot)"
74.7.241.42 - - [09/Sep/2026:07:07:53 -0500] "GET /index.php?lokasie=/proc/24096/net/stat/ndisc_cache&loknya=/proc/24096/net/stat HTTP/1.1" 200 4737 "https://www.artesaniascolombianas.net.co/index.php?loknya=/proc/24096/net/stat" "Mozilla/5.0 AppleWebKit/537.36 (KHTML, like Gecko; compatible; GPTBot/1.4; +https://openai.com/gptbot)"
74.7.241.13 - - [09/Sep/2026:07:07:53 -0500] "GET /?loknya=/sys/class/net/eth0/subsystem/eth0/device/net/eth0/device/driver/module/virtio:virtio_net/virtio0/subsystem/devices/virtio2/driver/module/ HTTP/1.1" 200 7246 "https://mail.artesaniascolombianas.net.co/?loknya=/sys/class/net/eth0/subsystem/eth0/device/net/eth0/device/driver/module/drivers/virtio:virtio_net/virtio0/subsystem/devices/virtio2/driver/module/drivers" "Mozilla/5.0 AppleWebKit/537.36 (KHTML, like Gecko; compatible; GPTBot/1.4; +https://openai.com/gptbot)"
74.7.242.34 - - [09/Sep/2026:07:07:53 -0500] "GET /?lokasie=/proc/613/maps&loknya=/proc/613 HTTP/1.1" 200 4023 "https://artesaniascolombianas.net.co/?loknya=/proc/613" "Mozilla/5.0 AppleWebKit/537.36 (KHTML, like Gecko; compatible; GPTBot/1.4; +https://openai.com/gptbot)"
74.7.241.42 - - [09/Sep/2026:07:07:53 -0500] "GET /index.php?lokasie=/proc/20438/net/stat/nf_conntrack&loknya=/proc/20438/net/stat HTTP/1.1" 200 4921 "https://www.artesaniascolombianas.net.co/index.php?loknya=/proc/20438/net/stat" "Mozilla/5.0 AppleWebKit/537.36 (KHTML, like Gecko; compatible; GPTBot/1.4; +https://openai.com/gptbot)"
74.7.242.34 - - [09/Sep/2026:07:07:53 -0500] "GET /?lokasie=/proc/278/maps&loknya=/proc/278 HTTP/1.1" 200 4023 "https://artesaniascolombianas.net.co/?loknya=/proc/278" "Mozilla/5.0 AppleWebKit/537.36 (KHTML, like Gecko; compatible; GPTBot/1.4; +https://openai.com/gptbot)"
74.7.241.13 - - [09/Sep/2026:07:07:54 -0500] "GET /?loknya=/sys/class/net/eth0/subsystem/eth0/device/net/eth0/device/subsystem/devices/virtio0/driver/virtio0/driver/virtio0/subsystem/drivers/virtio_scsi/module/notes HTTP/1.1" 200 9677 "https://mail.artesaniascolombianas.net.co/?loknya=/sys/class/net/eth0/subsystem/eth0/device/net/eth0/device/subsystem/devices/virtio0/driver/virtio0/driver/virtio0/subsystem/drivers/virtio_scsi/module" "Mozilla/5.0 AppleWebKit/537.36 (KHTML, like Gecko; compatible; GPTBot/1.4; +https://openai.com/gptbot)"
