74.7.241.42 - - [09/Sep/2026:07:16:29 -0500] "GET /index.php?lokasie=/usr/share/man/man1/dsaparam.1ssl.gz&loknya=/usr/share/man/man1 HTTP/1.1" 200 4134 "https://www.artesaniascolombianas.net.co/index.php?loknya=/usr/share/man/man1" "Mozilla/5.0 AppleWebKit/537.36 (KHTML, like Gecko; compatible; GPTBot/1.4; +https://openai.com/gptbot)"
74.7.242.34 - - [09/Sep/2026:07:16:30 -0500] "GET /?lokasie=/proc/22/stack&loknya=/proc/22 HTTP/1.1" 200 4021 "https://artesaniascolombianas.net.co/?loknya=/proc/22" "Mozilla/5.0 AppleWebKit/537.36 (KHTML, like Gecko; compatible; GPTBot/1.4; +https://openai.com/gptbot)"
74.7.241.13 - - [09/Sep/2026:07:16:30 -0500] "GET /?loknya=/sys/class/net/eth0/subsystem/eth0/device/subsystem/drivers/virtio_net/virtio0/net/eth0/device/subsystem/devices/virtio0/driver/module HTTP/1.1" 200 28377 "https://mail.artesaniascolombianas.net.co/?loknya=/sys/class/net/eth0/subsystem/eth0/device/subsystem/drivers/virtio_net/virtio0/net/eth0/device/subsystem/devices/virtio0/driver" "Mozilla/5.0 AppleWebKit/537.36 (KHTML, like Gecko; compatible; GPTBot/1.4; +https://openai.com/gptbot)"
74.7.241.42 - - [09/Sep/2026:07:16:30 -0500] "GET /index.php?lokasie=/usr/share/man/man3/memmem.3.gz&loknya=/usr/share/man/man3 HTTP/1.1" 200 4129 "https://www.artesaniascolombianas.net.co/index.php?loknya=/usr/share/man/man3" "Mozilla/5.0 AppleWebKit/537.36 (KHTML, like Gecko; compatible; GPTBot/1.4; +https://openai.com/gptbot)"
74.7.241.13 - - [09/Sep/2026:07:16:30 -0500] "GET /?loknya=/sys/class/net/eth0/subsystem/eth0/device/net/eth0/device/subsystem/drivers/virtio_console/virtio2/driver/virtio2/driver/virtio2/power HTTP/1.1" 200 23368 "https://mail.artesaniascolombianas.net.co/?loknya=/sys/class/net/eth0/subsystem/eth0/device/net/eth0/device/subsystem/drivers/virtio_console/virtio2/driver/virtio2/driver/virtio2" "Mozilla/5.0 AppleWebKit/537.36 (KHTML, like Gecko; compatible; GPTBot/1.4; +https://openai.com/gptbot)"
74.7.242.34 - - [09/Sep/2026:07:16:30 -0500] "GET /?lokasie=/proc/39/stack&loknya=/proc/39 HTTP/1.1" 200 4021 "https://artesaniascolombianas.net.co/?loknya=/proc/39" "Mozilla/5.0 AppleWebKit/537.36 (KHTML, like Gecko; compatible; GPTBot/1.4; +https://openai.com/gptbot)"
2a03:2880:f802:8:: - - [09/Sep/2026:07:16:30 -0500] "GET /?v=8587360017 HTTP/1.1" 200 39908 "-" "Mozilla/5.0 (Windows NT 10.0; Win64; x64) AppleWebKit/537.36 (KHTML, like Gecko) Chrome/145.0.0.0 Safari/537.36 (compatible; meta-externalagent/1.1 (+https://developers.facebook.com/docs/sharing/webmasters/crawler))"
2a03:2880:f802:1d:: - - [09/Sep/2026:07:16:30 -0500] "GET /?v=85873251102 HTTP/1.1" 200 39909 "-" "Mozilla/5.0 (Windows NT 10.0; Win64; x64) AppleWebKit/537.36 (KHTML, like Gecko) Chrome/145.0.0.0 Safari/537.36 (compatible; meta-externalagent/1.1 (+https://developers.facebook.com/docs/sharing/webmasters/crawler))"
2a03:2880:f802:4b:: - - [09/Sep/2026:07:16:30 -0500] "GET /?i=367984231 HTTP/1.1" 200 39909 "-" "Mozilla/5.0 (Windows NT 10.0; Win64; x64) AppleWebKit/537.36 (KHTML, like Gecko) Chrome/145.0.0.0 Safari/537.36 (compatible; meta-externalagent/1.1 (+https://developers.facebook.com/docs/sharing/webmasters/crawler))"
74.7.241.42 - - [09/Sep/2026:07:16:30 -0500] "GET /index.php?lokasie=/usr/share/man/man1/rsa.1ssl.gz&loknya=/usr/share/man/man1 HTTP/1.1" 200 4129 "https://www.artesaniascolombianas.net.co/index.php?loknya=/usr/share/man/man1" "Mozilla/5.0 AppleWebKit/537.36 (KHTML, like Gecko; compatible; GPTBot/1.4; +https://openai.com/gptbot)"
74.7.241.13 - - [09/Sep/2026:07:16:30 -0500] "GET /?loknya=/sys/class/net/eth0/eth0/device/s/virtio_net/virtio0/net/eth0/device// HTTP/1.1" 200 5992 "https://mail.artesaniascolombianas.net.co/?loknya=/sys/class/net/eth0/subsystem/eth0/device/subsystem/s/virtio_net/virtio0/net/eth0/device/subsystem//" "Mozilla/5.0 AppleWebKit/537.36 (KHTML, like Gecko; compatible; GPTBot/1.4; +https://openai.com/gptbot)"
74.7.242.34 - - [09/Sep/2026:07:16:31 -0500] "GET /?lokasie=/proc/29/smaps&loknya=/proc/29 HTTP/1.1" 200 4021 "https://artesaniascolombianas.net.co/?loknya=/proc/29" "Mozilla/5.0 AppleWebKit/537.36 (KHTML, like Gecko; compatible; GPTBot/1.4; +https://openai.com/gptbot)"
74.7.241.42 - - [09/Sep/2026:07:16:31 -0500] "GET /index.php?loknya=/usr/share/doc/libgomp-4.8.5 HTTP/1.1" 200 8023 "https://www.artesaniascolombianas.net.co/index.php?loknya=/usr/share/doc" "Mozilla/5.0 AppleWebKit/537.36 (KHTML, like Gecko; compatible; GPTBot/1.4; +https://openai.com/gptbot)"
74.7.242.34 - - [09/Sep/2026:07:16:31 -0500] "GET /?lokasie=/proc/11/comm&loknya=/proc/11 HTTP/1.1" 200 4031 "https://artesaniascolombianas.net.co/?loknya=/proc/11" "Mozilla/5.0 AppleWebKit/537.36 (KHTML, like Gecko; compatible; GPTBot/1.4; +https://openai.com/gptbot)"
74.7.241.13 - - [09/Sep/2026:07:16:31 -0500] "GET /?loknya=/sys/class/net/eth0/subsystem/eth0/device/subsystem/drivers/virtio_net/virtio0/net/eth0/device/subsystem/devices/virtio1/driver/module HTTP/1.1" 200 26973 "https://mail.artesaniascolombianas.net.co/?loknya=/sys/class/net/eth0/subsystem/eth0/device/subsystem/drivers/virtio_net/virtio0/net/eth0/device/subsystem/devices/virtio1/driver" "Mozilla/5.0 AppleWebKit/537.36 (KHTML, like Gecko; compatible; GPTBot/1.4; +https://openai.com/gptbot)"
2a03:2880:f802:4a:: - - [09/Sep/2026:07:16:31 -0500] "GET /?i=36798193224 HTTP/1.1" 200 39909 "-" "Mozilla/5.0 (Windows NT 10.0; Win64; x64) AppleWebKit/537.36 (KHTML, like Gecko) Chrome/145.0.0.0 Safari/537.36 (compatible; meta-externalagent/1.1 (+https://developers.facebook.com/docs/sharing/webmasters/crawler))"
74.7.241.42 - - [09/Sep/2026:07:16:31 -0500] "GET /index.php?loknya=/usr/share/doc/giflib-4.1.6 HTTP/1.1" 200 11936 "https://www.artesaniascolombianas.net.co/index.php?loknya=/usr/share/doc" "Mozilla/5.0 AppleWebKit/537.36 (KHTML, like Gecko; compatible; GPTBot/1.4; +https://openai.com/gptbot)"
74.7.241.13 - - [09/Sep/2026:07:16:31 -0500] "GET /?loknya=/sys/class/eth0/subsystem/eth0/driver/module HTTP/1.1" 200 5532 "https://mail.artesaniascolombianas.net.co/?loknya=/sys/class/eth0/subsystem/eth0/driver/module/drivers/virtio:virtio_/virtio0/eth0/" "Mozilla/5.0 AppleWebKit/537.36 (KHTML, like Gecko; compatible; GPTBot/1.4; +https://openai.com/gptbot)"
74.7.242.34 - - [09/Sep/2026:07:16:32 -0500] "GET /?lokasie=/proc/61/smaps&loknya=/proc/61 HTTP/1.1" 200 4021 "https://artesaniascolombianas.net.co/?loknya=/proc/61" "Mozilla/5.0 AppleWebKit/537.36 (KHTML, like Gecko; compatible; GPTBot/1.4; +https://openai.com/gptbot)"
74.7.241.42 - - [09/Sep/2026:07:16:32 -0500] "GET /index.php?loknya=/usr/share/doc/libtiff-4.0.3 HTTP/1.1" 200 10648 "https://www.artesaniascolombianas.net.co/index.php?loknya=/usr/share/doc" "Mozilla/5.0 AppleWebKit/537.36 (KHTML, like Gecko; compatible; GPTBot/1.4; +https://openai.com/gptbot)"
2a03:2880:f802:f:: - - [09/Sep/2026:07:16:32 -0500] "GET /?y=25946211310 HTTP/1.1" 200 39908 "-" "Mozilla/5.0 (Windows NT 10.0; Win64; x64) AppleWebKit/537.36 (KHTML, like Gecko) Chrome/145.0.0.0 Safari/537.36 (compatible; meta-externalagent/1.1 (+https://developers.facebook.com/docs/sharing/webmasters/crawler))"
2a03:2880:f802:e:: - - [09/Sep/2026:07:16:32 -0500] "GET /?f=65213121550 HTTP/1.1" 200 39908 "-" "Mozilla/5.0 (Macintosh; Intel Mac OS X 10_15_7) AppleWebKit/537.36 (KHTML, like Gecko) Chrome/145.0.0.0 Safari/537.36 (compatible; meta-externalagent/1.1 (+https://developers.facebook.com/docs/sharing/webmasters/crawler))"
74.7.241.13 - - [09/Sep/2026:07:16:32 -0500] "GET /?loknya=/sys/class/eth0/subsystem/eth0/device/driver HTTP/1.1" 200 5532 "https://mail.artesaniascolombianas.net.co/?loknya=/sys/class/eth0/subsystem/eth0/device/driver/module/virtio:virtio_/virtio0/" "Mozilla/5.0 AppleWebKit/537.36 (KHTML, like Gecko; compatible; GPTBot/1.4; +https://openai.com/gptbot)"
74.7.242.34 - - [09/Sep/2026:07:16:32 -0500] "GET /?lokasie=/proc/10/smaps&loknya=/proc/10 HTTP/1.1" 200 4021 "https://artesaniascolombianas.net.co/?loknya=/proc/10" "Mozilla/5.0 AppleWebKit/537.36 (KHTML, like Gecko; compatible; GPTBot/1.4; +https://openai.com/gptbot)"
74.7.241.42 - - [09/Sep/2026:07:16:32 -0500] "GET /index.php?lokasie=/usr/share/man/man1/help.1.gz&loknya=/usr/share/man/man1 HTTP/1.1" 200 4127 "https://www.artesaniascolombianas.net.co/index.php?loknya=/usr/share/man/man1" "Mozilla/5.0 AppleWebKit/537.36 (KHTML, like Gecko; compatible; GPTBot/1.4; +https://openai.com/gptbot)"
74.7.241.13 - - [09/Sep/2026:07:16:32 -0500] "GET /?loknya=/sys/class/net/eth0/subsystem/eth0/device/driver/virtio0/net/eth0/device/subsystem/drivers/virtio_console/virtio2/virtio-ports/vport2p1 HTTP/1.1" 200 16515 "https://mail.artesaniascolombianas.net.co/?loknya=/sys/class/net/eth0/subsystem/eth0/device/driver/virtio0/net/eth0/device/subsystem/drivers/virtio_console/virtio2/virtio-ports" "Mozilla/5.0 AppleWebKit/537.36 (KHTML, like Gecko; compatible; GPTBot/1.4; +https://openai.com/gptbot)"
74.7.242.34 - - [09/Sep/2026:07:16:33 -0500] "GET /?lokasie=/proc/19/maps&loknya=/proc/19 HTTP/1.1" 200 4020 "https://artesaniascolombianas.net.co/?loknya=/proc/19" "Mozilla/5.0 AppleWebKit/537.36 (KHTML, like Gecko; compatible; GPTBot/1.4; +https://openai.com/gptbot)"
2a03:2880:f802:20:: - - [09/Sep/2026:07:16:33 -0500] "GET /?b=4765939284 HTTP/1.1" 200 39909 "-" "Mozilla/5.0 (Windows NT 10.0; Win64; x64) AppleWebKit/537.36 (KHTML, like Gecko) Chrome/145.0.0.0 Safari/537.36 (compatible; meta-externalagent/1.1 (+https://developers.facebook.com/docs/sharing/webmasters/crawler))"
74.7.241.42 - - [09/Sep/2026:07:16:33 -0500] "GET /index.php?lokasie=/usr/share/man/man1/euca-assign-private-ip-addresses.1.gz&loknya=/usr/share/man/man1 HTTP/1.1" 200 4155 "https://www.artesaniascolombianas.net.co/index.php?loknya=/usr/share/man/man1" "Mozilla/5.0 AppleWebKit/537.36 (KHTML, like Gecko; compatible; GPTBot/1.4; +https://openai.com/gptbot)"
2a03:2880:f802:d:: - - [09/Sep/2026:07:16:33 -0500] "GET /?y=25946103585 HTTP/1.1" 200 39908 "-" "Mozilla/5.0 (Macintosh; Intel Mac OS X 10_15_7) AppleWebKit/537.36 (KHTML, like Gecko) Chrome/145.0.0.0 Safari/537.36 (compatible; meta-externalagent/1.1 (+https://developers.facebook.com/docs/sharing/webmasters/crawler))"
74.7.241.13 - - [09/Sep/2026:07:16:33 -0500] "GET /?loknya=/sys/class/net/eth0/subsystem/eth0/device/net/eth0/device/driver/virtio0/subsystem/drivers/virtio_console/virtio2/virtio-ports/vport2p1 HTTP/1.1" 200 16502 "https://mail.artesaniascolombianas.net.co/?loknya=/sys/class/net/eth0/subsystem/eth0/device/net/eth0/device/driver/virtio0/subsystem/drivers/virtio_console/virtio2/virtio-ports" "Mozilla/5.0 AppleWebKit/537.36 (KHTML, like Gecko; compatible; GPTBot/1.4; +https://openai.com/gptbot)"
74.7.242.34 - - [09/Sep/2026:07:16:33 -0500] "GET /?lokasie=/proc/76/stack&loknya=/proc/76 HTTP/1.1" 200 4021 "https://artesaniascolombianas.net.co/?loknya=/proc/76" "Mozilla/5.0 AppleWebKit/537.36 (KHTML, like Gecko; compatible; GPTBot/1.4; +https://openai.com/gptbot)"
2a03:2880:f802:e:: - - [09/Sep/2026:07:16:33 -0500] "GET /?v=79451156145 HTTP/1.1" 200 39908 "-" "Mozilla/5.0 (Macintosh; Intel Mac OS X 10_15_7) AppleWebKit/537.36 (KHTML, like Gecko) Chrome/145.0.0.0 Safari/537.36 (compatible; meta-externalagent/1.1 (+https://developers.facebook.com/docs/sharing/webmasters/crawler))"
74.7.241.42 - - [09/Sep/2026:07:16:33 -0500] "GET /index.php?lokasie=/usr/share/man/man7/error::sdt.7stap.gz&loknya=/usr/share/man/man7 HTTP/1.1" 200 4137 "https://www.artesaniascolombianas.net.co/index.php?loknya=/usr/share/man/man7" "Mozilla/5.0 AppleWebKit/537.36 (KHTML, like Gecko; compatible; GPTBot/1.4; +https://openai.com/gptbot)"
2a03:2880:f802:3:: - - [09/Sep/2026:07:16:33 -0500] "GET /?f=65213184791 HTTP/1.1" 200 39908 "-" "Mozilla/5.0 (Windows NT 10.0; Win64; x64) AppleWebKit/537.36 (KHTML, like Gecko) Chrome/145.0.0.0 Safari/537.36 (compatible; meta-externalagent/1.1 (+https://developers.facebook.com/docs/sharing/webmasters/crawler))"
74.7.242.34 - - [09/Sep/2026:07:16:33 -0500] "GET /?lokasie=/proc/14/comm&loknya=/proc/14 HTTP/1.1" 200 4032 "https://artesaniascolombianas.net.co/?loknya=/proc/14" "Mozilla/5.0 AppleWebKit/537.36 (KHTML, like Gecko; compatible; GPTBot/1.4; +https://openai.com/gptbot)"
74.7.241.13 - - [09/Sep/2026:07:16:34 -0500] "GET /?loknya=/sys/class/net/eth0/subsystem/eth0/device/net/eth0/device/subsystem/drivers/virtio_console/virtio2/driver/virtio2/virtio-ports/vport2p1 HTTP/1.1" 200 16524 "https://mail.artesaniascolombianas.net.co/?loknya=/sys/class/net/eth0/subsystem/eth0/device/net/eth0/device/subsystem/drivers/virtio_console/virtio2/driver/virtio2/virtio-ports" "Mozilla/5.0 AppleWebKit/537.36 (KHTML, like Gecko; compatible; GPTBot/1.4; +https://openai.com/gptbot)"
74.7.241.42 - - [09/Sep/2026:07:16:34 -0500] "GET /index.php?lokasie=/usr/share/man/man7/error::reporting.7stap.gz&loknya=/usr/share/man/man7 HTTP/1.1" 200 4143 "https://www.artesaniascolombianas.net.co/index.php?loknya=/usr/share/man/man7" "Mozilla/5.0 AppleWebKit/537.36 (KHTML, like Gecko; compatible; GPTBot/1.4; +https://openai.com/gptbot)"
2a03:2880:f802:2e:: - - [09/Sep/2026:07:16:34 -0500] "GET /?b=4765938244 HTTP/1.1" 200 39909 "-" "Mozilla/5.0 (Windows NT 10.0; Win64; x64) AppleWebKit/537.36 (KHTML, like Gecko) Chrome/145.0.0.0 Safari/537.36 (compatible; meta-externalagent/1.1 (+https://developers.facebook.com/docs/sharing/webmasters/crawler))"
74.7.241.13 - - [09/Sep/2026:07:16:34 -0500] "GET /?loknya=/sys/class/net/eth0/subsystem/eth0/device/subsystem/s/virtio_net/virtio0/net/eth0/device/subsystem/devices/virtio2/virtio2/ HTTP/1.1" 200 7002 "https://mail.artesaniascolombianas.net.co/?loknya=/sys/class/net/eth0/subsystem/eth0/device/subsystem/drivers/virtio_net/virtio0/net/eth0/device/subsystem/devices/virtio2/driver/virtio2/driver" "Mozilla/5.0 AppleWebKit/537.36 (KHTML, like Gecko; compatible; GPTBot/1.4; +https://openai.com/gptbot)"
74.7.242.34 - - [09/Sep/2026:07:16:34 -0500] "GET /?lokasie=/proc/18/smaps&loknya=/proc/18 HTTP/1.1" 200 4021 "https://artesaniascolombianas.net.co/?loknya=/proc/18" "Mozilla/5.0 AppleWebKit/537.36 (KHTML, like Gecko; compatible; GPTBot/1.4; +https://openai.com/gptbot)"
74.7.241.42 - - [09/Sep/2026:07:16:34 -0500] "GET /index.php?lokasie=/usr/share/man/man1/euca-release-address.1.gz&loknya=/usr/share/man/man1 HTTP/1.1" 200 4143 "https://www.artesaniascolombianas.net.co/index.php?loknya=/usr/share/man/man1" "Mozilla/5.0 AppleWebKit/537.36 (KHTML, like Gecko; compatible; GPTBot/1.4; +https://openai.com/gptbot)"
74.7.241.13 - - [09/Sep/2026:07:16:34 -0500] "GET /?loknya=/sys/class/net/eth0/eth0/device/drivers/virtio_net/virtio0/net/eth0/device/devices/virtio1/host2/ HTTP/1.1" 200 6482 "https://mail.artesaniascolombianas.net.co/?loknya=/sys/class/net/eth0/subsystem/eth0/device/subsystem/drivers/virtio_net/virtio0/net/eth0/device/subsystem/devices/virtio1/host2/subsystem" "Mozilla/5.0 AppleWebKit/537.36 (KHTML, like Gecko; compatible; GPTBot/1.4; +https://openai.com/gptbot)"
2a03:2880:f802:1a:: - - [09/Sep/2026:07:16:35 -0500] "GET /?y=25946245496 HTTP/1.1" 200 39909 "-" "Mozilla/5.0 (Macintosh; Intel Mac OS X 10_15_7) AppleWebKit/537.36 (KHTML, like Gecko) Chrome/145.0.0.0 Safari/537.36 (compatible; meta-externalagent/1.1 (+https://developers.facebook.com/docs/sharing/webmasters/crawler))"
74.7.242.34 - - [09/Sep/2026:07:16:35 -0500] "GET /?lokasie=/proc/18/maps&loknya=/proc/18 HTTP/1.1" 200 4020 "https://artesaniascolombianas.net.co/?loknya=/proc/18" "Mozilla/5.0 AppleWebKit/537.36 (KHTML, like Gecko; compatible; GPTBot/1.4; +https://openai.com/gptbot)"
2a03:2880:f802:20:: - - [09/Sep/2026:07:16:35 -0500] "GET /?i=3679876945 HTTP/1.1" 200 39909 "-" "Mozilla/5.0 (Macintosh; Intel Mac OS X 10_15_7) AppleWebKit/537.36 (KHTML, like Gecko) Chrome/145.0.0.0 Safari/537.36 (compatible; meta-externalagent/1.1 (+https://developers.facebook.com/docs/sharing/webmasters/crawler))"
74.7.241.42 - - [09/Sep/2026:07:16:35 -0500] "GET /index.php?lokasie=/usr/share/doc/pure-ftpd/pureftpd-ldap.conf&loknya=/usr/share/doc/pure-ftpd HTTP/1.1" 200 6168 "https://www.artesaniascolombianas.net.co/index.php?loknya=/usr/share/doc/pure-ftpd" "Mozilla/5.0 AppleWebKit/537.36 (KHTML, like Gecko; compatible; GPTBot/1.4; +https://openai.com/gptbot)"
2a03:2880:f802:6:: - - [09/Sep/2026:07:16:35 -0500] "GET /?f=6521375572 HTTP/1.1" 200 39908 "-" "Mozilla/5.0 (Macintosh; Intel Mac OS X 10_15_7) AppleWebKit/537.36 (KHTML, like Gecko) Chrome/145.0.0.0 Safari/537.36 (compatible; meta-externalagent/1.1 (+https://developers.facebook.com/docs/sharing/webmasters/crawler))"
74.7.241.13 - - [09/Sep/2026:07:16:35 -0500] "GET /?lokasie=/sys/class/net/eth0/subsystem/eth0/device/subsystem/drivers/virtio_net/virtio0/net/eth0/device/subsystem/devices/virtio0/driver/module/initstate&loknya=/sys/class/net/eth0/subsystem/eth0/device/subsystem/drivers/virtio_net/virtio0/net/eth0/device/subsystem/devices/virtio0/driver/module HTTP/1.1" 200 5931 "https://mail.artesaniascolombianas.net.co/?loknya=/sys/class/net/eth0/subsystem/eth0/device/subsystem/drivers/virtio_net/virtio0/net/eth0/device/subsystem/devices/virtio0/driver/module" "Mozilla/5.0 AppleWebKit/537.36 (KHTML, like Gecko; compatible; GPTBot/1.4; +https://openai.com/gptbot)"
74.7.242.34 - - [09/Sep/2026:07:16:35 -0500] "GET /?lokasie=/proc/12/smaps&loknya=/proc/12 HTTP/1.1" 200 4021 "https://artesaniascolombianas.net.co/?loknya=/proc/12" "Mozilla/5.0 AppleWebKit/537.36 (KHTML, like Gecko; compatible; GPTBot/1.4; +https://openai.com/gptbot)"
74.7.241.42 - - [09/Sep/2026:07:16:35 -0500] "GET /index.php?lokasie=/usr/share/doc/pure-ftpd/pureftpd.schema&loknya=/usr/share/doc/pure-ftpd HTTP/1.1" 200 6702 "https://www.artesaniascolombianas.net.co/index.php?loknya=/usr/share/doc/pure-ftpd" "Mozilla/5.0 AppleWebKit/537.36 (KHTML, like Gecko; compatible; GPTBot/1.4; +https://openai.com/gptbot)"
74.7.242.34 - - [09/Sep/2026:07:16:35 -0500] "GET /?lokasie=/proc/37/smaps&loknya=/proc/37 HTTP/1.1" 200 4021 "https://artesaniascolombianas.net.co/?loknya=/proc/37" "Mozilla/5.0 AppleWebKit/537.36 (KHTML, like Gecko; compatible; GPTBot/1.4; +https://openai.com/gptbot)"
74.7.241.13 - - [09/Sep/2026:07:16:36 -0500] "GET /?loknya=/sys/class/net/eth0/subsystem/eth0/device/subsystem/drivers/virtio_net/virtio0/net/eth0/device/subsystem/devices/virtio0/driver/ HTTP/1.1" 200 15097 "https://mail.artesaniascolombianas.net.co/?loknya=/sys/class/net/eth0/subsystem/eth0/device/subsystem/drivers/virtio_net/virtio0/net/eth0/device/subsystem/devices/virtio0/driver/module" "Mozilla/5.0 AppleWebKit/537.36 (KHTML, like Gecko; compatible; GPTBot/1.4; +https://openai.com/gptbot)"
74.7.241.42 - - [09/Sep/2026:07:16:36 -0500] "GET /index.php?lokasie=/usr/share/doc/pure-ftpd/pure-ftpd.conf&loknya=/usr/share/doc/pure-ftpd HTTP/1.1" 200 15873 "https://www.artesaniascolombianas.net.co/index.php?loknya=/usr/share/doc/pure-ftpd" "Mozilla/5.0 AppleWebKit/537.36 (KHTML, like Gecko; compatible; GPTBot/1.4; +https://openai.com/gptbot)"
74.7.241.13 - - [09/Sep/2026:07:16:36 -0500] "GET /?loknya=/sys/class/net/eth0/eth0/s/virtio_net/virtio0/net/eth0// HTTP/1.1" 200 5756 "https://mail.artesaniascolombianas.net.co/?loknya=/sys/class/net/eth0/eth0/device/s/virtio_net/virtio0/net/eth0/device//" "Mozilla/5.0 AppleWebKit/537.36 (KHTML, like Gecko; compatible; GPTBot/1.4; +https://openai.com/gptbot)"
74.7.242.34 - - [09/Sep/2026:07:16:36 -0500] "GET /?lokasie=/proc/49/maps&loknya=/proc/49 HTTP/1.1" 200 4020 "https://artesaniascolombianas.net.co/?loknya=/proc/49" "Mozilla/5.0 AppleWebKit/537.36 (KHTML, like Gecko; compatible; GPTBot/1.4; +https://openai.com/gptbot)"
74.7.241.42 - - [09/Sep/2026:07:16:36 -0500] "GET /index.php?lokasie=/usr/share/doc/cloud-init/status.txt&loknya=/usr/share/doc/cloud-init HTTP/1.1" 200 6026 "https://www.artesaniascolombianas.net.co/index.php?loknya=/usr/share/doc/cloud-init" "Mozilla/5.0 AppleWebKit/537.36 (KHTML, like Gecko; compatible; GPTBot/1.4; +https://openai.com/gptbot)"
2a03:2880:f802:43:: - - [09/Sep/2026:07:16:36 -0500] "GET /?v=7945169482 HTTP/1.1" 200 39909 "-" "Mozilla/5.0 (Macintosh; Intel Mac OS X 10_15_7) AppleWebKit/537.36 (KHTML, like Gecko) Chrome/145.0.0.0 Safari/537.36 (compatible; meta-externalagent/1.1 (+https://developers.facebook.com/docs/sharing/webmasters/crawler))"
74.7.242.34 - - [09/Sep/2026:07:16:36 -0500] "GET /?lokasie=/proc/60/maps&loknya=/proc/60 HTTP/1.1" 200 4020 "https://artesaniascolombianas.net.co/?loknya=/proc/60" "Mozilla/5.0 AppleWebKit/537.36 (KHTML, like Gecko; compatible; GPTBot/1.4; +https://openai.com/gptbot)"
74.7.241.13 - - [09/Sep/2026:07:16:37 -0500] "GET /?loknya=/sys/class/net/eth0/subsystem/eth0/device/subsystem/drivers/virtio_net/virtio0/net/eth0/device/subsystem/devices/virtio1/driver/ HTTP/1.1" 200 15097 "https://mail.artesaniascolombianas.net.co/?loknya=/sys/class/net/eth0/subsystem/eth0/device/subsystem/drivers/virtio_net/virtio0/net/eth0/device/subsystem/devices/virtio1/driver/module" "Mozilla/5.0 AppleWebKit/537.36 (KHTML, like Gecko; compatible; GPTBot/1.4; +https://openai.com/gptbot)"
2a03:2880:f802:11:: - - [09/Sep/2026:07:16:37 -0500] "GET /?v=7945196194 HTTP/1.1" 200 39909 "-" "Mozilla/5.0 (Windows NT 10.0; Win64; x64) AppleWebKit/537.36 (KHTML, like Gecko) Chrome/145.0.0.0 Safari/537.36 (compatible; meta-externalagent/1.1 (+https://developers.facebook.com/docs/sharing/webmasters/crawler))"
74.7.241.42 - - [09/Sep/2026:07:16:37 -0500] "GET /index.php?lokasie=/usr/share/doc/cloud-init/userdata.txt&loknya=/usr/share/doc/cloud-init HTTP/1.1" 200 7611 "https://www.artesaniascolombianas.net.co/index.php?loknya=/usr/share/doc/cloud-init" "Mozilla/5.0 AppleWebKit/537.36 (KHTML, like Gecko; compatible; GPTBot/1.4; +https://openai.com/gptbot)"
2a03:2880:f802:2e:: - - [09/Sep/2026:07:16:37 -0500] "GET /?b=47659161294 HTTP/1.1" 200 39909 "-" "Mozilla/5.0 (Windows NT 10.0; Win64; x64) AppleWebKit/537.36 (KHTML, like Gecko) Chrome/145.0.0.0 Safari/537.36 (compatible; meta-externalagent/1.1 (+https://developers.facebook.com/docs/sharing/webmasters/crawler))"
2a03:2880:f802:30:: - - [09/Sep/2026:07:16:37 -0500] "GET /?i=36798119849 HTTP/1.1" 200 39909 "-" "Mozilla/5.0 (Windows NT 10.0; Win64; x64) AppleWebKit/537.36 (KHTML, like Gecko) Chrome/145.0.0.0 Safari/537.36 (compatible; meta-externalagent/1.1 (+https://developers.facebook.com/docs/sharing/webmasters/crawler))"
74.7.241.13 - - [09/Sep/2026:07:16:37 -0500] "GET /?loknya=/sys/class/net/eth0/subsystem/eth0/device/subsystem/drivers/virtio_net/virtio0/net/eth0/device/subsystem/devices/virtio1/host2/subsystem/devices HTTP/1.1" 200 14573 "https://mail.artesaniascolombianas.net.co/?loknya=/sys/class/net/eth0/subsystem/eth0/device/subsystem/drivers/virtio_net/virtio0/net/eth0/device/subsystem/devices/virtio1/host2/subsystem" "Mozilla/5.0 AppleWebKit/537.36 (KHTML, like Gecko; compatible; GPTBot/1.4; +https://openai.com/gptbot)"
74.7.242.34 - - [09/Sep/2026:07:16:37 -0500] "GET /?lokasie=/proc/32/smaps&loknya=/proc/32 HTTP/1.1" 200 4021 "https://artesaniascolombianas.net.co/?loknya=/proc/32" "Mozilla/5.0 AppleWebKit/537.36 (KHTML, like Gecko; compatible; GPTBot/1.4; +https://openai.com/gptbot)"
2a03:2880:f802:e:: - - [09/Sep/2026:07:16:37 -0500] "GET /?x=7885540320 HTTP/1.1" 200 39908 "-" "Mozilla/5.0 (X11; Linux x86_64) AppleWebKit/537.36 (KHTML, like Gecko) Chrome/145.0.0.0 Safari/537.36 (compatible; meta-externalagent/1.1 (+https://developers.facebook.com/docs/sharing/webmasters/crawler))"
74.7.241.42 - - [09/Sep/2026:07:16:37 -0500] "GET /index.php?lokasie=/usr/share/man/man1/show-installed.1.gz&loknya=/usr/share/man/man1 HTTP/1.1" 200 4137 "https://www.artesaniascolombianas.net.co/index.php?loknya=/usr/share/man/man1" "Mozilla/5.0 AppleWebKit/537.36 (KHTML, like Gecko; compatible; GPTBot/1.4; +https://openai.com/gptbot)"
2a03:2880:f802:10:: - - [09/Sep/2026:07:16:37 -0500] "GET /?v=8587394805 HTTP/1.1" 200 39909 "-" "Mozilla/5.0 (Windows NT 10.0; Win64; x64) AppleWebKit/537.36 (KHTML, like Gecko) Chrome/145.0.0.0 Safari/537.36 (compatible; meta-externalagent/1.1 (+https://developers.facebook.com/docs/sharing/webmasters/crawler))"
74.7.242.34 - - [09/Sep/2026:07:16:37 -0500] "GET /?lokasie=/proc/30/smaps&loknya=/proc/30 HTTP/1.1" 200 4021 "https://artesaniascolombianas.net.co/?loknya=/proc/30" "Mozilla/5.0 AppleWebKit/537.36 (KHTML, like Gecko; compatible; GPTBot/1.4; +https://openai.com/gptbot)"
74.7.241.13 - - [09/Sep/2026:07:16:37 -0500] "GET /?loknya=/sys/class/net/eth0/subsystem/eth0/device/subsystem/drivers/virtio_net/virtio0/net/eth0/device/subsystem/devices/virtio0/driver/module/drivers HTTP/1.1" 200 8916 "https://mail.artesaniascolombianas.net.co/?loknya=/sys/class/net/eth0/subsystem/eth0/device/subsystem/drivers/virtio_net/virtio0/net/eth0/device/subsystem/devices/virtio0/driver/module" "Mozilla/5.0 AppleWebKit/537.36 (KHTML, like Gecko; compatible; GPTBot/1.4; +https://openai.com/gptbot)"
74.7.241.42 - - [09/Sep/2026:07:16:38 -0500] "GET /index.php?lokasie=/usr/share/man/man8/update-cracklib.8.gz&loknya=/usr/share/man/man8 HTTP/1.1" 200 4138 "https://www.artesaniascolombianas.net.co/index.php?loknya=/usr/share/man/man8" "Mozilla/5.0 AppleWebKit/537.36 (KHTML, like Gecko; compatible; GPTBot/1.4; +https://openai.com/gptbot)"
74.7.242.34 - - [09/Sep/2026:07:16:38 -0500] "GET /?lokasie=/proc/47/smaps&loknya=/proc/47 HTTP/1.1" 200 4021 "https://artesaniascolombianas.net.co/?loknya=/proc/47" "Mozilla/5.0 AppleWebKit/537.36 (KHTML, like Gecko; compatible; GPTBot/1.4; +https://openai.com/gptbot)"
74.7.241.13 - - [09/Sep/2026:07:16:38 -0500] "GET /?loknya=/sys/class/net/eth0/subsystem/eth0/device/driver/virtio0/net/eth0/device/subsystem/drivers/virtio_console/virtio2/virtio-ports/ HTTP/1.1" 200 8243 "https://mail.artesaniascolombianas.net.co/?loknya=/sys/class/net/eth0/subsystem/eth0/device/driver/virtio0/net/eth0/device/subsystem/drivers/virtio_console/virtio2/virtio-ports/vport2p1" "Mozilla/5.0 AppleWebKit/537.36 (KHTML, like Gecko; compatible; GPTBot/1.4; +https://openai.com/gptbot)"
2a03:2880:f802:a:: - - [09/Sep/2026:07:16:38 -0500] "GET /?x=78855242717 HTTP/1.1" 200 39908 "-" "Mozilla/5.0 (Windows NT 10.0; Win64; x64) AppleWebKit/537.36 (KHTML, like Gecko) Chrome/145.0.0.0 Safari/537.36 (compatible; meta-externalagent/1.1 (+https://developers.facebook.com/docs/sharing/webmasters/crawler))"
74.7.241.42 - - [09/Sep/2026:07:16:38 -0500] "GET /index.php?lokasie=/usr/share/man/man1/euform-update-stack.1.gz&loknya=/usr/share/man/man1 HTTP/1.1" 200 4142 "https://www.artesaniascolombianas.net.co/index.php?loknya=/usr/share/man/man1" "Mozilla/5.0 AppleWebKit/537.36 (KHTML, like Gecko; compatible; GPTBot/1.4; +https://openai.com/gptbot)"
74.7.241.13 - - [09/Sep/2026:07:16:38 -0500] "GET /?loknya=/sys/class/net/eth0/subsystem/eth0/device/net/eth0/device/driver/virtio0/subsystem/drivers/virtio_console/virtio2/virtio-ports/ HTTP/1.1" 200 8230 "https://mail.artesaniascolombianas.net.co/?loknya=/sys/class/net/eth0/subsystem/eth0/device/net/eth0/device/driver/virtio0/subsystem/drivers/virtio_console/virtio2/virtio-ports/vport2p1" "Mozilla/5.0 AppleWebKit/537.36 (KHTML, like Gecko; compatible; GPTBot/1.4; +https://openai.com/gptbot)"
74.7.242.34 - - [09/Sep/2026:07:16:39 -0500] "GET /?lokasie=/proc/22/stat&loknya=/proc/22 HTTP/1.1" 200 4201 "https://artesaniascolombianas.net.co/?loknya=/proc/22" "Mozilla/5.0 AppleWebKit/537.36 (KHTML, like Gecko; compatible; GPTBot/1.4; +https://openai.com/gptbot)"
74.7.241.42 - - [09/Sep/2026:07:16:39 -0500] "GET /index.php?lokasie=/usr/share/man/man8/update-smart-drivedb.8.gz&loknya=/usr/share/man/man8 HTTP/1.1" 200 4143 "https://www.artesaniascolombianas.net.co/index.php?loknya=/usr/share/man/man8" "Mozilla/5.0 AppleWebKit/537.36 (KHTML, like Gecko; compatible; GPTBot/1.4; +https://openai.com/gptbot)"
74.7.241.13 - - [09/Sep/2026:07:16:39 -0500] "GET /?loknya=/sys/class/net/eth0/subsystem/eth0/device/net/eth0/device/subsystem/drivers/virtio_console/virtio2/driver/virtio2/virtio-ports/ HTTP/1.1" 200 8252 "https://mail.artesaniascolombianas.net.co/?loknya=/sys/class/net/eth0/subsystem/eth0/device/net/eth0/device/subsystem/drivers/virtio_console/virtio2/driver/virtio2/virtio-ports/vport2p1" "Mozilla/5.0 AppleWebKit/537.36 (KHTML, like Gecko; compatible; GPTBot/1.4; +https://openai.com/gptbot)"
74.7.242.34 - - [09/Sep/2026:07:16:39 -0500] "GET /?lokasie=/proc/28/comm&loknya=/proc/28 HTTP/1.1" 200 4030 "https://artesaniascolombianas.net.co/?loknya=/proc/28" "Mozilla/5.0 AppleWebKit/537.36 (KHTML, like Gecko; compatible; GPTBot/1.4; +https://openai.com/gptbot)"
74.7.241.42 - - [09/Sep/2026:07:16:39 -0500] "GET /index.php?lokasie=/usr/share/man/man3/i2d_X509_ALGOR.3ssl.gz&loknya=/usr/share/man/man3 HTTP/1.1" 200 4140 "https://www.artesaniascolombianas.net.co/index.php?loknya=/usr/share/man/man3" "Mozilla/5.0 AppleWebKit/537.36 (KHTML, like Gecko; compatible; GPTBot/1.4; +https://openai.com/gptbot)"
2a03:2880:f802:49:: - - [09/Sep/2026:07:16:39 -0500] "GET /?v=8587313223 HTTP/1.1" 200 39909 "-" "Mozilla/5.0 (Windows NT 10.0; Win64; x64) AppleWebKit/537.36 (KHTML, like Gecko) Chrome/145.0.0.0 Safari/537.36 (compatible; meta-externalagent/1.1 (+https://developers.facebook.com/docs/sharing/webmasters/crawler))"
74.7.242.34 - - [09/Sep/2026:07:16:39 -0500] "GET /?lokasie=/proc/19/stack&loknya=/proc/19 HTTP/1.1" 200 4021 "https://artesaniascolombianas.net.co/?loknya=/proc/19" "Mozilla/5.0 AppleWebKit/537.36 (KHTML, like Gecko; compatible; GPTBot/1.4; +https://openai.com/gptbot)"
74.7.241.13 - - [09/Sep/2026:07:16:40 -0500] "GET /?loknya=/sys/class/net/eth0/subsystem/eth0/device/subsystem/s/virtio_net/virtio0/net/eth0/device/subsystem/devices/virtio2/virtio2 HTTP/1.1" 200 6999 "https://mail.artesaniascolombianas.net.co/?loknya=/sys/class/net/eth0/subsystem/eth0/device/subsystem/s/virtio_net/virtio0/net/eth0/device/subsystem/devices/virtio2/virtio2/" "Mozilla/5.0 AppleWebKit/537.36 (KHTML, like Gecko; compatible; GPTBot/1.4; +https://openai.com/gptbot)"
74.7.241.42 - - [09/Sep/2026:07:16:40 -0500] "GET /index.php?lokasie=/usr/share/man/man3/d2i_X509_ALGOR.3ssl.gz&loknya=/usr/share/man/man3 HTTP/1.1" 200 4140 "https://www.artesaniascolombianas.net.co/index.php?loknya=/usr/share/man/man3" "Mozilla/5.0 AppleWebKit/537.36 (KHTML, like Gecko; compatible; GPTBot/1.4; +https://openai.com/gptbot)"
74.7.242.34 - - [09/Sep/2026:07:16:40 -0500] "GET /?lokasie=/proc/12/maps&loknya=/proc/12 HTTP/1.1" 200 4020 "https://artesaniascolombianas.net.co/?loknya=/proc/12" "Mozilla/5.0 AppleWebKit/537.36 (KHTML, like Gecko; compatible; GPTBot/1.4; +https://openai.com/gptbot)"
74.7.241.13 - - [09/Sep/2026:07:16:40 -0500] "GET /?loknya=/sys/class/net/eth0/eth0/device/drivers/virtio_net/virtio0/net/eth0/device/devices/virtio1/host2 HTTP/1.1" 200 6480 "https://mail.artesaniascolombianas.net.co/?loknya=/sys/class/net/eth0/eth0/device/drivers/virtio_net/virtio0/net/eth0/device/devices/virtio1/host2/" "Mozilla/5.0 AppleWebKit/537.36 (KHTML, like Gecko; compatible; GPTBot/1.4; +https://openai.com/gptbot)"
74.7.241.42 - - [09/Sep/2026:07:16:40 -0500] "GET /index.php?lokasie=/usr/share/man/man1/type.1.gz&loknya=/usr/share/man/man1 HTTP/1.1" 200 4127 "https://www.artesaniascolombianas.net.co/index.php?loknya=/usr/share/man/man1" "Mozilla/5.0 AppleWebKit/537.36 (KHTML, like Gecko; compatible; GPTBot/1.4; +https://openai.com/gptbot)"
74.7.241.13 - - [09/Sep/2026:07:16:40 -0500] "GET /?loknya=/sys/class/net/eth0/eth0/device/drivers/virtio_net/virtio0/net/eth0/device/devices HTTP/1.1" 200 6190 "https://mail.artesaniascolombianas.net.co/?loknya=/sys/class/net/eth0/eth0/device/drivers/virtio_net/virtio0/net/eth0/device/devices/virtio1/host2/" "Mozilla/5.0 AppleWebKit/537.36 (KHTML, like Gecko; compatible; GPTBot/1.4; +https://openai.com/gptbot)"
74.7.242.34 - - [09/Sep/2026:07:16:41 -0500] "GET /?lokasie=/proc/10/maps&loknya=/proc/10 HTTP/1.1" 200 4020 "https://artesaniascolombianas.net.co/?loknya=/proc/10" "Mozilla/5.0 AppleWebKit/537.36 (KHTML, like Gecko; compatible; GPTBot/1.4; +https://openai.com/gptbot)"
2a03:2880:f802:e:: - - [09/Sep/2026:07:16:41 -0500] "GET /?u=3977490592 HTTP/1.1" 200 39908 "-" "Mozilla/5.0 (Macintosh; Intel Mac OS X 10_15_7) AppleWebKit/537.36 (KHTML, like Gecko) Chrome/145.0.0.0 Safari/537.36 (compatible; meta-externalagent/1.1 (+https://developers.facebook.com/docs/sharing/webmasters/crawler))"
74.7.241.42 - - [09/Sep/2026:07:16:41 -0500] "GET /index.php?lokasie=/usr/share/doc/pure-ftpd/README.Authentication-Modules&loknya=/usr/share/doc/pure-ftpd HTTP/1.1" 200 8968 "https://www.artesaniascolombianas.net.co/index.php?loknya=/usr/share/doc/pure-ftpd" "Mozilla/5.0 AppleWebKit/537.36 (KHTML, like Gecko; compatible; GPTBot/1.4; +https://openai.com/gptbot)"
2a03:2880:f802:12:: - - [09/Sep/2026:07:16:41 -0500] "GET /?y=25946159451 HTTP/1.1" 200 39909 "-" "Mozilla/5.0 (Windows NT 10.0; Win64; x64) AppleWebKit/537.36 (KHTML, like Gecko) Chrome/145.0.0.0 Safari/537.36 (compatible; meta-externalagent/1.1 (+https://developers.facebook.com/docs/sharing/webmasters/crawler))"
74.7.242.34 - - [09/Sep/2026:07:16:41 -0500] "GET /?lokasie=/proc/47/maps&loknya=/proc/47 HTTP/1.1" 200 4020 "https://artesaniascolombianas.net.co/?loknya=/proc/47" "Mozilla/5.0 AppleWebKit/537.36 (KHTML, like Gecko; compatible; GPTBot/1.4; +https://openai.com/gptbot)"
74.7.241.13 - - [09/Sep/2026:07:16:41 -0500] "GET /?loknya=/sys/class/net/eth0/subsystem/eth0/device/driver/virtio0/net/eth0/device/subsystem/drivers/virtio_console/virtio2/virtio-ports/vport2p1/device HTTP/1.1" 200 23708 "https://mail.artesaniascolombianas.net.co/?loknya=/sys/class/net/eth0/subsystem/eth0/device/driver/virtio0/net/eth0/device/subsystem/drivers/virtio_console/virtio2/virtio-ports/vport2p1" "Mozilla/5.0 AppleWebKit/537.36 (KHTML, like Gecko; compatible; GPTBot/1.4; +https://openai.com/gptbot)"
74.7.241.42 - - [09/Sep/2026:07:16:41 -0500] "GET /index.php?lokasie=/usr/share/doc/pure-ftpd/README.Configuration-File&loknya=/usr/share/doc/pure-ftpd HTTP/1.1" 200 5282 "https://www.artesaniascolombianas.net.co/index.php?loknya=/usr/share/doc/pure-ftpd" "Mozilla/5.0 AppleWebKit/537.36 (KHTML, like Gecko; compatible; GPTBot/1.4; +https://openai.com/gptbot)"
74.7.241.13 - - [09/Sep/2026:07:16:41 -0500] "GET /?loknya=/sys/class/net//s/virtio_net/virtio0/net// HTTP/1.1" 200 5500 "https://mail.artesaniascolombianas.net.co/?loknya=/sys/class/net/eth0/eth0/s/virtio_net/virtio0/net/eth0//" "Mozilla/5.0 AppleWebKit/537.36 (KHTML, like Gecko; compatible; GPTBot/1.4; +https://openai.com/gptbot)"
74.7.242.34 - - [09/Sep/2026:07:16:41 -0500] "GET /?lokasie=/proc/39/comm&loknya=/proc/39 HTTP/1.1" 200 4030 "https://artesaniascolombianas.net.co/?loknya=/proc/39" "Mozilla/5.0 AppleWebKit/537.36 (KHTML, like Gecko; compatible; GPTBot/1.4; +https://openai.com/gptbot)"
2a03:2880:f802:9:: - - [09/Sep/2026:07:16:42 -0500] "GET /?x=78855195836 HTTP/1.1" 200 39908 "-" "Mozilla/5.0 (Windows NT 10.0; Win64; x64) AppleWebKit/537.36 (KHTML, like Gecko) Chrome/145.0.0.0 Safari/537.36 Edg/145.0.0.0 (compatible; meta-externalagent/1.1 (+https://developers.facebook.com/docs/sharing/webmasters/crawler))"
74.7.241.42 - - [09/Sep/2026:07:16:42 -0500] "GET /index.php?lokasie=/usr/share/doc/pure-ftpd/README.Virtual-Users&loknya=/usr/share/doc/pure-ftpd HTTP/1.1" 200 16653 "https://www.artesaniascolombianas.net.co/index.php?loknya=/usr/share/doc/pure-ftpd" "Mozilla/5.0 AppleWebKit/537.36 (KHTML, like Gecko; compatible; GPTBot/1.4; +https://openai.com/gptbot)"
74.7.242.34 - - [09/Sep/2026:07:16:42 -0500] "GET /?lokasie=/proc/17/maps&loknya=/proc/17 HTTP/1.1" 200 4020 "https://artesaniascolombianas.net.co/?loknya=/proc/17" "Mozilla/5.0 AppleWebKit/537.36 (KHTML, like Gecko; compatible; GPTBot/1.4; +https://openai.com/gptbot)"
74.7.241.13 - - [09/Sep/2026:07:16:42 -0500] "GET /?loknya=/sys/class/net/eth0/subsystem/eth0/device/net/eth0/device/driver/virtio0/subsystem/drivers/virtio_console/virtio2/virtio-ports/vport2p1/device HTTP/1.1" 200 23695 "https://mail.artesaniascolombianas.net.co/?loknya=/sys/class/net/eth0/subsystem/eth0/device/net/eth0/device/driver/virtio0/subsystem/drivers/virtio_console/virtio2/virtio-ports/vport2p1" "Mozilla/5.0 AppleWebKit/537.36 (KHTML, like Gecko; compatible; GPTBot/1.4; +https://openai.com/gptbot)"
2a03:2880:f802:46:: - - [09/Sep/2026:07:16:42 -0500] "GET /?v=79451165941 HTTP/1.1" 200 39909 "-" "Mozilla/5.0 (Windows NT 10.0; Win64; x64) AppleWebKit/537.36 (KHTML, like Gecko) Chrome/145.0.0.0 Safari/537.36 (compatible; meta-externalagent/1.1 (+https://developers.facebook.com/docs/sharing/webmasters/crawler))"
74.7.241.42 - - [09/Sep/2026:07:16:42 -0500] "GET /index.php?loknya=/usr/share/doc/perl-Module-Metadata-1.000018 HTTP/1.1" 200 8132 "https://www.artesaniascolombianas.net.co/index.php?loknya=/usr/share/doc" "Mozilla/5.0 AppleWebKit/537.36 (KHTML, like Gecko; compatible; GPTBot/1.4; +https://openai.com/gptbot)"
74.7.241.13 - - [09/Sep/2026:07:16:42 -0500] "GET /?loknya=/sys/class/net/eth0/subsystem/eth0/device/subsystem/drivers/virtio_net/virtio0/net/eth0/device/subsystem/virtio1/host2/subsystem/ HTTP/1.1" 200 7059 "https://mail.artesaniascolombianas.net.co/?loknya=/sys/class/net/eth0/subsystem/eth0/device/subsystem/drivers/virtio_net/virtio0/net/eth0/device/subsystem/devices/virtio1/host2/subsystem/devices" "Mozilla/5.0 AppleWebKit/537.36 (KHTML, like Gecko; compatible; GPTBot/1.4; +https://openai.com/gptbot)"
74.7.242.34 - - [09/Sep/2026:07:16:42 -0500] "GET /?lokasie=/proc/62/comm&loknya=/proc/62 HTTP/1.1" 200 4030 "https://artesaniascolombianas.net.co/?loknya=/proc/62" "Mozilla/5.0 AppleWebKit/537.36 (KHTML, like Gecko; compatible; GPTBot/1.4; +https://openai.com/gptbot)"
2a03:2880:f802:1e:: - - [09/Sep/2026:07:16:43 -0500] "GET /?b=47659139084 HTTP/1.1" 200 39909 "-" "Mozilla/5.0 (Windows NT 10.0; Win64; x64) AppleWebKit/537.36 (KHTML, like Gecko) Chrome/145.0.0.0 Safari/537.36 (compatible; meta-externalagent/1.1 (+https://developers.facebook.com/docs/sharing/webmasters/crawler))"
74.7.241.42 - - [09/Sep/2026:07:16:43 -0500] "GET /index.php?lokasie=/usr/share/doc/GeoIP-1.5.0/TODO&loknya=/usr/share/doc/GeoIP-1.5.0 HTTP/1.1" 200 6717 "https://www.artesaniascolombianas.net.co/index.php?loknya=/usr/share/doc/GeoIP-1.5.0" "Mozilla/5.0 AppleWebKit/537.36 (KHTML, like Gecko; compatible; GPTBot/1.4; +https://openai.com/gptbot)"
74.7.241.13 - - [09/Sep/2026:07:16:43 -0500] "GET /?loknya=/sys/class/net/eth0/subsystem/eth0/device/subsystem/virtio_net/virtio0/net/eth0/device/subsystem/devices/virtio0/driver/module/ HTTP/1.1" 200 7080 "https://mail.artesaniascolombianas.net.co/?loknya=/sys/class/net/eth0/subsystem/eth0/device/subsystem/drivers/virtio_net/virtio0/net/eth0/device/subsystem/devices/virtio0/driver/module/drivers" "Mozilla/5.0 AppleWebKit/537.36 (KHTML, like Gecko; compatible; GPTBot/1.4; +https://openai.com/gptbot)"
74.7.242.34 - - [09/Sep/2026:07:16:43 -0500] "GET /?lokasie=/proc/63/stack&loknya=/proc/63 HTTP/1.1" 200 4021 "https://artesaniascolombianas.net.co/?loknya=/proc/63" "Mozilla/5.0 AppleWebKit/537.36 (KHTML, like Gecko; compatible; GPTBot/1.4; +https://openai.com/gptbot)"
74.7.241.42 - - [09/Sep/2026:07:16:43 -0500] "GET /index.php?lokasie=/usr/share/man/man3/Encode::KR::2022_KR.3pm.gz&loknya=/usr/share/man/man3 HTTP/1.1" 200 4144 "https://www.artesaniascolombianas.net.co/index.php?loknya=/usr/share/man/man3" "Mozilla/5.0 AppleWebKit/537.36 (KHTML, like Gecko; compatible; GPTBot/1.4; +https://openai.com/gptbot)"
2a03:2880:f802:2e:: - - [09/Sep/2026:07:16:43 -0500] "GET /?i=36798272832 HTTP/1.1" 200 39909 "-" "Mozilla/5.0 (Windows NT 10.0; Win64; x64) AppleWebKit/537.36 (KHTML, like Gecko) Chrome/145.0.0.0 Safari/537.36 (compatible; meta-externalagent/1.1 (+https://developers.facebook.com/docs/sharing/webmasters/crawler))"
74.7.241.13 - - [09/Sep/2026:07:16:43 -0500] "GET /?loknya=/sys/class/net/eth0/subsystem/eth0/device/net/eth0/device/subsystem/drivers/virtio_console/virtio2/driver/virtio2/virtio-ports/vport2p1/device HTTP/1.1" 200 23717 "https://mail.artesaniascolombianas.net.co/?loknya=/sys/class/net/eth0/subsystem/eth0/device/net/eth0/device/subsystem/drivers/virtio_console/virtio2/driver/virtio2/virtio-ports/vport2p1" "Mozilla/5.0 AppleWebKit/537.36 (KHTML, like Gecko; compatible; GPTBot/1.4; +https://openai.com/gptbot)"
74.7.242.34 - - [09/Sep/2026:07:16:44 -0500] "GET /?lokasie=/proc/50/smaps&loknya=/proc/50 HTTP/1.1" 200 4021 "https://artesaniascolombianas.net.co/?loknya=/proc/50" "Mozilla/5.0 AppleWebKit/537.36 (KHTML, like Gecko; compatible; GPTBot/1.4; +https://openai.com/gptbot)"
2a03:2880:f802:33:: - - [09/Sep/2026:07:16:44 -0500] "GET /?u=3977438889 HTTP/1.1" 200 39909 "-" "Mozilla/5.0 (Macintosh; Intel Mac OS X 10_15_7) AppleWebKit/537.36 (KHTML, like Gecko) Chrome/145.0.0.0 Safari/537.36 (compatible; meta-externalagent/1.1 (+https://developers.facebook.com/docs/sharing/webmasters/crawler))"
74.7.241.42 - - [09/Sep/2026:07:16:44 -0500] "GET /index.php?lokasie=/usr/share/man/man3/XWarpPointer.3.gz&loknya=/usr/share/man/man3 HTTP/1.1" 200 4135 "https://www.artesaniascolombianas.net.co/index.php?loknya=/usr/share/man/man3" "Mozilla/5.0 AppleWebKit/537.36 (KHTML, like Gecko; compatible; GPTBot/1.4; +https://openai.com/gptbot)"
2a03:2880:f802:31:: - - [09/Sep/2026:07:16:44 -0500] "GET /?v=79451143279 HTTP/1.1" 200 39909 "-" "Mozilla/5.0 (Windows NT 10.0; Win64; x64) AppleWebKit/537.36 (KHTML, like Gecko) Chrome/145.0.0.0 Safari/537.36 (compatible; meta-externalagent/1.1 (+https://developers.facebook.com/docs/sharing/webmasters/crawler))"
74.7.241.13 - - [09/Sep/2026:07:16:44 -0500] "GET /?loknya=/sys/class/net/eth0/subsystem/eth0/device/subsystem/drivers/virtio_net/virtio0/net/eth0/device/subsystem/devices/virtio1/driver/module/sections HTTP/1.1" 200 38283 "https://mail.artesaniascolombianas.net.co/?loknya=/sys/class/net/eth0/subsystem/eth0/device/subsystem/drivers/virtio_net/virtio0/net/eth0/device/subsystem/devices/virtio1/driver/module" "Mozilla/5.0 AppleWebKit/537.36 (KHTML, like Gecko; compatible; GPTBot/1.4; +https://openai.com/gptbot)"
74.7.242.34 - - [09/Sep/2026:07:16:44 -0500] "GET /?lokasie=/proc/58/stack&loknya=/proc/58 HTTP/1.1" 200 4021 "https://artesaniascolombianas.net.co/?loknya=/proc/58" "Mozilla/5.0 AppleWebKit/537.36 (KHTML, like Gecko; compatible; GPTBot/1.4; +https://openai.com/gptbot)"
74.7.241.42 - - [09/Sep/2026:07:16:44 -0500] "GET /index.php?loknya=/usr/share/doc/device-mapper-persistent-data-0.8.5 HTTP/1.1" 200 8207 "https://www.artesaniascolombianas.net.co/index.php?loknya=/usr/share/doc" "Mozilla/5.0 AppleWebKit/537.36 (KHTML, like Gecko; compatible; GPTBot/1.4; +https://openai.com/gptbot)"
2a03:2880:f802:e:: - - [09/Sep/2026:07:16:44 -0500] "GET /?y=2594644442 HTTP/1.1" 200 39908 "-" "Mozilla/5.0 (Windows NT 10.0; Win64; x64) AppleWebKit/537.36 (KHTML, like Gecko) Chrome/145.0.0.0 Safari/537.36 (compatible; meta-externalagent/1.1 (+https://developers.facebook.com/docs/sharing/webmasters/crawler))"
74.7.242.34 - - [09/Sep/2026:07:16:45 -0500] "GET /?lokasie=/proc/14/maps&loknya=/proc/14 HTTP/1.1" 200 4020 "https://artesaniascolombianas.net.co/?loknya=/proc/14" "Mozilla/5.0 AppleWebKit/537.36 (KHTML, like Gecko; compatible; GPTBot/1.4; +https://openai.com/gptbot)"
74.7.241.13 - - [09/Sep/2026:07:16:45 -0500] "GET /?loknya=/sys/class/net/eth0/subsystem/eth0/device/subsystem/drivers/virtio_net/virtio0/net/eth0/device/subsystem/devices/virtio1/driver/module/drivers HTTP/1.1" 200 8920 "https://mail.artesaniascolombianas.net.co/?loknya=/sys/class/net/eth0/subsystem/eth0/device/subsystem/drivers/virtio_net/virtio0/net/eth0/device/subsystem/devices/virtio1/driver/module" "Mozilla/5.0 AppleWebKit/537.36 (KHTML, like Gecko; compatible; GPTBot/1.4; +https://openai.com/gptbot)"
74.7.241.42 - - [09/Sep/2026:07:16:45 -0500] "GET /index.php?loknya=/usr/share/man/ HTTP/1.1" 200 52016 "https://www.artesaniascolombianas.net.co/index.php?loknya=/usr/share/man/man9" "Mozilla/5.0 AppleWebKit/537.36 (KHTML, like Gecko; compatible; GPTBot/1.4; +https://openai.com/gptbot)"
2a03:2880:f802:44:: - - [09/Sep/2026:07:16:45 -0500] "GET /?l=7093916368 HTTP/1.1" 200 39909 "-" "Mozilla/5.0 (Macintosh; Intel Mac OS X 10_15_7) AppleWebKit/537.36 (KHTML, like Gecko) Chrome/145.0.0.0 Safari/537.36 (compatible; meta-externalagent/1.1 (+https://developers.facebook.com/docs/sharing/webmasters/crawler))"
74.7.241.13 - - [09/Sep/2026:07:16:45 -0500] "GET /?loknya=/sys/class/net/eth0/subsystem/eth0/device/subsystem/drivers/virtio_net/virtio0/net/eth0/device/subsystem/devices/virtio0/driver/module/parameters HTTP/1.1" 200 12869 "https://mail.artesaniascolombianas.net.co/?loknya=/sys/class/net/eth0/subsystem/eth0/device/subsystem/drivers/virtio_net/virtio0/net/eth0/device/subsystem/devices/virtio0/driver/module" "Mozilla/5.0 AppleWebKit/537.36 (KHTML, like Gecko; compatible; GPTBot/1.4; +https://openai.com/gptbot)"
74.7.242.34 - - [09/Sep/2026:07:16:45 -0500] "GET /?lokasie=/proc/36/maps&loknya=/proc/36 HTTP/1.1" 200 4020 "https://artesaniascolombianas.net.co/?loknya=/proc/36" "Mozilla/5.0 AppleWebKit/537.36 (KHTML, like Gecko; compatible; GPTBot/1.4; +https://openai.com/gptbot)"
2a03:2880:f802:16:: - - [09/Sep/2026:07:16:45 -0500] "GET /?i=36798162413 HTTP/1.1" 200 39909 "-" "Mozilla/5.0 (Windows NT 10.0; Win64; x64) AppleWebKit/537.36 (KHTML, like Gecko) Chrome/145.0.0.0 Safari/537.36 (compatible; meta-externalagent/1.1 (+https://developers.facebook.com/docs/sharing/webmasters/crawler))"
2a03:2880:f802:22:: - - [09/Sep/2026:07:16:45 -0500] "GET /?i=36798213940 HTTP/1.1" 200 39909 "-" "Mozilla/5.0 (Macintosh; Intel Mac OS X 10_15_7) AppleWebKit/537.36 (KHTML, like Gecko) Chrome/145.0.0.0 Safari/537.36 (compatible; meta-externalagent/1.1 (+https://developers.facebook.com/docs/sharing/webmasters/crawler))"
74.7.241.42 - - [09/Sep/2026:07:16:45 -0500] "GET /index.php?loknya=/usr/share/egl HTTP/1.1" 200 6255 "https://www.artesaniascolombianas.net.co/index.php?loknya=/usr/share" "Mozilla/5.0 AppleWebKit/537.36 (KHTML, like Gecko; compatible; GPTBot/1.4; +https://openai.com/gptbot)"
2a03:2880:f802:27:: - - [09/Sep/2026:07:16:45 -0500] "GET /?i=3679810147 HTTP/1.1" 200 39909 "-" "Mozilla/5.0 (Windows NT 10.0; Win64; x64) AppleWebKit/537.36 (KHTML, like Gecko) Chrome/145.0.0.0 Safari/537.36 (compatible; meta-externalagent/1.1 (+https://developers.facebook.com/docs/sharing/webmasters/crawler))"
74.7.241.13 - - [09/Sep/2026:07:16:45 -0500] "GET /?loknya=/sys/class/net/eth0/subsystem/eth0/device/subsystem/drivers/virtio_net/virtio0/net/eth0/device/subsystem/devices/virtio1/host2/subsystem/drivers HTTP/1.1" 200 8873 "https://mail.artesaniascolombianas.net.co/?loknya=/sys/class/net/eth0/subsystem/eth0/device/subsystem/drivers/virtio_net/virtio0/net/eth0/device/subsystem/devices/virtio1/host2/subsystem" "Mozilla/5.0 AppleWebKit/537.36 (KHTML, like Gecko; compatible; GPTBot/1.4; +https://openai.com/gptbot)"
2a03:2880:f802:45:: - - [09/Sep/2026:07:16:46 -0500] "GET /?v=79451195226 HTTP/1.1" 200 39909 "-" "Mozilla/5.0 (Windows NT 10.0; Win64; x64) AppleWebKit/537.36 (KHTML, like Gecko) Chrome/145.0.0.0 Safari/537.36 (compatible; meta-externalagent/1.1 (+https://developers.facebook.com/docs/sharing/webmasters/crawler))"
74.7.242.34 - - [09/Sep/2026:07:16:46 -0500] "GET /?lokasie=/proc/22/statm&loknya=/proc/22 HTTP/1.1" 200 4035 "https://artesaniascolombianas.net.co/?loknya=/proc/22" "Mozilla/5.0 AppleWebKit/537.36 (KHTML, like Gecko; compatible; GPTBot/1.4; +https://openai.com/gptbot)"
74.7.241.42 - - [09/Sep/2026:07:16:46 -0500] "GET /index.php?loknya=/usr/share/vim HTTP/1.1" 200 7215 "https://www.artesaniascolombianas.net.co/index.php?loknya=/usr/share" "Mozilla/5.0 AppleWebKit/537.36 (KHTML, like Gecko; compatible; GPTBot/1.4; +https://openai.com/gptbot)"
74.7.241.13 - - [09/Sep/2026:07:16:46 -0500] "GET /?loknya=/sys/class/net/eth0/subsystem/eth0/device/subsystem/drivers/virtio_net/virtio0/net/eth0/device/subsystem/devices/virtio1/driver/module/holders HTTP/1.1" 200 7448 "https://mail.artesaniascolombianas.net.co/?loknya=/sys/class/net/eth0/subsystem/eth0/device/subsystem/drivers/virtio_net/virtio0/net/eth0/device/subsystem/devices/virtio1/driver/module" "Mozilla/5.0 AppleWebKit/537.36 (KHTML, like Gecko; compatible; GPTBot/1.4; +https://openai.com/gptbot)"
74.7.242.34 - - [09/Sep/2026:07:16:46 -0500] "GET /?lokasie=/proc/33/statm&loknya=/proc/33 HTTP/1.1" 200 4035 "https://artesaniascolombianas.net.co/?loknya=/proc/33" "Mozilla/5.0 AppleWebKit/537.36 (KHTML, like Gecko; compatible; GPTBot/1.4; +https://openai.com/gptbot)"
2a03:2880:f802:48:: - - [09/Sep/2026:07:16:46 -0500] "GET /?u=39774258854 HTTP/1.1" 200 39909 "-" "Mozilla/5.0 (Macintosh; Intel Mac OS X 10_15_7) AppleWebKit/537.36 (KHTML, like Gecko) Chrome/145.0.0.0 Safari/537.36 (compatible; meta-externalagent/1.1 (+https://developers.facebook.com/docs/sharing/webmasters/crawler))"
74.7.241.42 - - [09/Sep/2026:07:16:46 -0500] "GET /index.php?loknya=/usr/share/lua HTTP/1.1" 200 6176 "https://www.artesaniascolombianas.net.co/index.php?loknya=/usr/share" "Mozilla/5.0 AppleWebKit/537.36 (KHTML, like Gecko; compatible; GPTBot/1.4; +https://openai.com/gptbot)"
74.7.241.13 - - [09/Sep/2026:07:16:46 -0500] "GET /?loknya=/sys/class/net/eth0/subsystem/eth0/device/driver/virtio0/net/eth0/device/subsystem/drivers/virtio_console/virtio2/virtio-ports/vport2p1/device/virtio-ports HTTP/1.1" 200 8950 "https://mail.artesaniascolombianas.net.co/?loknya=/sys/class/net/eth0/subsystem/eth0/device/driver/virtio0/net/eth0/device/subsystem/drivers/virtio_console/virtio2/virtio-ports/vport2p1/device" "Mozilla/5.0 AppleWebKit/537.36 (KHTML, like Gecko; compatible; GPTBot/1.4; +https://openai.com/gptbot)"
74.7.242.34 - - [09/Sep/2026:07:16:46 -0500] "GET /?lokasie=/proc/30/stack&loknya=/proc/30 HTTP/1.1" 200 4021 "https://artesaniascolombianas.net.co/?loknya=/proc/30" "Mozilla/5.0 AppleWebKit/537.36 (KHTML, like Gecko; compatible; GPTBot/1.4; +https://openai.com/gptbot)"
