2a03:2880:f802:1:: - - [09/Sep/2026:07:17:21 -0500] "GET /?u=39774239536 HTTP/1.1" 200 39908 "-" "Mozilla/5.0 (Windows NT 10.0; Win64; x64) AppleWebKit/537.36 (KHTML, like Gecko) Chrome/145.0.0.0 Safari/537.36 (compatible; meta-externalagent/1.1 (+https://developers.facebook.com/docs/sharing/webmasters/crawler))"
2a03:2880:f802:11:: - - [09/Sep/2026:07:17:21 -0500] "GET /?l=70939164520 HTTP/1.1" 200 39909 "-" "Mozilla/5.0 (Windows NT 10.0; Win64; x64) AppleWebKit/537.36 (KHTML, like Gecko) Chrome/145.0.0.0 Safari/537.36 (compatible; meta-externalagent/1.1 (+https://developers.facebook.com/docs/sharing/webmasters/crawler))"
74.7.241.42 - - [09/Sep/2026:07:17:21 -0500] "GET /index.php?lokasie=/usr/share/man/man3/Tcl_NumUtfChars.3.gz&loknya=/usr/share/man/man3 HTTP/1.1" 200 4138 "https://www.artesaniascolombianas.net.co/index.php?loknya=/usr/share/man/man3" "Mozilla/5.0 AppleWebKit/537.36 (KHTML, like Gecko; compatible; GPTBot/1.4; +https://openai.com/gptbot)"
2a03:2880:f802:8:: - - [09/Sep/2026:07:17:21 -0500] "GET /?l=70939255053 HTTP/1.1" 200 39908 "-" "Mozilla/5.0 (Windows NT 10.0; Win64; x64) AppleWebKit/537.36 (KHTML, like Gecko) Chrome/145.0.0.0 Safari/537.36 (compatible; meta-externalagent/1.1 (+https://developers.facebook.com/docs/sharing/webmasters/crawler))"
74.7.241.13 - - [09/Sep/2026:07:17:21 -0500] "GET /?loknya=/sys/class/net/eth0/subsystem/eth0/net/eth0/subsystem/drivers/virtio_console/driver/virtio-ports/vport2p1 HTTP/1.1" 200 6435 "https://mail.artesaniascolombianas.net.co/?loknya=/sys/class/net/eth0/subsystem/eth0/net/eth0/subsystem/drivers/virtio_console/driver/virtio-ports/vport2p1/" "Mozilla/5.0 AppleWebKit/537.36 (KHTML, like Gecko; compatible; GPTBot/1.4; +https://openai.com/gptbot)"
74.7.242.34 - - [09/Sep/2026:07:17:22 -0500] "GET /?lokasie=/proc/12/comm&loknya=/proc/12 HTTP/1.1" 200 4031 "https://artesaniascolombianas.net.co/?loknya=/proc/12" "Mozilla/5.0 AppleWebKit/537.36 (KHTML, like Gecko; compatible; GPTBot/1.4; +https://openai.com/gptbot)"
74.7.241.42 - - [09/Sep/2026:07:17:22 -0500] "GET /index.php?lokasie=/usr/share/man/man3/Tcl_SplitPath.3.gz&loknya=/usr/share/man/man3 HTTP/1.1" 200 4136 "https://www.artesaniascolombianas.net.co/index.php?loknya=/usr/share/man/man3" "Mozilla/5.0 AppleWebKit/537.36 (KHTML, like Gecko; compatible; GPTBot/1.4; +https://openai.com/gptbot)"
74.7.241.13 - - [09/Sep/2026:07:17:22 -0500] "GET /?loknya=/sys/class/net/eth0/subsystem/eth0/device/driver/virtio0/net/eth0/device/subsystem/drivers/virtio_console/virtio2/virtio-ports/vport2p1/device/power HTTP/1.1" 200 24111 "https://mail.artesaniascolombianas.net.co/?loknya=/sys/class/net/eth0/subsystem/eth0/device/driver/virtio0/net/eth0/device/subsystem/drivers/virtio_console/virtio2/virtio-ports/vport2p1/device" "Mozilla/5.0 AppleWebKit/537.36 (KHTML, like Gecko; compatible; GPTBot/1.4; +https://openai.com/gptbot)"
74.7.242.34 - - [09/Sep/2026:07:17:22 -0500] "GET /?lokasie=/proc/17/stack&loknya=/proc/17 HTTP/1.1" 200 4021 "https://artesaniascolombianas.net.co/?loknya=/proc/17" "Mozilla/5.0 AppleWebKit/537.36 (KHTML, like Gecko; compatible; GPTBot/1.4; +https://openai.com/gptbot)"
2a03:2880:f802:2e:: - - [09/Sep/2026:07:17:22 -0500] "GET /?l=70939271828 HTTP/1.1" 200 39909 "-" "Mozilla/5.0 (Windows NT 10.0; Win64; x64) AppleWebKit/537.36 (KHTML, like Gecko) Chrome/145.0.0.0 Safari/537.36 (compatible; meta-externalagent/1.1 (+https://developers.facebook.com/docs/sharing/webmasters/crawler))"
74.7.241.42 - - [09/Sep/2026:07:17:22 -0500] "GET /index.php?lokasie=/usr/share/man/man3/WidthMMOfScreen.3.gz&loknya=/usr/share/man/man3 HTTP/1.1" 200 4138 "https://www.artesaniascolombianas.net.co/index.php?loknya=/usr/share/man/man3" "Mozilla/5.0 AppleWebKit/537.36 (KHTML, like Gecko; compatible; GPTBot/1.4; +https://openai.com/gptbot)"
74.7.241.13 - - [09/Sep/2026:07:17:23 -0500] "GET /?loknya=/sys/class/net/eth0/subsystem/eth0/device/net/eth0/device/driver/virtio0/subsystem/drivers/virtio_console/virtio2/virtio-ports/vport2p1/power HTTP/1.1" 200 23646 "https://mail.artesaniascolombianas.net.co/?loknya=/sys/class/net/eth0/subsystem/eth0/device/net/eth0/device/driver/virtio0/subsystem/drivers/virtio_console/virtio2/virtio-ports/vport2p1" "Mozilla/5.0 AppleWebKit/537.36 (KHTML, like Gecko; compatible; GPTBot/1.4; +https://openai.com/gptbot)"
74.7.242.34 - - [09/Sep/2026:07:17:22 -0500] "GET /?lokasie=/proc/50/comm&loknya=/proc/50 HTTP/1.1" 200 4027 "https://artesaniascolombianas.net.co/?loknya=/proc/50" "Mozilla/5.0 AppleWebKit/537.36 (KHTML, like Gecko; compatible; GPTBot/1.4; +https://openai.com/gptbot)"
2a03:2880:f802:e:: - - [09/Sep/2026:07:17:23 -0500] "GET /?x=78855275281 HTTP/1.1" 200 39908 "-" "Mozilla/5.0 (Windows NT 10.0; Win64; x64) AppleWebKit/537.36 (KHTML, like Gecko) Chrome/145.0.0.0 Safari/537.36 (compatible; meta-externalagent/1.1 (+https://developers.facebook.com/docs/sharing/webmasters/crawler))"
2a03:2880:f802:2c:: - - [09/Sep/2026:07:17:23 -0500] "GET /?f=65213103432 HTTP/1.1" 200 39909 "-" "Mozilla/5.0 (Windows NT 10.0; Win64; x64) AppleWebKit/537.36 (KHTML, like Gecko) Chrome/145.0.0.0 Safari/537.36 (compatible; meta-externalagent/1.1 (+https://developers.facebook.com/docs/sharing/webmasters/crawler))"
74.7.241.42 - - [09/Sep/2026:07:17:23 -0500] "GET /index.php?lokasie=/usr/share/man/man3/RAND_bytes.3ssl.gz&loknya=/usr/share/man/man3 HTTP/1.1" 200 4136 "https://www.artesaniascolombianas.net.co/index.php?loknya=/usr/share/man/man3" "Mozilla/5.0 AppleWebKit/537.36 (KHTML, like Gecko; compatible; GPTBot/1.4; +https://openai.com/gptbot)"
74.7.241.13 - - [09/Sep/2026:07:17:23 -0500] "GET /?loknya=/sys/class/net/eth0/subsystem/eth0/device/driver/virtio0/net/eth0/device/subsystem/drivers/virtio_console/virtio2/virtio-ports/vport2p1/power HTTP/1.1" 200 23659 "https://mail.artesaniascolombianas.net.co/?loknya=/sys/class/net/eth0/subsystem/eth0/device/driver/virtio0/net/eth0/device/subsystem/drivers/virtio_console/virtio2/virtio-ports/vport2p1" "Mozilla/5.0 AppleWebKit/537.36 (KHTML, like Gecko; compatible; GPTBot/1.4; +https://openai.com/gptbot)"
74.7.242.34 - - [09/Sep/2026:07:17:23 -0500] "GET /?lokasie=/proc/26/comm&loknya=/proc/26 HTTP/1.1" 200 4033 "https://artesaniascolombianas.net.co/?loknya=/proc/26" "Mozilla/5.0 AppleWebKit/537.36 (KHTML, like Gecko; compatible; GPTBot/1.4; +https://openai.com/gptbot)"
74.7.241.42 - - [09/Sep/2026:07:17:23 -0500] "GET /index.php?lokasie=/usr/share/man/man3/XcmsCIELuv.3.gz&loknya=/usr/share/man/man3 HTTP/1.1" 200 4133 "https://www.artesaniascolombianas.net.co/index.php?loknya=/usr/share/man/man3" "Mozilla/5.0 AppleWebKit/537.36 (KHTML, like Gecko; compatible; GPTBot/1.4; +https://openai.com/gptbot)"
2a03:2880:f802:26:: - - [09/Sep/2026:07:17:23 -0500] "GET /?v=79451185322 HTTP/1.1" 200 39909 "-" "Mozilla/5.0 (Windows NT 10.0; Win64; x64) AppleWebKit/537.36 (KHTML, like Gecko) Chrome/145.0.0.0 Safari/537.36 (compatible; meta-externalagent/1.1 (+https://developers.facebook.com/docs/sharing/webmasters/crawler))"
74.7.242.34 - - [09/Sep/2026:07:17:23 -0500] "GET /?lokasie=/proc/31/smaps&loknya=/proc/31 HTTP/1.1" 200 4021 "https://artesaniascolombianas.net.co/?loknya=/proc/31" "Mozilla/5.0 AppleWebKit/537.36 (KHTML, like Gecko; compatible; GPTBot/1.4; +https://openai.com/gptbot)"
2a03:2880:f802:4a:: - - [09/Sep/2026:07:17:23 -0500] "GET /?l=70939125315 HTTP/1.1" 200 39909 "-" "Mozilla/5.0 (Windows NT 10.0; Win64; x64) AppleWebKit/537.36 (KHTML, like Gecko) Chrome/145.0.0.0 Safari/537.36 (compatible; meta-externalagent/1.1 (+https://developers.facebook.com/docs/sharing/webmasters/crawler))"
74.7.241.13 - - [09/Sep/2026:07:17:24 -0500] "GET /?loknya=/sys/class/net/eth0/subsystem/eth0/device/subsystem/drivers/virtio_net/virtio0/net/eth0/device/subsystem/devices/virtio2/driver/virtio2/driver/module/holders HTTP/1.1" 200 7861 "https://mail.artesaniascolombianas.net.co/?loknya=/sys/class/net/eth0/subsystem/eth0/device/subsystem/drivers/virtio_net/virtio0/net/eth0/device/subsystem/devices/virtio2/driver/virtio2/driver/module" "Mozilla/5.0 AppleWebKit/537.36 (KHTML, like Gecko; compatible; GPTBot/1.4; +https://openai.com/gptbot)"
2a03:2880:f802:e:: - - [09/Sep/2026:07:17:24 -0500] "GET /?y=25946136471 HTTP/1.1" 200 39908 "-" "Mozilla/5.0 (Windows NT 10.0; Win64; x64) AppleWebKit/537.36 (KHTML, like Gecko) Chrome/145.0.0.0 Safari/537.36 (compatible; meta-externalagent/1.1 (+https://developers.facebook.com/docs/sharing/webmasters/crawler))"
74.7.241.42 - - [09/Sep/2026:07:17:24 -0500] "GET /index.php?lokasie=/usr/share/man/man3/EVP_SignInit.3ssl.gz&loknya=/usr/share/man/man3 HTTP/1.1" 200 4138 "https://www.artesaniascolombianas.net.co/index.php?loknya=/usr/share/man/man3" "Mozilla/5.0 AppleWebKit/537.36 (KHTML, like Gecko; compatible; GPTBot/1.4; +https://openai.com/gptbot)"
74.7.241.13 - - [09/Sep/2026:07:17:24 -0500] "GET /?loknya=/sys/class/net/eth0/subsystem/eth0/device/net/eth0/device/driver/virtio0/subsystem/drivers/virtio_console/virtio2/virtio-ports/vport2p1/device/ HTTP/1.1" 200 23729 "https://mail.artesaniascolombianas.net.co/?loknya=/sys/class/net/eth0/subsystem/eth0/device/net/eth0/device/driver/virtio0/subsystem/drivers/virtio_console/virtio2/virtio-ports/vport2p1/device/power" "Mozilla/5.0 AppleWebKit/537.36 (KHTML, like Gecko; compatible; GPTBot/1.4; +https://openai.com/gptbot)"
74.7.242.34 - - [09/Sep/2026:07:17:24 -0500] "GET /?lokasie=/proc/48/stack&loknya=/proc/48 HTTP/1.1" 200 4021 "https://artesaniascolombianas.net.co/?loknya=/proc/48" "Mozilla/5.0 AppleWebKit/537.36 (KHTML, like Gecko; compatible; GPTBot/1.4; +https://openai.com/gptbot)"
74.7.241.42 - - [09/Sep/2026:07:17:24 -0500] "GET /index.php?lokasie=/usr/share/man/man3/Tcl_MutexUnlock.3.gz&loknya=/usr/share/man/man3 HTTP/1.1" 200 4138 "https://www.artesaniascolombianas.net.co/index.php?loknya=/usr/share/man/man3" "Mozilla/5.0 AppleWebKit/537.36 (KHTML, like Gecko; compatible; GPTBot/1.4; +https://openai.com/gptbot)"
2a03:2880:f802:e:: - - [09/Sep/2026:07:17:24 -0500] "GET /?v=85873121425 HTTP/1.1" 200 39908 "-" "Mozilla/5.0 (Macintosh; Intel Mac OS X 10_15_7) AppleWebKit/537.36 (KHTML, like Gecko) Chrome/145.0.0.0 Safari/537.36 (compatible; meta-externalagent/1.1 (+https://developers.facebook.com/docs/sharing/webmasters/crawler))"
74.7.241.13 - - [09/Sep/2026:07:17:24 -0500] "GET /?loknya=/sys/class/net/eth0/subsystem/eth0/device/subsystem/drivers/virtio_net/virtio0/net/eth0/device/subsystem/devices/virtio2/driver/virtio2/driver/module/sections HTTP/1.1" 200 45389 "https://mail.artesaniascolombianas.net.co/?loknya=/sys/class/net/eth0/subsystem/eth0/device/subsystem/drivers/virtio_net/virtio0/net/eth0/device/subsystem/devices/virtio2/driver/virtio2/driver/module" "Mozilla/5.0 AppleWebKit/537.36 (KHTML, like Gecko; compatible; GPTBot/1.4; +https://openai.com/gptbot)"
74.7.242.34 - - [09/Sep/2026:07:17:24 -0500] "GET /?lokasie=/proc/13/comm&loknya=/proc/13 HTTP/1.1" 200 4032 "https://artesaniascolombianas.net.co/?loknya=/proc/13" "Mozilla/5.0 AppleWebKit/537.36 (KHTML, like Gecko; compatible; GPTBot/1.4; +https://openai.com/gptbot)"
74.7.241.42 - - [09/Sep/2026:07:17:25 -0500] "GET /index.php?lokasie=/usr/share/man/man3/Tcl_DStringFree.3.gz&loknya=/usr/share/man/man3 HTTP/1.1" 200 4138 "https://www.artesaniascolombianas.net.co/index.php?loknya=/usr/share/man/man3" "Mozilla/5.0 AppleWebKit/537.36 (KHTML, like Gecko; compatible; GPTBot/1.4; +https://openai.com/gptbot)"
74.7.241.13 - - [09/Sep/2026:07:17:25 -0500] "GET /?loknya=/sys/class/net/eth0/subsystem/eth0/device/subsystem/drivers/virtio_net/virtio0/net/eth0/device/subsystem/devices/virtio2/driver/virtio2/driver/module/notes HTTP/1.1" 200 9748 "https://mail.artesaniascolombianas.net.co/?loknya=/sys/class/net/eth0/subsystem/eth0/device/subsystem/drivers/virtio_net/virtio0/net/eth0/device/subsystem/devices/virtio2/driver/virtio2/driver/module" "Mozilla/5.0 AppleWebKit/537.36 (KHTML, like Gecko; compatible; GPTBot/1.4; +https://openai.com/gptbot)"
74.7.242.34 - - [09/Sep/2026:07:17:25 -0500] "GET /?lokasie=/proc/39/maps&loknya=/proc/39 HTTP/1.1" 200 4020 "https://artesaniascolombianas.net.co/?loknya=/proc/39" "Mozilla/5.0 AppleWebKit/537.36 (KHTML, like Gecko; compatible; GPTBot/1.4; +https://openai.com/gptbot)"
74.7.241.42 - - [09/Sep/2026:07:17:25 -0500] "GET /index.php?lokasie=/usr/share/man/man3/DPMSSetTimeouts.3.gz&loknya=/usr/share/man/man3 HTTP/1.1" 200 4138 "https://www.artesaniascolombianas.net.co/index.php?loknya=/usr/share/man/man3" "Mozilla/5.0 AppleWebKit/537.36 (KHTML, like Gecko; compatible; GPTBot/1.4; +https://openai.com/gptbot)"
74.7.241.13 - - [09/Sep/2026:07:17:25 -0500] "GET /?loknya=/sys/class/net/eth0/subsystem/eth0/device/net/eth0/device/subsystem/drivers/virtio_console/virtio2/driver/virtio2/virtio-ports/vport2p1/power HTTP/1.1" 200 23668 "https://mail.artesaniascolombianas.net.co/?loknya=/sys/class/net/eth0/subsystem/eth0/device/net/eth0/device/subsystem/drivers/virtio_console/virtio2/driver/virtio2/virtio-ports/vport2p1" "Mozilla/5.0 AppleWebKit/537.36 (KHTML, like Gecko; compatible; GPTBot/1.4; +https://openai.com/gptbot)"
74.7.242.34 - - [09/Sep/2026:07:17:25 -0500] "GET /?lokasie=/proc/13/smaps&loknya=/proc/13 HTTP/1.1" 200 4021 "https://artesaniascolombianas.net.co/?loknya=/proc/13" "Mozilla/5.0 AppleWebKit/537.36 (KHTML, like Gecko; compatible; GPTBot/1.4; +https://openai.com/gptbot)"
2a03:2880:f802:3:: - - [09/Sep/2026:07:17:26 -0500] "GET /?b=4765924323 HTTP/1.1" 200 39908 "-" "Mozilla/5.0 (Windows NT 10.0; Win64; x64) AppleWebKit/537.36 (KHTML, like Gecko) Chrome/145.0.0.0 Safari/537.36 (compatible; meta-externalagent/1.1 (+https://developers.facebook.com/docs/sharing/webmasters/crawler))"
74.7.241.42 - - [09/Sep/2026:07:17:26 -0500] "GET /index.php?lokasie=/usr/share/man/man3/AnyDBM_File.3pm.gz&loknya=/usr/share/man/man3 HTTP/1.1" 200 4136 "https://www.artesaniascolombianas.net.co/index.php?loknya=/usr/share/man/man3" "Mozilla/5.0 AppleWebKit/537.36 (KHTML, like Gecko; compatible; GPTBot/1.4; +https://openai.com/gptbot)"
2a03:2880:f802:11:: - - [09/Sep/2026:07:17:26 -0500] "GET /?u=3977475509 HTTP/1.1" 200 39909 "-" "Mozilla/5.0 (X11; Linux x86_64) AppleWebKit/537.36 (KHTML, like Gecko) Chrome/145.0.0.0 Safari/537.36 (compatible; meta-externalagent/1.1 (+https://developers.facebook.com/docs/sharing/webmasters/crawler))"
74.7.242.34 - - [09/Sep/2026:07:17:26 -0500] "GET /?lokasie=/proc/21/smaps&loknya=/proc/21 HTTP/1.1" 200 4021 "https://artesaniascolombianas.net.co/?loknya=/proc/21" "Mozilla/5.0 AppleWebKit/537.36 (KHTML, like Gecko; compatible; GPTBot/1.4; +https://openai.com/gptbot)"
74.7.241.13 - - [09/Sep/2026:07:17:26 -0500] "GET /?loknya=/sys/class/net/eth0/subsystem/eth0/net/eth0/subsystem/drivers/virtio_console/driver/ HTTP/1.1" 200 6098 "https://mail.artesaniascolombianas.net.co/?loknya=/sys/class/net/eth0/subsystem/eth0/net/eth0/subsystem/drivers/virtio_console/driver/virtio-ports" "Mozilla/5.0 AppleWebKit/537.36 (KHTML, like Gecko; compatible; GPTBot/1.4; +https://openai.com/gptbot)"
2a03:2880:f802:46:: - - [09/Sep/2026:07:17:26 -0500] "GET /?v=8587378709 HTTP/1.1" 200 39909 "-" "Mozilla/5.0 (Windows NT 10.0; Win64; x64) AppleWebKit/537.36 (KHTML, like Gecko) Chrome/145.0.0.0 Safari/537.36 (compatible; meta-externalagent/1.1 (+https://developers.facebook.com/docs/sharing/webmasters/crawler))"
74.7.241.42 - - [09/Sep/2026:07:17:26 -0500] "GET /index.php?lokasie=/usr/share/man/man3/XIMOfIC.3.gz&loknya=/usr/share/man/man3 HTTP/1.1" 200 4130 "https://www.artesaniascolombianas.net.co/index.php?loknya=/usr/share/man/man3" "Mozilla/5.0 AppleWebKit/537.36 (KHTML, like Gecko; compatible; GPTBot/1.4; +https://openai.com/gptbot)"
2a03:2880:f802:3:: - - [09/Sep/2026:07:17:26 -0500] "GET /?y=2594618096 HTTP/1.1" 200 39908 "-" "Mozilla/5.0 (Macintosh; Intel Mac OS X 10_15_7) AppleWebKit/537.36 (KHTML, like Gecko) Chrome/145.0.0.0 Safari/537.36 (compatible; meta-externalagent/1.1 (+https://developers.facebook.com/docs/sharing/webmasters/crawler))"
74.7.242.34 - - [09/Sep/2026:07:17:27 -0500] "GET /?lokasie=/proc/48/comm&loknya=/proc/48 HTTP/1.1" 200 4025 "https://artesaniascolombianas.net.co/?loknya=/proc/48" "Mozilla/5.0 AppleWebKit/537.36 (KHTML, like Gecko; compatible; GPTBot/1.4; +https://openai.com/gptbot)"
74.7.241.13 - - [09/Sep/2026:07:17:27 -0500] "GET /?loknya=/sys/class/net/eth0/subsystem/eth0/device/net/eth0/device/subsystem/drivers/virtio_console/virtio2/driver/virtio2/virtio-ports/vport2p1/device/power HTTP/1.1" 200 24120 "https://mail.artesaniascolombianas.net.co/?loknya=/sys/class/net/eth0/subsystem/eth0/device/net/eth0/device/subsystem/drivers/virtio_console/virtio2/driver/virtio2/virtio-ports/vport2p1/device" "Mozilla/5.0 AppleWebKit/537.36 (KHTML, like Gecko; compatible; GPTBot/1.4; +https://openai.com/gptbot)"
74.7.241.42 - - [09/Sep/2026:07:17:27 -0500] "GET /index.php?lokasie=/usr/share/man/man3/XSetWMProtocols.3.gz&loknya=/usr/share/man/man3 HTTP/1.1" 200 4138 "https://www.artesaniascolombianas.net.co/index.php?loknya=/usr/share/man/man3" "Mozilla/5.0 AppleWebKit/537.36 (KHTML, like Gecko; compatible; GPTBot/1.4; +https://openai.com/gptbot)"
74.7.241.13 - - [09/Sep/2026:07:17:27 -0500] "GET /?loknya=/sys/class/eth0/subsystem/eth0/driver HTTP/1.1" 200 5437 "https://mail.artesaniascolombianas.net.co/?loknya=/sys/class/eth0/subsystem/eth0/driver/module/drivers/virtio:virtio_/virtio0/eth0/" "Mozilla/5.0 AppleWebKit/537.36 (KHTML, like Gecko; compatible; GPTBot/1.4; +https://openai.com/gptbot)"
74.7.242.34 - - [09/Sep/2026:07:17:27 -0500] "GET /?lokasie=/proc/33/comm&loknya=/proc/33 HTTP/1.1" 200 4027 "https://artesaniascolombianas.net.co/?loknya=/proc/33" "Mozilla/5.0 AppleWebKit/537.36 (KHTML, like Gecko; compatible; GPTBot/1.4; +https://openai.com/gptbot)"
2a03:2880:f802:1e:: - - [09/Sep/2026:07:17:27 -0500] "GET /?i=36798209211 HTTP/1.1" 200 39909 "-" "Mozilla/5.0 (Windows NT 10.0; Win64; x64) AppleWebKit/537.36 (KHTML, like Gecko) Chrome/145.0.0.0 Safari/537.36 (compatible; meta-externalagent/1.1 (+https://developers.facebook.com/docs/sharing/webmasters/crawler))"
74.7.241.42 - - [09/Sep/2026:07:17:27 -0500] "GET /index.php?lokasie=/usr/share/man/man3/TIFFtile.3tiff.gz&loknya=/usr/share/man/man3 HTTP/1.1" 200 4135 "https://www.artesaniascolombianas.net.co/index.php?loknya=/usr/share/man/man3" "Mozilla/5.0 AppleWebKit/537.36 (KHTML, like Gecko; compatible; GPTBot/1.4; +https://openai.com/gptbot)"
74.7.242.34 - - [09/Sep/2026:07:17:28 -0500] "GET /?lokasie=/proc/36/smaps&loknya=/proc/36 HTTP/1.1" 200 4021 "https://artesaniascolombianas.net.co/?loknya=/proc/36" "Mozilla/5.0 AppleWebKit/537.36 (KHTML, like Gecko; compatible; GPTBot/1.4; +https://openai.com/gptbot)"
74.7.241.13 - - [09/Sep/2026:07:17:28 -0500] "GET /?loknya=/sys/class/net/eth0/subsystem/eth0/device/driver/virtio0/net/eth0/device/subsystem/drivers/virtio_console/virtio2/virtio-ports/vport2p1/device/ HTTP/1.1" 200 23742 "https://mail.artesaniascolombianas.net.co/?loknya=/sys/class/net/eth0/subsystem/eth0/device/driver/virtio0/net/eth0/device/subsystem/drivers/virtio_console/virtio2/virtio-ports/vport2p1/device/power" "Mozilla/5.0 AppleWebKit/537.36 (KHTML, like Gecko; compatible; GPTBot/1.4; +https://openai.com/gptbot)"
2a03:2880:f802:32:: - - [09/Sep/2026:07:17:28 -0500] "GET /?u=39774222496 HTTP/1.1" 200 39909 "-" "Mozilla/5.0 (Macintosh; Intel Mac OS X 10_15_7) AppleWebKit/537.36 (KHTML, like Gecko) Chrome/145.0.0.0 Safari/537.36 (compatible; meta-externalagent/1.1 (+https://developers.facebook.com/docs/sharing/webmasters/crawler))"
74.7.241.42 - - [09/Sep/2026:07:17:28 -0500] "GET /index.php?lokasie=/usr/share/man/man3/Tcl_SourceRCFile.3.gz&loknya=/usr/share/man/man3 HTTP/1.1" 200 4139 "https://www.artesaniascolombianas.net.co/index.php?loknya=/usr/share/man/man3" "Mozilla/5.0 AppleWebKit/537.36 (KHTML, like Gecko; compatible; GPTBot/1.4; +https://openai.com/gptbot)"
74.7.242.34 - - [09/Sep/2026:07:17:28 -0500] "GET /?lokasie=/proc/28/stack&loknya=/proc/28 HTTP/1.1" 200 4021 "https://artesaniascolombianas.net.co/?loknya=/proc/28" "Mozilla/5.0 AppleWebKit/537.36 (KHTML, like Gecko; compatible; GPTBot/1.4; +https://openai.com/gptbot)"
74.7.241.13 - - [09/Sep/2026:07:17:28 -0500] "GET /?loknya=/sys/class/eth0/subsystem/eth0/device HTTP/1.1" 200 5437 "https://mail.artesaniascolombianas.net.co/?loknya=/sys/class/eth0/subsystem/eth0/device/" "Mozilla/5.0 AppleWebKit/537.36 (KHTML, like Gecko; compatible; GPTBot/1.4; +https://openai.com/gptbot)"
74.7.241.42 - - [09/Sep/2026:07:17:28 -0500] "GET /index.php?lokasie=/usr/share/man/man3/XkbPtrActionY.3.gz&loknya=/usr/share/man/man3 HTTP/1.1" 200 4136 "https://www.artesaniascolombianas.net.co/index.php?loknya=/usr/share/man/man3" "Mozilla/5.0 AppleWebKit/537.36 (KHTML, like Gecko; compatible; GPTBot/1.4; +https://openai.com/gptbot)"
74.7.241.13 - - [09/Sep/2026:07:17:29 -0500] "GET /?loknya=/sys/class/net/eth0/eth0/device/driver/net/eth0/eth0/device/driver/module/drivers/virtio:virtio_net/ HTTP/1.1" 200 6421 "https://mail.artesaniascolombianas.net.co/?loknya=/sys/class/net/eth0/eth0/device/driver/virtio0/net/eth0/eth0/device/driver/module/drivers/virtio:virtio_net/virtio0/" "Mozilla/5.0 AppleWebKit/537.36 (KHTML, like Gecko; compatible; GPTBot/1.4; +https://openai.com/gptbot)"
74.7.242.34 - - [09/Sep/2026:07:17:28 -0500] "GET /?lokasie=/proc/11/smaps&loknya=/proc/11 HTTP/1.1" 200 4021 "https://artesaniascolombianas.net.co/?loknya=/proc/11" "Mozilla/5.0 AppleWebKit/537.36 (KHTML, like Gecko; compatible; GPTBot/1.4; +https://openai.com/gptbot)"
74.7.241.42 - - [09/Sep/2026:07:17:29 -0500] "GET /index.php?lokasie=/usr/share/man/man3/XtAppAddTimeOut.3.gz&loknya=/usr/share/man/man3 HTTP/1.1" 200 4138 "https://www.artesaniascolombianas.net.co/index.php?loknya=/usr/share/man/man3" "Mozilla/5.0 AppleWebKit/537.36 (KHTML, like Gecko; compatible; GPTBot/1.4; +https://openai.com/gptbot)"
2a03:2880:f802:e:: - - [09/Sep/2026:07:17:29 -0500] "GET /?x=78855231054 HTTP/1.1" 200 39908 "-" "Mozilla/5.0 (Windows NT 10.0; Win64; x64) AppleWebKit/537.36 (KHTML, like Gecko) Chrome/145.0.0.0 Safari/537.36 Edg/145.0.0.0 (compatible; meta-externalagent/1.1 (+https://developers.facebook.com/docs/sharing/webmasters/crawler))"
2a03:2880:f802:8:: - - [09/Sep/2026:07:17:29 -0500] "GET /?f=65213186917 HTTP/1.1" 200 39908 "-" "Mozilla/5.0 (Windows NT 10.0; Win64; x64) AppleWebKit/537.36 (KHTML, like Gecko) Chrome/145.0.0.0 Safari/537.36 (compatible; meta-externalagent/1.1 (+https://developers.facebook.com/docs/sharing/webmasters/crawler))"
74.7.242.34 - - [09/Sep/2026:07:17:29 -0500] "GET /?lokasie=/proc/37/maps&loknya=/proc/37 HTTP/1.1" 200 4020 "https://artesaniascolombianas.net.co/?loknya=/proc/37" "Mozilla/5.0 AppleWebKit/537.36 (KHTML, like Gecko; compatible; GPTBot/1.4; +https://openai.com/gptbot)"
74.7.241.13 - - [09/Sep/2026:07:17:29 -0500] "GET /?loknya=/sys/class/net/eth0/eth0/device/driver/module/drivers/virtio:virtio_net/net/eth0/eth0/device/driver/ HTTP/1.1" 200 6500 "https://mail.artesaniascolombianas.net.co/?loknya=/sys/class/net/eth0/eth0/device/driver/module/drivers/virtio:virtio_net/virtio0/net/eth0/eth0/device/driver/virtio0/" "Mozilla/5.0 AppleWebKit/537.36 (KHTML, like Gecko; compatible; GPTBot/1.4; +https://openai.com/gptbot)"
74.7.241.42 - - [09/Sep/2026:07:17:29 -0500] "GET /index.php?lokasie=/usr/share/man/man3/CPANPLUS.3pm.gz&loknya=/usr/share/man/man3 HTTP/1.1" 200 4133 "https://www.artesaniascolombianas.net.co/index.php?loknya=/usr/share/man/man3" "Mozilla/5.0 AppleWebKit/537.36 (KHTML, like Gecko; compatible; GPTBot/1.4; +https://openai.com/gptbot)"
2a03:2880:f802:1e:: - - [09/Sep/2026:07:17:29 -0500] "GET /?f=65213199017 HTTP/1.1" 200 39909 "-" "Mozilla/5.0 (Windows NT 10.0; Win64; x64) AppleWebKit/537.36 (KHTML, like Gecko) Chrome/145.0.0.0 Safari/537.36 (compatible; meta-externalagent/1.1 (+https://developers.facebook.com/docs/sharing/webmasters/crawler))"
2a03:2880:f802:1:: - - [09/Sep/2026:07:17:29 -0500] "GET /?l=70939278431 HTTP/1.1" 200 39908 "-" "Mozilla/5.0 (Windows NT 10.0; Win64; x64) AppleWebKit/537.36 (KHTML, like Gecko) Chrome/145.0.0.0 Safari/537.36 (compatible; meta-externalagent/1.1 (+https://developers.facebook.com/docs/sharing/webmasters/crawler))"
74.7.241.13 - - [09/Sep/2026:07:17:29 -0500] "GET /?loknya=/sys/class/eth0/subsystem/eth0/eth0 HTTP/1.1" 200 5419 "https://mail.artesaniascolombianas.net.co/?loknya=/sys/class/eth0/subsystem/eth0/eth0/driver/module/drivers/virtio:virtio_/virtio0/" "Mozilla/5.0 AppleWebKit/537.36 (KHTML, like Gecko; compatible; GPTBot/1.4; +https://openai.com/gptbot)"
74.7.242.34 - - [09/Sep/2026:07:17:30 -0500] "GET /?lokasie=/proc/33/stack&loknya=/proc/33 HTTP/1.1" 200 4021 "https://artesaniascolombianas.net.co/?loknya=/proc/33" "Mozilla/5.0 AppleWebKit/537.36 (KHTML, like Gecko; compatible; GPTBot/1.4; +https://openai.com/gptbot)"
74.7.241.42 - - [09/Sep/2026:07:17:30 -0500] "GET /index.php?lokasie=/usr/share/man/man3/Tcl_FSStat.3.gz&loknya=/usr/share/man/man3 HTTP/1.1" 200 4133 "https://www.artesaniascolombianas.net.co/index.php?loknya=/usr/share/man/man3" "Mozilla/5.0 AppleWebKit/537.36 (KHTML, like Gecko; compatible; GPTBot/1.4; +https://openai.com/gptbot)"
2a03:2880:f802:3e:: - - [09/Sep/2026:07:17:30 -0500] "GET /?y=25946232093 HTTP/1.1" 200 39909 "-" "Mozilla/5.0 (Macintosh; Intel Mac OS X 10_15_7) AppleWebKit/537.36 (KHTML, like Gecko) Chrome/145.0.0.0 Safari/537.36 (compatible; meta-externalagent/1.1 (+https://developers.facebook.com/docs/sharing/webmasters/crawler))"
74.7.242.34 - - [09/Sep/2026:07:17:30 -0500] "GET /?lokasie=/proc/23/maps&loknya=/proc/23 HTTP/1.1" 200 4020 "https://artesaniascolombianas.net.co/?loknya=/proc/23" "Mozilla/5.0 AppleWebKit/537.36 (KHTML, like Gecko; compatible; GPTBot/1.4; +https://openai.com/gptbot)"
74.7.241.13 - - [09/Sep/2026:07:17:30 -0500] "GET /?lokasie=/sys/class/net/eth0/subsystem/eth0/device/subsystem/drivers/virtio_net/virtio0/net/eth0/device/subsystem/devices/virtio2/driver/virtio2/driver/module/sections/.rodata.str1.1&loknya=/sys/class/net/eth0/subsystem/eth0/device/subsystem/drivers/virtio_net/virtio0/net/eth0/device/subsystem/devices/virtio2/driver/virtio2/driver/module/sections HTTP/1.1" 200 6517 "https://mail.artesaniascolombianas.net.co/?loknya=/sys/class/net/eth0/subsystem/eth0/device/subsystem/drivers/virtio_net/virtio0/net/eth0/device/subsystem/devices/virtio2/driver/virtio2/driver/module/sections" "Mozilla/5.0 AppleWebKit/537.36 (KHTML, like Gecko; compatible; GPTBot/1.4; +https://openai.com/gptbot)"
74.7.241.42 - - [09/Sep/2026:07:17:30 -0500] "GET /index.php?lokasie=/usr/share/man/man3/HMAC_Init.3ssl.gz&loknya=/usr/share/man/man3 HTTP/1.1" 200 4135 "https://www.artesaniascolombianas.net.co/index.php?loknya=/usr/share/man/man3" "Mozilla/5.0 AppleWebKit/537.36 (KHTML, like Gecko; compatible; GPTBot/1.4; +https://openai.com/gptbot)"
74.7.241.13 - - [09/Sep/2026:07:17:30 -0500] "GET /?lokasie=/sys/class/net/eth0/subsystem/eth0/device/subsystem/drivers/virtio_net/virtio0/net/eth0/device/subsystem/devices/virtio2/driver/virtio2/driver/module/sections/.text&loknya=/sys/class/net/eth0/subsystem/eth0/device/subsystem/drivers/virtio_net/virtio0/net/eth0/device/subsystem/devices/virtio2/driver/virtio2/driver/module/sections HTTP/1.1" 200 6508 "https://mail.artesaniascolombianas.net.co/?loknya=/sys/class/net/eth0/subsystem/eth0/device/subsystem/drivers/virtio_net/virtio0/net/eth0/device/subsystem/devices/virtio2/driver/virtio2/driver/module/sections" "Mozilla/5.0 AppleWebKit/537.36 (KHTML, like Gecko; compatible; GPTBot/1.4; +https://openai.com/gptbot)"
74.7.242.34 - - [09/Sep/2026:07:17:31 -0500] "GET /?lokasie=/proc/47/comm&loknya=/proc/47 HTTP/1.1" 200 4028 "https://artesaniascolombianas.net.co/?loknya=/proc/47" "Mozilla/5.0 AppleWebKit/537.36 (KHTML, like Gecko; compatible; GPTBot/1.4; +https://openai.com/gptbot)"
2a03:2880:f802:28:: - - [09/Sep/2026:07:17:31 -0500] "GET /?b=4765990507 HTTP/1.1" 200 39909 "-" "Mozilla/5.0 (Windows NT 10.0; Win64; x64) AppleWebKit/537.36 (KHTML, like Gecko) Chrome/145.0.0.0 Safari/537.36 (compatible; meta-externalagent/1.1 (+https://developers.facebook.com/docs/sharing/webmasters/crawler))"
74.7.241.42 - - [09/Sep/2026:07:17:31 -0500] "GET /index.php?lokasie=/usr/share/man/man3/Tcl_UniCharToUtf.3.gz&loknya=/usr/share/man/man3 HTTP/1.1" 200 4139 "https://www.artesaniascolombianas.net.co/index.php?loknya=/usr/share/man/man3" "Mozilla/5.0 AppleWebKit/537.36 (KHTML, like Gecko; compatible; GPTBot/1.4; +https://openai.com/gptbot)"
74.7.241.13 - - [09/Sep/2026:07:17:31 -0500] "GET /?loknya=/sys/class/net/eth0/subsystem/eth0/device/net/eth0/device/subsystem/drivers/virtio_console/virtio2/driver/virtio2/virtio-ports/vport2p1/ HTTP/1.1" 200 16544 "https://mail.artesaniascolombianas.net.co/?loknya=/sys/class/net/eth0/subsystem/eth0/device/net/eth0/device/subsystem/drivers/virtio_console/virtio2/driver/virtio2/virtio-ports/vport2p1/power" "Mozilla/5.0 AppleWebKit/537.36 (KHTML, like Gecko; compatible; GPTBot/1.4; +https://openai.com/gptbot)"
74.7.242.34 - - [09/Sep/2026:07:17:31 -0500] "GET /?lokasie=/proc/14/smaps&loknya=/proc/14 HTTP/1.1" 200 4021 "https://artesaniascolombianas.net.co/?loknya=/proc/14" "Mozilla/5.0 AppleWebKit/537.36 (KHTML, like Gecko; compatible; GPTBot/1.4; +https://openai.com/gptbot)"
74.7.241.42 - - [09/Sep/2026:07:17:31 -0500] "GET /index.php?lokasie=/usr/share/man/man3/Encode::PerlIO.3pm.gz&loknya=/usr/share/man/man3 HTTP/1.1" 200 4139 "https://www.artesaniascolombianas.net.co/index.php?loknya=/usr/share/man/man3" "Mozilla/5.0 AppleWebKit/537.36 (KHTML, like Gecko; compatible; GPTBot/1.4; +https://openai.com/gptbot)"
74.7.242.34 - - [09/Sep/2026:07:17:31 -0500] "GET /?lokasie=/proc/22/wchan&loknya=/proc/22 HTTP/1.1" 200 4038 "https://artesaniascolombianas.net.co/?loknya=/proc/22" "Mozilla/5.0 AppleWebKit/537.36 (KHTML, like Gecko; compatible; GPTBot/1.4; +https://openai.com/gptbot)"
74.7.241.13 - - [09/Sep/2026:07:17:32 -0500] "GET /?lokasie=/sys/class/net/eth0/subsystem/eth0/device/net/eth0/device/subsystem/drivers/virtio_console/virtio2/driver/virtio2/virtio-ports/vport2p1/power/runtime_active_kids&loknya=/sys/class/net/eth0/subsystem/eth0/device/net/eth0/device/subsystem/drivers/virtio_console/virtio2/driver/virtio2/virtio-ports/vport2p1/power HTTP/1.1" 200 5936 "https://mail.artesaniascolombianas.net.co/?loknya=/sys/class/net/eth0/subsystem/eth0/device/net/eth0/device/subsystem/drivers/virtio_console/virtio2/driver/virtio2/virtio-ports/vport2p1/power" "Mozilla/5.0 AppleWebKit/537.36 (KHTML, like Gecko; compatible; GPTBot/1.4; +https://openai.com/gptbot)"
2a03:2880:f802:: - - [09/Sep/2026:07:17:32 -0500] "GET /?v=85873148846 HTTP/1.1" 200 39906 "-" "Mozilla/5.0 (Windows NT 10.0; Win64; x64) AppleWebKit/537.36 (KHTML, like Gecko) Chrome/145.0.0.0 Safari/537.36 (compatible; meta-externalagent/1.1 (+https://developers.facebook.com/docs/sharing/webmasters/crawler))"
74.7.241.42 - - [09/Sep/2026:07:17:32 -0500] "GET /index.php?lokasie=/usr/share/man/man3/CPAN::Debug.3pm&loknya=/usr/share/man/man3 HTTP/1.1" 200 8733 "https://www.artesaniascolombianas.net.co/index.php?loknya=/usr/share/man/man3" "Mozilla/5.0 AppleWebKit/537.36 (KHTML, like Gecko; compatible; GPTBot/1.4; +https://openai.com/gptbot)"
2a03:2880:f802:4a:: - - [09/Sep/2026:07:17:32 -0500] "GET /?y=25946265483 HTTP/1.1" 200 39909 "-" "Mozilla/5.0 (Windows NT 10.0; Win64; x64) AppleWebKit/537.36 (KHTML, like Gecko) Chrome/145.0.0.0 Safari/537.36 (compatible; meta-externalagent/1.1 (+https://developers.facebook.com/docs/sharing/webmasters/crawler))"
74.7.242.34 - - [09/Sep/2026:07:17:32 -0500] "GET /?lokasie=/proc/34/smaps&loknya=/proc/34 HTTP/1.1" 200 4021 "https://artesaniascolombianas.net.co/?loknya=/proc/34" "Mozilla/5.0 AppleWebKit/537.36 (KHTML, like Gecko; compatible; GPTBot/1.4; +https://openai.com/gptbot)"
74.7.241.13 - - [09/Sep/2026:07:17:32 -0500] "GET /?loknya=/sys/class/net/eth0/subsystem/eth0/device/net/eth0/device/subsystem/drivers/virtio_console/virtio2/driver/virtio2/virtio-ports/vport2p1/device/ HTTP/1.1" 200 23751 "https://mail.artesaniascolombianas.net.co/?loknya=/sys/class/net/eth0/subsystem/eth0/device/net/eth0/device/subsystem/drivers/virtio_console/virtio2/driver/virtio2/virtio-ports/vport2p1/device/power" "Mozilla/5.0 AppleWebKit/537.36 (KHTML, like Gecko; compatible; GPTBot/1.4; +https://openai.com/gptbot)"
74.7.241.42 - - [09/Sep/2026:07:17:32 -0500] "GET /index.php?lokasie=/usr/share/man/man3/FcLangGetCharSet.3.gz&loknya=/usr/share/man/man3 HTTP/1.1" 200 4139 "https://www.artesaniascolombianas.net.co/index.php?loknya=/usr/share/man/man3" "Mozilla/5.0 AppleWebKit/537.36 (KHTML, like Gecko; compatible; GPTBot/1.4; +https://openai.com/gptbot)"
74.7.241.13 - - [09/Sep/2026:07:17:33 -0500] "GET /?loknya=/sys/class/net/eth0/subsystem/eth0/device/net/eth0/device/subsystem/devices/virtio2/subsystem/drivers/virtio_console/virtio2/driver/virtio2/driver HTTP/1.1" 200 15779 "https://mail.artesaniascolombianas.net.co/?loknya=/sys/class/net/eth0/subsystem/eth0/device/net/eth0/device/subsystem/devices/virtio2/subsystem/drivers/virtio_console/virtio2/driver/virtio2" "Mozilla/5.0 AppleWebKit/537.36 (KHTML, like Gecko; compatible; GPTBot/1.4; +https://openai.com/gptbot)"
74.7.242.34 - - [09/Sep/2026:07:17:33 -0500] "GET /?lokasie=/proc/24/maps&loknya=/proc/24 HTTP/1.1" 200 4020 "https://artesaniascolombianas.net.co/?loknya=/proc/24" "Mozilla/5.0 AppleWebKit/537.36 (KHTML, like Gecko; compatible; GPTBot/1.4; +https://openai.com/gptbot)"
74.7.241.42 - - [09/Sep/2026:07:17:33 -0500] "GET /index.php?lokasie=/usr/share/man/man3/XtAddWorkProc.3.gz&loknya=/usr/share/man/man3 HTTP/1.1" 200 4136 "https://www.artesaniascolombianas.net.co/index.php?loknya=/usr/share/man/man3" "Mozilla/5.0 AppleWebKit/537.36 (KHTML, like Gecko; compatible; GPTBot/1.4; +https://openai.com/gptbot)"
2a03:2880:f802:3d:: - - [09/Sep/2026:07:17:33 -0500] "GET /?v=85873244549 HTTP/1.1" 200 39909 "-" "Mozilla/5.0 (Windows NT 10.0; Win64; x64) AppleWebKit/537.36 (KHTML, like Gecko) Chrome/145.0.0.0 Safari/537.36 (compatible; meta-externalagent/1.1 (+https://developers.facebook.com/docs/sharing/webmasters/crawler))"
74.7.242.34 - - [09/Sep/2026:07:17:33 -0500] "GET /?lokasie=/proc/11/maps&loknya=/proc/11 HTTP/1.1" 200 4020 "https://artesaniascolombianas.net.co/?loknya=/proc/11" "Mozilla/5.0 AppleWebKit/537.36 (KHTML, like Gecko; compatible; GPTBot/1.4; +https://openai.com/gptbot)"
74.7.241.13 - - [09/Sep/2026:07:17:33 -0500] "GET /?loknya=/sys/class/net/eth0/subsystem/eth0/device/net/eth0/device/subsystem/devices/virtio3/subsystem/drivers/virtio_balloon/virtio3/driver/virtio3/driver/module HTTP/1.1" 200 29654 "https://mail.artesaniascolombianas.net.co/?loknya=/sys/class/net/eth0/subsystem/eth0/device/net/eth0/device/subsystem/devices/virtio3/subsystem/drivers/virtio_balloon/virtio3/driver/virtio3/driver" "Mozilla/5.0 AppleWebKit/537.36 (KHTML, like Gecko; compatible; GPTBot/1.4; +https://openai.com/gptbot)"
2a03:2880:f802:f:: - - [09/Sep/2026:07:17:33 -0500] "GET /?l=70939227677 HTTP/1.1" 200 39908 "-" "Mozilla/5.0 (Windows NT 10.0; Win64; x64) AppleWebKit/537.36 (KHTML, like Gecko) Chrome/145.0.0.0 Safari/537.36 Edg/145.0.0.0 (compatible; meta-externalagent/1.1 (+https://developers.facebook.com/docs/sharing/webmasters/crawler))"
74.7.241.42 - - [09/Sep/2026:07:17:33 -0500] "GET /index.php?lokasie=/usr/share/man/man3/XCheckIfEvent.3.gz&loknya=/usr/share/man/man3 HTTP/1.1" 200 4136 "https://www.artesaniascolombianas.net.co/index.php?loknya=/usr/share/man/man3" "Mozilla/5.0 AppleWebKit/537.36 (KHTML, like Gecko; compatible; GPTBot/1.4; +https://openai.com/gptbot)"
74.7.242.34 - - [09/Sep/2026:07:17:33 -0500] "GET /?lokasie=/proc/11/sched&loknya=/proc/11 HTTP/1.1" 200 4955 "https://artesaniascolombianas.net.co/?loknya=/proc/11" "Mozilla/5.0 AppleWebKit/537.36 (KHTML, like Gecko; compatible; GPTBot/1.4; +https://openai.com/gptbot)"
74.7.241.13 - - [09/Sep/2026:07:17:34 -0500] "GET /?loknya=/sys/class/subsystem/subsystem/lo/subsystem/driver/module/drivers/virtio:virtio_/virtio0/ HTTP/1.1" 200 6116 "https://mail.artesaniascolombianas.net.co/?loknya=/sys/class/net/subsystem/net/subsystem/lo/subsystem/driver/module/drivers/virtio:virtio_net/virtio0/net/" "Mozilla/5.0 AppleWebKit/537.36 (KHTML, like Gecko; compatible; GPTBot/1.4; +https://openai.com/gptbot)"
74.7.241.42 - - [09/Sep/2026:07:17:34 -0500] "GET /index.php?lokasie=/usr/share/man/man3/EVP_MD_type.3ssl.gz&loknya=/usr/share/man/man3 HTTP/1.1" 200 4137 "https://www.artesaniascolombianas.net.co/index.php?loknya=/usr/share/man/man3" "Mozilla/5.0 AppleWebKit/537.36 (KHTML, like Gecko; compatible; GPTBot/1.4; +https://openai.com/gptbot)"
74.7.241.13 - - [09/Sep/2026:07:17:34 -0500] "GET /?loknya=/sys/class/net/eth0/eth0/device/driver/net/eth0/eth0/device/driver/module/drivers/virtio:virtio_net HTTP/1.1" 200 6419 "https://mail.artesaniascolombianas.net.co/?loknya=/sys/class/net/eth0/eth0/device/driver/net/eth0/eth0/device/driver/module/drivers/virtio:virtio_net/" "Mozilla/5.0 AppleWebKit/537.36 (KHTML, like Gecko; compatible; GPTBot/1.4; +https://openai.com/gptbot)"
2a03:2880:f802:e:: - - [09/Sep/2026:07:17:34 -0500] "GET /?u=39774218850 HTTP/1.1" 200 39908 "-" "Mozilla/5.0 (Windows NT 10.0; Win64; x64) AppleWebKit/537.36 (KHTML, like Gecko) Chrome/145.0.0.0 Safari/537.36 (compatible; meta-externalagent/1.1 (+https://developers.facebook.com/docs/sharing/webmasters/crawler))"
74.7.242.34 - - [09/Sep/2026:07:17:34 -0500] "GET /?lokasie=/proc/30/comm&loknya=/proc/30 HTTP/1.1" 200 4031 "https://artesaniascolombianas.net.co/?loknya=/proc/30" "Mozilla/5.0 AppleWebKit/537.36 (KHTML, like Gecko; compatible; GPTBot/1.4; +https://openai.com/gptbot)"
2a03:2880:f802:2b:: - - [09/Sep/2026:07:17:34 -0500] "GET /?v=79451177706 HTTP/1.1" 200 39909 "-" "Mozilla/5.0 (Windows NT 10.0; Win64; x64) AppleWebKit/537.36 (KHTML, like Gecko) Chrome/145.0.0.0 Safari/537.36 (compatible; meta-externalagent/1.1 (+https://developers.facebook.com/docs/sharing/webmasters/crawler))"
74.7.241.42 - - [09/Sep/2026:07:17:34 -0500] "GET /index.php?lokasie=/usr/share/man/man3/Tcl_FSUtime.3.gz&loknya=/usr/share/man/man3 HTTP/1.1" 200 4134 "https://www.artesaniascolombianas.net.co/index.php?loknya=/usr/share/man/man3" "Mozilla/5.0 AppleWebKit/537.36 (KHTML, like Gecko; compatible; GPTBot/1.4; +https://openai.com/gptbot)"
74.7.242.34 - - [09/Sep/2026:07:17:34 -0500] "GET /?lokasie=/proc/63/comm&loknya=/proc/63 HTTP/1.1" 200 4034 "https://artesaniascolombianas.net.co/?loknya=/proc/63" "Mozilla/5.0 AppleWebKit/537.36 (KHTML, like Gecko; compatible; GPTBot/1.4; +https://openai.com/gptbot)"
2a03:2880:f802:3e:: - - [09/Sep/2026:07:17:35 -0500] "GET /?i=36798271859 HTTP/1.1" 200 39909 "-" "Mozilla/5.0 (Macintosh; Intel Mac OS X 10_15_7) AppleWebKit/537.36 (KHTML, like Gecko) Chrome/145.0.0.0 Safari/537.36 (compatible; meta-externalagent/1.1 (+https://developers.facebook.com/docs/sharing/webmasters/crawler))"
74.7.241.13 - - [09/Sep/2026:07:17:35 -0500] "GET /?loknya=/sys/class/net/eth0/eth0/device/driver/module/drivers/virtio:virtio_net/net/eth0/eth0 HTTP/1.1" 200 6206 "https://mail.artesaniascolombianas.net.co/?loknya=/sys/class/net/eth0/eth0/device/driver/module/drivers/virtio:virtio_net/net/eth0/eth0/device/driver/" "Mozilla/5.0 AppleWebKit/537.36 (KHTML, like Gecko; compatible; GPTBot/1.4; +https://openai.com/gptbot)"
74.7.241.42 - - [09/Sep/2026:07:17:35 -0500] "GET /index.php?lokasie=/usr/share/man/man3/ECDSA_sign_ex.3ssl.gz&loknya=/usr/share/man/man3 HTTP/1.1" 200 4139 "https://www.artesaniascolombianas.net.co/index.php?loknya=/usr/share/man/man3" "Mozilla/5.0 AppleWebKit/537.36 (KHTML, like Gecko; compatible; GPTBot/1.4; +https://openai.com/gptbot)"
2a03:2880:f802:17:: - - [09/Sep/2026:07:17:35 -0500] "GET /?b=4765976570 HTTP/1.1" 200 39909 "-" "Mozilla/5.0 (Windows NT 10.0; Win64; x64) AppleWebKit/537.36 (KHTML, like Gecko) Chrome/145.0.0.0 Safari/537.36 (compatible; meta-externalagent/1.1 (+https://developers.facebook.com/docs/sharing/webmasters/crawler))"
74.7.241.13 - - [09/Sep/2026:07:17:35 -0500] "GET /?loknya=/sys/class/net/eth0/eth0/device/driver/module/drivers/virtio:virtio_net/net/eth0/eth0/device HTTP/1.1" 200 6354 "https://mail.artesaniascolombianas.net.co/?loknya=/sys/class/net/eth0/eth0/device/driver/module/drivers/virtio:virtio_net/net/eth0/eth0/device/driver/" "Mozilla/5.0 AppleWebKit/537.36 (KHTML, like Gecko; compatible; GPTBot/1.4; +https://openai.com/gptbot)"
74.7.242.34 - - [09/Sep/2026:07:17:35 -0500] "GET /?lokasie=/proc/60/comm&loknya=/proc/60 HTTP/1.1" 200 4033 "https://artesaniascolombianas.net.co/?loknya=/proc/60" "Mozilla/5.0 AppleWebKit/537.36 (KHTML, like Gecko; compatible; GPTBot/1.4; +https://openai.com/gptbot)"
74.7.241.42 - - [09/Sep/2026:07:17:35 -0500] "GET /index.php?lokasie=/usr/share/man/man3/HTML::PullParser.3pm.gz&loknya=/usr/share/man/man3 HTTP/1.1" 200 4141 "https://www.artesaniascolombianas.net.co/index.php?loknya=/usr/share/man/man3" "Mozilla/5.0 AppleWebKit/537.36 (KHTML, like Gecko; compatible; GPTBot/1.4; +https://openai.com/gptbot)"
74.7.241.13 - - [09/Sep/2026:07:17:35 -0500] "GET /?loknya=/sys/class/net/eth0/eth0/device/driver/module/drivers/virtio:virtio_net/net/eth0/eth0/device/driver HTTP/1.1" 200 6498 "https://mail.artesaniascolombianas.net.co/?loknya=/sys/class/net/eth0/eth0/device/driver/module/drivers/virtio:virtio_net/net/eth0/eth0/device/driver/" "Mozilla/5.0 AppleWebKit/537.36 (KHTML, like Gecko; compatible; GPTBot/1.4; +https://openai.com/gptbot)"
74.7.242.34 - - [09/Sep/2026:07:17:35 -0500] "GET /?lokasie=/proc/35/comm&loknya=/proc/35 HTTP/1.1" 200 4027 "https://artesaniascolombianas.net.co/?loknya=/proc/35" "Mozilla/5.0 AppleWebKit/537.36 (KHTML, like Gecko; compatible; GPTBot/1.4; +https://openai.com/gptbot)"
66.249.66.72 - - [09/Sep/2026:07:17:36 -0500] "GET /?j=28037854761100 HTTP/1.1" 200 39902 "-" "Mozilla/5.0 (Linux; Android 6.0.1; Nexus 5X Build/MMB29P) AppleWebKit/537.36 (KHTML, like Gecko) Chrome/151.0.7922.173 Mobile Safari/537.36 (compatible; Googlebot/2.1; +http://www.google.com/bot.html)"
74.7.241.42 - - [09/Sep/2026:07:17:36 -0500] "GET /index.php?lokasie=/usr/share/man/man3/Tcl_UniCharIsLower.3.gz&loknya=/usr/share/man/man3 HTTP/1.1" 200 4141 "https://www.artesaniascolombianas.net.co/index.php?loknya=/usr/share/man/man3" "Mozilla/5.0 AppleWebKit/537.36 (KHTML, like Gecko; compatible; GPTBot/1.4; +https://openai.com/gptbot)"
74.7.242.34 - - [09/Sep/2026:07:17:36 -0500] "GET /?lokasie=/proc/63/maps&loknya=/proc/63 HTTP/1.1" 200 4020 "https://artesaniascolombianas.net.co/?loknya=/proc/63" "Mozilla/5.0 AppleWebKit/537.36 (KHTML, like Gecko; compatible; GPTBot/1.4; +https://openai.com/gptbot)"
74.7.241.13 - - [09/Sep/2026:07:17:36 -0500] "GET /?loknya=/sys/class/net/eth0/eth0/device/driver/net/eth0/eth0/device/driver/module HTTP/1.1" 200 6100 "https://mail.artesaniascolombianas.net.co/?loknya=/sys/class/net/eth0/eth0/device/driver/net/eth0/eth0/device/driver/module/drivers/virtio:virtio_net/" "Mozilla/5.0 AppleWebKit/537.36 (KHTML, like Gecko; compatible; GPTBot/1.4; +https://openai.com/gptbot)"
74.7.241.42 - - [09/Sep/2026:07:17:36 -0500] "GET /index.php?lokasie=/usr/share/man/man3/Tcl_SetMainLoop.3.gz&loknya=/usr/share/man/man3 HTTP/1.1" 200 4138 "https://www.artesaniascolombianas.net.co/index.php?loknya=/usr/share/man/man3" "Mozilla/5.0 AppleWebKit/537.36 (KHTML, like Gecko; compatible; GPTBot/1.4; +https://openai.com/gptbot)"
2a03:2880:f802:45:: - - [09/Sep/2026:07:17:36 -0500] "GET /?l=7093950793 HTTP/1.1" 200 39909 "-" "Mozilla/5.0 (Windows NT 10.0; Win64; x64) AppleWebKit/537.36 (KHTML, like Gecko) Chrome/145.0.0.0 Safari/537.36 (compatible; meta-externalagent/1.1 (+https://developers.facebook.com/docs/sharing/webmasters/crawler))"
74.7.242.34 - - [09/Sep/2026:07:17:36 -0500] "GET /?lokasie=/proc/31//limits&loknya=/proc/31/ HTTP/1.1" 200 5346 "https://artesaniascolombianas.net.co/?loknya=/proc/31/" "Mozilla/5.0 AppleWebKit/537.36 (KHTML, like Gecko; compatible; GPTBot/1.4; +https://openai.com/gptbot)"
74.7.241.13 - - [09/Sep/2026:07:17:37 -0500] "GET /?loknya=/sys/class/net/eth0/eth0/device/module/s/virtio:virtio_net/net/eth0/eth0/device/ HTTP/1.1" 200 6158 "https://mail.artesaniascolombianas.net.co/?loknya=/sys/class/net/eth0/eth0/device/driver/module/drivers/virtio:virtio_net/net/eth0/eth0/device/driver/" "Mozilla/5.0 AppleWebKit/537.36 (KHTML, like Gecko; compatible; GPTBot/1.4; +https://openai.com/gptbot)"
74.7.241.42 - - [09/Sep/2026:07:17:37 -0500] "GET /index.php?lokasie=/usr/share/man/man3/XcmsCIEXYZ.3.gz&loknya=/usr/share/man/man3 HTTP/1.1" 200 4133 "https://www.artesaniascolombianas.net.co/index.php?loknya=/usr/share/man/man3" "Mozilla/5.0 AppleWebKit/537.36 (KHTML, like Gecko; compatible; GPTBot/1.4; +https://openai.com/gptbot)"
2a03:2880:f802:42:: - - [09/Sep/2026:07:17:37 -0500] "GET /?x=78855135513 HTTP/1.1" 200 39909 "-" "Mozilla/5.0 (Windows NT 10.0; Win64; x64) AppleWebKit/537.36 (KHTML, like Gecko) Chrome/145.0.0.0 Safari/537.36 (compatible; meta-externalagent/1.1 (+https://developers.facebook.com/docs/sharing/webmasters/crawler))"
74.7.241.13 - - [09/Sep/2026:07:17:37 -0500] "GET /?loknya=/sys/class/net/eth0/eth0/device/driver/net/eth0/eth0/device/driver HTTP/1.1" 200 5969 "https://mail.artesaniascolombianas.net.co/?loknya=/sys/class/net/eth0/eth0/device/driver/net/eth0/eth0/device/driver/module/drivers/virtio:virtio_net/" "Mozilla/5.0 AppleWebKit/537.36 (KHTML, like Gecko; compatible; GPTBot/1.4; +https://openai.com/gptbot)"
74.7.242.34 - - [09/Sep/2026:07:17:37 -0500] "GET /?lokasie=/proc/39//timers&loknya=/proc/39/ HTTP/1.1" 200 4023 "https://artesaniascolombianas.net.co/?loknya=/proc/39/" "Mozilla/5.0 AppleWebKit/537.36 (KHTML, like Gecko; compatible; GPTBot/1.4; +https://openai.com/gptbot)"
74.7.241.42 - - [09/Sep/2026:07:17:37 -0500] "GET /index.php?lokasie=/usr/share/man/man3/Tcl_StringMatch.3.gz&loknya=/usr/share/man/man3 HTTP/1.1" 200 4138 "https://www.artesaniascolombianas.net.co/index.php?loknya=/usr/share/man/man3" "Mozilla/5.0 AppleWebKit/537.36 (KHTML, like Gecko; compatible; GPTBot/1.4; +https://openai.com/gptbot)"
74.7.242.34 - - [09/Sep/2026:07:17:37 -0500] "GET /?lokasie=/proc/23//timers&loknya=/proc/23/ HTTP/1.1" 200 4023 "https://artesaniascolombianas.net.co/?loknya=/proc/23/" "Mozilla/5.0 AppleWebKit/537.36 (KHTML, like Gecko; compatible; GPTBot/1.4; +https://openai.com/gptbot)"
74.7.241.13 - - [09/Sep/2026:07:17:38 -0500] "GET /?loknya=/sys/class/net/eth0/eth0/device/driver/net/eth0/eth0/device/driver/module/drivers/ HTTP/1.1" 200 6237 "https://mail.artesaniascolombianas.net.co/?loknya=/sys/class/net/eth0/eth0/device/driver/net/eth0/eth0/device/driver/module/drivers/virtio:virtio_net/" "Mozilla/5.0 AppleWebKit/537.36 (KHTML, like Gecko; compatible; GPTBot/1.4; +https://openai.com/gptbot)"
2a03:2880:f802:f:: - - [09/Sep/2026:07:17:38 -0500] "GET /?v=79451229638 HTTP/1.1" 200 39908 "-" "Mozilla/5.0 (Windows NT 10.0; Win64; x64) AppleWebKit/537.36 (KHTML, like Gecko) Chrome/145.0.0.0 Safari/537.36 (compatible; meta-externalagent/1.1 (+https://developers.facebook.com/docs/sharing/webmasters/crawler))"
74.7.241.42 - - [09/Sep/2026:07:17:38 -0500] "GET /index.php?lokasie=/usr/share/man/man3/FcLangSetEqual.3.gz&loknya=/usr/share/man/man3 HTTP/1.1" 200 4137 "https://www.artesaniascolombianas.net.co/index.php?loknya=/usr/share/man/man3" "Mozilla/5.0 AppleWebKit/537.36 (KHTML, like Gecko; compatible; GPTBot/1.4; +https://openai.com/gptbot)"
74.7.242.34 - - [09/Sep/2026:07:17:38 -0500] "GET /?lokasie=/proc/48//mounts&loknya=/proc/48/ HTTP/1.1" 200 13003 "https://artesaniascolombianas.net.co/?loknya=/proc/48/" "Mozilla/5.0 AppleWebKit/537.36 (KHTML, like Gecko; compatible; GPTBot/1.4; +https://openai.com/gptbot)"
74.7.241.13 - - [09/Sep/2026:07:17:38 -0500] "GET /?loknya=/sys/class/net/eth0/subsystem/eth0/device/net/eth0/device/subsystem/devices/virtio2/subsystem/s/virtio_console/virtio2/virtio2/ HTTP/1.1" 200 7004 "https://mail.artesaniascolombianas.net.co/?loknya=/sys/class/net/eth0/subsystem/eth0/device/net/eth0/device/subsystem/devices/virtio2/subsystem/drivers/virtio_console/virtio2/driver/virtio2/driver" "Mozilla/5.0 AppleWebKit/537.36 (KHTML, like Gecko; compatible; GPTBot/1.4; +https://openai.com/gptbot)"
74.7.241.42 - - [09/Sep/2026:07:17:38 -0500] "GET /index.php?lokasie=/usr/share/man/man3/XwcResetIC.3.gz&loknya=/usr/share/man/man3 HTTP/1.1" 200 4133 "https://www.artesaniascolombianas.net.co/index.php?loknya=/usr/share/man/man3" "Mozilla/5.0 AppleWebKit/537.36 (KHTML, like Gecko; compatible; GPTBot/1.4; +https://openai.com/gptbot)"
2a03:2880:f802:47:: - - [09/Sep/2026:07:17:38 -0500] "GET /?v=85873147306 HTTP/1.1" 200 39909 "-" "Mozilla/5.0 (Windows NT 10.0; Win64; x64) AppleWebKit/537.36 (KHTML, like Gecko) Chrome/145.0.0.0 Safari/537.36 (compatible; meta-externalagent/1.1 (+https://developers.facebook.com/docs/sharing/webmasters/crawler))"
74.7.242.34 - - [09/Sep/2026:07:17:38 -0500] "GET /?lokasie=/proc/30//oom_adj&loknya=/proc/30/ HTTP/1.1" 200 4026 "https://artesaniascolombianas.net.co/?loknya=/proc/30/" "Mozilla/5.0 AppleWebKit/537.36 (KHTML, like Gecko; compatible; GPTBot/1.4; +https://openai.com/gptbot)"
2a03:2880:f802:2c:: - - [09/Sep/2026:07:17:38 -0500] "GET /?v=85873256599 HTTP/1.1" 200 39909 "-" "Mozilla/5.0 (Windows NT 10.0; Win64; x64) AppleWebKit/537.36 (KHTML, like Gecko) Chrome/145.0.0.0 Safari/537.36 (compatible; meta-externalagent/1.1 (+https://developers.facebook.com/docs/sharing/webmasters/crawler))"
74.7.241.13 - - [09/Sep/2026:07:17:38 -0500] "GET /?loknya=/sys/class/net/eth0/subsystem/eth0/device/net/eth0/device/subsystem/devices/virtio3/subsystem/drivers/virtio_balloon/virtio3/driver/virtio3/driver/module/holders HTTP/1.1" 200 7851 "https://mail.artesaniascolombianas.net.co/?loknya=/sys/class/net/eth0/subsystem/eth0/device/net/eth0/device/subsystem/devices/virtio3/subsystem/drivers/virtio_balloon/virtio3/driver/virtio3/driver/module" "Mozilla/5.0 AppleWebKit/537.36 (KHTML, like Gecko; compatible; GPTBot/1.4; +https://openai.com/gptbot)"
