74.7.241.13 - - [09/Sep/2026:07:11:12 -0500] "GET /?loknya=/sys/class/net/subsystem/device/driver/module/drivers/virtio:virtio_net/virtio0/net/device/net/subsystem/lo/subsystem/lo/subsystem/ HTTP/1.1" 200 7147 "https://mail.artesaniascolombianas.net.co/?loknya=/sys/class/net/eth0/subsystem/eth0/device/driver/module/drivers/virtio:virtio_net/virtio0/net/eth0/device/net/eth0/subsystem/lo/subsystem/lo/subsystem/eth0" "Mozilla/5.0 AppleWebKit/537.36 (KHTML, like Gecko; compatible; GPTBot/1.4; +https://openai.com/gptbot)"
74.7.242.34 - - [09/Sep/2026:07:11:12 -0500] "GET /?lokasie=/proc/24343/net/stat/ndisc_cache&loknya=/proc/24343/net/stat HTTP/1.1" 200 4737 "https://artesaniascolombianas.net.co/?loknya=/proc/24343/net/stat" "Mozilla/5.0 AppleWebKit/537.36 (KHTML, like Gecko; compatible; GPTBot/1.4; +https://openai.com/gptbot)"
74.7.241.42 - - [09/Sep/2026:07:11:12 -0500] "GET /index.php?lokasie=/proc/24316/net/mcfilter6&loknya=/proc/24316/net HTTP/1.1" 200 4171 "https://www.artesaniascolombianas.net.co/index.php?loknya=/proc/24316/net" "Mozilla/5.0 AppleWebKit/537.36 (KHTML, like Gecko; compatible; GPTBot/1.4; +https://openai.com/gptbot)"
74.7.242.34 - - [09/Sep/2026:07:11:13 -0500] "GET /?lokasie=/proc/28997/net/stat/ndisc_cache&loknya=/proc/28997/net/stat HTTP/1.1" 200 4737 "https://artesaniascolombianas.net.co/?loknya=/proc/28997/net/stat" "Mozilla/5.0 AppleWebKit/537.36 (KHTML, like Gecko; compatible; GPTBot/1.4; +https://openai.com/gptbot)"
74.7.241.13 - - [09/Sep/2026:07:11:13 -0500] "GET /?loknya=/sys/class/net/eth0/subsystem/eth0/device/driver/module/drivers/virtio:virtio_net/virtio0/net/eth0/device/net/eth0/subsystem/lo/subsystem/lo/subsystem/eth0/power HTTP/1.1" 200 25330 "https://mail.artesaniascolombianas.net.co/?loknya=/sys/class/net/eth0/subsystem/eth0/device/driver/module/drivers/virtio:virtio_net/virtio0/net/eth0/device/net/eth0/subsystem/lo/subsystem/lo/subsystem/eth0" "Mozilla/5.0 AppleWebKit/537.36 (KHTML, like Gecko; compatible; GPTBot/1.4; +https://openai.com/gptbot)"
74.7.241.42 - - [09/Sep/2026:07:11:13 -0500] "GET /index.php?lokasie=/proc/24316/net//ip_tables_names&loknya=/proc/24316/net/ HTTP/1.1" 200 4087 "https://www.artesaniascolombianas.net.co/index.php?loknya=/proc/24316/net/" "Mozilla/5.0 AppleWebKit/537.36 (KHTML, like Gecko; compatible; GPTBot/1.4; +https://openai.com/gptbot)"
74.7.242.34 - - [09/Sep/2026:07:11:13 -0500] "GET /?lokasie=/proc/25035/net/stat/ndisc_cache&loknya=/proc/25035/net/stat HTTP/1.1" 200 4737 "https://artesaniascolombianas.net.co/?loknya=/proc/25035/net/stat" "Mozilla/5.0 AppleWebKit/537.36 (KHTML, like Gecko; compatible; GPTBot/1.4; +https://openai.com/gptbot)"
74.7.241.13 - - [09/Sep/2026:07:11:13 -0500] "GET /?loknya=/sys/class/net/eth0/subsystem/eth0/device/driver/module/drivers/virtio:virtio_net/virtio0/net/eth0/device/net/eth0/subsystem/lo/subsystem/eth0/subsystem/lo/queues HTTP/1.1" 200 11143 "https://mail.artesaniascolombianas.net.co/?loknya=/sys/class/net/eth0/subsystem/eth0/device/driver/module/drivers/virtio:virtio_net/virtio0/net/eth0/device/net/eth0/subsystem/lo/subsystem/eth0/subsystem/lo" "Mozilla/5.0 AppleWebKit/537.36 (KHTML, like Gecko; compatible; GPTBot/1.4; +https://openai.com/gptbot)"
74.7.241.42 - - [09/Sep/2026:07:11:13 -0500] "GET /index.php?lokasie=/proc/30972/net//ip_tables_names&loknya=/proc/30972/net/ HTTP/1.1" 200 4087 "https://www.artesaniascolombianas.net.co/index.php?loknya=/proc/30972/net/" "Mozilla/5.0 AppleWebKit/537.36 (KHTML, like Gecko; compatible; GPTBot/1.4; +https://openai.com/gptbot)"
74.7.242.34 - - [09/Sep/2026:07:11:14 -0500] "GET /?lokasie=/proc/24343/net/stat/rt_cache&loknya=/proc/24343/net/stat HTTP/1.1" 200 4961 "https://artesaniascolombianas.net.co/?loknya=/proc/24343/net/stat" "Mozilla/5.0 AppleWebKit/537.36 (KHTML, like Gecko; compatible; GPTBot/1.4; +https://openai.com/gptbot)"
74.7.241.13 - - [09/Sep/2026:07:11:14 -0500] "GET /?loknya=/sys/class/net/eth0/subsystem/eth0/device/driver/module/drivers/virtio:virtio_net/virtio0/net/eth0/device/net/eth0/subsystem/lo/subsystem/lo/subsystem/eth0/queues HTTP/1.1" 200 19923 "https://mail.artesaniascolombianas.net.co/?loknya=/sys/class/net/eth0/subsystem/eth0/device/driver/module/drivers/virtio:virtio_net/virtio0/net/eth0/device/net/eth0/subsystem/lo/subsystem/lo/subsystem/eth0" "Mozilla/5.0 AppleWebKit/537.36 (KHTML, like Gecko; compatible; GPTBot/1.4; +https://openai.com/gptbot)"
74.7.241.42 - - [09/Sep/2026:07:11:14 -0500] "GET /index.php?lokasie=/proc/30987/net//ip_tables_names&loknya=/proc/30987/net/ HTTP/1.1" 200 4087 "https://www.artesaniascolombianas.net.co/index.php?loknya=/proc/30987/net/" "Mozilla/5.0 AppleWebKit/537.36 (KHTML, like Gecko; compatible; GPTBot/1.4; +https://openai.com/gptbot)"
74.7.241.13 - - [09/Sep/2026:07:11:14 -0500] "GET /?loknya=/sys/class/net/eth0/subsystem/eth0/device/driver/module/drivers/virtio:virtio_net/virtio0/net/eth0/device/net/eth0/subsystem/subsystem/eth0/subsystem/ HTTP/1.1" 200 7631 "https://mail.artesaniascolombianas.net.co/?loknya=/sys/class/net/eth0/subsystem/eth0/device/driver/module/drivers/virtio:virtio_net/virtio0/net/eth0/device/net/eth0/subsystem/lo/subsystem/eth0/subsystem/lo" "Mozilla/5.0 AppleWebKit/537.36 (KHTML, like Gecko; compatible; GPTBot/1.4; +https://openai.com/gptbot)"
74.7.242.34 - - [09/Sep/2026:07:11:14 -0500] "GET /?lokasie=/proc/20404/net/stat/rt_cache&loknya=/proc/20404/net/stat HTTP/1.1" 200 4961 "https://artesaniascolombianas.net.co/?loknya=/proc/20404/net/stat" "Mozilla/5.0 AppleWebKit/537.36 (KHTML, like Gecko; compatible; GPTBot/1.4; +https://openai.com/gptbot)"
74.7.241.42 - - [09/Sep/2026:07:11:14 -0500] "GET /index.php?lokasie=/proc/30847/net//ip_tables_names&loknya=/proc/30847/net/ HTTP/1.1" 200 4087 "https://www.artesaniascolombianas.net.co/index.php?loknya=/proc/30847/net/" "Mozilla/5.0 AppleWebKit/537.36 (KHTML, like Gecko; compatible; GPTBot/1.4; +https://openai.com/gptbot)"
2a03:2880:f802:2b:: - - [09/Sep/2026:07:11:14 -0500] "GET /?y=2594610902 HTTP/1.1" 200 39909 "-" "Mozilla/5.0 (Windows NT 10.0; Win64; x64) AppleWebKit/537.36 (KHTML, like Gecko) Chrome/145.0.0.0 Safari/537.36 (compatible; meta-externalagent/1.1 (+https://developers.facebook.com/docs/sharing/webmasters/crawler))"
74.7.242.34 - - [09/Sep/2026:07:11:14 -0500] "GET /?lokasie=/proc/25035/net/stat/arp_cache&loknya=/proc/25035/net/stat HTTP/1.1" 200 4737 "https://artesaniascolombianas.net.co/?loknya=/proc/25035/net/stat" "Mozilla/5.0 AppleWebKit/537.36 (KHTML, like Gecko; compatible; GPTBot/1.4; +https://openai.com/gptbot)"
74.7.241.13 - - [09/Sep/2026:07:11:14 -0500] "GET /?loknya=/sys/class/net/eth0/subsystem/eth0/device/driver/module/drivers/virtio:virtio_net/virtio0/net/eth0/device/net/eth0/subsystem/lo/subsystem/eth0/subsystem/lo/ HTTP/1.1" 200 64046 "https://mail.artesaniascolombianas.net.co/?loknya=/sys/class/net/eth0/subsystem/eth0/device/driver/module/drivers/virtio:virtio_net/virtio0/net/eth0/device/net/eth0/subsystem/lo/subsystem/eth0/subsystem/lo/power" "Mozilla/5.0 AppleWebKit/537.36 (KHTML, like Gecko; compatible; GPTBot/1.4; +https://openai.com/gptbot)"
74.7.241.42 - - [09/Sep/2026:07:11:15 -0500] "GET /index.php?lokasie=/proc/23714/net//ip_tables_names&loknya=/proc/23714/net/ HTTP/1.1" 200 4087 "https://www.artesaniascolombianas.net.co/index.php?loknya=/proc/23714/net/" "Mozilla/5.0 AppleWebKit/537.36 (KHTML, like Gecko; compatible; GPTBot/1.4; +https://openai.com/gptbot)"
74.7.241.13 - - [09/Sep/2026:07:11:15 -0500] "GET /?loknya=/sys/class/net/driver/module/drivers/virtio:virtio_net/virtio0/net/net HTTP/1.1" 200 5897 "https://mail.artesaniascolombianas.net.co/?loknya=/sys/class/net/driver/module/drivers/virtio:virtio_net/virtio0/net/net/lo/" "Mozilla/5.0 AppleWebKit/537.36 (KHTML, like Gecko; compatible; GPTBot/1.4; +https://openai.com/gptbot)"
74.7.242.34 - - [09/Sep/2026:07:11:15 -0500] "GET /?lokasie=/proc/24343/net/stat/arp_cache&loknya=/proc/24343/net/stat HTTP/1.1" 200 4737 "https://artesaniascolombianas.net.co/?loknya=/proc/24343/net/stat" "Mozilla/5.0 AppleWebKit/537.36 (KHTML, like Gecko; compatible; GPTBot/1.4; +https://openai.com/gptbot)"
103.157.223.56 - - [09/Sep/2026:07:11:15 -0500] "POST /xmlrpc.php HTTP/1.1" 200 39905 "-" "Jetpack by WordPress.com (Jetpack 12.5; WordPress 6.4)"
74.7.241.42 - - [09/Sep/2026:07:11:15 -0500] "GET /index.php?lokasie=/proc/30972/net/nf_conntrack_expect&loknya=/proc/30972/net HTTP/1.1" 200 4090 "https://www.artesaniascolombianas.net.co/index.php?loknya=/proc/30972/net" "Mozilla/5.0 AppleWebKit/537.36 (KHTML, like Gecko; compatible; GPTBot/1.4; +https://openai.com/gptbot)"
74.7.242.34 - - [09/Sep/2026:07:11:15 -0500] "GET /?lokasie=/proc/28997/net/stat/arp_cache&loknya=/proc/28997/net/stat HTTP/1.1" 200 4737 "https://artesaniascolombianas.net.co/?loknya=/proc/28997/net/stat" "Mozilla/5.0 AppleWebKit/537.36 (KHTML, like Gecko; compatible; GPTBot/1.4; +https://openai.com/gptbot)"
74.7.241.13 - - [09/Sep/2026:07:11:16 -0500] "GET /?loknya=/sys/class/net/driver/module/drivers/virtio:virtio_net/virtio0/net/net/lo HTTP/1.1" 200 6017 "https://mail.artesaniascolombianas.net.co/?loknya=/sys/class/net/driver/module/drivers/virtio:virtio_net/virtio0/net/net/lo/" "Mozilla/5.0 AppleWebKit/537.36 (KHTML, like Gecko; compatible; GPTBot/1.4; +https://openai.com/gptbot)"
74.7.241.42 - - [09/Sep/2026:07:11:16 -0500] "GET /index.php?lokasie=/proc/23714/net//ptype&loknya=/proc/23714/net/ HTTP/1.1" 200 4195 "https://www.artesaniascolombianas.net.co/index.php?loknya=/proc/23714/net/" "Mozilla/5.0 AppleWebKit/537.36 (KHTML, like Gecko; compatible; GPTBot/1.4; +https://openai.com/gptbot)"
74.7.241.13 - - [09/Sep/2026:07:11:16 -0500] "GET /?loknya=/sys/class/net/driver/module/drivers/virtio:virtio_net/virtio0/net/net/ HTTP/1.1" 200 5900 "https://mail.artesaniascolombianas.net.co/?loknya=/sys/class/net/driver/module/drivers/virtio:virtio_net/virtio0/net/net/lo/" "Mozilla/5.0 AppleWebKit/537.36 (KHTML, like Gecko; compatible; GPTBot/1.4; +https://openai.com/gptbot)"
74.7.242.34 - - [09/Sep/2026:07:11:16 -0500] "GET /?lokasie=/proc/25035/net/stat/rt_cache&loknya=/proc/25035/net/stat HTTP/1.1" 200 4961 "https://artesaniascolombianas.net.co/?loknya=/proc/25035/net/stat" "Mozilla/5.0 AppleWebKit/537.36 (KHTML, like Gecko; compatible; GPTBot/1.4; +https://openai.com/gptbot)"
74.7.241.42 - - [09/Sep/2026:07:11:16 -0500] "GET /index.php?lokasie=/proc/30847/net//ptype&loknya=/proc/30847/net/ HTTP/1.1" 200 4195 "https://www.artesaniascolombianas.net.co/index.php?loknya=/proc/30847/net/" "Mozilla/5.0 AppleWebKit/537.36 (KHTML, like Gecko; compatible; GPTBot/1.4; +https://openai.com/gptbot)"
74.7.242.34 - - [09/Sep/2026:07:11:16 -0500] "GET /?lokasie=/proc/20404/net/stat/arp_cache&loknya=/proc/20404/net/stat HTTP/1.1" 200 4737 "https://artesaniascolombianas.net.co/?loknya=/proc/20404/net/stat" "Mozilla/5.0 AppleWebKit/537.36 (KHTML, like Gecko; compatible; GPTBot/1.4; +https://openai.com/gptbot)"
74.7.241.13 - - [09/Sep/2026:07:11:17 -0500] "GET /?loknya=/sys/class/net/subsystem/driver/module/drivers/virtio:virtio_net/virtio0/net/net/subsystem/ HTTP/1.1" 200 6204 "https://mail.artesaniascolombianas.net.co/?loknya=/sys/class/net/subsystem/driver/module/drivers/virtio:virtio_net/virtio0/net/net/subsystem/lo" "Mozilla/5.0 AppleWebKit/537.36 (KHTML, like Gecko; compatible; GPTBot/1.4; +https://openai.com/gptbot)"
74.7.241.42 - - [09/Sep/2026:07:11:17 -0500] "GET /index.php?lokasie=/proc/24316/net//ptype&loknya=/proc/24316/net/ HTTP/1.1" 200 4195 "https://www.artesaniascolombianas.net.co/index.php?loknya=/proc/24316/net/" "Mozilla/5.0 AppleWebKit/537.36 (KHTML, like Gecko; compatible; GPTBot/1.4; +https://openai.com/gptbot)"
74.7.241.13 - - [09/Sep/2026:07:11:17 -0500] "GET /?loknya=/sys/class/net/eth0/subsystem/eth0/driver/module/drivers/virtio:virtio_net/virtio0/net/eth0/net/eth0/subsystem HTTP/1.1" 200 6718 "https://mail.artesaniascolombianas.net.co/?loknya=/sys/class/net/eth0/subsystem/eth0/driver/module/drivers/virtio:virtio_net/virtio0/net/eth0/net/eth0/subsystem/lo/subsystem/eth0/" "Mozilla/5.0 AppleWebKit/537.36 (KHTML, like Gecko; compatible; GPTBot/1.4; +https://openai.com/gptbot)"
74.7.242.34 - - [09/Sep/2026:07:11:17 -0500] "GET /?lokasie=/proc/28997/net/stat/rt_cache&loknya=/proc/28997/net/stat HTTP/1.1" 200 4961 "https://artesaniascolombianas.net.co/?loknya=/proc/28997/net/stat" "Mozilla/5.0 AppleWebKit/537.36 (KHTML, like Gecko; compatible; GPTBot/1.4; +https://openai.com/gptbot)"
74.7.241.42 - - [09/Sep/2026:07:11:17 -0500] "GET /index.php?lokasie=/proc/30972/net//ptype&loknya=/proc/30972/net/ HTTP/1.1" 200 4195 "https://www.artesaniascolombianas.net.co/index.php?loknya=/proc/30972/net/" "Mozilla/5.0 AppleWebKit/537.36 (KHTML, like Gecko; compatible; GPTBot/1.4; +https://openai.com/gptbot)"
74.7.241.13 - - [09/Sep/2026:07:11:17 -0500] "GET /?loknya=/sys/class/net/subsystem/device/driver/module/drivers/virtio:virtio_net/virtio0/net/device/net/subsystem/lo/subsystem/lo HTTP/1.1" 200 6986 "https://mail.artesaniascolombianas.net.co/?loknya=/sys/class/net/subsystem/device/driver/module/drivers/virtio:virtio_net/virtio0/net/device/net/subsystem/lo/subsystem/lo/subsystem/" "Mozilla/5.0 AppleWebKit/537.36 (KHTML, like Gecko; compatible; GPTBot/1.4; +https://openai.com/gptbot)"
2a03:2880:f802:13:: - - [09/Sep/2026:07:11:17 -0500] "GET /?y=25946107719 HTTP/1.1" 200 39909 "-" "Mozilla/5.0 (X11; Linux x86_64) AppleWebKit/537.36 (KHTML, like Gecko) Chrome/145.0.0.0 Safari/537.36 (compatible; meta-externalagent/1.1 (+https://developers.facebook.com/docs/sharing/webmasters/crawler))"
74.7.242.34 - - [09/Sep/2026:07:11:18 -0500] "GET /?lokasie=/proc/24096/net/stat/rt_cache&loknya=/proc/24096/net/stat HTTP/1.1" 200 4961 "https://artesaniascolombianas.net.co/?loknya=/proc/24096/net/stat" "Mozilla/5.0 AppleWebKit/537.36 (KHTML, like Gecko; compatible; GPTBot/1.4; +https://openai.com/gptbot)"
74.7.241.42 - - [09/Sep/2026:07:11:18 -0500] "GET /index.php?lokasie=/proc/30987/net//ptype&loknya=/proc/30987/net/ HTTP/1.1" 200 4195 "https://www.artesaniascolombianas.net.co/index.php?loknya=/proc/30987/net/" "Mozilla/5.0 AppleWebKit/537.36 (KHTML, like Gecko; compatible; GPTBot/1.4; +https://openai.com/gptbot)"
2a03:2880:f802:49:: - - [09/Sep/2026:07:11:18 -0500] "GET /?v=7945165211 HTTP/1.1" 200 39909 "-" "Mozilla/5.0 (X11; Linux x86_64) AppleWebKit/537.36 (KHTML, like Gecko) Chrome/145.0.0.0 Safari/537.36 (compatible; meta-externalagent/1.1 (+https://developers.facebook.com/docs/sharing/webmasters/crawler))"
74.7.241.13 - - [09/Sep/2026:07:11:18 -0500] "GET /?loknya=/sys/class/net/device/driver/module/drivers/virtio:virtio_net/virtio0/net/device/net/lo/lo/ HTTP/1.1" 200 6415 "https://mail.artesaniascolombianas.net.co/?loknya=/sys/class/net/subsystem/device/driver/module/drivers/virtio:virtio_net/virtio0/net/device/net/subsystem/lo/subsystem/lo/subsystem/" "Mozilla/5.0 AppleWebKit/537.36 (KHTML, like Gecko; compatible; GPTBot/1.4; +https://openai.com/gptbot)"
74.7.242.34 - - [09/Sep/2026:07:11:18 -0500] "GET /?lokasie=/proc/24185/net/stat/arp_cache&loknya=/proc/24185/net/stat HTTP/1.1" 200 4737 "https://artesaniascolombianas.net.co/?loknya=/proc/24185/net/stat" "Mozilla/5.0 AppleWebKit/537.36 (KHTML, like Gecko; compatible; GPTBot/1.4; +https://openai.com/gptbot)"
2a03:2880:f802:48:: - - [09/Sep/2026:07:11:18 -0500] "GET /?x=78855225129 HTTP/1.1" 200 39909 "-" "Mozilla/5.0 (Windows NT 10.0; Win64; x64) AppleWebKit/537.36 (KHTML, like Gecko) Chrome/145.0.0.0 Safari/537.36 (compatible; meta-externalagent/1.1 (+https://developers.facebook.com/docs/sharing/webmasters/crawler))"
2a03:2880:f802:e:: - - [09/Sep/2026:07:11:18 -0500] "GET /?f=65213113362 HTTP/1.1" 200 39908 "-" "Mozilla/5.0 (Windows NT 10.0; Win64; x64) AppleWebKit/537.36 (KHTML, like Gecko) Chrome/145.0.0.0 Safari/537.36 (compatible; meta-externalagent/1.1 (+https://developers.facebook.com/docs/sharing/webmasters/crawler))"
74.7.241.42 - - [09/Sep/2026:07:11:18 -0500] "GET /index.php?lokasie=/proc/24316/net/ip_tables_targets&loknya=/proc/24316/net HTTP/1.1" 200 4088 "https://www.artesaniascolombianas.net.co/index.php?loknya=/proc/24316/net" "Mozilla/5.0 AppleWebKit/537.36 (KHTML, like Gecko; compatible; GPTBot/1.4; +https://openai.com/gptbot)"
74.7.241.13 - - [09/Sep/2026:07:11:18 -0500] "GET /?loknya=/sys/class/net/subsystem/device/driver/module/drivers/virtio:virtio_net/virtio0/net/device/net/subsystem/lo/subsystem/lo/subsystem HTTP/1.1" 200 7145 "https://mail.artesaniascolombianas.net.co/?loknya=/sys/class/net/subsystem/device/driver/module/drivers/virtio:virtio_net/virtio0/net/device/net/subsystem/lo/subsystem/lo/subsystem/" "Mozilla/5.0 AppleWebKit/537.36 (KHTML, like Gecko; compatible; GPTBot/1.4; +https://openai.com/gptbot)"
74.7.242.34 - - [09/Sep/2026:07:11:19 -0500] "GET /?lokasie=/proc/24096/net/stat/arp_cache&loknya=/proc/24096/net/stat HTTP/1.1" 200 4737 "https://artesaniascolombianas.net.co/?loknya=/proc/24096/net/stat" "Mozilla/5.0 AppleWebKit/537.36 (KHTML, like Gecko; compatible; GPTBot/1.4; +https://openai.com/gptbot)"
74.7.241.42 - - [09/Sep/2026:07:11:19 -0500] "GET /index.php?lokasie=/proc/30987/net/ip_tables_targets&loknya=/proc/30987/net HTTP/1.1" 200 4088 "https://www.artesaniascolombianas.net.co/index.php?loknya=/proc/30987/net" "Mozilla/5.0 AppleWebKit/537.36 (KHTML, like Gecko; compatible; GPTBot/1.4; +https://openai.com/gptbot)"
74.7.242.34 - - [09/Sep/2026:07:11:19 -0500] "GET /?lokasie=/proc/20438/net/stat/arp_cache&loknya=/proc/20438/net/stat HTTP/1.1" 200 4737 "https://artesaniascolombianas.net.co/?loknya=/proc/20438/net/stat" "Mozilla/5.0 AppleWebKit/537.36 (KHTML, like Gecko; compatible; GPTBot/1.4; +https://openai.com/gptbot)"
74.7.241.13 - - [09/Sep/2026:07:11:19 -0500] "GET /?loknya=/sys/class/net/eth0/subsystem/eth0/device/driver/module/drivers/virtio:virtio_net/virtio0/net/eth0/device/net/eth0/subsystem/lo/subsystem/lo/subsystem/eth0/ HTTP/1.1" 200 65476 "https://mail.artesaniascolombianas.net.co/?loknya=/sys/class/net/eth0/subsystem/eth0/device/driver/module/drivers/virtio:virtio_net/virtio0/net/eth0/device/net/eth0/subsystem/lo/subsystem/lo/subsystem/eth0/power" "Mozilla/5.0 AppleWebKit/537.36 (KHTML, like Gecko; compatible; GPTBot/1.4; +https://openai.com/gptbot)"
74.7.241.42 - - [09/Sep/2026:07:11:19 -0500] "GET /index.php?lokasie=/proc/23714/net/ip_tables_matches&loknya=/proc/23714/net HTTP/1.1" 200 4088 "https://www.artesaniascolombianas.net.co/index.php?loknya=/proc/23714/net" "Mozilla/5.0 AppleWebKit/537.36 (KHTML, like Gecko; compatible; GPTBot/1.4; +https://openai.com/gptbot)"
2a03:2880:f802:49:: - - [09/Sep/2026:07:11:19 -0500] "GET /?i=3679881269 HTTP/1.1" 200 39909 "-" "Mozilla/5.0 (Macintosh; Intel Mac OS X 10_15_7) AppleWebKit/537.36 (KHTML, like Gecko) Chrome/145.0.0.0 Safari/537.36 (compatible; meta-externalagent/1.1 (+https://developers.facebook.com/docs/sharing/webmasters/crawler))"
74.7.242.34 - - [09/Sep/2026:07:11:20 -0500] "GET /?lokasie=/proc/20438/net/stat/rt_cache&loknya=/proc/20438/net/stat HTTP/1.1" 200 4961 "https://artesaniascolombianas.net.co/?loknya=/proc/20438/net/stat" "Mozilla/5.0 AppleWebKit/537.36 (KHTML, like Gecko; compatible; GPTBot/1.4; +https://openai.com/gptbot)"
74.7.241.13 - - [09/Sep/2026:07:11:20 -0500] "GET /?loknya=/sys/class/net/eth0/subsystem/eth0/device/driver/module/drivers/virtio:virtio_net/virtio0/net/eth0/device/net/eth0/subsystem/subsystem/eth0 HTTP/1.1" 200 7431 "https://mail.artesaniascolombianas.net.co/?loknya=/sys/class/net/eth0/subsystem/eth0/device/driver/module/drivers/virtio:virtio_net/virtio0/net/eth0/device/net/eth0/subsystem/subsystem/eth0/subsystem/" "Mozilla/5.0 AppleWebKit/537.36 (KHTML, like Gecko; compatible; GPTBot/1.4; +https://openai.com/gptbot)"
2a03:2880:f802:: - - [09/Sep/2026:07:11:20 -0500] "GET /?x=78855222683 HTTP/1.1" 200 39906 "-" "Mozilla/5.0 (Macintosh; Intel Mac OS X 10_15_7) AppleWebKit/537.36 (KHTML, like Gecko) Chrome/145.0.0.0 Safari/537.36 (compatible; meta-externalagent/1.1 (+https://developers.facebook.com/docs/sharing/webmasters/crawler))"
74.7.241.42 - - [09/Sep/2026:07:11:20 -0500] "GET /index.php?lokasie=/proc/30847/net/ip_tables_matches&loknya=/proc/30847/net HTTP/1.1" 200 4088 "https://www.artesaniascolombianas.net.co/index.php?loknya=/proc/30847/net" "Mozilla/5.0 AppleWebKit/537.36 (KHTML, like Gecko; compatible; GPTBot/1.4; +https://openai.com/gptbot)"
74.7.242.34 - - [09/Sep/2026:07:11:20 -0500] "GET /?lokasie=/proc/24185/net/stat/rt_cache&loknya=/proc/24185/net/stat HTTP/1.1" 200 4961 "https://artesaniascolombianas.net.co/?loknya=/proc/24185/net/stat" "Mozilla/5.0 AppleWebKit/537.36 (KHTML, like Gecko; compatible; GPTBot/1.4; +https://openai.com/gptbot)"
74.7.241.13 - - [09/Sep/2026:07:11:20 -0500] "GET /?loknya=/sys/class/net/eth0/subsystem/eth0/device/module/s/virtio:virtio_net/virtio0/net/eth0/device/net/eth0/device/virtio0 HTTP/1.1" 200 6970 "https://mail.artesaniascolombianas.net.co/?loknya=/sys/class/net/eth0/subsystem/eth0/device/module/s/virtio:virtio_net/virtio0/net/eth0/device/net/eth0/device/virtio0/" "Mozilla/5.0 AppleWebKit/537.36 (KHTML, like Gecko; compatible; GPTBot/1.4; +https://openai.com/gptbot)"
74.7.241.42 - - [09/Sep/2026:07:11:20 -0500] "GET /index.php?lokasie=/proc/30972/net/ip_tables_targets&loknya=/proc/30972/net HTTP/1.1" 200 4088 "https://www.artesaniascolombianas.net.co/index.php?loknya=/proc/30972/net" "Mozilla/5.0 AppleWebKit/537.36 (KHTML, like Gecko; compatible; GPTBot/1.4; +https://openai.com/gptbot)"
74.7.242.34 - - [09/Sep/2026:07:11:21 -0500] "GET /?loknya=/proc/24770/net/stat HTTP/1.1" 200 5253 "https://artesaniascolombianas.net.co/?loknya=/proc/24770/net" "Mozilla/5.0 AppleWebKit/537.36 (KHTML, like Gecko; compatible; GPTBot/1.4; +https://openai.com/gptbot)"
74.7.241.13 - - [09/Sep/2026:07:11:21 -0500] "GET /?loknya=/sys/class/net/eth0/subsystem/eth0/device/driver/module/drivers/virtio:virtio_net/virtio0/net/eth0/device/net/eth0/subsystem/subsystem HTTP/1.1" 200 7244 "https://mail.artesaniascolombianas.net.co/?loknya=/sys/class/net/eth0/subsystem/eth0/device/driver/module/drivers/virtio:virtio_net/virtio0/net/eth0/device/net/eth0/subsystem/subsystem/eth0/subsystem/" "Mozilla/5.0 AppleWebKit/537.36 (KHTML, like Gecko; compatible; GPTBot/1.4; +https://openai.com/gptbot)"
74.7.241.42 - - [09/Sep/2026:07:11:21 -0500] "GET /index.php?lokasie=/proc/30987/net/ip_tables_matches&loknya=/proc/30987/net HTTP/1.1" 200 4088 "https://www.artesaniascolombianas.net.co/index.php?loknya=/proc/30987/net" "Mozilla/5.0 AppleWebKit/537.36 (KHTML, like Gecko; compatible; GPTBot/1.4; +https://openai.com/gptbot)"
2a03:2880:f802:2a:: - - [09/Sep/2026:07:11:21 -0500] "GET /?u=39774233789 HTTP/1.1" 200 39909 "-" "Mozilla/5.0 (Windows NT 10.0; Win64; x64) AppleWebKit/537.36 (KHTML, like Gecko) Chrome/145.0.0.0 Safari/537.36 (compatible; meta-externalagent/1.1 (+https://developers.facebook.com/docs/sharing/webmasters/crawler))"
74.7.241.13 - - [09/Sep/2026:07:11:21 -0500] "GET /?loknya=/sys/class/net/eth0/subsystem/eth0/device/driver/module/drivers/virtio:virtio_net/virtio0/net/eth0/device/net/eth0/subsystem/subsystem/ HTTP/1.1" 200 7247 "https://mail.artesaniascolombianas.net.co/?loknya=/sys/class/net/eth0/subsystem/eth0/device/driver/module/drivers/virtio:virtio_net/virtio0/net/eth0/device/net/eth0/subsystem/lo/subsystem/lo" "Mozilla/5.0 AppleWebKit/537.36 (KHTML, like Gecko; compatible; GPTBot/1.4; +https://openai.com/gptbot)"
74.7.242.34 - - [09/Sep/2026:07:11:21 -0500] "GET /?loknya=/proc/24229/net/stat HTTP/1.1" 200 10509 "https://artesaniascolombianas.net.co/?loknya=/proc/24229/net" "Mozilla/5.0 AppleWebKit/537.36 (KHTML, like Gecko; compatible; GPTBot/1.4; +https://openai.com/gptbot)"
2a03:2880:f802:e:: - - [09/Sep/2026:07:11:21 -0500] "GET /?b=47659103534 HTTP/1.1" 200 39908 "-" "Mozilla/5.0 (Macintosh; Intel Mac OS X 10_15_7) AppleWebKit/537.36 (KHTML, like Gecko) Chrome/145.0.0.0 Safari/537.36 (compatible; meta-externalagent/1.1 (+https://developers.facebook.com/docs/sharing/webmasters/crawler))"
2a03:2880:f802:5:: - - [09/Sep/2026:07:11:21 -0500] "GET /?y=25946250606 HTTP/1.1" 200 39908 "-" "Mozilla/5.0 (Macintosh; Intel Mac OS X 10_15_7) AppleWebKit/537.36 (KHTML, like Gecko) Chrome/145.0.0.0 Safari/537.36 (compatible; meta-externalagent/1.1 (+https://developers.facebook.com/docs/sharing/webmasters/crawler))"
74.7.241.42 - - [09/Sep/2026:07:11:21 -0500] "GET /index.php?lokasie=/proc/30972/net/ip_tables_matches&loknya=/proc/30972/net HTTP/1.1" 200 4088 "https://www.artesaniascolombianas.net.co/index.php?loknya=/proc/30972/net" "Mozilla/5.0 AppleWebKit/537.36 (KHTML, like Gecko; compatible; GPTBot/1.4; +https://openai.com/gptbot)"
74.7.242.34 - - [09/Sep/2026:07:11:21 -0500] "GET /?loknya=/proc/24088/net/stat HTTP/1.1" 200 10509 "https://artesaniascolombianas.net.co/?loknya=/proc/24088/net" "Mozilla/5.0 AppleWebKit/537.36 (KHTML, like Gecko; compatible; GPTBot/1.4; +https://openai.com/gptbot)"
74.7.241.13 - - [09/Sep/2026:07:11:22 -0500] "GET /?loknya=/sys/class/net/eth0/subsystem/eth0/device/net/eth0/device/driver/virtio0/net/eth0/device/subsystem/drivers/virtio_console/module HTTP/1.1" 200 26553 "https://mail.artesaniascolombianas.net.co/?loknya=/sys/class/net/eth0/subsystem/eth0/device/net/eth0/device/driver/virtio0/net/eth0/device/subsystem/drivers/virtio_console" "Mozilla/5.0 AppleWebKit/537.36 (KHTML, like Gecko; compatible; GPTBot/1.4; +https://openai.com/gptbot)"
2a03:2880:f802:3b:: - - [09/Sep/2026:07:11:22 -0500] "GET /?x=7885530246 HTTP/1.1" 200 39909 "-" "Mozilla/5.0 (Windows NT 10.0; Win64; x64) AppleWebKit/537.36 (KHTML, like Gecko) Chrome/145.0.0.0 Safari/537.36 (compatible; meta-externalagent/1.1 (+https://developers.facebook.com/docs/sharing/webmasters/crawler))"
74.7.241.42 - - [09/Sep/2026:07:11:22 -0500] "GET /index.php?lokasie=/proc/23714/net/ip_tables_targets&loknya=/proc/23714/net HTTP/1.1" 200 4088 "https://www.artesaniascolombianas.net.co/index.php?loknya=/proc/23714/net" "Mozilla/5.0 AppleWebKit/537.36 (KHTML, like Gecko; compatible; GPTBot/1.4; +https://openai.com/gptbot)"
74.7.242.34 - - [09/Sep/2026:07:11:22 -0500] "GET /?loknya=/proc/24316/net/stat HTTP/1.1" 200 10509 "https://artesaniascolombianas.net.co/?loknya=/proc/24316/net" "Mozilla/5.0 AppleWebKit/537.36 (KHTML, like Gecko; compatible; GPTBot/1.4; +https://openai.com/gptbot)"
74.7.241.13 - - [09/Sep/2026:07:11:22 -0500] "GET /?loknya=/sys/class/net/eth0/subsystem/eth0/device/net/eth0/device/driver/virtio0/net/eth0/device/subsystem/drivers/virtio_balloon/module HTTP/1.1" 200 27939 "https://mail.artesaniascolombianas.net.co/?loknya=/sys/class/net/eth0/subsystem/eth0/device/net/eth0/device/driver/virtio0/net/eth0/device/subsystem/drivers/virtio_balloon" "Mozilla/5.0 AppleWebKit/537.36 (KHTML, like Gecko; compatible; GPTBot/1.4; +https://openai.com/gptbot)"
74.7.241.42 - - [09/Sep/2026:07:11:22 -0500] "GET /index.php?lokasie=/proc/24316/net/ip_tables_matches&loknya=/proc/24316/net HTTP/1.1" 200 4088 "https://www.artesaniascolombianas.net.co/index.php?loknya=/proc/24316/net" "Mozilla/5.0 AppleWebKit/537.36 (KHTML, like Gecko; compatible; GPTBot/1.4; +https://openai.com/gptbot)"
74.7.241.13 - - [09/Sep/2026:07:11:22 -0500] "GET /?loknya=/sys/class/net/eth0/subsystem/eth0/device/driver/virtio0/net/eth0/device/net/eth0/device/subsystem/devices/virtio2/power HTTP/1.1" 200 22710 "https://mail.artesaniascolombianas.net.co/?loknya=/sys/class/net/eth0/subsystem/eth0/device/driver/virtio0/net/eth0/device/net/eth0/device/subsystem/devices/virtio2" "Mozilla/5.0 AppleWebKit/537.36 (KHTML, like Gecko; compatible; GPTBot/1.4; +https://openai.com/gptbot)"
74.7.242.34 - - [09/Sep/2026:07:11:22 -0500] "GET /?loknya=/proc/23630/net/stat HTTP/1.1" 200 10513 "https://artesaniascolombianas.net.co/?loknya=/proc/23630/net" "Mozilla/5.0 AppleWebKit/537.36 (KHTML, like Gecko; compatible; GPTBot/1.4; +https://openai.com/gptbot)"
74.7.241.42 - - [09/Sep/2026:07:11:23 -0500] "GET /index.php?lokasie=/proc/30847/net/ip_tables_targets&loknya=/proc/30847/net HTTP/1.1" 200 4088 "https://www.artesaniascolombianas.net.co/index.php?loknya=/proc/30847/net" "Mozilla/5.0 AppleWebKit/537.36 (KHTML, like Gecko; compatible; GPTBot/1.4; +https://openai.com/gptbot)"
2a03:2880:f802:e:: - - [09/Sep/2026:07:11:23 -0500] "GET /?i=3679874481 HTTP/1.1" 200 39908 "-" "Mozilla/5.0 (X11; Linux x86_64) AppleWebKit/537.36 (KHTML, like Gecko) Chrome/145.0.0.0 Safari/537.36 (compatible; meta-externalagent/1.1 (+https://developers.facebook.com/docs/sharing/webmasters/crawler))"
74.7.242.34 - - [09/Sep/2026:07:11:23 -0500] "GET /?loknya=/proc/30122/net/stat HTTP/1.1" 200 5253 "https://artesaniascolombianas.net.co/?loknya=/proc/30122/net" "Mozilla/5.0 AppleWebKit/537.36 (KHTML, like Gecko; compatible; GPTBot/1.4; +https://openai.com/gptbot)"
74.7.241.13 - - [09/Sep/2026:07:11:23 -0500] "GET /?loknya=/sys/class/net/subsystem/device/driver/module/drivers/virtio:virtio_net/virtio0/net/device/net/subsystem/subsystem/ HTTP/1.1" 200 6665 "https://mail.artesaniascolombianas.net.co/?loknya=/sys/class/net/subsystem/device/driver/module/drivers/virtio:virtio_net/virtio0/net/device/net/subsystem/lo/subsystem/lo" "Mozilla/5.0 AppleWebKit/537.36 (KHTML, like Gecko; compatible; GPTBot/1.4; +https://openai.com/gptbot)"
74.7.241.42 - - [09/Sep/2026:07:11:23 -0500] "GET /index.php?lokasie=/lib64/perl5/CORE/libperl.so&loknya=/lib64/perl5/CORE HTTP/1.1" 200 4089 "https://www.artesaniascolombianas.net.co/index.php?loknya=/lib64/perl5/CORE" "Mozilla/5.0 AppleWebKit/537.36 (KHTML, like Gecko; compatible; GPTBot/1.4; +https://openai.com/gptbot)"
2a03:2880:f802:28:: - - [09/Sep/2026:07:11:23 -0500] "GET /?v=7945177268 HTTP/1.1" 200 39909 "-" "Mozilla/5.0 (Macintosh; Intel Mac OS X 10_15_7) AppleWebKit/537.36 (KHTML, like Gecko) Chrome/145.0.0.0 Safari/537.36 (compatible; meta-externalagent/1.1 (+https://developers.facebook.com/docs/sharing/webmasters/crawler))"
74.7.241.13 - - [09/Sep/2026:07:11:24 -0500] "GET /?loknya=/sys/class/net/device/driver/module/drivers/virtio:virtio_net/virtio0/net/device/net/lo/lo HTTP/1.1" 200 6412 "https://mail.artesaniascolombianas.net.co/?loknya=/sys/class/net/device/driver/module/drivers/virtio:virtio_net/virtio0/net/device/net/lo/lo/" "Mozilla/5.0 AppleWebKit/537.36 (KHTML, like Gecko; compatible; GPTBot/1.4; +https://openai.com/gptbot)"
74.7.242.34 - - [09/Sep/2026:07:11:24 -0500] "GET /?loknya=/proc/23702/net/stat HTTP/1.1" 200 10513 "https://artesaniascolombianas.net.co/?loknya=/proc/23702/net" "Mozilla/5.0 AppleWebKit/537.36 (KHTML, like Gecko; compatible; GPTBot/1.4; +https://openai.com/gptbot)"
74.7.241.42 - - [09/Sep/2026:07:11:24 -0500] "GET /index.php?lokasie=/proc/30972/clear_refs&loknya=/proc/30972 HTTP/1.1" 200 4035 "https://www.artesaniascolombianas.net.co/index.php?loknya=/proc/30972" "Mozilla/5.0 AppleWebKit/537.36 (KHTML, like Gecko; compatible; GPTBot/1.4; +https://openai.com/gptbot)"
74.7.242.34 - - [09/Sep/2026:07:11:24 -0500] "GET /?loknya=/proc/10637/net/stat HTTP/1.1" 200 10509 "https://artesaniascolombianas.net.co/?loknya=/proc/10637/net" "Mozilla/5.0 AppleWebKit/537.36 (KHTML, like Gecko; compatible; GPTBot/1.4; +https://openai.com/gptbot)"
74.7.241.13 - - [09/Sep/2026:07:11:24 -0500] "GET /?loknya=/sys/class/net/device/driver/module/drivers/virtio:virtio_net/virtio0/net/device/net// HTTP/1.1" 200 6161 "https://mail.artesaniascolombianas.net.co/?loknya=/sys/class/net/device/driver/module/drivers/virtio:virtio_net/virtio0/net/device/net/lo/lo/" "Mozilla/5.0 AppleWebKit/537.36 (KHTML, like Gecko; compatible; GPTBot/1.4; +https://openai.com/gptbot)"
74.7.241.42 - - [09/Sep/2026:07:11:24 -0500] "GET /index.php?lokasie=/proc/10637/clear_refs&loknya=/proc/10637 HTTP/1.1" 200 4035 "https://www.artesaniascolombianas.net.co/index.php?loknya=/proc/10637" "Mozilla/5.0 AppleWebKit/537.36 (KHTML, like Gecko; compatible; GPTBot/1.4; +https://openai.com/gptbot)"
74.7.241.13 - - [09/Sep/2026:07:11:25 -0500] "GET /?loknya=/sys/class/net/eth0/subsystem/eth0/device/net/eth0/device/driver/virtio0/net/eth0/device/subsystem/devices/virtio1/power HTTP/1.1" 200 22697 "https://mail.artesaniascolombianas.net.co/?loknya=/sys/class/net/eth0/subsystem/eth0/device/net/eth0/device/driver/virtio0/net/eth0/device/subsystem/devices/virtio1" "Mozilla/5.0 AppleWebKit/537.36 (KHTML, like Gecko; compatible; GPTBot/1.4; +https://openai.com/gptbot)"
74.7.242.34 - - [09/Sep/2026:07:11:25 -0500] "GET /?loknya=/proc/24251/net/stat HTTP/1.1" 200 10511 "https://artesaniascolombianas.net.co/?loknya=/proc/24251/net" "Mozilla/5.0 AppleWebKit/537.36 (KHTML, like Gecko; compatible; GPTBot/1.4; +https://openai.com/gptbot)"
2a03:2880:f802:14:: - - [09/Sep/2026:07:11:25 -0500] "GET /?u=39774124001 HTTP/1.1" 200 39909 "-" "Mozilla/5.0 (Macintosh; Intel Mac OS X 10.15; rv:147.0) Gecko/20100101 Firefox/147.0 (compatible; meta-externalagent/1.1 (+https://developers.facebook.com/docs/sharing/webmasters/crawler))"
74.7.241.42 - - [09/Sep/2026:07:11:25 -0500] "GET /index.php?lokasie=/proc/23701/projid_map&loknya=/proc/23701 HTTP/1.1" 200 4068 "https://www.artesaniascolombianas.net.co/index.php?loknya=/proc/23701" "Mozilla/5.0 AppleWebKit/537.36 (KHTML, like Gecko; compatible; GPTBot/1.4; +https://openai.com/gptbot)"
2a03:2880:f806:29:: - - [09/Sep/2026:07:11:25 -0500] "GET /?i=36798175374 HTTP/1.1" 200 39909 "-" "Mozilla/5.0 (Windows NT 10.0; Win64; x64) AppleWebKit/537.36 (KHTML, like Gecko) Chrome/145.0.0.0 Safari/537.36 (compatible; meta-externalagent/1.1 (+https://developers.facebook.com/docs/sharing/webmasters/crawler))"
74.7.241.13 - - [09/Sep/2026:07:11:25 -0500] "GET /?loknya=/sys/class/net/eth0/subsystem/eth0/device/driver/virtio0/net/eth0/device/subsystem/virtio_net/virtio:virtio_net/virtio0 HTTP/1.1" 200 6722 "https://mail.artesaniascolombianas.net.co/?loknya=/sys/class/net/eth0/subsystem/eth0/device/driver/virtio0/net/eth0/device/subsystem/virtio_net/virtio:virtio_net/virtio0/driver/" "Mozilla/5.0 AppleWebKit/537.36 (KHTML, like Gecko; compatible; GPTBot/1.4; +https://openai.com/gptbot)"
74.7.242.34 - - [09/Sep/2026:07:11:25 -0500] "GET /?loknya=/proc/24228/net/stat HTTP/1.1" 200 10515 "https://artesaniascolombianas.net.co/?loknya=/proc/24228/net" "Mozilla/5.0 AppleWebKit/537.36 (KHTML, like Gecko; compatible; GPTBot/1.4; +https://openai.com/gptbot)"
2a03:2880:f802:2e:: - - [09/Sep/2026:07:11:25 -0500] "GET /?x=78855114624 HTTP/1.1" 200 39909 "-" "Mozilla/5.0 (Macintosh; Intel Mac OS X 10_15_7) AppleWebKit/537.36 (KHTML, like Gecko) Chrome/145.0.0.0 Safari/537.36 (compatible; meta-externalagent/1.1 (+https://developers.facebook.com/docs/sharing/webmasters/crawler))"
74.7.241.42 - - [09/Sep/2026:07:11:25 -0500] "GET /index.php?lokasie=/proc/18473/clear_refs&loknya=/proc/18473 HTTP/1.1" 200 4035 "https://www.artesaniascolombianas.net.co/index.php?loknya=/proc/18473" "Mozilla/5.0 AppleWebKit/537.36 (KHTML, like Gecko; compatible; GPTBot/1.4; +https://openai.com/gptbot)"
2a03:2880:f802:25:: - - [09/Sep/2026:07:11:25 -0500] "GET /?v=79451168950 HTTP/1.1" 200 39909 "-" "Mozilla/5.0 (Windows NT 10.0; Win64; x64) AppleWebKit/537.36 (KHTML, like Gecko) Chrome/145.0.0.0 Safari/537.36 (compatible; meta-externalagent/1.1 (+https://developers.facebook.com/docs/sharing/webmasters/crawler))"
74.7.241.13 - - [09/Sep/2026:07:11:25 -0500] "GET /?loknya=/sys/class/net/eth0/subsystem/eth0/device/net/eth0/device/driver/virtio0/subsystem/devices/virtio0/net/eth0/device/power HTTP/1.1" 200 22727 "https://mail.artesaniascolombianas.net.co/?loknya=/sys/class/net/eth0/subsystem/eth0/device/net/eth0/device/driver/virtio0/subsystem/devices/virtio0/net/eth0/device" "Mozilla/5.0 AppleWebKit/537.36 (KHTML, like Gecko; compatible; GPTBot/1.4; +https://openai.com/gptbot)"
74.7.242.34 - - [09/Sep/2026:07:11:25 -0500] "GET /?loknya=/proc/25085/net/stat HTTP/1.1" 200 10509 "https://artesaniascolombianas.net.co/?loknya=/proc/25085/net" "Mozilla/5.0 AppleWebKit/537.36 (KHTML, like Gecko; compatible; GPTBot/1.4; +https://openai.com/gptbot)"
103.157.223.56 - - [09/Sep/2026:07:11:26 -0500] "POST /xmlrpc.php HTTP/1.1" 200 39905 "-" "Jetpack by WordPress.com"
2a03:2880:f802:42:: - - [09/Sep/2026:07:11:26 -0500] "GET /?l=7093990073 HTTP/1.1" 200 39909 "-" "Mozilla/5.0 (Windows NT 10.0; Win64; x64) AppleWebKit/537.36 (KHTML, like Gecko) Chrome/145.0.0.0 Safari/537.36 (compatible; meta-externalagent/1.1 (+https://developers.facebook.com/docs/sharing/webmasters/crawler))"
74.7.241.42 - - [09/Sep/2026:07:11:26 -0500] "GET /index.php?lokasie=/proc/15642/projid_map&loknya=/proc/15642 HTTP/1.1" 200 4035 "https://www.artesaniascolombianas.net.co/index.php?loknya=/proc/15642" "Mozilla/5.0 AppleWebKit/537.36 (KHTML, like Gecko; compatible; GPTBot/1.4; +https://openai.com/gptbot)"
74.7.241.13 - - [09/Sep/2026:07:11:26 -0500] "GET /?loknya=/sys/class/net/eth0/subsystem/eth0/device/net/eth0/device/driver/virtio0/net/eth0/device/subsystem/drivers/virtio_balloon/virtio3 HTTP/1.1" 200 21677 "https://mail.artesaniascolombianas.net.co/?loknya=/sys/class/net/eth0/subsystem/eth0/device/net/eth0/device/driver/virtio0/net/eth0/device/subsystem/drivers/virtio_balloon" "Mozilla/5.0 AppleWebKit/537.36 (KHTML, like Gecko; compatible; GPTBot/1.4; +https://openai.com/gptbot)"
74.7.242.34 - - [09/Sep/2026:07:11:26 -0500] "GET /?loknya=/proc/23712/net/stat HTTP/1.1" 200 10513 "https://artesaniascolombianas.net.co/?loknya=/proc/23712/net" "Mozilla/5.0 AppleWebKit/537.36 (KHTML, like Gecko; compatible; GPTBot/1.4; +https://openai.com/gptbot)"
2a03:2880:f802:28:: - - [09/Sep/2026:07:11:26 -0500] "GET /?v=794511995 HTTP/1.1" 200 39909 "-" "Mozilla/5.0 (Windows NT 10.0; Win64; x64) AppleWebKit/537.36 (KHTML, like Gecko) Chrome/145.0.0.0 Safari/537.36 (compatible; meta-externalagent/1.1 (+https://developers.facebook.com/docs/sharing/webmasters/crawler))"
74.7.241.42 - - [09/Sep/2026:07:11:26 -0500] "GET /index.php?lokasie=/proc/30987/clear_refs&loknya=/proc/30987 HTTP/1.1" 200 4035 "https://www.artesaniascolombianas.net.co/index.php?loknya=/proc/30987" "Mozilla/5.0 AppleWebKit/537.36 (KHTML, like Gecko; compatible; GPTBot/1.4; +https://openai.com/gptbot)"
74.7.242.34 - - [09/Sep/2026:07:11:27 -0500] "GET /?lokasie=/proc/24229/net/stat/nf_conntrack&loknya=/proc/24229/net/stat HTTP/1.1" 200 4921 "https://artesaniascolombianas.net.co/?loknya=/proc/24229/net/stat" "Mozilla/5.0 AppleWebKit/537.36 (KHTML, like Gecko; compatible; GPTBot/1.4; +https://openai.com/gptbot)"
74.7.241.13 - - [09/Sep/2026:07:11:27 -0500] "GET /?loknya=/sys/class/net/eth0/subsystem/eth0/device/net/eth0/device/driver/virtio0/net/eth0/device/subsystem/drivers/virtio_console/virtio2 HTTP/1.1" 200 23074 "https://mail.artesaniascolombianas.net.co/?loknya=/sys/class/net/eth0/subsystem/eth0/device/net/eth0/device/driver/virtio0/net/eth0/device/subsystem/drivers/virtio_console" "Mozilla/5.0 AppleWebKit/537.36 (KHTML, like Gecko; compatible; GPTBot/1.4; +https://openai.com/gptbot)"
74.7.241.42 - - [09/Sep/2026:07:11:27 -0500] "GET /index.php?lokasie=/proc/23714/projid_map&loknya=/proc/23714 HTTP/1.1" 200 4068 "https://www.artesaniascolombianas.net.co/index.php?loknya=/proc/23714" "Mozilla/5.0 AppleWebKit/537.36 (KHTML, like Gecko; compatible; GPTBot/1.4; +https://openai.com/gptbot)"
2a03:2880:f802:19:: - - [09/Sep/2026:07:11:27 -0500] "GET /?i=36798132680 HTTP/1.1" 200 39909 "-" "Mozilla/5.0 (Windows NT 10.0; Win64; x64) AppleWebKit/537.36 (KHTML, like Gecko) Chrome/145.0.0.0 Safari/537.36 (compatible; meta-externalagent/1.1 (+https://developers.facebook.com/docs/sharing/webmasters/crawler))"
2a03:2880:f802:24:: - - [09/Sep/2026:07:11:27 -0500] "GET /?y=25946216076 HTTP/1.1" 200 39909 "-" "Mozilla/5.0 (Windows NT 10.0; Win64; x64) AppleWebKit/537.36 (KHTML, like Gecko) Chrome/145.0.0.0 Safari/537.36 (compatible; meta-externalagent/1.1 (+https://developers.facebook.com/docs/sharing/webmasters/crawler))"
74.7.242.34 - - [09/Sep/2026:07:11:27 -0500] "GET /?lokasie=/proc/24229/net/stat/ndisc_cache&loknya=/proc/24229/net/stat HTTP/1.1" 200 4737 "https://artesaniascolombianas.net.co/?loknya=/proc/24229/net/stat" "Mozilla/5.0 AppleWebKit/537.36 (KHTML, like Gecko; compatible; GPTBot/1.4; +https://openai.com/gptbot)"
74.7.241.13 - - [09/Sep/2026:07:11:27 -0500] "GET /?loknya=/sys/class/net/eth0/subsystem/eth0/device/net/eth0/device/driver/virtio0/net/eth0/device/subsystem/drivers/virtio_console/ HTTP/1.1" 200 14817 "https://mail.artesaniascolombianas.net.co/?loknya=/sys/class/net/eth0/subsystem/eth0/device/net/eth0/device/driver/virtio0/net/eth0/device/subsystem/drivers/virtio_console/module" "Mozilla/5.0 AppleWebKit/537.36 (KHTML, like Gecko; compatible; GPTBot/1.4; +https://openai.com/gptbot)"
74.7.241.42 - - [09/Sep/2026:07:11:27 -0500] "GET /index.php?lokasie=/proc/20438/clear_refs&loknya=/proc/20438 HTTP/1.1" 200 4035 "https://www.artesaniascolombianas.net.co/index.php?loknya=/proc/20438" "Mozilla/5.0 AppleWebKit/537.36 (KHTML, like Gecko; compatible; GPTBot/1.4; +https://openai.com/gptbot)"
74.7.242.34 - - [09/Sep/2026:07:11:27 -0500] "GET /?lokasie=/proc/24088/net/stat/nf_conntrack&loknya=/proc/24088/net/stat HTTP/1.1" 200 4921 "https://artesaniascolombianas.net.co/?loknya=/proc/24088/net/stat" "Mozilla/5.0 AppleWebKit/537.36 (KHTML, like Gecko; compatible; GPTBot/1.4; +https://openai.com/gptbot)"
74.7.241.13 - - [09/Sep/2026:07:11:28 -0500] "GET /?loknya=/sys/class/net/eth0/subsystem/eth0/device/net/eth0/device/driver/virtio0/net/eth0/device/subsystem/drivers/virtio_balloon/ HTTP/1.1" 200 14817 "https://mail.artesaniascolombianas.net.co/?loknya=/sys/class/net/eth0/subsystem/eth0/device/net/eth0/device/driver/virtio0/net/eth0/device/subsystem/drivers/virtio_balloon/module" "Mozilla/5.0 AppleWebKit/537.36 (KHTML, like Gecko; compatible; GPTBot/1.4; +https://openai.com/gptbot)"
74.7.241.42 - - [09/Sep/2026:07:11:28 -0500] "GET /index.php?lokasie=/proc/30719/clear_refs&loknya=/proc/30719 HTTP/1.1" 200 4035 "https://www.artesaniascolombianas.net.co/index.php?loknya=/proc/30719" "Mozilla/5.0 AppleWebKit/537.36 (KHTML, like Gecko; compatible; GPTBot/1.4; +https://openai.com/gptbot)"
74.7.242.34 - - [09/Sep/2026:07:11:28 -0500] "GET /?lokasie=/proc/23630/net/stat/nf_conntrack&loknya=/proc/23630/net/stat HTTP/1.1" 200 4921 "https://artesaniascolombianas.net.co/?loknya=/proc/23630/net/stat" "Mozilla/5.0 AppleWebKit/537.36 (KHTML, like Gecko; compatible; GPTBot/1.4; +https://openai.com/gptbot)"
74.7.241.13 - - [09/Sep/2026:07:11:28 -0500] "GET /?loknya=/sys/class/net/eth0/subsystem/eth0/device/driver/virtio0/net/eth0/device/net/eth0/device/subsystem/devices/virtio1/power HTTP/1.1" 200 22710 "https://mail.artesaniascolombianas.net.co/?loknya=/sys/class/net/eth0/subsystem/eth0/device/driver/virtio0/net/eth0/device/net/eth0/device/subsystem/devices/virtio1" "Mozilla/5.0 AppleWebKit/537.36 (KHTML, like Gecko; compatible; GPTBot/1.4; +https://openai.com/gptbot)"
2a03:2880:f802:18:: - - [09/Sep/2026:07:11:28 -0500] "GET /?v=7945192419 HTTP/1.1" 200 39909 "-" "Mozilla/5.0 (Windows NT 10.0; Win64; x64) AppleWebKit/537.36 (KHTML, like Gecko) Chrome/145.0.0.0 Safari/537.36 (compatible; meta-externalagent/1.1 (+https://developers.facebook.com/docs/sharing/webmasters/crawler))"
2a03:2880:f802:d:: - - [09/Sep/2026:07:11:28 -0500] "GET /?f=65213272869 HTTP/1.1" 200 39908 "-" "Mozilla/5.0 (X11; Linux x86_64) AppleWebKit/537.36 (KHTML, like Gecko) Chrome/145.0.0.0 Safari/537.36 (compatible; meta-externalagent/1.1 (+https://developers.facebook.com/docs/sharing/webmasters/crawler))"
74.7.241.42 - - [09/Sep/2026:07:11:28 -0500] "GET /index.php?lokasie=/proc/23840/clear_refs&loknya=/proc/23840 HTTP/1.1" 200 4035 "https://www.artesaniascolombianas.net.co/index.php?loknya=/proc/23840" "Mozilla/5.0 AppleWebKit/537.36 (KHTML, like Gecko; compatible; GPTBot/1.4; +https://openai.com/gptbot)"
2a03:2880:f802:17:: - - [09/Sep/2026:07:11:28 -0500] "GET /?f=65213191798 HTTP/1.1" 200 39909 "-" "Mozilla/5.0 (Windows NT 10.0; Win64; x64) AppleWebKit/537.36 (KHTML, like Gecko) Chrome/145.0.0.0 Safari/537.36 (compatible; meta-externalagent/1.1 (+https://developers.facebook.com/docs/sharing/webmasters/crawler))"
74.7.242.34 - - [09/Sep/2026:07:11:29 -0500] "GET /?lokasie=/proc/24316/net/stat/nf_conntrack&loknya=/proc/24316/net/stat HTTP/1.1" 200 4921 "https://artesaniascolombianas.net.co/?loknya=/proc/24316/net/stat" "Mozilla/5.0 AppleWebKit/537.36 (KHTML, like Gecko; compatible; GPTBot/1.4; +https://openai.com/gptbot)"
74.7.241.13 - - [09/Sep/2026:07:11:29 -0500] "GET /?loknya=/sys/class/net/subsystem/device/driver/module/drivers/virtio:virtio_net/virtio0/net/device/net/subsystem/subsystem HTTP/1.1" 200 6662 "https://mail.artesaniascolombianas.net.co/?loknya=/sys/class/net/subsystem/device/driver/module/drivers/virtio:virtio_net/virtio0/net/device/net/subsystem/subsystem/" "Mozilla/5.0 AppleWebKit/537.36 (KHTML, like Gecko; compatible; GPTBot/1.4; +https://openai.com/gptbot)"
2a03:2880:f802:30:: - - [09/Sep/2026:07:11:29 -0500] "GET /?y=25946105272 HTTP/1.1" 200 39909 "-" "Mozilla/5.0 (Windows NT 10.0; Win64; x64) AppleWebKit/537.36 (KHTML, like Gecko) Chrome/145.0.0.0 Safari/537.36 (compatible; meta-externalagent/1.1 (+https://developers.facebook.com/docs/sharing/webmasters/crawler))"
74.7.241.42 - - [09/Sep/2026:07:11:29 -0500] "GET /index.php?lokasie=/proc/10637/projid_map&loknya=/proc/10637 HTTP/1.1" 200 4068 "https://www.artesaniascolombianas.net.co/index.php?loknya=/proc/10637" "Mozilla/5.0 AppleWebKit/537.36 (KHTML, like Gecko; compatible; GPTBot/1.4; +https://openai.com/gptbot)"
2a03:2880:f802:31:: - - [09/Sep/2026:07:11:29 -0500] "GET /?y=25946210010 HTTP/1.1" 200 39909 "-" "Mozilla/5.0 (Macintosh; Intel Mac OS X 10_15_7) AppleWebKit/537.36 (KHTML, like Gecko) Chrome/145.0.0.0 Safari/537.36 (compatible; meta-externalagent/1.1 (+https://developers.facebook.com/docs/sharing/webmasters/crawler))"
74.7.242.34 - - [09/Sep/2026:07:11:29 -0500] "GET /?lokasie=/proc/23702/net/stat/nf_conntrack&loknya=/proc/23702/net/stat HTTP/1.1" 200 4921 "https://artesaniascolombianas.net.co/?loknya=/proc/23702/net/stat" "Mozilla/5.0 AppleWebKit/537.36 (KHTML, like Gecko; compatible; GPTBot/1.4; +https://openai.com/gptbot)"
74.7.241.13 - - [09/Sep/2026:07:11:29 -0500] "GET /?loknya=/sys/class/net/eth0/eth0/device/driver/module/drivers/virtio:virtio_net/virtio0/net/eth0/device/drivers/virtio_balloon HTTP/1.1" 200 6737 "https://mail.artesaniascolombianas.net.co/?loknya=/sys/class/net/eth0/eth0/device/driver/module/drivers/virtio:virtio_net/virtio0/net/eth0/device/drivers/virtio_balloon/virtio3/" "Mozilla/5.0 AppleWebKit/537.36 (KHTML, like Gecko; compatible; GPTBot/1.4; +https://openai.com/gptbot)"
74.7.241.42 - - [09/Sep/2026:07:11:29 -0500] "GET /index.php?lokasie=/proc/16742/projid_map&loknya=/proc/16742 HTTP/1.1" 200 4035 "https://www.artesaniascolombianas.net.co/index.php?loknya=/proc/16742" "Mozilla/5.0 AppleWebKit/537.36 (KHTML, like Gecko; compatible; GPTBot/1.4; +https://openai.com/gptbot)"
74.7.242.34 - - [09/Sep/2026:07:11:29 -0500] "GET /?lokasie=/proc/10637/net/stat/nf_conntrack&loknya=/proc/10637/net/stat HTTP/1.1" 200 4921 "https://artesaniascolombianas.net.co/?loknya=/proc/10637/net/stat" "Mozilla/5.0 AppleWebKit/537.36 (KHTML, like Gecko; compatible; GPTBot/1.4; +https://openai.com/gptbot)"
74.7.241.13 - - [09/Sep/2026:07:11:30 -0500] "GET /?loknya=/sys/class/net/eth0/eth0/device/driver/virtio0/net/eth0/device/drivers/virtio_scsi/module/drivers/virtio:virtio_scsi/virtio1/host2 HTTP/1.1" 200 7026 "https://mail.artesaniascolombianas.net.co/?loknya=/sys/class/net/eth0/eth0/device/driver/virtio0/net/eth0/device/drivers/virtio_scsi/module/drivers/virtio:virtio_scsi/virtio1/host2/" "Mozilla/5.0 AppleWebKit/537.36 (KHTML, like Gecko; compatible; GPTBot/1.4; +https://openai.com/gptbot)"
2a03:2880:f802:22:: - - [09/Sep/2026:07:11:30 -0500] "GET /?l=70939104968 HTTP/1.1" 200 39909 "-" "Mozilla/5.0 (Windows NT 10.0; Win64; x64) AppleWebKit/537.36 (KHTML, like Gecko) Chrome/145.0.0.0 Safari/537.36 (compatible; meta-externalagent/1.1 (+https://developers.facebook.com/docs/sharing/webmasters/crawler))"
74.7.241.42 - - [09/Sep/2026:07:11:30 -0500] "GET /index.php?lokasie=/proc/20496/clear_refs&loknya=/proc/20496 HTTP/1.1" 200 4035 "https://www.artesaniascolombianas.net.co/index.php?loknya=/proc/20496" "Mozilla/5.0 AppleWebKit/537.36 (KHTML, like Gecko; compatible; GPTBot/1.4; +https://openai.com/gptbot)"
74.7.241.13 - - [09/Sep/2026:07:11:30 -0500] "GET /?loknya=/sys/class/net/eth0/subsystem/eth0/device/net/eth0/device/driver/virtio0/net/eth0/device/subsystem/devices/virtio1/ HTTP/1.1" 200 22321 "https://mail.artesaniascolombianas.net.co/?loknya=/sys/class/net/eth0/subsystem/eth0/device/net/eth0/device/driver/virtio0/net/eth0/device/subsystem/devices/virtio1/power" "Mozilla/5.0 AppleWebKit/537.36 (KHTML, like Gecko; compatible; GPTBot/1.4; +https://openai.com/gptbot)"
74.7.242.34 - - [09/Sep/2026:07:11:30 -0500] "GET /?lokasie=/proc/24251/net/stat/nf_conntrack&loknya=/proc/24251/net/stat HTTP/1.1" 200 4921 "https://artesaniascolombianas.net.co/?loknya=/proc/24251/net/stat" "Mozilla/5.0 AppleWebKit/537.36 (KHTML, like Gecko; compatible; GPTBot/1.4; +https://openai.com/gptbot)"
74.7.241.42 - - [09/Sep/2026:07:11:30 -0500] "GET /index.php?lokasie=/proc/23714/clear_refs&loknya=/proc/23714 HTTP/1.1" 200 4035 "https://www.artesaniascolombianas.net.co/index.php?loknya=/proc/23714" "Mozilla/5.0 AppleWebKit/537.36 (KHTML, like Gecko; compatible; GPTBot/1.4; +https://openai.com/gptbot)"
74.7.242.34 - - [09/Sep/2026:07:11:30 -0500] "GET /?lokasie=/proc/24228/net/stat/nf_conntrack&loknya=/proc/24228/net/stat HTTP/1.1" 200 4921 "https://artesaniascolombianas.net.co/?loknya=/proc/24228/net/stat" "Mozilla/5.0 AppleWebKit/537.36 (KHTML, like Gecko; compatible; GPTBot/1.4; +https://openai.com/gptbot)"
