74.7.241.13 - - [09/Sep/2026:07:13:09 -0500] "GET /?loknya=/sys/class/net/subsystem/device/net/device/driver/module/drivers/virtio:virtio_net/virtio0/net/subsystem/subsystem HTTP/1.1" 200 6621 "https://mail.artesaniascolombianas.net.co/?loknya=/sys/class/net/subsystem/device/net/device/driver/module/drivers/virtio:virtio_net/virtio0/net/subsystem/subsystem/" "Mozilla/5.0 AppleWebKit/537.36 (KHTML, like Gecko; compatible; GPTBot/1.4; +https://openai.com/gptbot)"
2a03:2880:f802:33:: - - [09/Sep/2026:07:13:09 -0500] "GET /?l=70939101842 HTTP/1.1" 200 39909 "-" "Mozilla/5.0 (X11; Linux x86_64) AppleWebKit/537.36 (KHTML, like Gecko) Chrome/145.0.0.0 Safari/537.36 (compatible; meta-externalagent/1.1 (+https://developers.facebook.com/docs/sharing/webmasters/crawler))"
74.7.241.42 - - [09/Sep/2026:07:13:09 -0500] "GET /index.php?loknya=/usr/share/man/man5 HTTP/1.1" 200 426360 "https://www.artesaniascolombianas.net.co/index.php?loknya=/usr/share/man" "Mozilla/5.0 AppleWebKit/537.36 (KHTML, like Gecko; compatible; GPTBot/1.4; +https://openai.com/gptbot)"
74.7.241.13 - - [09/Sep/2026:07:13:09 -0500] "GET /?loknya=/sys/class/net/net/module/s HTTP/1.1" 200 5375 "https://mail.artesaniascolombianas.net.co/?loknya=/sys/class/net/net/module/s/virtio:virtio_net/virtio0/net/lo/" "Mozilla/5.0 AppleWebKit/537.36 (KHTML, like Gecko; compatible; GPTBot/1.4; +https://openai.com/gptbot)"
74.7.242.34 - - [09/Sep/2026:07:13:09 -0500] "GET /?lokasie=/proc/23700/net/stat/ndisc_cache&loknya=/proc/23700/net/stat HTTP/1.1" 200 4737 "https://artesaniascolombianas.net.co/?loknya=/proc/23700/net/stat" "Mozilla/5.0 AppleWebKit/537.36 (KHTML, like Gecko; compatible; GPTBot/1.4; +https://openai.com/gptbot)"
2a03:2880:f802:1b:: - - [09/Sep/2026:07:13:09 -0500] "GET /?x=78855130821 HTTP/1.1" 200 39909 "-" "Mozilla/5.0 (X11; Linux x86_64) AppleWebKit/537.36 (KHTML, like Gecko) Chrome/145.0.0.0 Safari/537.36 (compatible; meta-externalagent/1.1 (+https://developers.facebook.com/docs/sharing/webmasters/crawler))"
74.7.241.42 - - [09/Sep/2026:07:13:09 -0500] "GET /index.php?loknya=/usr/share/doc/python-ipaddress-1.0.16 HTTP/1.1" 200 6684 "https://www.artesaniascolombianas.net.co/index.php?loknya=/usr/share/doc" "Mozilla/5.0 AppleWebKit/537.36 (KHTML, like Gecko; compatible; GPTBot/1.4; +https://openai.com/gptbot)"
2a03:2880:f802:26:: - - [09/Sep/2026:07:13:09 -0500] "GET /?b=47659195730 HTTP/1.1" 200 39909 "-" "Mozilla/5.0 (Windows NT 10.0; Win64; x64) AppleWebKit/537.36 (KHTML, like Gecko) Chrome/145.0.0.0 Safari/537.36 (compatible; meta-externalagent/1.1 (+https://developers.facebook.com/docs/sharing/webmasters/crawler))"
74.7.241.13 - - [09/Sep/2026:07:13:09 -0500] "GET /?loknya=/sys/class/net/net/module/s/virtio:virtio_net/virtio0/net HTTP/1.1" 200 5711 "https://mail.artesaniascolombianas.net.co/?loknya=/sys/class/net/net/module/s/virtio:virtio_net/virtio0/net/lo/" "Mozilla/5.0 AppleWebKit/537.36 (KHTML, like Gecko; compatible; GPTBot/1.4; +https://openai.com/gptbot)"
74.7.242.34 - - [09/Sep/2026:07:13:10 -0500] "GET /?lokasie=/proc/12982/net/stat/ndisc_cache&loknya=/proc/12982/net/stat HTTP/1.1" 200 4737 "https://artesaniascolombianas.net.co/?loknya=/proc/12982/net/stat" "Mozilla/5.0 AppleWebKit/537.36 (KHTML, like Gecko; compatible; GPTBot/1.4; +https://openai.com/gptbot)"
74.7.241.42 - - [09/Sep/2026:07:13:10 -0500] "GET /index.php?loknya=/usr/share/man/tr HTTP/1.1" 200 8285 "https://www.artesaniascolombianas.net.co/index.php?loknya=/usr/share/man" "Mozilla/5.0 AppleWebKit/537.36 (KHTML, like Gecko; compatible; GPTBot/1.4; +https://openai.com/gptbot)"
74.7.242.34 - - [09/Sep/2026:07:13:10 -0500] "GET /?lokasie=/proc/30922/net/stat/ndisc_cache&loknya=/proc/30922/net/stat HTTP/1.1" 200 4737 "https://artesaniascolombianas.net.co/?loknya=/proc/30922/net/stat" "Mozilla/5.0 AppleWebKit/537.36 (KHTML, like Gecko; compatible; GPTBot/1.4; +https://openai.com/gptbot)"
74.7.241.13 - - [09/Sep/2026:07:13:10 -0500] "GET /?loknya=/sys/class/net/net/module/s/virtio:virtio_net/virtio0 HTTP/1.1" 200 5621 "https://mail.artesaniascolombianas.net.co/?loknya=/sys/class/net/net/module/s/virtio:virtio_net/virtio0/net/lo/" "Mozilla/5.0 AppleWebKit/537.36 (KHTML, like Gecko; compatible; GPTBot/1.4; +https://openai.com/gptbot)"
2a03:2880:f802:23:: - - [09/Sep/2026:07:13:10 -0500] "GET /?x=7885510176 HTTP/1.1" 200 39909 "-" "Mozilla/5.0 (Macintosh; Intel Mac OS X 10_15_7) AppleWebKit/537.36 (KHTML, like Gecko) Chrome/145.0.0.0 Safari/537.36 (compatible; meta-externalagent/1.1 (+https://developers.facebook.com/docs/sharing/webmasters/crawler))"
74.7.241.42 - - [09/Sep/2026:07:13:10 -0500] "GET /index.php?loknya=/usr/share/man/ko HTTP/1.1" 200 6239 "https://www.artesaniascolombianas.net.co/index.php?loknya=/usr/share/man" "Mozilla/5.0 AppleWebKit/537.36 (KHTML, like Gecko; compatible; GPTBot/1.4; +https://openai.com/gptbot)"
2a03:2880:f802:22:: - - [09/Sep/2026:07:13:10 -0500] "GET /?x=78855255172 HTTP/1.1" 200 39909 "-" "Mozilla/5.0 (Macintosh; Intel Mac OS X 10.15; rv:147.0) Gecko/20100101 Firefox/147.0 (compatible; meta-externalagent/1.1 (+https://developers.facebook.com/docs/sharing/webmasters/crawler))"
74.7.241.13 - - [09/Sep/2026:07:13:10 -0500] "GET /?loknya=/sys/class/net/device/net/device/module/s/virtio:virtio_net HTTP/1.1" 200 5707 "https://mail.artesaniascolombianas.net.co/?loknya=/sys/class/net/device/net/device/module/s/virtio:virtio_net/virtio0/net/lo/" "Mozilla/5.0 AppleWebKit/537.36 (KHTML, like Gecko; compatible; GPTBot/1.4; +https://openai.com/gptbot)"
74.7.242.34 - - [09/Sep/2026:07:13:11 -0500] "GET /?lokasie=/proc/24230/net/stat/ndisc_cache&loknya=/proc/24230/net/stat HTTP/1.1" 200 4737 "https://artesaniascolombianas.net.co/?loknya=/proc/24230/net/stat" "Mozilla/5.0 AppleWebKit/537.36 (KHTML, like Gecko; compatible; GPTBot/1.4; +https://openai.com/gptbot)"
2a03:2880:f802:44:: - - [09/Sep/2026:07:13:11 -0500] "GET /?b=4765929315 HTTP/1.1" 200 39909 "-" "Mozilla/5.0 (Windows NT 10.0; Win64; x64) AppleWebKit/537.36 (KHTML, like Gecko) Chrome/145.0.0.0 Safari/537.36 (compatible; meta-externalagent/1.1 (+https://developers.facebook.com/docs/sharing/webmasters/crawler))"
74.7.241.42 - - [09/Sep/2026:07:13:11 -0500] "GET /index.php?loknya=/usr/share/man/sv HTTP/1.1" 200 9311 "https://www.artesaniascolombianas.net.co/index.php?loknya=/usr/share/man" "Mozilla/5.0 AppleWebKit/537.36 (KHTML, like Gecko; compatible; GPTBot/1.4; +https://openai.com/gptbot)"
74.7.241.13 - - [09/Sep/2026:07:13:11 -0500] "GET /?loknya=/sys/class/net/subsystem/device/net/device/subsystem/devices/virtio1/ HTTP/1.1" 200 5873 "https://mail.artesaniascolombianas.net.co/?loknya=/sys/class/net/subsystem/device/net/device/subsystem/devices/virtio1/driver" "Mozilla/5.0 AppleWebKit/537.36 (KHTML, like Gecko; compatible; GPTBot/1.4; +https://openai.com/gptbot)"
74.7.242.34 - - [09/Sep/2026:07:13:11 -0500] "GET /?lokasie=/proc/24102/net/stat/ndisc_cache&loknya=/proc/24102/net/stat HTTP/1.1" 200 4737 "https://artesaniascolombianas.net.co/?loknya=/proc/24102/net/stat" "Mozilla/5.0 AppleWebKit/537.36 (KHTML, like Gecko; compatible; GPTBot/1.4; +https://openai.com/gptbot)"
74.7.241.42 - - [09/Sep/2026:07:13:11 -0500] "GET /index.php?loknya=/usr/share/man/pl HTTP/1.1" 200 9316 "https://www.artesaniascolombianas.net.co/index.php?loknya=/usr/share/man" "Mozilla/5.0 AppleWebKit/537.36 (KHTML, like Gecko; compatible; GPTBot/1.4; +https://openai.com/gptbot)"
103.157.223.56 - - [09/Sep/2026:07:13:11 -0500] "POST /xmlrpc.php HTTP/1.1" 200 39905 "-" "Jetpack by WordPress.com (Jetpack 12.5; WordPress 6.4)"
74.7.242.34 - - [09/Sep/2026:07:13:11 -0500] "GET /?lokasie=/proc/24226/net/stat/rt_cache&loknya=/proc/24226/net/stat HTTP/1.1" 200 4961 "https://artesaniascolombianas.net.co/?loknya=/proc/24226/net/stat" "Mozilla/5.0 AppleWebKit/537.36 (KHTML, like Gecko; compatible; GPTBot/1.4; +https://openai.com/gptbot)"
74.7.241.13 - - [09/Sep/2026:07:13:11 -0500] "GET /?loknya=/sys/class/net/device/net/device/module HTTP/1.1" 200 5492 "https://mail.artesaniascolombianas.net.co/?loknya=/sys/class/net/device/net/device/module/s/virtio:virtio_net/virtio0/net/lo/" "Mozilla/5.0 AppleWebKit/537.36 (KHTML, like Gecko; compatible; GPTBot/1.4; +https://openai.com/gptbot)"
2a03:2880:f802:c:: - - [09/Sep/2026:07:13:12 -0500] "GET /?l=70939188912 HTTP/1.1" 200 39908 "-" "Mozilla/5.0 (Windows NT 10.0; Win64; x64) AppleWebKit/537.36 (KHTML, like Gecko) Chrome/145.0.0.0 Safari/537.36 (compatible; meta-externalagent/1.1 (+https://developers.facebook.com/docs/sharing/webmasters/crawler))"
74.7.241.42 - - [09/Sep/2026:07:13:12 -0500] "GET /index.php?loknya=/usr/share/man/sk HTTP/1.1" 200 6239 "https://www.artesaniascolombianas.net.co/index.php?loknya=/usr/share/man" "Mozilla/5.0 AppleWebKit/537.36 (KHTML, like Gecko; compatible; GPTBot/1.4; +https://openai.com/gptbot)"
74.7.242.34 - - [09/Sep/2026:07:13:12 -0500] "GET /?lokasie=/proc/25022/net/stat/arp_cache&loknya=/proc/25022/net/stat HTTP/1.1" 200 4737 "https://artesaniascolombianas.net.co/?loknya=/proc/25022/net/stat" "Mozilla/5.0 AppleWebKit/537.36 (KHTML, like Gecko; compatible; GPTBot/1.4; +https://openai.com/gptbot)"
74.7.241.13 - - [09/Sep/2026:07:13:12 -0500] "GET /?loknya=/sys/class/net/net/module/s/virtio:virtio_net/virtio0/net/lo HTTP/1.1" 200 5817 "https://mail.artesaniascolombianas.net.co/?loknya=/sys/class/net/net/module/s/virtio:virtio_net/virtio0/net/lo/" "Mozilla/5.0 AppleWebKit/537.36 (KHTML, like Gecko; compatible; GPTBot/1.4; +https://openai.com/gptbot)"
2a03:2880:f802:e:: - - [09/Sep/2026:07:13:12 -0500] "GET /?v=85873197052 HTTP/1.1" 200 39908 "-" "Mozilla/5.0 (Windows NT 10.0; Win64; x64) AppleWebKit/537.36 (KHTML, like Gecko) Chrome/145.0.0.0 Safari/537.36 (compatible; meta-externalagent/1.1 (+https://developers.facebook.com/docs/sharing/webmasters/crawler))"
74.7.241.42 - - [09/Sep/2026:07:13:12 -0500] "GET /index.php?loknya=/usr/share/man/fr HTTP/1.1" 200 9311 "https://www.artesaniascolombianas.net.co/index.php?loknya=/usr/share/man" "Mozilla/5.0 AppleWebKit/537.36 (KHTML, like Gecko; compatible; GPTBot/1.4; +https://openai.com/gptbot)"
74.7.242.34 - - [09/Sep/2026:07:13:12 -0500] "GET /?lokasie=/proc/25022/net/stat/rt_cache&loknya=/proc/25022/net/stat HTTP/1.1" 200 4961 "https://artesaniascolombianas.net.co/?loknya=/proc/25022/net/stat" "Mozilla/5.0 AppleWebKit/537.36 (KHTML, like Gecko; compatible; GPTBot/1.4; +https://openai.com/gptbot)"
74.7.241.13 - - [09/Sep/2026:07:13:13 -0500] "GET /?loknya=/sys/class/net/device/net/device/module/s/virtio:virtio_net/virtio0/net HTTP/1.1" 200 5942 "https://mail.artesaniascolombianas.net.co/?loknya=/sys/class/net/device/net/device/module/s/virtio:virtio_net/virtio0/net/lo/" "Mozilla/5.0 AppleWebKit/537.36 (KHTML, like Gecko; compatible; GPTBot/1.4; +https://openai.com/gptbot)"
74.7.241.42 - - [09/Sep/2026:07:13:13 -0500] "GET /index.php?lokasie=/usr/share/man/man1/flex++.1.gz&loknya=/usr/share/man/man1 HTTP/1.1" 200 4129 "https://www.artesaniascolombianas.net.co/index.php?loknya=/usr/share/man/man1" "Mozilla/5.0 AppleWebKit/537.36 (KHTML, like Gecko; compatible; GPTBot/1.4; +https://openai.com/gptbot)"
2a03:2880:f802:6:: - - [09/Sep/2026:07:13:13 -0500] "GET /?y=25946165691 HTTP/1.1" 200 39908 "-" "Mozilla/5.0 (Macintosh; Intel Mac OS X 10_15_7) AppleWebKit/537.36 (KHTML, like Gecko) Chrome/145.0.0.0 Safari/537.36 (compatible; meta-externalagent/1.1 (+https://developers.facebook.com/docs/sharing/webmasters/crawler))"
74.7.241.13 - - [09/Sep/2026:07:13:13 -0500] "GET /?loknya=/sys/class/net/device/net/device/module/s/virtio:virtio_net/virtio0/net/lo HTTP/1.1" 200 6063 "https://mail.artesaniascolombianas.net.co/?loknya=/sys/class/net/device/net/device/module/s/virtio:virtio_net/virtio0/net/lo/" "Mozilla/5.0 AppleWebKit/537.36 (KHTML, like Gecko; compatible; GPTBot/1.4; +https://openai.com/gptbot)"
74.7.242.34 - - [09/Sep/2026:07:13:13 -0500] "GET /?lokasie=/proc/24226/net/stat/arp_cache&loknya=/proc/24226/net/stat HTTP/1.1" 200 4737 "https://artesaniascolombianas.net.co/?loknya=/proc/24226/net/stat" "Mozilla/5.0 AppleWebKit/537.36 (KHTML, like Gecko; compatible; GPTBot/1.4; +https://openai.com/gptbot)"
2a03:2880:f802:1d:: - - [09/Sep/2026:07:13:13 -0500] "GET /?i=36798271322 HTTP/1.1" 200 39909 "-" "Mozilla/5.0 (X11; Linux x86_64) AppleWebKit/537.36 (KHTML, like Gecko) Chrome/145.0.0.0 Safari/537.36 (compatible; meta-externalagent/1.1 (+https://developers.facebook.com/docs/sharing/webmasters/crawler))"
74.7.241.42 - - [09/Sep/2026:07:13:13 -0500] "GET /index.php?lokasie=/usr/share/man/man1/kbd_mode.1.gz&loknya=/usr/share/man/man1 HTTP/1.1" 200 4131 "https://www.artesaniascolombianas.net.co/index.php?loknya=/usr/share/man/man1" "Mozilla/5.0 AppleWebKit/537.36 (KHTML, like Gecko; compatible; GPTBot/1.4; +https://openai.com/gptbot)"
2a03:2880:f802:3d:: - - [09/Sep/2026:07:13:13 -0500] "GET /?l=70939101939 HTTP/1.1" 200 39909 "-" "Mozilla/5.0 (Windows NT 10.0; Win64; x64) AppleWebKit/537.36 (KHTML, like Gecko) Chrome/145.0.0.0 Safari/537.36 (compatible; meta-externalagent/1.1 (+https://developers.facebook.com/docs/sharing/webmasters/crawler))"
74.7.241.13 - - [09/Sep/2026:07:13:13 -0500] "GET /?loknya=/sys/class/net/device/net/device/module/s/virtio:virtio_net/virtio0/net/ HTTP/1.1" 200 5944 "https://mail.artesaniascolombianas.net.co/?loknya=/sys/class/net/device/net/device/module/s/virtio:virtio_net/virtio0/net/lo/" "Mozilla/5.0 AppleWebKit/537.36 (KHTML, like Gecko; compatible; GPTBot/1.4; +https://openai.com/gptbot)"
74.7.242.34 - - [09/Sep/2026:07:13:14 -0500] "GET /?lokasie=/proc/24225/net/stat/rt_cache&loknya=/proc/24225/net/stat HTTP/1.1" 200 4961 "https://artesaniascolombianas.net.co/?loknya=/proc/24225/net/stat" "Mozilla/5.0 AppleWebKit/537.36 (KHTML, like Gecko; compatible; GPTBot/1.4; +https://openai.com/gptbot)"
74.7.241.42 - - [09/Sep/2026:07:13:14 -0500] "GET /index.php?lokasie=/usr/share/man/man1/git-var.1.gz&loknya=/usr/share/man/man1 HTTP/1.1" 200 4130 "https://www.artesaniascolombianas.net.co/index.php?loknya=/usr/share/man/man1" "Mozilla/5.0 AppleWebKit/537.36 (KHTML, like Gecko; compatible; GPTBot/1.4; +https://openai.com/gptbot)"
2a03:2880:f802:49:: - - [09/Sep/2026:07:13:14 -0500] "GET /?u=39774142314 HTTP/1.1" 200 39909 "-" "Mozilla/5.0 (Windows NT 10.0; Win64; x64) AppleWebKit/537.36 (KHTML, like Gecko) Chrome/145.0.0.0 Safari/537.36 (compatible; meta-externalagent/1.1 (+https://developers.facebook.com/docs/sharing/webmasters/crawler))"
74.7.241.13 - - [09/Sep/2026:07:13:14 -0500] "GET /?loknya=/sys/class/net/device/net/device/module/s/virtio:virtio_net/virtio0 HTTP/1.1" 200 5839 "https://mail.artesaniascolombianas.net.co/?loknya=/sys/class/net/device/net/device/module/s/virtio:virtio_net/virtio0/net/lo/" "Mozilla/5.0 AppleWebKit/537.36 (KHTML, like Gecko; compatible; GPTBot/1.4; +https://openai.com/gptbot)"
74.7.242.34 - - [09/Sep/2026:07:13:14 -0500] "GET /?lokasie=/proc/24225/net/stat/arp_cache&loknya=/proc/24225/net/stat HTTP/1.1" 200 4737 "https://artesaniascolombianas.net.co/?loknya=/proc/24225/net/stat" "Mozilla/5.0 AppleWebKit/537.36 (KHTML, like Gecko; compatible; GPTBot/1.4; +https://openai.com/gptbot)"
74.7.241.42 - - [09/Sep/2026:07:13:14 -0500] "GET /index.php?lokasie=/usr/share/man/man8/tc-nat.8.gz&loknya=/usr/share/man/man8 HTTP/1.1" 200 4129 "https://www.artesaniascolombianas.net.co/index.php?loknya=/usr/share/man/man8" "Mozilla/5.0 AppleWebKit/537.36 (KHTML, like Gecko; compatible; GPTBot/1.4; +https://openai.com/gptbot)"
74.7.242.34 - - [09/Sep/2026:07:13:14 -0500] "GET /?lokasie=/proc/23700/net/stat/arp_cache&loknya=/proc/23700/net/stat HTTP/1.1" 200 4737 "https://artesaniascolombianas.net.co/?loknya=/proc/23700/net/stat" "Mozilla/5.0 AppleWebKit/537.36 (KHTML, like Gecko; compatible; GPTBot/1.4; +https://openai.com/gptbot)"
74.7.241.13 - - [09/Sep/2026:07:13:14 -0500] "GET /?loknya=/sys/class/net/device/net/device/module/s HTTP/1.1" 200 5565 "https://mail.artesaniascolombianas.net.co/?loknya=/sys/class/net/device/net/device/module/s/virtio:virtio_net/virtio0/net/lo/" "Mozilla/5.0 AppleWebKit/537.36 (KHTML, like Gecko; compatible; GPTBot/1.4; +https://openai.com/gptbot)"
2a03:2880:f802:27:: - - [09/Sep/2026:07:13:15 -0500] "GET /?l=70939158584 HTTP/1.1" 200 39909 "-" "Mozilla/5.0 (Macintosh; Intel Mac OS X 10_15_7) AppleWebKit/537.36 (KHTML, like Gecko) Chrome/145.0.0.0 Safari/537.36 (compatible; meta-externalagent/1.1 (+https://developers.facebook.com/docs/sharing/webmasters/crawler))"
74.7.241.42 - - [09/Sep/2026:07:13:15 -0500] "GET /index.php?lokasie=/usr/share/man/man1/db_tuner.1.gz&loknya=/usr/share/man/man1 HTTP/1.1" 200 4131 "https://www.artesaniascolombianas.net.co/index.php?loknya=/usr/share/man/man1" "Mozilla/5.0 AppleWebKit/537.36 (KHTML, like Gecko; compatible; GPTBot/1.4; +https://openai.com/gptbot)"
74.7.242.34 - - [09/Sep/2026:07:13:15 -0500] "GET /?lokasie=/proc/24230/net/stat/rt_cache&loknya=/proc/24230/net/stat HTTP/1.1" 200 4961 "https://artesaniascolombianas.net.co/?loknya=/proc/24230/net/stat" "Mozilla/5.0 AppleWebKit/537.36 (KHTML, like Gecko; compatible; GPTBot/1.4; +https://openai.com/gptbot)"
74.7.241.13 - - [09/Sep/2026:07:13:15 -0500] "GET /?loknya=/sys/class/net/device/net/device/driver/virtio0/devices/virtio3 HTTP/1.1" 200 5821 "https://mail.artesaniascolombianas.net.co/?loknya=/sys/class/net/device/net/device/driver/virtio0/devices/virtio3/" "Mozilla/5.0 AppleWebKit/537.36 (KHTML, like Gecko; compatible; GPTBot/1.4; +https://openai.com/gptbot)"
74.7.241.42 - - [09/Sep/2026:07:13:15 -0500] "GET /index.php?lokasie=/usr/share/man/man1/bno_plot.1.gz&loknya=/usr/share/man/man1 HTTP/1.1" 200 4131 "https://www.artesaniascolombianas.net.co/index.php?loknya=/usr/share/man/man1" "Mozilla/5.0 AppleWebKit/537.36 (KHTML, like Gecko; compatible; GPTBot/1.4; +https://openai.com/gptbot)"
74.7.242.34 - - [09/Sep/2026:07:13:16 -0500] "GET /?lokasie=/proc/24102/net/stat/rt_cache&loknya=/proc/24102/net/stat HTTP/1.1" 200 4961 "https://artesaniascolombianas.net.co/?loknya=/proc/24102/net/stat" "Mozilla/5.0 AppleWebKit/537.36 (KHTML, like Gecko; compatible; GPTBot/1.4; +https://openai.com/gptbot)"
74.7.241.13 - - [09/Sep/2026:07:13:16 -0500] "GET /?loknya=/sys/class/net/subsystem/device/net/device/module/s/virtio:virtio_net/virtio0/net/subsystem/ HTTP/1.1" 200 6260 "https://mail.artesaniascolombianas.net.co/?loknya=/sys/class/net/subsystem/device/net/device/module/s/virtio:virtio_net/virtio0/net/subsystem/lo" "Mozilla/5.0 AppleWebKit/537.36 (KHTML, like Gecko; compatible; GPTBot/1.4; +https://openai.com/gptbot)"
74.7.241.42 - - [09/Sep/2026:07:13:16 -0500] "GET /index.php?lokasie=/usr/share/man/man8/xfs_bmap.8.gz&loknya=/usr/share/man/man8 HTTP/1.1" 200 4131 "https://www.artesaniascolombianas.net.co/index.php?loknya=/usr/share/man/man8" "Mozilla/5.0 AppleWebKit/537.36 (KHTML, like Gecko; compatible; GPTBot/1.4; +https://openai.com/gptbot)"
2a03:2880:f802:3f:: - - [09/Sep/2026:07:13:16 -0500] "GET /?v=85873327 HTTP/1.1" 200 39909 "-" "Mozilla/5.0 (Windows NT 10.0; Win64; x64) AppleWebKit/537.36 (KHTML, like Gecko) Chrome/145.0.0.0 Safari/537.36 (compatible; meta-externalagent/1.1 (+https://developers.facebook.com/docs/sharing/webmasters/crawler))"
2a03:2880:f802:15:: - - [09/Sep/2026:07:13:16 -0500] "GET /?v=8587325859 HTTP/1.1" 200 39909 "-" "Mozilla/5.0 (Macintosh; Intel Mac OS X 10_15_7) AppleWebKit/537.36 (KHTML, like Gecko) Chrome/145.0.0.0 Safari/537.36 (compatible; meta-externalagent/1.1 (+https://developers.facebook.com/docs/sharing/webmasters/crawler))"
74.7.242.34 - - [09/Sep/2026:07:13:16 -0500] "GET /?lokasie=/proc/24102/net/stat/arp_cache&loknya=/proc/24102/net/stat HTTP/1.1" 200 4737 "https://artesaniascolombianas.net.co/?loknya=/proc/24102/net/stat" "Mozilla/5.0 AppleWebKit/537.36 (KHTML, like Gecko; compatible; GPTBot/1.4; +https://openai.com/gptbot)"
74.7.241.13 - - [09/Sep/2026:07:13:16 -0500] "GET /?loknya=/sys/class/net/device/net/device/module/s/ HTTP/1.1" 200 5567 "https://mail.artesaniascolombianas.net.co/?loknya=/sys/class/net/device/net/device/module/s/virtio:virtio_net" "Mozilla/5.0 AppleWebKit/537.36 (KHTML, like Gecko; compatible; GPTBot/1.4; +https://openai.com/gptbot)"
2a03:2880:f802:2e:: - - [09/Sep/2026:07:13:16 -0500] "GET /?u=39774158269 HTTP/1.1" 200 39909 "-" "Mozilla/5.0 (Windows NT 10.0; Win64; x64) AppleWebKit/537.36 (KHTML, like Gecko) Chrome/145.0.0.0 Safari/537.36 (compatible; meta-externalagent/1.1 (+https://developers.facebook.com/docs/sharing/webmasters/crawler))"
2a03:2880:f802:e:: - - [09/Sep/2026:07:13:16 -0500] "GET /?x=78855232544 HTTP/1.1" 200 39908 "-" "Mozilla/5.0 (Windows NT 10.0; Win64; x64) AppleWebKit/537.36 (KHTML, like Gecko) Chrome/145.0.0.0 Safari/537.36 (compatible; meta-externalagent/1.1 (+https://developers.facebook.com/docs/sharing/webmasters/crawler))"
74.7.241.42 - - [09/Sep/2026:07:13:16 -0500] "GET /index.php?lokasie=/usr/share/man/man1/git-mv.1.gz&loknya=/usr/share/man/man1 HTTP/1.1" 200 4129 "https://www.artesaniascolombianas.net.co/index.php?loknya=/usr/share/man/man1" "Mozilla/5.0 AppleWebKit/537.36 (KHTML, like Gecko; compatible; GPTBot/1.4; +https://openai.com/gptbot)"
2a03:2880:f802:5:: - - [09/Sep/2026:07:13:16 -0500] "GET /?v=85873177504 HTTP/1.1" 200 39908 "-" "Mozilla/5.0 (Windows NT 10.0; Win64; x64) AppleWebKit/537.36 (KHTML, like Gecko) Chrome/145.0.0.0 Safari/537.36 (compatible; meta-externalagent/1.1 (+https://developers.facebook.com/docs/sharing/webmasters/crawler))"
2a03:2880:f802:1c:: - - [09/Sep/2026:07:13:16 -0500] "GET /?i=3679870520 HTTP/1.1" 200 39909 "-" "Mozilla/5.0 (Macintosh; Intel Mac OS X 10_15_7) AppleWebKit/537.36 (KHTML, like Gecko) Chrome/145.0.0.0 Safari/537.36 (compatible; meta-externalagent/1.1 (+https://developers.facebook.com/docs/sharing/webmasters/crawler))"
74.7.241.13 - - [09/Sep/2026:07:13:16 -0500] "GET /?loknya=/sys/class/net/net/module/s/virtio:virtio_net HTTP/1.1" 200 5503 "https://mail.artesaniascolombianas.net.co/?loknya=/sys/class/net/net/module/s/virtio:virtio_net/virtio0/net/lo/" "Mozilla/5.0 AppleWebKit/537.36 (KHTML, like Gecko; compatible; GPTBot/1.4; +https://openai.com/gptbot)"
74.7.242.34 - - [09/Sep/2026:07:13:16 -0500] "GET /?lokasie=/proc/30922/net/stat/rt_cache&loknya=/proc/30922/net/stat HTTP/1.1" 200 4961 "https://artesaniascolombianas.net.co/?loknya=/proc/30922/net/stat" "Mozilla/5.0 AppleWebKit/537.36 (KHTML, like Gecko; compatible; GPTBot/1.4; +https://openai.com/gptbot)"
74.7.241.42 - - [09/Sep/2026:07:13:17 -0500] "GET /index.php?lokasie=/usr/share/man/man8/xfs_db.8.gz&loknya=/usr/share/man/man8 HTTP/1.1" 200 4129 "https://www.artesaniascolombianas.net.co/index.php?loknya=/usr/share/man/man8" "Mozilla/5.0 AppleWebKit/537.36 (KHTML, like Gecko; compatible; GPTBot/1.4; +https://openai.com/gptbot)"
2a03:2880:f802:44:: - - [09/Sep/2026:07:13:17 -0500] "GET /?b=47659160821 HTTP/1.1" 200 39909 "-" "Mozilla/5.0 (Windows NT 10.0; Win64; x64) AppleWebKit/537.36 (KHTML, like Gecko) Chrome/145.0.0.0 Safari/537.36 (compatible; meta-externalagent/1.1 (+https://developers.facebook.com/docs/sharing/webmasters/crawler))"
74.7.242.34 - - [09/Sep/2026:07:13:17 -0500] "GET /?lokasie=/proc/12982/net/stat/rt_cache&loknya=/proc/12982/net/stat HTTP/1.1" 200 4961 "https://artesaniascolombianas.net.co/?loknya=/proc/12982/net/stat" "Mozilla/5.0 AppleWebKit/537.36 (KHTML, like Gecko; compatible; GPTBot/1.4; +https://openai.com/gptbot)"
74.7.241.13 - - [09/Sep/2026:07:13:17 -0500] "GET /?loknya=/sys/class/net/net/module/s/virtio:virtio_net/ HTTP/1.1" 200 5505 "https://mail.artesaniascolombianas.net.co/?loknya=/sys/class/net/net/module/s/virtio:virtio_net/virtio0" "Mozilla/5.0 AppleWebKit/537.36 (KHTML, like Gecko; compatible; GPTBot/1.4; +https://openai.com/gptbot)"
2a03:2880:f802:1c:: - - [09/Sep/2026:07:13:17 -0500] "GET /?y=25946178830 HTTP/1.1" 200 39909 "-" "Mozilla/5.0 (Windows NT 10.0; Win64; x64) AppleWebKit/537.36 (KHTML, like Gecko) Chrome/145.0.0.0 Safari/537.36 (compatible; meta-externalagent/1.1 (+https://developers.facebook.com/docs/sharing/webmasters/crawler))"
74.7.241.42 - - [09/Sep/2026:07:13:17 -0500] "GET /index.php?lokasie=/usr/share/man/man2/outb_p.2.gz&loknya=/usr/share/man/man2 HTTP/1.1" 200 4129 "https://www.artesaniascolombianas.net.co/index.php?loknya=/usr/share/man/man2" "Mozilla/5.0 AppleWebKit/537.36 (KHTML, like Gecko; compatible; GPTBot/1.4; +https://openai.com/gptbot)"
74.7.241.13 - - [09/Sep/2026:07:13:17 -0500] "GET /?loknya=/sys/class/net/device/net/device/driver/module/drivers/virtio:virtio_net/virtio0/net// HTTP/1.1" 200 6120 "https://mail.artesaniascolombianas.net.co/?loknya=/sys/class/net/subsystem/device/net/device/driver/module/drivers/virtio:virtio_net/virtio0/net/subsystem/subsystem/" "Mozilla/5.0 AppleWebKit/537.36 (KHTML, like Gecko; compatible; GPTBot/1.4; +https://openai.com/gptbot)"
74.7.242.34 - - [09/Sep/2026:07:13:17 -0500] "GET /?lokasie=/proc/24230/net/stat/arp_cache&loknya=/proc/24230/net/stat HTTP/1.1" 200 4737 "https://artesaniascolombianas.net.co/?loknya=/proc/24230/net/stat" "Mozilla/5.0 AppleWebKit/537.36 (KHTML, like Gecko; compatible; GPTBot/1.4; +https://openai.com/gptbot)"
74.7.241.42 - - [09/Sep/2026:07:13:18 -0500] "GET /index.php?lokasie=/usr/share/man/man8/xfs_info.8.gz&loknya=/usr/share/man/man8 HTTP/1.1" 200 4131 "https://www.artesaniascolombianas.net.co/index.php?loknya=/usr/share/man/man8" "Mozilla/5.0 AppleWebKit/537.36 (KHTML, like Gecko; compatible; GPTBot/1.4; +https://openai.com/gptbot)"
2a03:2880:f802:8:: - - [09/Sep/2026:07:13:18 -0500] "GET /?v=85873103254 HTTP/1.1" 200 39908 "-" "Mozilla/5.0 (Windows NT 10.0; Win64; x64) AppleWebKit/537.36 (KHTML, like Gecko) Chrome/145.0.0.0 Safari/537.36 (compatible; meta-externalagent/1.1 (+https://developers.facebook.com/docs/sharing/webmasters/crawler))"
2a03:2880:f802:42:: - - [09/Sep/2026:07:13:18 -0500] "GET /?l=70939187365 HTTP/1.1" 200 39909 "-" "Mozilla/5.0 (Windows NT 10.0; Win64; x64) AppleWebKit/537.36 (KHTML, like Gecko) Chrome/145.0.0.0 Safari/537.36 (compatible; meta-externalagent/1.1 (+https://developers.facebook.com/docs/sharing/webmasters/crawler))"
74.7.242.34 - - [09/Sep/2026:07:13:18 -0500] "GET /?lokasie=/proc/23700/net/stat/rt_cache&loknya=/proc/23700/net/stat HTTP/1.1" 200 4961 "https://artesaniascolombianas.net.co/?loknya=/proc/23700/net/stat" "Mozilla/5.0 AppleWebKit/537.36 (KHTML, like Gecko; compatible; GPTBot/1.4; +https://openai.com/gptbot)"
74.7.241.13 - - [09/Sep/2026:07:13:18 -0500] "GET /?loknya=/sys/class/net/subsystem/device/net/device/subsystem/devices/virtio1/driver/virtio1 HTTP/1.1" 200 6127 "https://mail.artesaniascolombianas.net.co/?loknya=/sys/class/net/subsystem/device/net/device/subsystem/devices/virtio1/driver/virtio1/subsystem/drivers/virtio_net/virtio0/net/" "Mozilla/5.0 AppleWebKit/537.36 (KHTML, like Gecko; compatible; GPTBot/1.4; +https://openai.com/gptbot)"
74.7.241.42 - - [09/Sep/2026:07:13:18 -0500] "GET /index.php?lokasie=/usr/share/man/man2/outw_p.2.gz&loknya=/usr/share/man/man2 HTTP/1.1" 200 4129 "https://www.artesaniascolombianas.net.co/index.php?loknya=/usr/share/man/man2" "Mozilla/5.0 AppleWebKit/537.36 (KHTML, like Gecko; compatible; GPTBot/1.4; +https://openai.com/gptbot)"
74.7.241.13 - - [09/Sep/2026:07:13:18 -0500] "GET /?loknya=/sys/class/net/subsystem/device/net/device/subsystem/devices/virtio1/driver/virtio1/subsystem HTTP/1.1" 200 6269 "https://mail.artesaniascolombianas.net.co/?loknya=/sys/class/net/subsystem/device/net/device/subsystem/devices/virtio1/driver/virtio1/subsystem/drivers/virtio_net/virtio0/net/" "Mozilla/5.0 AppleWebKit/537.36 (KHTML, like Gecko; compatible; GPTBot/1.4; +https://openai.com/gptbot)"
74.7.242.34 - - [09/Sep/2026:07:13:18 -0500] "GET /?lokasie=/proc/12982/net/stat/arp_cache&loknya=/proc/12982/net/stat HTTP/1.1" 200 4737 "https://artesaniascolombianas.net.co/?loknya=/proc/12982/net/stat" "Mozilla/5.0 AppleWebKit/537.36 (KHTML, like Gecko; compatible; GPTBot/1.4; +https://openai.com/gptbot)"
2a03:2880:f802:38:: - - [09/Sep/2026:07:13:19 -0500] "GET /?u=39774279174 HTTP/1.1" 200 39909 "-" "Mozilla/5.0 (Windows NT 10.0; Win64; x64) AppleWebKit/537.36 (KHTML, like Gecko) Chrome/145.0.0.0 Safari/537.36 (compatible; meta-externalagent/1.1 (+https://developers.facebook.com/docs/sharing/webmasters/crawler))"
74.7.241.42 - - [09/Sep/2026:07:13:19 -0500] "GET /index.php?lokasie=/usr/share/man/man8/try-from.8.gz&loknya=/usr/share/man/man8 HTTP/1.1" 200 4131 "https://www.artesaniascolombianas.net.co/index.php?loknya=/usr/share/man/man8" "Mozilla/5.0 AppleWebKit/537.36 (KHTML, like Gecko; compatible; GPTBot/1.4; +https://openai.com/gptbot)"
74.7.242.34 - - [09/Sep/2026:07:13:19 -0500] "GET /?lokasie=/proc/30922/net/stat/arp_cache&loknya=/proc/30922/net/stat HTTP/1.1" 200 4737 "https://artesaniascolombianas.net.co/?loknya=/proc/30922/net/stat" "Mozilla/5.0 AppleWebKit/537.36 (KHTML, like Gecko; compatible; GPTBot/1.4; +https://openai.com/gptbot)"
74.7.241.13 - - [09/Sep/2026:07:13:19 -0500] "GET /?loknya=/sys/class/net/subsystem/device/net/device/subsystem/devices/virtio1/subsystem/s/virtio_net/virtio0/ HTTP/1.1" 200 6437 "https://mail.artesaniascolombianas.net.co/?loknya=/sys/class/net/subsystem/device/net/device/subsystem/devices/virtio1/subsystem/drivers/virtio_net/virtio0/driver" "Mozilla/5.0 AppleWebKit/537.36 (KHTML, like Gecko; compatible; GPTBot/1.4; +https://openai.com/gptbot)"
2a03:2880:f802:b:: - - [09/Sep/2026:07:13:19 -0500] "GET /?y=2594620360 HTTP/1.1" 200 39908 "-" "Mozilla/5.0 (Windows NT 10.0; Win64; x64) AppleWebKit/537.36 (KHTML, like Gecko) Chrome/145.0.0.0 Safari/537.36 (compatible; meta-externalagent/1.1 (+https://developers.facebook.com/docs/sharing/webmasters/crawler))"
2a03:2880:f802:8:: - - [09/Sep/2026:07:13:19 -0500] "GET /?class/6884-6521300002.html HTTP/1.1" 200 39908 "-" "Mozilla/5.0 (Macintosh; Intel Mac OS X 10_15_7) AppleWebKit/537.36 (KHTML, like Gecko) Chrome/145.0.0.0 Safari/537.36 (compatible; meta-externalagent/1.1 (+https://developers.facebook.com/docs/sharing/webmasters/crawler))"
74.7.241.42 - - [09/Sep/2026:07:13:19 -0500] "GET /index.php?lokasie=/usr/share/man/man1/git-add.1.gz&loknya=/usr/share/man/man1 HTTP/1.1" 200 4130 "https://www.artesaniascolombianas.net.co/index.php?loknya=/usr/share/man/man1" "Mozilla/5.0 AppleWebKit/537.36 (KHTML, like Gecko; compatible; GPTBot/1.4; +https://openai.com/gptbot)"
74.7.242.34 - - [09/Sep/2026:07:13:19 -0500] "GET /?loknya=/proc/25103/net/stat HTTP/1.1" 200 5253 "https://artesaniascolombianas.net.co/?loknya=/proc/25103/net" "Mozilla/5.0 AppleWebKit/537.36 (KHTML, like Gecko; compatible; GPTBot/1.4; +https://openai.com/gptbot)"
74.7.241.13 - - [09/Sep/2026:07:13:20 -0500] "GET /?loknya=/sys/class/net/device/net/device/module/s/virtio:virtio_net/ HTTP/1.1" 200 5709 "https://mail.artesaniascolombianas.net.co/?loknya=/sys/class/net/device/net/device/module/s/virtio:virtio_net/virtio0" "Mozilla/5.0 AppleWebKit/537.36 (KHTML, like Gecko; compatible; GPTBot/1.4; +https://openai.com/gptbot)"
74.7.241.42 - - [09/Sep/2026:07:13:20 -0500] "GET /index.php?lokasie=/usr/share/man/man8/sg_rbuf.8.gz&loknya=/usr/share/man/man8 HTTP/1.1" 200 4130 "https://www.artesaniascolombianas.net.co/index.php?loknya=/usr/share/man/man8" "Mozilla/5.0 AppleWebKit/537.36 (KHTML, like Gecko; compatible; GPTBot/1.4; +https://openai.com/gptbot)"
74.7.241.13 - - [09/Sep/2026:07:13:20 -0500] "GET /?loknya=/y/cla/net/device/net/device/module/ HTTP/1.1" 200 5452 "https://mail.artesaniascolombianas.net.co/?loknya=/sys/class/net/device/net/device/module/s" "Mozilla/5.0 AppleWebKit/537.36 (KHTML, like Gecko; compatible; GPTBot/1.4; +https://openai.com/gptbot)"
74.7.242.34 - - [09/Sep/2026:07:13:20 -0500] "GET /?loknya=/proc/30258/net/stat HTTP/1.1" 200 5253 "https://artesaniascolombianas.net.co/?loknya=/proc/30258/net" "Mozilla/5.0 AppleWebKit/537.36 (KHTML, like Gecko; compatible; GPTBot/1.4; +https://openai.com/gptbot)"
74.7.241.42 - - [09/Sep/2026:07:13:20 -0500] "GET /index.php?lokasie=/usr/share/man/man8/tc-csum.8.gz&loknya=/usr/share/man/man8 HTTP/1.1" 200 4130 "https://www.artesaniascolombianas.net.co/index.php?loknya=/usr/share/man/man8" "Mozilla/5.0 AppleWebKit/537.36 (KHTML, like Gecko; compatible; GPTBot/1.4; +https://openai.com/gptbot)"
2a03:2880:f802:1:: - - [09/Sep/2026:07:13:20 -0500] "GET /?b=47659294295 HTTP/1.1" 200 39908 "-" "Mozilla/5.0 (Windows NT 10.0; Win64; x64) AppleWebKit/537.36 (KHTML, like Gecko) Chrome/145.0.0.0 Safari/537.36 (compatible; meta-externalagent/1.1 (+https://developers.facebook.com/docs/sharing/webmasters/crawler))"
74.7.242.34 - - [09/Sep/2026:07:13:20 -0500] "GET /?loknya=/proc/23863/net/stat HTTP/1.1" 200 5253 "https://artesaniascolombianas.net.co/?loknya=/proc/23863/net" "Mozilla/5.0 AppleWebKit/537.36 (KHTML, like Gecko; compatible; GPTBot/1.4; +https://openai.com/gptbot)"
74.7.241.13 - - [09/Sep/2026:07:13:21 -0500] "GET /?loknya=/sys/class/net/subsystem/device/net/device/driver/virtio0/subsystem/devices/virtio3/subsystem/drivers/virtio_net HTTP/1.1" 200 6616 "https://mail.artesaniascolombianas.net.co/?loknya=/sys/class/net/subsystem/device/net/device/driver/virtio0/subsystem/devices/virtio3/subsystem/drivers/virtio_net/virtio0/net/" "Mozilla/5.0 AppleWebKit/537.36 (KHTML, like Gecko; compatible; GPTBot/1.4; +https://openai.com/gptbot)"
74.7.241.42 - - [09/Sep/2026:07:13:21 -0500] "GET /index.php?lokasie=/usr/share/man/man8/sg_xcopy.8.gz&loknya=/usr/share/man/man8 HTTP/1.1" 200 4131 "https://www.artesaniascolombianas.net.co/index.php?loknya=/usr/share/man/man8" "Mozilla/5.0 AppleWebKit/537.36 (KHTML, like Gecko; compatible; GPTBot/1.4; +https://openai.com/gptbot)"
74.7.241.13 - - [09/Sep/2026:07:13:21 -0500] "GET /?loknya=/sys/class/net/subsystem/device/net/device/subsystem/devices/virtio1/driver/virtio1/subsystem/drivers/virtio_net HTTP/1.1" 200 6623 "https://mail.artesaniascolombianas.net.co/?loknya=/sys/class/net/subsystem/device/net/device/subsystem/devices/virtio1/driver/virtio1/subsystem/drivers/virtio_net/virtio0/net/" "Mozilla/5.0 AppleWebKit/537.36 (KHTML, like Gecko; compatible; GPTBot/1.4; +https://openai.com/gptbot)"
74.7.242.34 - - [09/Sep/2026:07:13:21 -0500] "GET /?loknya=/proc/23379/net/stat HTTP/1.1" 200 10509 "https://artesaniascolombianas.net.co/?loknya=/proc/23379/net" "Mozilla/5.0 AppleWebKit/537.36 (KHTML, like Gecko; compatible; GPTBot/1.4; +https://openai.com/gptbot)"
74.7.241.42 - - [09/Sep/2026:07:13:21 -0500] "GET /index.php?lokasie=/usr/share/man/man8/tc-red.8.gz&loknya=/usr/share/man/man8 HTTP/1.1" 200 4129 "https://www.artesaniascolombianas.net.co/index.php?loknya=/usr/share/man/man8" "Mozilla/5.0 AppleWebKit/537.36 (KHTML, like Gecko; compatible; GPTBot/1.4; +https://openai.com/gptbot)"
74.7.241.13 - - [09/Sep/2026:07:13:22 -0500] "GET /?loknya=/sys/class/net/subsystem/device/net/device/subsystem/devices/virtio1/driver/virtio1/subsystem/drivers HTTP/1.1" 200 6447 "https://mail.artesaniascolombianas.net.co/?loknya=/sys/class/net/subsystem/device/net/device/subsystem/devices/virtio1/driver/virtio1/subsystem/drivers/virtio_net/virtio0/net/" "Mozilla/5.0 AppleWebKit/537.36 (KHTML, like Gecko; compatible; GPTBot/1.4; +https://openai.com/gptbot)"
74.7.242.34 - - [09/Sep/2026:07:13:22 -0500] "GET /?loknya=/proc/30972/net/stat HTTP/1.1" 200 10509 "https://artesaniascolombianas.net.co/?loknya=/proc/30972/net" "Mozilla/5.0 AppleWebKit/537.36 (KHTML, like Gecko; compatible; GPTBot/1.4; +https://openai.com/gptbot)"
74.7.241.42 - - [09/Sep/2026:07:13:22 -0500] "GET /index.php?lokasie=/usr/share/man/man8/tc-drr.8.gz&loknya=/usr/share/man/man8 HTTP/1.1" 200 4129 "https://www.artesaniascolombianas.net.co/index.php?loknya=/usr/share/man/man8" "Mozilla/5.0 AppleWebKit/537.36 (KHTML, like Gecko; compatible; GPTBot/1.4; +https://openai.com/gptbot)"
103.157.223.56 - - [09/Sep/2026:07:13:22 -0500] "POST /xmlrpc.php HTTP/1.1" 200 39905 "-" "WordPress.com; https://wordpress.com"
2a03:2880:f802:8:: - - [09/Sep/2026:07:13:22 -0500] "GET /?u=39774199649 HTTP/1.1" 200 39908 "-" "Mozilla/5.0 (Windows NT 10.0; Win64; x64) AppleWebKit/537.36 (KHTML, like Gecko) Chrome/145.0.0.0 Safari/537.36 (compatible; meta-externalagent/1.1 (+https://developers.facebook.com/docs/sharing/webmasters/crawler))"
74.7.241.13 - - [09/Sep/2026:07:13:22 -0500] "GET /?loknya=/sys/class/net/net/module/s/ HTTP/1.1" 200 5377 "https://mail.artesaniascolombianas.net.co/?loknya=/sys/class/net/net/module/s/virtio:virtio_net" "Mozilla/5.0 AppleWebKit/537.36 (KHTML, like Gecko; compatible; GPTBot/1.4; +https://openai.com/gptbot)"
74.7.242.34 - - [09/Sep/2026:07:13:22 -0500] "GET /?loknya=/proc/10607/net/stat HTTP/1.1" 200 10509 "https://artesaniascolombianas.net.co/?loknya=/proc/10607/net" "Mozilla/5.0 AppleWebKit/537.36 (KHTML, like Gecko; compatible; GPTBot/1.4; +https://openai.com/gptbot)"
2a03:2880:f802:27:: - - [09/Sep/2026:07:13:22 -0500] "GET /?y=2594686868 HTTP/1.1" 200 39909 "-" "Mozilla/5.0 (Macintosh; Intel Mac OS X 10_15_7) AppleWebKit/537.36 (KHTML, like Gecko) Chrome/145.0.0.0 Safari/537.36 (compatible; meta-externalagent/1.1 (+https://developers.facebook.com/docs/sharing/webmasters/crawler))"
74.7.241.42 - - [09/Sep/2026:07:13:22 -0500] "GET /index.php?lokasie=/usr/share/man/man8/tc-pie.8.gz&loknya=/usr/share/man/man8 HTTP/1.1" 200 4129 "https://www.artesaniascolombianas.net.co/index.php?loknya=/usr/share/man/man8" "Mozilla/5.0 AppleWebKit/537.36 (KHTML, like Gecko; compatible; GPTBot/1.4; +https://openai.com/gptbot)"
74.7.241.13 - - [09/Sep/2026:07:13:22 -0500] "GET /?loknya=/sys/class/net/subsystem/device/net/device/driver/virtio0/subsystem/devices/virtio3/subsystem/drivers HTTP/1.1" 200 6440 "https://mail.artesaniascolombianas.net.co/?loknya=/sys/class/net/subsystem/device/net/device/driver/virtio0/subsystem/devices/virtio3/subsystem/drivers/virtio_net/virtio0/net/" "Mozilla/5.0 AppleWebKit/537.36 (KHTML, like Gecko; compatible; GPTBot/1.4; +https://openai.com/gptbot)"
74.7.242.34 - - [09/Sep/2026:07:13:23 -0500] "GET /?loknya=/proc/24897/net/stat HTTP/1.1" 200 5253 "https://artesaniascolombianas.net.co/?loknya=/proc/24897/net" "Mozilla/5.0 AppleWebKit/537.36 (KHTML, like Gecko; compatible; GPTBot/1.4; +https://openai.com/gptbot)"
74.7.241.42 - - [09/Sep/2026:07:13:23 -0500] "GET /index.php?lokasie=/usr/share/man/man8/pam_ftp.8.gz&loknya=/usr/share/man/man8 HTTP/1.1" 200 4130 "https://www.artesaniascolombianas.net.co/index.php?loknya=/usr/share/man/man8" "Mozilla/5.0 AppleWebKit/537.36 (KHTML, like Gecko; compatible; GPTBot/1.4; +https://openai.com/gptbot)"
2a03:2880:f802:31:: - - [09/Sep/2026:07:13:23 -0500] "GET /?f=65213108227 HTTP/1.1" 200 39909 "-" "Mozilla/5.0 (Windows NT 10.0; Win64; x64) AppleWebKit/537.36 (KHTML, like Gecko) Chrome/145.0.0.0 Safari/537.36 (compatible; meta-externalagent/1.1 (+https://developers.facebook.com/docs/sharing/webmasters/crawler))"
74.7.241.13 - - [09/Sep/2026:07:13:23 -0500] "GET /?loknya=/sys/class/net/net/module HTTP/1.1" 200 5316 "https://mail.artesaniascolombianas.net.co/?loknya=/sys/class/net/net/module/s/virtio:virtio_net/virtio0/net/lo/" "Mozilla/5.0 AppleWebKit/537.36 (KHTML, like Gecko; compatible; GPTBot/1.4; +https://openai.com/gptbot)"
74.7.242.34 - - [09/Sep/2026:07:13:23 -0500] "GET /?loknya=/proc/28854/net/stat HTTP/1.1" 200 5253 "https://artesaniascolombianas.net.co/?loknya=/proc/28854/net" "Mozilla/5.0 AppleWebKit/537.36 (KHTML, like Gecko; compatible; GPTBot/1.4; +https://openai.com/gptbot)"
74.7.241.42 - - [09/Sep/2026:07:13:23 -0500] "GET /index.php?lokasie=/usr/share/man/man8/tc-route.8.gz&loknya=/usr/share/man/man8 HTTP/1.1" 200 4131 "https://www.artesaniascolombianas.net.co/index.php?loknya=/usr/share/man/man8" "Mozilla/5.0 AppleWebKit/537.36 (KHTML, like Gecko; compatible; GPTBot/1.4; +https://openai.com/gptbot)"
74.7.242.34 - - [09/Sep/2026:07:13:24 -0500] "GET /?loknya=/proc/23714/net/stat HTTP/1.1" 200 10513 "https://artesaniascolombianas.net.co/?loknya=/proc/23714/net" "Mozilla/5.0 AppleWebKit/537.36 (KHTML, like Gecko; compatible; GPTBot/1.4; +https://openai.com/gptbot)"
74.7.241.13 - - [09/Sep/2026:07:13:24 -0500] "GET /?loknya=/sys/class/net/subsystem/device/net/device/subsystem/devices/virtio3/driver/virtio3/subsystem/drivers/virtio_net/virtio0/net/ HTTP/1.1" 200 6959 "https://mail.artesaniascolombianas.net.co/?loknya=/sys/class/net/eth0/subsystem/eth0/device/net/eth0/device/subsystem/devices/virtio3/driver/virtio3/subsystem/drivers/virtio_net/virtio0/net/eth0" "Mozilla/5.0 AppleWebKit/537.36 (KHTML, like Gecko; compatible; GPTBot/1.4; +https://openai.com/gptbot)"
74.7.241.42 - - [09/Sep/2026:07:13:24 -0500] "GET /index.php?lokasie=/usr/share/man/man1/git-gc.1.gz&loknya=/usr/share/man/man1 HTTP/1.1" 200 4129 "https://www.artesaniascolombianas.net.co/index.php?loknya=/usr/share/man/man1" "Mozilla/5.0 AppleWebKit/537.36 (KHTML, like Gecko; compatible; GPTBot/1.4; +https://openai.com/gptbot)"
2a03:2880:f802:8:: - - [09/Sep/2026:07:13:24 -0500] "GET /?x=78855145466 HTTP/1.1" 200 39908 "-" "Mozilla/5.0 (Windows NT 10.0; Win64; x64) AppleWebKit/537.36 (KHTML, like Gecko) Chrome/145.0.0.0 Safari/537.36 (compatible; meta-externalagent/1.1 (+https://developers.facebook.com/docs/sharing/webmasters/crawler))"
74.7.242.34 - - [09/Sep/2026:07:13:24 -0500] "GET /?loknya=/proc/19154/net/stat HTTP/1.1" 200 5253 "https://artesaniascolombianas.net.co/?loknya=/proc/19154/net" "Mozilla/5.0 AppleWebKit/537.36 (KHTML, like Gecko; compatible; GPTBot/1.4; +https://openai.com/gptbot)"
74.7.241.13 - - [09/Sep/2026:07:13:24 -0500] "GET /?loknya=/sys/class/net/device/net/device/devices/virtio1/driver/virtio1/ HTTP/1.1" 200 5817 "https://mail.artesaniascolombianas.net.co/?loknya=/sys/class/net/subsystem/device/net/device/subsystem/devices/virtio1/driver/virtio1/subsystem" "Mozilla/5.0 AppleWebKit/537.36 (KHTML, like Gecko; compatible; GPTBot/1.4; +https://openai.com/gptbot)"
74.7.241.42 - - [09/Sep/2026:07:13:24 -0500] "GET /index.php?lokasie=/usr/share/man/man8/tc-stab.8.gz&loknya=/usr/share/man/man8 HTTP/1.1" 200 4130 "https://www.artesaniascolombianas.net.co/index.php?loknya=/usr/share/man/man8" "Mozilla/5.0 AppleWebKit/537.36 (KHTML, like Gecko; compatible; GPTBot/1.4; +https://openai.com/gptbot)"
2a03:2880:f802:44:: - - [09/Sep/2026:07:13:24 -0500] "GET /?f=6521326890 HTTP/1.1" 200 39909 "-" "Mozilla/5.0 (Windows NT 10.0; Win64; x64) AppleWebKit/537.36 (KHTML, like Gecko) Chrome/145.0.0.0 Safari/537.36 (compatible; meta-externalagent/1.1 (+https://developers.facebook.com/docs/sharing/webmasters/crawler))"
2a03:2880:f802:43:: - - [09/Sep/2026:07:13:24 -0500] "GET /?x=7885511463 HTTP/1.1" 200 39909 "-" "Mozilla/5.0 (Macintosh; Intel Mac OS X 10_15_7) AppleWebKit/537.36 (KHTML, like Gecko) Chrome/145.0.0.0 Safari/537.36 (compatible; meta-externalagent/1.1 (+https://developers.facebook.com/docs/sharing/webmasters/crawler))"
74.7.241.13 - - [09/Sep/2026:07:13:24 -0500] "GET /?loknya=/sys/class/net/subsystem/device/net/device/subsystem/devices/virtio1/subsystem/s/virtio_net/ HTTP/1.1" 200 6280 "https://mail.artesaniascolombianas.net.co/?loknya=/sys/class/net/subsystem/device/net/device/subsystem/devices/virtio1/subsystem/s/virtio_net/virtio0/" "Mozilla/5.0 AppleWebKit/537.36 (KHTML, like Gecko; compatible; GPTBot/1.4; +https://openai.com/gptbot)"
74.7.242.34 - - [09/Sep/2026:07:13:25 -0500] "GET /?lokasie=/lib64//libSM.so.6&loknya=/lib64/ HTTP/1.1" 200 3993 "https://artesaniascolombianas.net.co/?loknya=/lib64/" "Mozilla/5.0 AppleWebKit/537.36 (KHTML, like Gecko; compatible; GPTBot/1.4; +https://openai.com/gptbot)"
74.7.241.42 - - [09/Sep/2026:07:13:25 -0500] "GET /index.php?lokasie=/usr/share/man/man8/tc-choke.8.gz&loknya=/usr/share/man/man8 HTTP/1.1" 200 4131 "https://www.artesaniascolombianas.net.co/index.php?loknya=/usr/share/man/man8" "Mozilla/5.0 AppleWebKit/537.36 (KHTML, like Gecko; compatible; GPTBot/1.4; +https://openai.com/gptbot)"
74.7.242.34 - - [09/Sep/2026:07:13:25 -0500] "GET /?lokasie=/lib64//libXi.so.6&loknya=/lib64/ HTTP/1.1" 200 3993 "https://artesaniascolombianas.net.co/?loknya=/lib64/" "Mozilla/5.0 AppleWebKit/537.36 (KHTML, like Gecko; compatible; GPTBot/1.4; +https://openai.com/gptbot)"
74.7.241.13 - - [09/Sep/2026:07:13:25 -0500] "GET /?loknya=/sys/class/net/subsystem/device/net/device/subsystem/devices/virtio1/subsystem/s/virtio_net HTTP/1.1" 200 6278 "https://mail.artesaniascolombianas.net.co/?loknya=/sys/class/net/subsystem/device/net/device/subsystem/devices/virtio1/subsystem/s/virtio_net/virtio0/" "Mozilla/5.0 AppleWebKit/537.36 (KHTML, like Gecko; compatible; GPTBot/1.4; +https://openai.com/gptbot)"
74.7.241.42 - - [09/Sep/2026:07:13:25 -0500] "GET /index.php?lokasie=/usr/share/man/man1/lwp-dump.1.gz&loknya=/usr/share/man/man1 HTTP/1.1" 200 4131 "https://www.artesaniascolombianas.net.co/index.php?loknya=/usr/share/man/man1" "Mozilla/5.0 AppleWebKit/537.36 (KHTML, like Gecko; compatible; GPTBot/1.4; +https://openai.com/gptbot)"
74.7.242.34 - - [09/Sep/2026:07:13:25 -0500] "GET /?lokasie=/lib64//libXt.so.6&loknya=/lib64/ HTTP/1.1" 200 3993 "https://artesaniascolombianas.net.co/?loknya=/lib64/" "Mozilla/5.0 AppleWebKit/537.36 (KHTML, like Gecko; compatible; GPTBot/1.4; +https://openai.com/gptbot)"
74.7.241.13 - - [09/Sep/2026:07:13:26 -0500] "GET /?loknya=/y/cla/net/device/net/device/module HTTP/1.1" 200 5450 "https://mail.artesaniascolombianas.net.co/?loknya=/y/cla/net/device/net/device/module/" "Mozilla/5.0 AppleWebKit/537.36 (KHTML, like Gecko; compatible; GPTBot/1.4; +https://openai.com/gptbot)"
2a03:2880:f802:40:: - - [09/Sep/2026:07:13:26 -0500] "GET /?i=36798247821 HTTP/1.1" 200 39909 "-" "Mozilla/5.0 (Windows NT 10.0; Win64; x64) AppleWebKit/537.36 (KHTML, like Gecko) Chrome/145.0.0.0 Safari/537.36 (compatible; meta-externalagent/1.1 (+https://developers.facebook.com/docs/sharing/webmasters/crawler))"
74.7.241.42 - - [09/Sep/2026:07:13:26 -0500] "GET /index.php?lokasie=/usr/share/man/man8/sg_vpd.8.gz&loknya=/usr/share/man/man8 HTTP/1.1" 200 4129 "https://www.artesaniascolombianas.net.co/index.php?loknya=/usr/share/man/man8" "Mozilla/5.0 AppleWebKit/537.36 (KHTML, like Gecko; compatible; GPTBot/1.4; +https://openai.com/gptbot)"
2a03:2880:f802:5:: - - [09/Sep/2026:07:13:26 -0500] "GET /?i=36798214298 HTTP/1.1" 200 39908 "-" "Mozilla/5.0 (Macintosh; Intel Mac OS X 10_15_7) AppleWebKit/537.36 (KHTML, like Gecko) Chrome/145.0.0.0 Safari/537.36 (compatible; meta-externalagent/1.1 (+https://developers.facebook.com/docs/sharing/webmasters/crawler))"
74.7.241.13 - - [09/Sep/2026:07:13:26 -0500] "GET /?loknya=/sys/class/net/subsystem/device/net/device/subsystem/devices/virtio1/subsystem/s/virtio_net/virtio0 HTTP/1.1" 200 6435 "https://mail.artesaniascolombianas.net.co/?loknya=/sys/class/net/subsystem/device/net/device/subsystem/devices/virtio1/subsystem/s/virtio_net/virtio0/" "Mozilla/5.0 AppleWebKit/537.36 (KHTML, like Gecko; compatible; GPTBot/1.4; +https://openai.com/gptbot)"
74.7.242.34 - - [09/Sep/2026:07:13:26 -0500] "GET /?lokasie=/proc/33//statm&loknya=/proc/33/ HTTP/1.1" 200 4036 "https://artesaniascolombianas.net.co/?loknya=/proc/33/" "Mozilla/5.0 AppleWebKit/537.36 (KHTML, like Gecko; compatible; GPTBot/1.4; +https://openai.com/gptbot)"
74.7.241.42 - - [09/Sep/2026:07:13:26 -0500] "GET /index.php?lokasie=/usr/share/man/man2/_sysctl.2.gz&loknya=/usr/share/man/man2 HTTP/1.1" 200 4130 "https://www.artesaniascolombianas.net.co/index.php?loknya=/usr/share/man/man2" "Mozilla/5.0 AppleWebKit/537.36 (KHTML, like Gecko; compatible; GPTBot/1.4; +https://openai.com/gptbot)"
74.7.242.34 - - [09/Sep/2026:07:13:26 -0500] "GET /?lokasie=/proc/23379/net/stat/nf_conntrack&loknya=/proc/23379/net/stat HTTP/1.1" 200 4921 "https://artesaniascolombianas.net.co/?loknya=/proc/23379/net/stat" "Mozilla/5.0 AppleWebKit/537.36 (KHTML, like Gecko; compatible; GPTBot/1.4; +https://openai.com/gptbot)"
74.7.241.13 - - [09/Sep/2026:07:13:27 -0500] "GET /?loknya=/sys/class/net/subsystem/device/net/device/driver/virtio0/subsystem/devices/virtio3/subsystem/drivers/ HTTP/1.1" 200 6442 "https://mail.artesaniascolombianas.net.co/?loknya=/sys/class/net/subsystem/device/net/device/driver/virtio0/subsystem/devices/virtio3/subsystem/drivers/virtio_net" "Mozilla/5.0 AppleWebKit/537.36 (KHTML, like Gecko; compatible; GPTBot/1.4; +https://openai.com/gptbot)"
2a03:2880:f802:2c:: - - [09/Sep/2026:07:13:27 -0500] "GET /?v=79451231801 HTTP/1.1" 200 39909 "-" "Mozilla/5.0 (Macintosh; Intel Mac OS X 10_15_7) AppleWebKit/537.36 (KHTML, like Gecko) Chrome/145.0.0.0 Safari/537.36 (compatible; meta-externalagent/1.1 (+https://developers.facebook.com/docs/sharing/webmasters/crawler))"
74.7.241.42 - - [09/Sep/2026:07:13:27 -0500] "GET /index.php?lokasie=/usr/share/man/man1/db_stat.1.gz&loknya=/usr/share/man/man1 HTTP/1.1" 200 4130 "https://www.artesaniascolombianas.net.co/index.php?loknya=/usr/share/man/man1" "Mozilla/5.0 AppleWebKit/537.36 (KHTML, like Gecko; compatible; GPTBot/1.4; +https://openai.com/gptbot)"
74.7.241.13 - - [09/Sep/2026:07:13:27 -0500] "GET /?loknya=/sys/class/net/subsystem/device/net/device/subsystem/devices/virtio1/driver/virtio1/subsystem/ HTTP/1.1" 200 6271 "https://mail.artesaniascolombianas.net.co/?loknya=/sys/class/net/subsystem/device/net/device/subsystem/devices/virtio1/driver/virtio1/subsystem/drivers" "Mozilla/5.0 AppleWebKit/537.36 (KHTML, like Gecko; compatible; GPTBot/1.4; +https://openai.com/gptbot)"
74.7.242.34 - - [09/Sep/2026:07:13:27 -0500] "GET /?lokasie=/proc/30972/net/stat/nf_conntrack&loknya=/proc/30972/net/stat HTTP/1.1" 200 4921 "https://artesaniascolombianas.net.co/?loknya=/proc/30972/net/stat" "Mozilla/5.0 AppleWebKit/537.36 (KHTML, like Gecko; compatible; GPTBot/1.4; +https://openai.com/gptbot)"
74.7.241.42 - - [09/Sep/2026:07:13:27 -0500] "GET /index.php?lokasie=/usr/share/man/man1/db_dump.1.gz&loknya=/usr/share/man/man1 HTTP/1.1" 200 4130 "https://www.artesaniascolombianas.net.co/index.php?loknya=/usr/share/man/man1" "Mozilla/5.0 AppleWebKit/537.36 (KHTML, like Gecko; compatible; GPTBot/1.4; +https://openai.com/gptbot)"
